000
CDUS45 KPIH 200730
CLILLJ


CLIMATE REPORT
NATIONAL WEATHER SERVICE POCATELLO ID
129 AM MDT MON OCT 20 2014


...................................

...THE CHALLIS ID CLIMATE SUMMARY FOR OCTOBER 19 2014...

CLIMATE NORMAL PERIOD 1981 TO 2010
CLIMATE RECORD PERIOD 1898 TO 2014


WEATHER ITEM   OBSERVED TIME   RECORD YEAR NORMAL DEPARTURE LAST
                VALUE   (LST)  VALUE       VALUE  FROM      YEAR
                                                  NORMAL
..................................................................
TEMPERATURE (F)
 YESTERDAY
  MAXIMUM         68    437 PM  75    2003  58     10       61
                                      1973
  MINIMUM         29    627 AM  14    1916  29      0       25
  AVERAGE         49                        43      6       43

PRECIPITATION (IN)
  YESTERDAY        0.00          0.37 1920   0.02  -0.02     0.00
  MONTH TO DATE    0.08                      0.36  -0.28     0.25
  SINCE OCT 1      0.08                      0.36  -0.28     0.25
  SINCE JAN 1      6.01                      8.49  -2.48     4.45

SNOWFALL (IN)
  YESTERDAY       MM
  MONTH TO DATE   MM
  SINCE SEP 1     MM
  SINCE JUL 1     MM
  SNOW DEPTH      MM

DEGREE DAYS
 HEATING
  YESTERDAY       16                        22     -6       22
  MONTH TO DATE  267                       350    -83      442
  SINCE SEP 1    419                       626   -207      660
  SINCE JUL 1    487                       699   -212      666

 COOLING
  YESTERDAY        0                         0      0        0
  MONTH TO DATE    0                         0      0        0
  SINCE SEP 1      5                         6     -1       30
  SINCE JAN 1    310                       248     62      420
..................................................................


WIND (MPH)
  HIGHEST WIND SPEED     6   HIGHEST WIND DIRECTION     S (190)
  HIGHEST GUST SPEED     7   HIGHEST GUST DIRECTION    SE (150)
  AVERAGE WIND SPEED     1.0


SKY COVER
  POSSIBLE SUNSHINE  MM
  AVERAGE SKY COVER 0.0


WEATHER CONDITIONS
 THE FOLLOWING WEATHER WAS RECORDED YESTERDAY.
  NO SIGNIFICANT WEATHER WAS OBSERVED.


RELATIVE HUMIDITY (PERCENT)
 HIGHEST    82           400 AM
 LOWEST     22           300 PM
 AVERAGE    52

..........................................................


THE CHALLIS ID CLIMATE NORMALS FOR TODAY
                         NORMAL    RECORD    YEAR
 MAXIMUM TEMPERATURE (F)   57        79      2003
 MINIMUM TEMPERATURE (F)   28        17      1982


SUNRISE AND SUNSET
OCTOBER 20 2014.......SUNRISE   759 AM MDT   SUNSET   644 PM MDT
OCTOBER 21 2014.......SUNRISE   800 AM MDT   SUNSET   642 PM MDT


-  INDICATES NEGATIVE NUMBERS.
R  INDICATES RECORD WAS SET OR TIED.
MM INDICATES DATA IS MISSING.
T  INDICATES TRACE AMOUNT.




$$
