000
CDUS45 KPIH 050732
CLILLJ


CLIMATE REPORT
NATIONAL WEATHER SERVICE POCATELLO ID
132 AM MDT SUN JUL 5 2015


...................................

...THE CHALLIS ID CLIMATE SUMMARY FOR JULY 4 2015...

CLIMATE NORMAL PERIOD 1981 TO 2010
CLIMATE RECORD PERIOD 1898 TO 2015


WEATHER ITEM   OBSERVED TIME   RECORD YEAR NORMAL DEPARTURE LAST
                VALUE   (LST)  VALUE       VALUE  FROM      YEAR
                                                  NORMAL
..................................................................
TEMPERATURE (F)
 YESTERDAY
  MAXIMUM         96R   351 PM  96    2008  83     13       95
                                      2007
                                      1937
  MINIMUM         56    542 AM  32    1916  50      6       52
  AVERAGE         76                        66     10       74

PRECIPITATION (IN)
  YESTERDAY        T             0.46 1970   0.04  -0.04     0.00
  MONTH TO DATE    T                         0.15  -0.15      T
  SINCE OCT 1      4.30                      7.85  -3.55     3.81
  SINCE JAN 1      2.51                      5.92  -3.41     3.08

SNOWFALL (IN)
  YESTERDAY       MM
  MONTH TO DATE   MM
  SINCE JUN 1     MM
  SINCE JUL 1     MM
  SNOW DEPTH      MM

DEGREE DAYS
 HEATING
  YESTERDAY        0                         2     -2        0
  MONTH TO DATE    0                         8     -8        0
  SINCE JUN 1     47                       173   -126      166
  SINCE JUL 1      0                         8     -8        0

 COOLING
  YESTERDAY       11                         3      8        9
  MONTH TO DATE   48                         9     39       24
  SINCE JUN 1    157                        31    126       30
  SINCE JAN 1    160                        33    127       30
..................................................................


WIND (MPH)
  HIGHEST WIND SPEED    17   HIGHEST WIND DIRECTION     W (250)
  HIGHEST GUST SPEED    22   HIGHEST GUST DIRECTION    SW (230)
  AVERAGE WIND SPEED     5.5


SKY COVER
  POSSIBLE SUNSHINE  MM
  AVERAGE SKY COVER 0.0


WEATHER CONDITIONS
 THE FOLLOWING WEATHER WAS RECORDED YESTERDAY.
  NO SIGNIFICANT WEATHER WAS OBSERVED.


RELATIVE HUMIDITY (PERCENT)
 HIGHEST    51           400 AM
 LOWEST      8           400 PM
 AVERAGE    30

..........................................................


THE CHALLIS ID CLIMATE NORMALS FOR TODAY
                         NORMAL    RECORD    YEAR
 MAXIMUM TEMPERATURE (F)   83       100      2007
 MINIMUM TEMPERATURE (F)   50        35      1927


SUNRISE AND SUNSET
JULY  5 2015..........SUNRISE   558 AM MDT   SUNSET   924 PM MDT
JULY  6 2015..........SUNRISE   559 AM MDT   SUNSET   924 PM MDT


-  INDICATES NEGATIVE NUMBERS.
R  INDICATES RECORD WAS SET OR TIED.
MM INDICATES DATA IS MISSING.
T  INDICATES TRACE AMOUNT.




$$
