000
CDUS45 KPIH 220729
CLILLJ


CLIMATE REPORT
NATIONAL WEATHER SERVICE POCATELLO ID
129 AM MDT SUN OCT 22 2017


...................................

...THE CHALLIS ID CLIMATE SUMMARY FOR OCTOBER 21 2017...

CLIMATE NORMAL PERIOD 1981 TO 2010
CLIMATE RECORD PERIOD 1898 TO 2017


WEATHER ITEM   OBSERVED TIME   RECORD YEAR NORMAL DEPARTURE LAST
                VALUE   (LST)  VALUE       VALUE  FROM      YEAR
                                                  NORMAL
..................................................................
TEMPERATURE (F)
 YESTERDAY
  MAXIMUM         45    311 PM  76    2003  57    -12       64
  MINIMUM         26    704 AM  14    1945  28     -2       37
  AVERAGE         36                        42     -6       51

PRECIPITATION (IN)
  YESTERDAY        T             0.20 1914   0.03  -0.03     0.00
  MONTH TO DATE    0.28                      0.42  -0.14     1.01
  SINCE OCT 1      0.28                      0.42  -0.14     1.01
  SINCE JAN 1      7.36                      8.55  -1.19     4.99

SNOWFALL (IN)
  YESTERDAY       MM
  MONTH TO DATE   MM
  SINCE SEP 1     MM
  SINCE JUL 1     MM
  SNOW DEPTH      MM

DEGREE DAYS
 HEATING
  YESTERDAY       29                        23      6       14
  MONTH TO DATE  488                       395     93      412
  SINCE SEP 1    795                       671    124      684
  SINCE JUL 1    799                       744     55      746

 COOLING
  YESTERDAY        0                         0      0        0
  MONTH TO DATE    0                         0      0        0
  SINCE SEP 1     37                         6     31        4
  SINCE JAN 1    378                       248    130      277
..................................................................


WIND (MPH)
  HIGHEST WIND SPEED    16   HIGHEST WIND DIRECTION     S (180)
  HIGHEST GUST SPEED    21   HIGHEST GUST DIRECTION     S (190)
  AVERAGE WIND SPEED     7.3


SKY COVER
  POSSIBLE SUNSHINE  MM
  AVERAGE SKY COVER 0.7


WEATHER CONDITIONS
 THE FOLLOWING WEATHER WAS RECORDED YESTERDAY.
  NO SIGNIFICANT WEATHER WAS OBSERVED.


RELATIVE HUMIDITY (PERCENT)
 HIGHEST    81           700 AM
 LOWEST     33           100 PM
 AVERAGE    57

..........................................................


THE CHALLIS ID CLIMATE NORMALS FOR TODAY
                         NORMAL    RECORD    YEAR
 MAXIMUM TEMPERATURE (F)   56        73      2003
 MINIMUM TEMPERATURE (F)   28        17      2008
                                             1958


SUNRISE AND SUNSET
OCTOBER 22 2017.......SUNRISE   801 AM MDT   SUNSET   640 PM MDT
OCTOBER 23 2017.......SUNRISE   803 AM MDT   SUNSET   639 PM MDT


-  INDICATES NEGATIVE NUMBERS.
R  INDICATES RECORD WAS SET OR TIED.
MM INDICATES DATA IS MISSING.
T  INDICATES TRACE AMOUNT.




$$
