000
CDUS45 KPIH 310733
CLILLJ


CLIMATE REPORT
NATIONAL WEATHER SERVICE POCATELLO ID
132 AM MDT THU JUL 31 2014


...................................

...THE CHALLIS ID CLIMATE SUMMARY FOR JULY 30 2014...

CLIMATE NORMAL PERIOD 1981 TO 2010
CLIMATE RECORD PERIOD 1898 TO 2014


WEATHER ITEM   OBSERVED TIME   RECORD YEAR NORMAL DEPARTURE LAST
                VALUE   (LST)  VALUE       VALUE  FROM      YEAR
                                                  NORMAL
..................................................................
TEMPERATURE (F)
 YESTERDAY
  MAXIMUM         88    220 PM  98    2012  88      0       90
  MINIMUM         55   1158 PM  41    1916  52      3       51
  AVERAGE         72                        70      2       71

PRECIPITATION (IN)
  YESTERDAY        0.00          0.38 1985   0.03  -0.03     0.00
  MONTH TO DATE    0.04                      0.81  -0.77     0.54
  SINCE OCT 1      3.85                      8.51  -4.66     4.35
  SINCE JAN 1      3.12                      6.58  -3.46     2.28

SNOWFALL (IN)
  YESTERDAY       MM
  MONTH TO DATE   MM
  SINCE JUN 1     MM
  SINCE JUL 1     MM
  SNOW DEPTH      MM

DEGREE DAYS
 HEATING
  YESTERDAY        0                         0      0        0
  MONTH TO DATE    1                        18    -17        0
  SINCE JUN 1    167                       183    -16      121
  SINCE JUL 1      1                        18    -17        0

 COOLING
  YESTERDAY        7                         5      2        6
  MONTH TO DATE  226                       125    101      198
  SINCE JUN 1    232                       147     85      261
  SINCE JAN 1    232                       149     83      263
..................................................................


WIND (MPH)
  HIGHEST WIND SPEED    24   HIGHEST WIND DIRECTION     S (160)
  HIGHEST GUST SPEED    33   HIGHEST GUST DIRECTION     S (170)
  AVERAGE WIND SPEED     5.0


SKY COVER
  POSSIBLE SUNSHINE  MM
  AVERAGE SKY COVER 0.0


WEATHER CONDITIONS
 THE FOLLOWING WEATHER WAS RECORDED YESTERDAY.
  NO SIGNIFICANT WEATHER WAS OBSERVED.


RELATIVE HUMIDITY (PERCENT)
 HIGHEST    67           600 AM
 LOWEST     22           200 PM
 AVERAGE    45

..........................................................


THE CHALLIS ID CLIMATE NORMALS FOR TODAY
                         NORMAL    RECORD    YEAR
 MAXIMUM TEMPERATURE (F)   88        99      2003
 MINIMUM TEMPERATURE (F)   51        37      1937


SUNRISE AND SUNSET
JULY 31 2014..........SUNRISE   623 AM MDT   SUNSET   903 PM MDT
AUGUST  1 2014........SUNRISE   624 AM MDT   SUNSET   902 PM MDT


-  INDICATES NEGATIVE NUMBERS.
R  INDICATES RECORD WAS SET OR TIED.
MM INDICATES DATA IS MISSING.
T  INDICATES TRACE AMOUNT.




$$
