728
CDUS45 KPIH 220733
CLILLJ


CLIMATE REPORT
NATIONAL WEATHER SERVICE POCATELLO ID
132 AM MDT FRI MAY 22 2015


...................................

...THE CHALLIS ID CLIMATE SUMMARY FOR MAY 21 2015...

CLIMATE NORMAL PERIOD 1981 TO 2010
CLIMATE RECORD PERIOD 1898 TO 2015


WEATHER ITEM   OBSERVED TIME   RECORD YEAR NORMAL DEPARTURE LAST
                VALUE   (LST)  VALUE       VALUE  FROM      YEAR
                                                  NORMAL
..................................................................
TEMPERATURE (F)
 YESTERDAY
  MAXIMUM         65    516 PM  88    1928  68     -3       77
  MINIMUM         48    617 AM  25    1918  40      8       41
  AVERAGE         57                        54      3       59

PRECIPITATION (IN)
  YESTERDAY        T             0.47 2002   0.06  -0.06     0.01
  MONTH TO DATE    0.61                      0.91  -0.30     0.11
  SINCE OCT 1      3.65                      5.50  -1.85     3.48
  SINCE JAN 1      1.86                      3.57  -1.71     2.75

SNOWFALL (IN)
  YESTERDAY       MM
  MONTH TO DATE   MM
  SINCE MAR 1     MM
  SINCE JUL 1     MM
  SNOW DEPTH      MM

DEGREE DAYS
 HEATING
  YESTERDAY        8                        11     -3        6
  MONTH TO DATE  261                       303    -42      287
  SINCE MAR 1   1585                      1845   -260     1775
  SINCE JUL 1   6723                      7894  -1171     7524

 COOLING
  YESTERDAY        0                         0      0        0
  MONTH TO DATE    0                         0      0        0
  SINCE MAR 1      0                         0      0        0
  SINCE JAN 1      0                         0      0        0
..................................................................


WIND (MPH)
  HIGHEST WIND SPEED    16   HIGHEST WIND DIRECTION     S (160)
  HIGHEST GUST SPEED    20   HIGHEST GUST DIRECTION    SE (140)
  AVERAGE WIND SPEED     5.6


SKY COVER
  POSSIBLE SUNSHINE  MM
  AVERAGE SKY COVER 0.7


WEATHER CONDITIONS
 THE FOLLOWING WEATHER WAS RECORDED YESTERDAY.
  LIGHT RAIN


RELATIVE HUMIDITY (PERCENT)
 HIGHEST    80           300 AM
 LOWEST     39           700 PM
 AVERAGE    60

..........................................................


THE CHALLIS ID CLIMATE NORMALS FOR TODAY
                         NORMAL    RECORD    YEAR
 MAXIMUM TEMPERATURE (F)   68        90      1967
 MINIMUM TEMPERATURE (F)   40        25      1916


SUNRISE AND SUNSET
MAY 22 2015...........SUNRISE   602 AM MDT   SUNSET   905 PM MDT
MAY 23 2015...........SUNRISE   602 AM MDT   SUNSET   906 PM MDT


-  INDICATES NEGATIVE NUMBERS.
R  INDICATES RECORD WAS SET OR TIED.
MM INDICATES DATA IS MISSING.
T  INDICATES TRACE AMOUNT.




$$
