000
CDUS45 KPIH 280730
CLILLJ


CLIMATE REPORT
NATIONAL WEATHER SERVICE POCATELLO ID
1229 AM MST FRI NOV 28 2014


...................................

...THE CHALLIS ID CLIMATE SUMMARY FOR NOVEMBER 27 2014...

CLIMATE NORMAL PERIOD 1981 TO 2010
CLIMATE RECORD PERIOD 1898 TO 2014


WEATHER ITEM   OBSERVED TIME   RECORD YEAR NORMAL DEPARTURE LAST
                VALUE   (LST)  VALUE       VALUE  FROM      YEAR
                                                  NORMAL
..................................................................
TEMPERATURE (F)
 YESTERDAY
  MAXIMUM         55    356 PM  58    1933  33     22       38
  MINIMUM         31    727 AM -10    1919  15     16       18
  AVERAGE         43                        24     19       28

PRECIPITATION (IN)
  YESTERDAY        0.00          0.15 1940   0.01  -0.01     0.00
  MONTH TO DATE    0.75                      0.47   0.28     0.18
  SINCE OCT 1      1.04                      1.14  -0.10     0.45
  SINCE JAN 1      6.97                      9.27  -2.30     4.65

SNOWFALL (IN)
  YESTERDAY       MM
  MONTH TO DATE   MM
  SINCE SEP 1     MM
  SINCE JUL 1     MM
  SNOW DEPTH      MM

DEGREE DAYS
 HEATING
  YESTERDAY       22                        41    -19       37
  MONTH TO DATE 1022                       921    101      884
  SINCE SEP 1   1672                      1842   -170     1814
  SINCE JUL 1   1740                      1915   -175     1820

 COOLING
  YESTERDAY        0                         0      0        0
  MONTH TO DATE    0                         0      0        0
  SINCE SEP 1      5                         6     -1       30
  SINCE JAN 1    310                       248     62      420
..................................................................


WIND (MPH)
  HIGHEST WIND SPEED    18   HIGHEST WIND DIRECTION    SW (220)
  HIGHEST GUST SPEED    23   HIGHEST GUST DIRECTION    SW (210)
  AVERAGE WIND SPEED     5.2


SKY COVER
  POSSIBLE SUNSHINE  MM
  AVERAGE SKY COVER 0.5


WEATHER CONDITIONS
 THE FOLLOWING WEATHER WAS RECORDED YESTERDAY.
  NO SIGNIFICANT WEATHER WAS OBSERVED.


RELATIVE HUMIDITY (PERCENT)
 HIGHEST    85           700 AM
 LOWEST     35           400 PM
 AVERAGE    60

..........................................................


THE CHALLIS ID CLIMATE NORMALS FOR TODAY
                         NORMAL    RECORD    YEAR
 MAXIMUM TEMPERATURE (F)   32        64      1929
 MINIMUM TEMPERATURE (F)   15       -10      1919


SUNRISE AND SUNSET
NOVEMBER 28 2014......SUNRISE   750 AM MST   SUNSET   500 PM MST
NOVEMBER 29 2014......SUNRISE   751 AM MST   SUNSET   459 PM MST


-  INDICATES NEGATIVE NUMBERS.
R  INDICATES RECORD WAS SET OR TIED.
MM INDICATES DATA IS MISSING.
T  INDICATES TRACE AMOUNT.




$$
