000
CDUS45 KPIH 160740
CLILLJ


CLIMATE REPORT
NATIONAL WEATHER SERVICE POCATELLO ID
139 AM MDT TUE SEP 16 2014


...................................

...THE CHALLIS ID CLIMATE SUMMARY FOR SEPTEMBER 15 2014...

CLIMATE NORMAL PERIOD 1981 TO 2010
CLIMATE RECORD PERIOD 1898 TO 2014


WEATHER ITEM   OBSERVED TIME   RECORD YEAR NORMAL DEPARTURE LAST
                VALUE   (LST)  VALUE       VALUE  FROM      YEAR
                                                  NORMAL
..................................................................
TEMPERATURE (F)
 YESTERDAY
  MAXIMUM         82    515 PM  91    2000  73      9       74
  MINIMUM         39    629 AM  22    1936  39      0       54
  AVERAGE         61                        56      5       64

PRECIPITATION (IN)
  YESTERDAY        0.00          0.87 2001   0.03  -0.03     0.02
  MONTH TO DATE    T                         0.40  -0.40     0.54
  SINCE OCT 1      5.55                      9.72  -4.17     5.12
  SINCE JAN 1      4.82                      7.79  -2.97     3.05

SNOWFALL (IN)
  YESTERDAY       MM
  MONTH TO DATE   MM
  SINCE SEP 1     MM
  SINCE JUL 1     MM
  SNOW DEPTH      MM

DEGREE DAYS
 HEATING
  YESTERDAY        4                         9     -5        1
  MONTH TO DATE   85                       100    -15       13
  SINCE SEP 1     85                       100    -15       13
  SINCE JUL 1    153                       173    -20       19

 COOLING
  YESTERDAY        0                         0      0        0
  MONTH TO DATE    0                         4     -4       28
  SINCE SEP 1      0                         4     -4       28
  SINCE JAN 1    305                       246     59      418
..................................................................


WIND (MPH)
  HIGHEST WIND SPEED    12   HIGHEST WIND DIRECTION     W (250)
  HIGHEST GUST SPEED    14   HIGHEST GUST DIRECTION     W (250)
  AVERAGE WIND SPEED     2.0


SKY COVER
  POSSIBLE SUNSHINE  MM
  AVERAGE SKY COVER 0.0


WEATHER CONDITIONS
 THE FOLLOWING WEATHER WAS RECORDED YESTERDAY.
  NO SIGNIFICANT WEATHER WAS OBSERVED.


RELATIVE HUMIDITY (PERCENT)
 HIGHEST    57           500 AM
 LOWEST     13           300 PM
 AVERAGE    35

..........................................................


THE CHALLIS ID CLIMATE NORMALS FOR TODAY
                         NORMAL    RECORD    YEAR
 MAXIMUM TEMPERATURE (F)   73        89      1981
 MINIMUM TEMPERATURE (F)   39        23      1921


SUNRISE AND SUNSET
SEPTEMBER 16 2014.....SUNRISE   717 AM MDT   SUNSET   745 PM MDT
SEPTEMBER 17 2014.....SUNRISE   718 AM MDT   SUNSET   744 PM MDT


-  INDICATES NEGATIVE NUMBERS.
R  INDICATES RECORD WAS SET OR TIED.
MM INDICATES DATA IS MISSING.
T  INDICATES TRACE AMOUNT.




$$
