000
CDUS45 KPIH 172326
CLILLJ


CLIMATE REPORT
NATIONAL WEATHER SERVICE POCATELLO ID
425 PM MST WED JAN 17 2018


...................................

...THE CHALLIS ID CLIMATE SUMMARY FOR JANUARY 17 2018...
VALID TODAY AS OF 0400 PM LOCAL TIME.

CLIMATE NORMAL PERIOD 1981 TO 2010
CLIMATE RECORD PERIOD 1898 TO 2018


WEATHER ITEM   OBSERVED TIME   RECORD YEAR NORMAL DEPARTURE LAST
                VALUE   (LST)  VALUE       VALUE  FROM      YEAR
                                                  NORMAL
..................................................................
TEMPERATURE (F)
 TODAY
  MAXIMUM         32    326 PM  55    1961  30      2        1
  MINIMUM         14    612 AM -26    1930   9      5      -19
  AVERAGE         23                        19      4       -9

PRECIPITATION (IN)
  TODAY            0.00          0.22 1923   0.02  -0.02      T
  MONTH TO DATE    0.09                      0.32  -0.23     1.31
  SINCE OCT 1      1.23                      2.25  -1.02     4.72
  SINCE JAN 1      0.09                      0.32  -0.23     1.31

SNOWFALL (IN)
  TODAY           MM
  MONTH TO DATE   MM
  SINCE DEC 1     MM
  SINCE JUL 1     MM
  SNOW DEPTH      MM

DEGREE DAYS
 HEATING
  TODAY           42                        46     -4       74
  MONTH TO DATE  628                       796   -168     1165
  SINCE DEC 1   1904                      2249   -345     2843
  SINCE JUL 1   3810                      4292   -482     4630

 COOLING
  TODAY            0                         0      0        0
  MONTH TO DATE    0                         0      0        0
  SINCE DEC 1      0                         0      0        0
  SINCE JAN 1      0                         0      0        0
..................................................................


WIND (MPH)
  HIGHEST WIND SPEED     7   HIGHEST WIND DIRECTION     S (160)
  HIGHEST GUST SPEED     9   HIGHEST GUST DIRECTION    SE (150)
  AVERAGE WIND SPEED     1.6


SKY COVER
  POSSIBLE SUNSHINE  MM
  AVERAGE SKY COVER 0.6


WEATHER CONDITIONS
 THE FOLLOWING WEATHER WAS RECORDED TODAY.
  FOG


RELATIVE HUMIDITY (PERCENT)
 HIGHEST    92           400 AM
 LOWEST     69           400 PM
 AVERAGE    81

..........................................................


THE CHALLIS ID CLIMATE NORMALS FOR TOMORROW
                         NORMAL    RECORD    YEAR
 MAXIMUM TEMPERATURE (F)   30        52      1920
 MINIMUM TEMPERATURE (F)    9       -22      1930


SUNRISE AND SUNSET
JANUARY 17 2018.......SUNRISE   809 AM MST   SUNSET   526 PM MST
JANUARY 18 2018.......SUNRISE   808 AM MST   SUNSET   527 PM MST


-  INDICATES NEGATIVE NUMBERS.
R  INDICATES RECORD WAS SET OR TIED.
MM INDICATES DATA IS MISSING.
T  INDICATES TRACE AMOUNT.




$$
