000
CDUS45 KPIH 190733
CLILLJ


CLIMATE REPORT
NATIONAL WEATHER SERVICE POCATELLO ID
132 AM MDT SAT AUG 19 2017


...................................

...THE CHALLIS ID CLIMATE SUMMARY FOR AUGUST 18 2017...

CLIMATE NORMAL PERIOD 1981 TO 2010
CLIMATE RECORD PERIOD 1898 TO 2017


WEATHER ITEM   OBSERVED TIME   RECORD YEAR NORMAL DEPARTURE LAST
                VALUE   (LST)  VALUE       VALUE  FROM      YEAR
                                                  NORMAL
..................................................................
TEMPERATURE (F)
 YESTERDAY
  MAXIMUM         89    436 PM  97    1932  85      4       91
  MINIMUM         47    625 AM  34    1918  47      0       53
  AVERAGE         68                        66      2       72

PRECIPITATION (IN)
  YESTERDAY        0.00          0.36 1990   0.02  -0.02     0.00
  MONTH TO DATE    0.16                      0.48  -0.32     0.18
  SINCE OCT 1      9.42                      9.01   0.41     5.82
  SINCE JAN 1      6.01                      7.08  -1.07     3.48

SNOWFALL (IN)
  YESTERDAY       MM
  MONTH TO DATE   MM
  SINCE JUN 1     MM
  SINCE JUL 1     MM
  SNOW DEPTH      MM

DEGREE DAYS
 HEATING
  YESTERDAY        0                         2     -2        0
  MONTH TO DATE    0                        14    -14       14
  SINCE JUN 1    127                       200    -73      115
  SINCE JUL 1      4                        35    -31       42

 COOLING
  YESTERDAY        3                         2      1        7
  MONTH TO DATE   51                        67    -16       57
  SINCE JUN 1    290                       221     69      249
  SINCE JAN 1    292                       223     69      249
..................................................................


WIND (MPH)
  HIGHEST WIND SPEED    13   HIGHEST WIND DIRECTION    NW (310)
  HIGHEST GUST SPEED    16   HIGHEST GUST DIRECTION    NW (310)
  AVERAGE WIND SPEED     3.5


SKY COVER
  POSSIBLE SUNSHINE  MM
  AVERAGE SKY COVER 0.2


WEATHER CONDITIONS
 THE FOLLOWING WEATHER WAS RECORDED YESTERDAY.
  NO SIGNIFICANT WEATHER WAS OBSERVED.


RELATIVE HUMIDITY (PERCENT)
 HIGHEST    63           500 AM
 LOWEST     11           400 PM
 AVERAGE    37

..........................................................


THE CHALLIS ID CLIMATE NORMALS FOR TODAY
                         NORMAL    RECORD    YEAR
 MAXIMUM TEMPERATURE (F)   84        95      2013
                                             1986
 MINIMUM TEMPERATURE (F)   47        35      1916


SUNRISE AND SUNSET
AUGUST 19 2017........SUNRISE   645 AM MDT   SUNSET   835 PM MDT
AUGUST 20 2017........SUNRISE   646 AM MDT   SUNSET   834 PM MDT


-  INDICATES NEGATIVE NUMBERS.
R  INDICATES RECORD WAS SET OR TIED.
MM INDICATES DATA IS MISSING.
T  INDICATES TRACE AMOUNT.




$$
