000
CDUS45 KPIH 240731
CLILLJ


CLIMATE REPORT
NATIONAL WEATHER SERVICE POCATELLO ID
130 AM MDT THU JUL 24 2014


...................................

...THE CHALLIS ID CLIMATE SUMMARY FOR JULY 23 2014...

CLIMATE NORMAL PERIOD 1981 TO 2010
CLIMATE RECORD PERIOD 1898 TO 2014


WEATHER ITEM   OBSERVED TIME   RECORD YEAR NORMAL DEPARTURE LAST
                VALUE   (LST)  VALUE       VALUE  FROM      YEAR
                                                  NORMAL
..................................................................
TEMPERATURE (F)
 YESTERDAY
  MAXIMUM         93    356 PM 101    1959  88      5       91
  MINIMUM         55    453 AM  40    1987  52      3       48
  AVERAGE         74                        70      4       70

PRECIPITATION (IN)
  YESTERDAY        0.01          0.58 1984   0.02  -0.01     0.00
  MONTH TO DATE    0.04                      0.61  -0.57     0.54
  SINCE OCT 1      3.85                      8.31  -4.46     4.35
  SINCE JAN 1      3.12                      6.38  -3.26     2.28

SNOWFALL (IN)
  YESTERDAY       MM
  MONTH TO DATE   MM
  SINCE JUN 1     MM
  SINCE JUL 1     MM
  SNOW DEPTH      MM

DEGREE DAYS
 HEATING
  YESTERDAY        0                         0      0        0
  MONTH TO DATE    0                        18    -18        0
  SINCE JUN 1    166                       183    -17      121
  SINCE JUL 1      0                        18    -18        0

 COOLING
  YESTERDAY        9                         5      4        5
  MONTH TO DATE  196                        90    106      165
  SINCE JUN 1    202                       112     90      228
  SINCE JAN 1    202                       114     88      230
..................................................................


WIND (MPH)
  HIGHEST WIND SPEED    28   HIGHEST WIND DIRECTION     S (170)
  HIGHEST GUST SPEED    36   HIGHEST GUST DIRECTION     S (170)
  AVERAGE WIND SPEED     7.0


SKY COVER
  POSSIBLE SUNSHINE  MM
  AVERAGE SKY COVER 0.0


WEATHER CONDITIONS
 THE FOLLOWING WEATHER WAS RECORDED YESTERDAY.
  LIGHT RAIN


RELATIVE HUMIDITY (PERCENT)
 HIGHEST    72           500 AM
 LOWEST      7           400 PM
 AVERAGE    40

..........................................................


THE CHALLIS ID CLIMATE NORMALS FOR TODAY
                         NORMAL    RECORD    YEAR
 MAXIMUM TEMPERATURE (F)   88        98      1929
 MINIMUM TEMPERATURE (F)   52        40      1900


SUNRISE AND SUNSET
JULY 24 2014..........SUNRISE   615 AM MDT   SUNSET   911 PM MDT
JULY 25 2014..........SUNRISE   616 AM MDT   SUNSET   910 PM MDT


-  INDICATES NEGATIVE NUMBERS.
R  INDICATES RECORD WAS SET OR TIED.
MM INDICATES DATA IS MISSING.
T  INDICATES TRACE AMOUNT.




$$
