000
CDUS45 KPIH 262329
CLILLJ


CLIMATE REPORT
NATIONAL WEATHER SERVICE POCATELLO ID
426 PM MST FRI DEC 26 2014


...................................

...THE CHALLIS ID CLIMATE SUMMARY FOR DECEMBER 26 2014...
VALID TODAY AS OF 0400 PM LOCAL TIME.

CLIMATE NORMAL PERIOD 1981 TO 2010
CLIMATE RECORD PERIOD 1898 TO 2014


WEATHER ITEM   OBSERVED TIME   RECORD YEAR NORMAL DEPARTURE LAST
                VALUE   (LST)  VALUE       VALUE  FROM      YEAR
                                                  NORMAL
..................................................................
TEMPERATURE (F)
 TODAY
  MAXIMUM         26    245 PM  54    1980  27     -1       29
  MINIMUM         18    914 AM -18    1924   7     11        4
  AVERAGE         22                        17      5       17

PRECIPITATION (IN)
  TODAY            0.00          0.75 1971   0.02  -0.02     0.00
  MONTH TO DATE    0.69                      0.62   0.07     0.28
  SINCE OCT 1      1.78                      1.81  -0.03     0.73
  SINCE JAN 1      7.71                      9.94  -2.23     4.93

SNOWFALL (IN)
  TODAY           MM
  MONTH TO DATE   MM
  SINCE DEC 1     MM
  SINCE JUL 1     MM
  SNOW DEPTH      MM

DEGREE DAYS
 HEATING
  TODAY           43                        48     -5       48
  MONTH TO DATE  935                      1211   -276     1308
  SINCE DEC 1    935                      1211   -276     1308
  SINCE JUL 1   2769                      3254   -485     3234

 COOLING
  TODAY            0                         0      0        0
  MONTH TO DATE    0                         0      0        0
  SINCE DEC 1      0                         0      0        0
  SINCE JAN 1    310                       248     62      420
..................................................................


WIND (MPH)
  HIGHEST WIND SPEED    10   HIGHEST WIND DIRECTION    NE (30)
  HIGHEST GUST SPEED    12   HIGHEST GUST DIRECTION     N (20)
  AVERAGE WIND SPEED     2.6


SKY COVER
  POSSIBLE SUNSHINE  MM
  AVERAGE SKY COVER 1.0


WEATHER CONDITIONS
 THE FOLLOWING WEATHER WAS RECORDED TODAY.
  NO SIGNIFICANT WEATHER WAS OBSERVED.


RELATIVE HUMIDITY (PERCENT)
 HIGHEST    80           600 AM
 LOWEST     54          1200 AM
 AVERAGE    67

..........................................................


THE CHALLIS ID CLIMATE NORMALS FOR TOMORROW
                         NORMAL    RECORD    YEAR
 MAXIMUM TEMPERATURE (F)   27        59      1980
 MINIMUM TEMPERATURE (F)    7       -19      1916


SUNRISE AND SUNSET
DECEMBER 26 2014......SUNRISE   812 AM MST   SUNSET   503 PM MST
DECEMBER 27 2014......SUNRISE   813 AM MST   SUNSET   504 PM MST


-  INDICATES NEGATIVE NUMBERS.
R  INDICATES RECORD WAS SET OR TIED.
MM INDICATES DATA IS MISSING.
T  INDICATES TRACE AMOUNT.




$$
