000
CDUS46 KMFR 280038
CLILMT


CLIMATE REPORT
NATIONAL WEATHER SERVICE MEDFORD, OR
438 PM PST MON FEB 27 2017


...................................

...THE KLAMATH FALLS OR CLIMATE SUMMARY FOR FEBRUARY 27 2017...
VALID TODAY AS OF 0400 PM LOCAL TIME.

CLIMATE NORMAL PERIOD 1981 TO 2010
CLIMATE RECORD PERIOD 1928 TO 2017


WEATHER ITEM   OBSERVED TIME   RECORD YEAR NORMAL DEPARTURE LAST
                VALUE   (LST)  VALUE       VALUE  FROM      YEAR
                                                  NORMAL
..................................................................
TEMPERATURE (F)
 TODAY
  MAXIMUM         36    201 PM  68    1992  48    -12       49
  MINIMUM         18    721 AM   5    2011  25     -7       31
                                      1962
  AVERAGE         27                        37    -10       40

PRECIPITATION (IN)
  TODAY            T             0.98 1940   0.07  -0.07     0.01
  MONTH TO DATE    1.84                      1.86  -0.02     0.27
  SINCE OCT 1      7.94                      8.40  -0.46     7.06
  SINCE JAN 1      3.19                      3.71  -0.52     2.53

SNOWFALL (IN)
  TODAY           MM                        MM     MM       MM
  MONTH TO DATE   MM                        MM     MM       MM
  SINCE JUL 1     MM                        MM     MM       MM
  SNOW DEPTH      MM

DEGREE DAYS
 HEATING
  TODAY           38                        28     10       25
  MONTH TO DATE  764                       832    -68      685
  SINCE DEC 1   3144                      3010    134     2848
  SINCE JUL 1   4804                      4812     -8     4436

 COOLING
  TODAY            0                         0      0        0
  MONTH TO DATE    0                         0      0        0
  SINCE DEC 1      0                         0      0        0
  SINCE JAN 1      0                         0      0        0
..................................................................


WIND (MPH)
  HIGHEST WIND SPEED    20   HIGHEST WIND DIRECTION     W (250)
  HIGHEST GUST SPEED    27   HIGHEST GUST DIRECTION    SW (240)
  AVERAGE WIND SPEED     6.6


SKY COVER
  POSSIBLE SUNSHINE  MM
  AVERAGE SKY COVER 0.8


WEATHER CONDITIONS
 THE FOLLOWING WEATHER WAS RECORDED TODAY.
  LIGHT SNOW
  FOG


RELATIVE HUMIDITY (PERCENT)
 HIGHEST   100           600 AM
 LOWEST     70           200 PM

..........................................................


THE KLAMATH FALLS OR CLIMATE NORMALS FOR TOMORROW
                         NORMAL    RECORD    YEAR
 MAXIMUM TEMPERATURE (F)   48        64      1986
 MINIMUM TEMPERATURE (F)   26         0      1993


SUNRISE AND SUNSET
FEBRUARY 27 2017......SUNRISE   645 AM PST   SUNSET   555 PM PST
FEBRUARY 28 2017......SUNRISE   643 AM PST   SUNSET   556 PM PST


-  INDICATES NEGATIVE NUMBERS.
R  INDICATES RECORD WAS SET OR TIED.
MM INDICATES DATA IS MISSING.
T  INDICATES TRACE AMOUNT.




$$
