000
CDUS46 KMFR 230847
CLILMT


CLIMATE REPORT
NATIONAL WEATHER SERVICE MEDFORD, OR
147 AM PDT WED JUL 23 2014


...................................

...THE KLAMATH FALLS OR CLIMATE SUMMARY FOR JULY 22 2014...

CLIMATE NORMAL PERIOD 1981 TO 2010
CLIMATE RECORD PERIOD 1928 TO 2014


WEATHER ITEM   OBSERVED TIME   RECORD YEAR NORMAL DEPARTURE LAST
                VALUE   (LST)  VALUE       VALUE  FROM      YEAR
                                                  NORMAL
..................................................................
TEMPERATURE (F)
 YESTERDAY
  MAXIMUM         86    228 PM 100    2003  86      0       96
  MINIMUM         55    235 AM  37    1973  49      6       52
  AVERAGE         71                        67      4       74

PRECIPITATION (IN)
  YESTERDAY        T             0.13 1957   0.01  -0.01     0.00
  MONTH TO DATE    0.09                      0.40  -0.31      T
  SINCE SEP 1      7.33                     14.45  -7.12     8.21
  SINCE JAN 1      6.59                      9.23  -2.64     4.55

SNOWFALL (IN)
  YESTERDAY       MM                        MM     MM       MM
  MONTH TO DATE   MM                        MM     MM       MM
  SINCE JUL 1     MM                        MM     MM       MM
  SNOW DEPTH      MM

DEGREE DAYS
 HEATING
  YESTERDAY        0                         1     -1        0
  MONTH TO DATE    0                        38    -38        1
  SINCE JUN 1    175                       255    -80      179
  SINCE JUL 1      0                        38    -38        1

 COOLING
  YESTERDAY        6                         3      3        9
  MONTH TO DATE  182                        51    131      126
  SINCE JUN 1    189                        62    127      172
  SINCE JAN 1    189                        63    126      172
..................................................................


WIND (MPH)
  HIGHEST WIND SPEED    24   HIGHEST WIND DIRECTION     S (190)
  HIGHEST GUST SPEED    31   HIGHEST GUST DIRECTION     S (180)
  AVERAGE WIND SPEED    10.7


SKY COVER
  POSSIBLE SUNSHINE  MM
  AVERAGE SKY COVER 0.4


WEATHER CONDITIONS
 THE FOLLOWING WEATHER WAS RECORDED YESTERDAY.
  THUNDERSTORM
  LIGHT RAIN


RELATIVE HUMIDITY (PERCENT)
 HIGHEST    93           200 AM
 LOWEST     23           200 PM

..........................................................


THE KLAMATH FALLS OR CLIMATE NORMALS FOR TODAY
                         NORMAL    RECORD    YEAR
 MAXIMUM TEMPERATURE (F)   86        97      2003
 MINIMUM TEMPERATURE (F)   49        40      1973


SUNRISE AND SUNSET
JULY 23 2014..........SUNRISE   551 AM PDT   SUNSET   835 PM PDT
JULY 24 2014..........SUNRISE   552 AM PDT   SUNSET   834 PM PDT


-  INDICATES NEGATIVE NUMBERS.
R  INDICATES RECORD WAS SET OR TIED.
MM INDICATES DATA IS MISSING.
T  INDICATES TRACE AMOUNT.




$$
