000
CDUS46 KMFR 240836
CLILMT


CLIMATE REPORT
NATIONAL WEATHER SERVICE MEDFORD, OR
1236 AM PST MON NOV 24 2014


...................................

...THE KLAMATH FALLS OR CLIMATE SUMMARY FOR NOVEMBER 23 2014...

CLIMATE NORMAL PERIOD 1981 TO 2010
CLIMATE RECORD PERIOD 1928 TO 2014


WEATHER ITEM   OBSERVED TIME   RECORD YEAR NORMAL DEPARTURE LAST
                VALUE   (LST)  VALUE       VALUE  FROM      YEAR
                                                  NORMAL
..................................................................
TEMPERATURE (F)
 YESTERDAY
  MAXIMUM         42    345 PM  61    1959  42      0       54
  MINIMUM         24   1144 PM  -2    1993  23      1       22
  AVERAGE         33                        33      0       38

PRECIPITATION (IN)
  YESTERDAY        0.00          1.25 1953   0.07  -0.07     0.00
  MONTH TO DATE    0.80                      1.64  -0.84     0.34
  SINCE SEP 1      3.96                      3.22   0.74     0.46
  SINCE JAN 1     11.47                     12.96  -1.49     5.25

SNOWFALL (IN)
  YESTERDAY       MM                        MM     MM       MM
  MONTH TO DATE   MM                        MM     MM       MM
  SINCE JUL 1     MM                        MM     MM        0.0
  SNOW DEPTH      MM

DEGREE DAYS
 HEATING
  YESTERDAY       32                        32      0       27
  MONTH TO DATE  593                       655    -62      563
  SINCE SEP 1   1162                      1452   -290     1461
  SINCE JUL 1   1210                      1571   -361     1529

 COOLING
  YESTERDAY        0                         0      0        0
  MONTH TO DATE    0                         0      0        0
  SINCE SEP 1      6                        10     -4       17
  SINCE JAN 1    327                       169    158      285
..................................................................


WIND (MPH)
  HIGHEST WIND SPEED    10   HIGHEST WIND DIRECTION     S (160)
  HIGHEST GUST SPEED    12   HIGHEST GUST DIRECTION     S (170)
  AVERAGE WIND SPEED     3.2


SKY COVER
  POSSIBLE SUNSHINE  MM
  AVERAGE SKY COVER 0.1


WEATHER CONDITIONS
 THE FOLLOWING WEATHER WAS RECORDED YESTERDAY.
  FOG


RELATIVE HUMIDITY (PERCENT)
 HIGHEST    92           100 AM
 LOWEST     65           200 PM

..........................................................


THE KLAMATH FALLS OR CLIMATE NORMALS FOR TODAY
                         NORMAL    RECORD    YEAR
 MAXIMUM TEMPERATURE (F)   42        67      1995
 MINIMUM TEMPERATURE (F)   23        -4      2010


SUNRISE AND SUNSET
NOVEMBER 24 2014......SUNRISE   708 AM PST   SUNSET   439 PM PST
NOVEMBER 25 2014......SUNRISE   709 AM PST   SUNSET   438 PM PST


-  INDICATES NEGATIVE NUMBERS.
R  INDICATES RECORD WAS SET OR TIED.
MM INDICATES DATA IS MISSING.
T  INDICATES TRACE AMOUNT.




$$
