000
CDUS46 KMFR 310840
CLILMT


CLIMATE REPORT
NATIONAL WEATHER SERVICE MEDFORD, OR
139 AM PDT MON AUG 31 2015


...................................

...THE KLAMATH FALLS OR CLIMATE SUMMARY FOR AUGUST 30 2015...

CLIMATE NORMAL PERIOD 1981 TO 2010
CLIMATE RECORD PERIOD 1928 TO 2015


WEATHER ITEM   OBSERVED TIME   RECORD YEAR NORMAL DEPARTURE LAST
                VALUE   (LST)  VALUE       VALUE  FROM      YEAR
                                                  NORMAL
..................................................................
TEMPERATURE (F)
 YESTERDAY
  MAXIMUM         71    248 PM  93    1998  80     -9       73
  MINIMUM         44    456 AM  34    2005  44      0       43
  AVERAGE         58                        62     -4       58

PRECIPITATION (IN)
  YESTERDAY        0.00          0.97 1984   0.02  -0.02     0.00
  MONTH TO DATE    0.42                      0.40   0.02     0.92
  SINCE OCT 1     12.82                     14.40  -1.58     8.14
  SINCE JAN 1      6.36                      9.71  -3.35     7.51

SNOWFALL (IN)
  YESTERDAY       MM                        MM     MM       MM
  MONTH TO DATE   MM                        MM     MM       MM
  SINCE JUL 1     MM                        MM     MM       MM
  SNOW DEPTH      MM

DEGREE DAYS
 HEATING
  YESTERDAY        7                         4      3        7
  MONTH TO DATE   28                        64    -36       31
  SINCE JUN 1     98                       331   -233      216
  SINCE JUL 1     46                       114    -68       41

 COOLING
  YESTERDAY        0                         1     -1        0
  MONTH TO DATE   68                        62      6       93
  SINCE JUN 1    287                       155    132      321
  SINCE JAN 1    290                       156    134      321
..................................................................


WIND (MPH)
  HIGHEST WIND SPEED    21   HIGHEST WIND DIRECTION     W (250)
  HIGHEST GUST SPEED    26   HIGHEST GUST DIRECTION     W (270)
  AVERAGE WIND SPEED     8.9


SKY COVER
  POSSIBLE SUNSHINE  MM
  AVERAGE SKY COVER 0.1


WEATHER CONDITIONS
 THE FOLLOWING WEATHER WAS RECORDED YESTERDAY.
  NO SIGNIFICANT WEATHER WAS OBSERVED.


RELATIVE HUMIDITY (PERCENT)
 HIGHEST    89           300 AM
 LOWEST     33           200 PM

..........................................................


THE KLAMATH FALLS OR CLIMATE NORMALS FOR TODAY
                         NORMAL    RECORD    YEAR
 MAXIMUM TEMPERATURE (F)   80        95      1998
 MINIMUM TEMPERATURE (F)   44        31      2010
                                             1999


SUNRISE AND SUNSET
AUGUST 31 2015........SUNRISE   631 AM PDT   SUNSET   743 PM PDT
SEPTEMBER  1 2015.....SUNRISE   632 AM PDT   SUNSET   741 PM PDT


-  INDICATES NEGATIVE NUMBERS.
R  INDICATES RECORD WAS SET OR TIED.
MM INDICATES DATA IS MISSING.
T  INDICATES TRACE AMOUNT.




$$
