000
CDUS46 KMFR 220837
CLILMT


CLIMATE REPORT
NATIONAL WEATHER SERVICE MEDFORD, OR
136 AM PDT THU JUN 22 2017


...................................

...THE KLAMATH FALLS OR CLIMATE SUMMARY FOR JUNE 21 2017...

CLIMATE NORMAL PERIOD 1981 TO 2010
CLIMATE RECORD PERIOD 1928 TO 2017


WEATHER ITEM   OBSERVED TIME   RECORD YEAR NORMAL DEPARTURE LAST
                VALUE   (LST)  VALUE       VALUE  FROM      YEAR
                                                  NORMAL
..................................................................
TEMPERATURE (F)
 YESTERDAY
  MAXIMUM         87    421 PM  93    1992  76     11       82
  MINIMUM         54    213 AM  32    2013  44     10       42
  AVERAGE         71                        60     11       62

PRECIPITATION (IN)
  YESTERDAY        0.00          0.59 1944   0.04  -0.04     0.00
  MONTH TO DATE    0.22                      0.62  -0.40     0.82
  SINCE OCT 1     11.19                     13.10  -1.91    11.22
  SINCE JAN 1      6.44                      8.41  -1.97     6.69

SNOWFALL (IN)
  YESTERDAY       MM                        MM     MM       MM
  MONTH TO DATE   MM                        MM     MM       MM
  SINCE JUL 1     MM                        MM     MM       MM
  SNOW DEPTH      MM

DEGREE DAYS
 HEATING
  YESTERDAY        0                         6     -6        3
  MONTH TO DATE  162                       176    -14      150
  SINCE JUN 1    162                       176    -14      150
  SINCE JUL 1   6739                      6932   -193     6234

 COOLING
  YESTERDAY        6                         0      6        0
  MONTH TO DATE   29                         0     29       33
  SINCE JUN 1     29                         0     29       33
  SINCE JAN 1     32                         1     31       33
..................................................................


WIND (MPH)
  HIGHEST WIND SPEED    23   HIGHEST WIND DIRECTION    NW (320)
  HIGHEST GUST SPEED    26   HIGHEST GUST DIRECTION    NW (320)
  AVERAGE WIND SPEED    11.5


SKY COVER
  POSSIBLE SUNSHINE  MM
  AVERAGE SKY COVER 0.0


WEATHER CONDITIONS
 THE FOLLOWING WEATHER WAS RECORDED YESTERDAY.
  HAZE


RELATIVE HUMIDITY (PERCENT)
 HIGHEST    78          1200 AM
 LOWEST     13           400 PM

..........................................................


THE KLAMATH FALLS OR CLIMATE NORMALS FOR TODAY
                         NORMAL    RECORD    YEAR
 MAXIMUM TEMPERATURE (F)   76        97      1992
 MINIMUM TEMPERATURE (F)   44        31      1952


SUNRISE AND SUNSET
JUNE 22 2017..........SUNRISE   531 AM PDT   SUNSET   847 PM PDT
JUNE 23 2017..........SUNRISE   532 AM PDT   SUNSET   847 PM PDT


-  INDICATES NEGATIVE NUMBERS.
R  INDICATES RECORD WAS SET OR TIED.
MM INDICATES DATA IS MISSING.
T  INDICATES TRACE AMOUNT.




$$
