000
CDUS46 KMFR 130838
CLILMT


CLIMATE REPORT
NATIONAL WEATHER SERVICE MEDFORD, OR
1238 AM PST SAT FEB 13 2016


...................................

...THE KLAMATH FALLS OR CLIMATE SUMMARY FOR FEBRUARY 12 2016...

CLIMATE NORMAL PERIOD 1981 TO 2010
CLIMATE RECORD PERIOD 1928 TO 2016


WEATHER ITEM   OBSERVED TIME   RECORD YEAR NORMAL DEPARTURE LAST
                VALUE   (LST)  VALUE       VALUE  FROM      YEAR
                                                  NORMAL
..................................................................
TEMPERATURE (F)
 YESTERDAY
  MAXIMUM         61R   159 PM  60    2011  44     17       58
                                      1977
  MINIMUM         31    702 AM  11    1959  23      8       28
  AVERAGE         46                        34     12       43

PRECIPITATION (IN)
  YESTERDAY        0.00          0.65 1975   0.07  -0.07     0.00
  MONTH TO DATE    T                         0.82  -0.82     1.71
  SINCE OCT 1      6.79                      7.36  -0.57     8.57
  SINCE JAN 1      2.26                      2.67  -0.41     2.11

SNOWFALL (IN)
  YESTERDAY       MM                        MM     MM       MM
  MONTH TO DATE   MM                        MM     MM       MM
  SINCE JUL 1     MM                        MM     MM       MM
  SNOW DEPTH      MM

DEGREE DAYS
 HEATING
  YESTERDAY       19                        31    -12       22
  MONTH TO DATE  306                       387    -81      264
  SINCE DEC 1   2469                      2565    -96     1776
  SINCE JUL 1   4057                      4367   -310     3166

 COOLING
  YESTERDAY        0                         0      0        0
  MONTH TO DATE    0                         0      0        0
  SINCE DEC 1      0                         0      0        0
  SINCE JAN 1      0                         0      0        0
..................................................................


WIND (MPH)
  HIGHEST WIND SPEED    17   HIGHEST WIND DIRECTION     W (260)
  HIGHEST GUST SPEED    22   HIGHEST GUST DIRECTION     W (250)
  AVERAGE WIND SPEED     5.4


SKY COVER
  POSSIBLE SUNSHINE  MM
  AVERAGE SKY COVER 0.3


WEATHER CONDITIONS
 THE FOLLOWING WEATHER WAS RECORDED YESTERDAY.
  NO SIGNIFICANT WEATHER WAS OBSERVED.


RELATIVE HUMIDITY (PERCENT)
 HIGHEST    89           800 AM
 LOWEST     42           200 PM

..........................................................


THE KLAMATH FALLS OR CLIMATE NORMALS FOR TODAY
                         NORMAL    RECORD    YEAR
 MAXIMUM TEMPERATURE (F)   44        61      1996
 MINIMUM TEMPERATURE (F)   24         5      1989


SUNRISE AND SUNSET
FEBRUARY 13 2016......SUNRISE   706 AM PST   SUNSET   537 PM PST
FEBRUARY 14 2016......SUNRISE   705 AM PST   SUNSET   538 PM PST


-  INDICATES NEGATIVE NUMBERS.
R  INDICATES RECORD WAS SET OR TIED.
MM INDICATES DATA IS MISSING.
T  INDICATES TRACE AMOUNT.




$$
