457
CDUS46 KMFR 170838
CLILMT


CLIMATE REPORT
NATIONAL WEATHER SERVICE MEDFORD, OR
137 AM PDT TUE OCT 17 2017


...................................

...THE KLAMATH FALLS OR CLIMATE SUMMARY FOR OCTOBER 16 2017...

CLIMATE NORMAL PERIOD 1981 TO 2010
CLIMATE RECORD PERIOD 1928 TO 2017


WEATHER ITEM   OBSERVED TIME   RECORD YEAR NORMAL DEPARTURE LAST
                VALUE   (LST)  VALUE       VALUE  FROM      YEAR
                                                  NORMAL
..................................................................
TEMPERATURE (F)
 YESTERDAY
  MAXIMUM         75    300 PM  85    1961  63     12       51
  MINIMUM         22    642 AM  18    1965  31     -9       37
  AVERAGE         49                        47      2       44

PRECIPITATION (IN)
  YESTERDAY        0.00          0.56 1947   0.04  -0.04     0.20
  MONTH TO DATE    T                         0.29  -0.29     1.35
  SINCE OCT 1      T                         0.29  -0.29     1.35
  SINCE JAN 1      7.86                     10.56  -2.70     8.58

SNOWFALL (IN)
  YESTERDAY       MM                        MM     MM       MM
  MONTH TO DATE   MM                        MM     MM       MM
  SINCE JUL 1     MM                        MM     MM       MM
  SNOW DEPTH      MM

DEGREE DAYS
 HEATING
  YESTERDAY       16                        18     -2       21
  MONTH TO DATE  337                       243     94      288
  SINCE SEP 1    573                       480     93      555
  SINCE JUL 1    577                       599    -22      662

 COOLING
  YESTERDAY        0                         0      0        0
  MONTH TO DATE    0                         0      0        0
  SINCE SEP 1     66                        10     56        0
  SINCE JAN 1    420                       169    251      215
..................................................................


WIND (MPH)
  HIGHEST WIND SPEED     8   HIGHEST WIND DIRECTION     N (340)
  HIGHEST GUST SPEED     9   HIGHEST GUST DIRECTION     N (340)
  AVERAGE WIND SPEED     1.2


SKY COVER
  POSSIBLE SUNSHINE  MM
  AVERAGE SKY COVER 0.0


WEATHER CONDITIONS
 THE FOLLOWING WEATHER WAS RECORDED YESTERDAY.
  NO SIGNIFICANT WEATHER WAS OBSERVED.


RELATIVE HUMIDITY (PERCENT)
 HIGHEST    88           500 AM
 LOWEST     16           300 PM

..........................................................


THE KLAMATH FALLS OR CLIMATE NORMALS FOR TODAY
                         NORMAL    RECORD    YEAR
 MAXIMUM TEMPERATURE (F)   63        78      1959
 MINIMUM TEMPERATURE (F)   31        20      1966


SUNRISE AND SUNSET
OCTOBER 17 2017.......SUNRISE   722 AM PDT   SUNSET   621 PM PDT
OCTOBER 18 2017.......SUNRISE   723 AM PDT   SUNSET   620 PM PDT


-  INDICATES NEGATIVE NUMBERS.
R  INDICATES RECORD WAS SET OR TIED.
MM INDICATES DATA IS MISSING.
T  INDICATES TRACE AMOUNT.




$$
