000
CDUS46 KMFR 210836
CLILMT


CLIMATE REPORT
NATIONAL WEATHER SERVICE MEDFORD, OR
1236 AM PST SUN DEC 21 2014


...................................

...THE KLAMATH FALLS OR CLIMATE SUMMARY FOR DECEMBER 20 2014...

CLIMATE NORMAL PERIOD 1981 TO 2010
CLIMATE RECORD PERIOD 1928 TO 2014


WEATHER ITEM   OBSERVED TIME   RECORD YEAR NORMAL DEPARTURE LAST
                VALUE   (LST)  VALUE       VALUE  FROM      YEAR
                                                  NORMAL
..................................................................
TEMPERATURE (F)
 YESTERDAY
  MAXIMUM         48   1159 PM  52    2011  38     10       40
                                      1969
  MINIMUM         38    708 AM  -9    1990  20     18        5
  AVERAGE         43                        29     14       23

PRECIPITATION (IN)
  YESTERDAY        0.46          0.58 1981   0.05   0.41      T
  MONTH TO DATE    2.49                      0.95   1.54     0.28
  SINCE SEP 1      6.66                      4.72   1.94     0.74
  SINCE JAN 1     14.17                     14.46  -0.29     5.53

SNOWFALL (IN)
  YESTERDAY       MM                        MM     MM       MM
  MONTH TO DATE   MM                        MM     MM       MM
  SINCE JUL 1     MM                        MM     MM        0.0
  SNOW DEPTH      MM

DEGREE DAYS
 HEATING
  YESTERDAY       22                        36    -14       42
  MONTH TO DATE  501                       706   -205      931
  SINCE DEC 1    501                       706   -205      931
  SINCE JUL 1   1891                      2508   -617     2667

 COOLING
  YESTERDAY        0                         0      0        0
  MONTH TO DATE    0                         0      0        0
  SINCE DEC 1      0                         0      0        0
  SINCE JAN 1    327                       169    158      285
..................................................................


WIND (MPH)
  HIGHEST WIND SPEED    22   HIGHEST WIND DIRECTION    SW (220)
  HIGHEST GUST SPEED    32   HIGHEST GUST DIRECTION    SW (220)
  AVERAGE WIND SPEED     9.2


SKY COVER
  POSSIBLE SUNSHINE  MM
  AVERAGE SKY COVER 1.0


WEATHER CONDITIONS
 THE FOLLOWING WEATHER WAS RECORDED YESTERDAY.
  LIGHT RAIN
  FOG


RELATIVE HUMIDITY (PERCENT)
 HIGHEST    92          1200 AM
 LOWEST     79           800 AM

..........................................................


THE KLAMATH FALLS OR CLIMATE NORMALS FOR TODAY
                         NORMAL    RECORD    YEAR
 MAXIMUM TEMPERATURE (F)   38        51      1972
 MINIMUM TEMPERATURE (F)   20       -16      1990


SUNRISE AND SUNSET
DECEMBER 21 2014......SUNRISE   732 AM PST   SUNSET   438 PM PST
DECEMBER 22 2014......SUNRISE   733 AM PST   SUNSET   439 PM PST


-  INDICATES NEGATIVE NUMBERS.
R  INDICATES RECORD WAS SET OR TIED.
MM INDICATES DATA IS MISSING.
T  INDICATES TRACE AMOUNT.




$$
