969
CDUS46 KMFR 280838
CLILMT


CLIMATE REPORT
NATIONAL WEATHER SERVICE MEDFORD, OR
138 AM PDT FRI APR 28 2017


...................................

...THE KLAMATH FALLS OR CLIMATE SUMMARY FOR APRIL 27 2017...

CLIMATE NORMAL PERIOD 1981 TO 2010
CLIMATE RECORD PERIOD 1928 TO 2017


WEATHER ITEM   OBSERVED TIME   RECORD YEAR NORMAL DEPARTURE LAST
                VALUE   (LST)  VALUE       VALUE  FROM      YEAR
                                                  NORMAL
..................................................................
TEMPERATURE (F)
 YESTERDAY
  MAXIMUM         48    143 PM  85    1987  60    -12       57
  MINIMUM         30    535 AM  19    1955  32     -2       37
  AVERAGE         39                        46     -7       47

PRECIPITATION (IN)
  YESTERDAY        T             0.56 2005   0.06  -0.06      T
  MONTH TO DATE    0.84                      1.19  -0.35     0.69
  SINCE OCT 1     10.68                     10.92  -0.24     9.59
  SINCE JAN 1      5.93                      6.23  -0.30     5.06

SNOWFALL (IN)
  YESTERDAY       MM                        MM     MM       MM
  MONTH TO DATE   MM                        MM     MM       MM
  SINCE JUL 1     MM                        MM     MM       MM
  SNOW DEPTH      MM

DEGREE DAYS
 HEATING
  YESTERDAY       26                        19      7       18
  MONTH TO DATE  613                       602     11      441
  SINCE MAR 1   1320                      1423   -103     1168
  SINCE JUL 1   6158                      6264   -106     5658

 COOLING
  YESTERDAY        0                         0      0        0
  MONTH TO DATE    0                         0      0        0
  SINCE MAR 1      0                         0      0        0
  SINCE JAN 1      0                         0      0        0
..................................................................


WIND (MPH)
  HIGHEST WIND SPEED    17   HIGHEST WIND DIRECTION     W (280)
  HIGHEST GUST SPEED    24   HIGHEST GUST DIRECTION    NW (300)
  AVERAGE WIND SPEED     8.7


SKY COVER
  POSSIBLE SUNSHINE  MM
  AVERAGE SKY COVER 0.3


WEATHER CONDITIONS
 THE FOLLOWING WEATHER WAS RECORDED YESTERDAY.
  LIGHT RAIN


RELATIVE HUMIDITY (PERCENT)
 HIGHEST    85           400 AM
 LOWEST     45           600 PM

..........................................................


THE KLAMATH FALLS OR CLIMATE NORMALS FOR TODAY
                         NORMAL    RECORD    YEAR
 MAXIMUM TEMPERATURE (F)   60        77      2007
                                             1992
 MINIMUM TEMPERATURE (F)   33        18      2014
                                             1967


SUNRISE AND SUNSET
APRIL 28 2017.........SUNRISE   606 AM PDT   SUNSET   803 PM PDT
APRIL 29 2017.........SUNRISE   605 AM PDT   SUNSET   804 PM PDT


-  INDICATES NEGATIVE NUMBERS.
R  INDICATES RECORD WAS SET OR TIED.
MM INDICATES DATA IS MISSING.
T  INDICATES TRACE AMOUNT.




$$
