000
CDUS45 KRIW 010738
CLILND


CLIMATE REPORT
NATIONAL WEATHER SERVICE RIVERTON WY
1238 AM MST SUN MAR 1 2015


...................................

...THE LANDER WY CLIMATE SUMMARY FOR FEBRUARY 28 2015...

CLIMATE NORMAL PERIOD 1981 TO 2010
CLIMATE RECORD PERIOD 1891 TO 2015


WEATHER ITEM   OBSERVED TIME   RECORD YEAR NORMAL DEPARTURE LAST
                VALUE   (LST)  VALUE       VALUE  FROM      YEAR
                                                  NORMAL
..................................................................
TEMPERATURE (F)
 YESTERDAY
  MAXIMUM         22    120 PM  61    1992  41    -19       38
                                      1974
  MINIMUM         14    720 AM -19    1893  18     -4       14
  AVERAGE         18                        30    -12       26

PRECIPITATION (IN)
  YESTERDAY        T             0.82 2004   0.03  -0.03      T
  MONTH TO DATE    1.56                      0.58   0.98     0.19
  SINCE DEC 1      3.38                      1.57   1.81     1.49
  SINCE JAN 1      1.56                      0.99   0.57     0.80

SNOWFALL (IN)
  YESTERDAY        0.1                       0.4   -0.3       T
  MONTH TO DATE   23.6                      10.3   13.3      3.8
  SINCE DEC 1     45.0                      28.0   17.0     25.8
  SINCE JUL 1     53.9                      53.6    0.3     55.3
  SNOW DEPTH       5

DEGREE DAYS
 HEATING
  YESTERDAY       47                        35     12       39
  MONTH TO DATE  985                      1114   -129     1220
  SINCE DEC 1   3583                      3831   -248     3848
  SINCE JUL 1   5124                      5704   -580     5736

 COOLING
  YESTERDAY        0                         0      0        0
  MONTH TO DATE    0                         0      0        0
  SINCE DEC 1      0                         0      0        0
  SINCE JAN 1      0                         0      0        0
..................................................................


WIND (MPH)
  HIGHEST WIND SPEED    10   HIGHEST WIND DIRECTION    SW (240)
  HIGHEST GUST SPEED    13   HIGHEST GUST DIRECTION    NW (330)
  AVERAGE WIND SPEED     3.7


SKY COVER
  POSSIBLE SUNSHINE  MM
  AVERAGE SKY COVER 0.9


WEATHER CONDITIONS
 THE FOLLOWING WEATHER WAS RECORDED YESTERDAY.
  LIGHT SNOW
  FOG
  HAZE


RELATIVE HUMIDITY (PERCENT)
 HIGHEST    80           300 AM
 LOWEST     61          1000 PM
 AVERAGE    71

..........................................................


THE LANDER WY CLIMATE NORMALS FOR TODAY
                         NORMAL    RECORD    YEAR
 MAXIMUM TEMPERATURE (F)   42        64      1986
                                             1901
 MINIMUM TEMPERATURE (F)   19       -13      1911


SUNRISE AND SUNSET
MARCH  1 2015.........SUNRISE   651 AM MST   SUNSET   604 PM MST
MARCH  2 2015.........SUNRISE   649 AM MST   SUNSET   605 PM MST


-  INDICATES NEGATIVE NUMBERS.
R  INDICATES RECORD WAS SET OR TIED.
MM INDICATES DATA IS MISSING.
T  INDICATES TRACE AMOUNT.




$$
