000
CDUS45 KRIW 040736
CLILND


CLIMATE REPORT
NATIONAL WEATHER SERVICE RIVERTON WY
136 AM MDT FRI SEP 4 2015


...................................

...THE LANDER WY CLIMATE SUMMARY FOR SEPTEMBER 3 2015...

CLIMATE NORMAL PERIOD 1981 TO 2010
CLIMATE RECORD PERIOD 1891 TO 2015


WEATHER ITEM   OBSERVED TIME   RECORD YEAR NORMAL DEPARTURE LAST
                VALUE   (LST)  VALUE       VALUE  FROM      YEAR
                                                  NORMAL
..................................................................
TEMPERATURE (F)
 YESTERDAY
  MAXIMUM         87    130 PM  93    1950  79      8       87
  MINIMUM         66    215 AM  29    1961  50     16       53
  AVERAGE         77                        64     13       70

PRECIPITATION (IN)
  YESTERDAY        0.00          1.52 1915   0.02  -0.02      T
  MONTH TO DATE    0.00                      0.06  -0.06      T
  SINCE SEP 1      0.00                      0.06  -0.06      T
  SINCE JAN 1     12.40                      8.94   3.46     7.02

SNOWFALL (IN)
  YESTERDAY        0.0                       0.1   -0.1      0.0
  MONTH TO DATE    0.0                       0.1   -0.1      0.0
  SINCE SEP 1      0.0                       0.1   -0.1      0.0
  SINCE JUL 1      0.0                       0.1   -0.1      0.0
  SNOW DEPTH       0

DEGREE DAYS
 HEATING
  YESTERDAY        0                         3     -3        0
  MONTH TO DATE    0                         8     -8        5
  SINCE SEP 1      0                         8     -8        5
  SINCE JUL 1     40                        48     -8       49

 COOLING
  YESTERDAY       12                         2     10        5
  MONTH TO DATE   31                         7     24        5
  SINCE SEP 1     31                         7     24        5
  SINCE JAN 1    466                       452     14      411
..................................................................


WIND (MPH)
  HIGHEST WIND SPEED    24   HIGHEST WIND DIRECTION     W (260)
  HIGHEST GUST SPEED    30   HIGHEST GUST DIRECTION    SW (240)
  AVERAGE WIND SPEED    10.1


SKY COVER
  POSSIBLE SUNSHINE  MM
  AVERAGE SKY COVER 0.0


WEATHER CONDITIONS
 THE FOLLOWING WEATHER WAS RECORDED YESTERDAY.
  NO SIGNIFICANT WEATHER WAS OBSERVED.


RELATIVE HUMIDITY (PERCENT)
 HIGHEST    32          1200 AM
 LOWEST     13           500 PM
 AVERAGE    23

..........................................................


THE LANDER WY CLIMATE NORMALS FOR TODAY
                         NORMAL    RECORD    YEAR
 MAXIMUM TEMPERATURE (F)   79        94      1995
 MINIMUM TEMPERATURE (F)   49        30      1894


SUNRISE AND SUNSET
SEPTEMBER  4 2015.....SUNRISE   643 AM MDT   SUNSET   745 PM MDT
SEPTEMBER  5 2015.....SUNRISE   644 AM MDT   SUNSET   743 PM MDT


-  INDICATES NEGATIVE NUMBERS.
R  INDICATES RECORD WAS SET OR TIED.
MM INDICATES DATA IS MISSING.
T  INDICATES TRACE AMOUNT.




$$
