263
CDUS45 KRIW 240031
CLILND


CLIMATE REPORT
NATIONAL WEATHER SERVICE RIVERTON WY
630 PM MDT TUE AUG 23 2016


...................................

...THE LANDER WY CLIMATE SUMMARY FOR AUGUST 23 2016...
VALID TODAY AS OF 0500 PM LOCAL TIME.

CLIMATE NORMAL PERIOD 1981 TO 2010
CLIMATE RECORD PERIOD 1891 TO 2016


WEATHER ITEM   OBSERVED TIME   RECORD YEAR NORMAL DEPARTURE LAST
                VALUE   (LST)  VALUE       VALUE  FROM      YEAR
                                                  NORMAL
..................................................................
TEMPERATURE (F)
 TODAY
  MAXIMUM         86        MM  95    1961  84      2       80
  MINIMUM         52        MM  33    1899  53     -1       39
  AVERAGE         69                        68      1       60

PRECIPITATION (IN)
  TODAY            0.00          0.38 1987   0.02  -0.02     0.00
  MONTH TO DATE    0.51                      0.48   0.03     0.49
  SINCE JUN 1      1.08                      2.53  -1.45     1.79
  SINCE JAN 1     16.23                      8.75   7.48    12.31

DEGREE DAYS
 HEATING
  TODAY            0                         1     -1        5
  MONTH TO DATE   23                        11     12       22
  SINCE JUN 1     49                       153   -104       71
  SINCE JUL 1     27                        27      0       40

 COOLING
  TODAY            4                         4      0        0
  MONTH TO DATE  132                       139     -7      133
  SINCE JUN 1    504                       411     93      379
  SINCE JAN 1    504                       416     88      379
..................................................................


WIND (MPH)
  HIGHEST WIND SPEED    22   HIGHEST WIND DIRECTION     W (280)
  HIGHEST GUST SPEED    31   HIGHEST GUST DIRECTION     W (280)
  AVERAGE WIND SPEED     8.1


SKY COVER
  POSSIBLE SUNSHINE  MM
  AVERAGE SKY COVER 0.0


WEATHER CONDITIONS
 THE FOLLOWING WEATHER WAS RECORDED TODAY.
  NO SIGNIFICANT WEATHER WAS OBSERVED.


RELATIVE HUMIDITY (PERCENT)
 HIGHEST    24           600 AM
 LOWEST      8           100 PM
 AVERAGE    16

..........................................................


THE LANDER WY CLIMATE NORMALS FOR TOMORROW
                         NORMAL    RECORD    YEAR
 MAXIMUM TEMPERATURE (F)   83        96      2011
 MINIMUM TEMPERATURE (F)   53        30      1910


SUNRISE AND SUNSET
AUGUST 23 2016........SUNRISE   630 AM MDT   SUNSET   803 PM MDT
AUGUST 24 2016........SUNRISE   632 AM MDT   SUNSET   802 PM MDT


-  INDICATES NEGATIVE NUMBERS.
R  INDICATES RECORD WAS SET OR TIED.
MM INDICATES DATA IS MISSING.
T  INDICATES TRACE AMOUNT.




$$
