000
CDUS45 KRIW 060041
CLILND


CLIMATE REPORT
NATIONAL WEATHER SERVICE RIVERTON WY
540 PM MST MON DEC 5 2016


...................................

...THE LANDER WY CLIMATE SUMMARY FOR DECEMBER 5 2016...
VALID TODAY AS OF 0500 PM LOCAL TIME.

CLIMATE NORMAL PERIOD 1981 TO 2010
CLIMATE RECORD PERIOD 1891 TO 2016


WEATHER ITEM   OBSERVED TIME   RECORD YEAR NORMAL DEPARTURE LAST
                VALUE   (LST)  VALUE       VALUE  FROM      YEAR
                                                  NORMAL
..................................................................
TEMPERATURE (F)
 TODAY
  MAXIMUM         36    100 AM  59    2012  33      3       37
                                      1918
  MINIMUM         18        MM -26    1909  11      7       15
  AVERAGE         27                        22      5       26

PRECIPITATION (IN)
  TODAY            0.00          0.52 1892   0.02  -0.02     0.00
  MONTH TO DATE    0.01                      0.11  -0.10     0.00
  SINCE DEC 1      0.01                      0.11  -0.10     0.00
  SINCE JAN 1     20.40                     12.19   8.21    14.65

SNOWFALL (IN)
  TODAY            0.0                       0.4   -0.4      0.0
  MONTH TO DATE    0.1                       2.0   -1.9      0.0
  SINCE DEC 1      0.1                       2.0   -1.9      0.0
  SINCE JUL 1     14.1                      27.6  -13.5     19.0
  SNOW DEPTH       1

DEGREE DAYS
 HEATING
  TODAY           38                        43     -5       39
  MONTH TO DATE  199                       213    -14      237
  SINCE DEC 1    199                       213    -14      237
  SINCE JUL 1   1755                      2086   -331     1749

 COOLING
  TODAY            0                         0      0        0
  MONTH TO DATE    0                         0      0        0
  SINCE DEC 1      0                         0      0        0
  SINCE JAN 1    562                       472     90      519
..................................................................


WIND (MPH)
  HIGHEST WIND SPEED    21   HIGHEST WIND DIRECTION    SW (230)
  HIGHEST GUST SPEED    44   HIGHEST GUST DIRECTION    NW (300)
  AVERAGE WIND SPEED    14.4


SKY COVER
  POSSIBLE SUNSHINE  MM
  AVERAGE SKY COVER 0.3


WEATHER CONDITIONS
 THE FOLLOWING WEATHER WAS RECORDED TODAY.
  NO SIGNIFICANT WEATHER WAS OBSERVED.


RELATIVE HUMIDITY (PERCENT)
 HIGHEST    75          1200 AM
 LOWEST     25           100 PM
 AVERAGE    50

..........................................................


THE LANDER WY CLIMATE NORMALS FOR TOMORROW
                         NORMAL    RECORD    YEAR
 MAXIMUM TEMPERATURE (F)   32        62      1981
 MINIMUM TEMPERATURE (F)   11       -26      1972


SUNRISE AND SUNSET
DECEMBER  5 2016......SUNRISE   731 AM MST   SUNSET   441 PM MST
DECEMBER  6 2016......SUNRISE   732 AM MST   SUNSET   441 PM MST


-  INDICATES NEGATIVE NUMBERS.
R  INDICATES RECORD WAS SET OR TIED.
MM INDICATES DATA IS MISSING.
T  INDICATES TRACE AMOUNT.




$$
