240
CDUS45 KRIW 280745
CLILND


CLIMATE REPORT
NATIONAL WEATHER SERVICE RIVERTON WY
127 AM MDT TUE MAR 28 2017


...................................

...THE LANDER WY CLIMATE SUMMARY FOR MARCH 27 2017...

CLIMATE NORMAL PERIOD 1981 TO 2010
CLIMATE RECORD PERIOD 1891 TO 2017


WEATHER ITEM   OBSERVED TIME   RECORD YEAR NORMAL DEPARTURE LAST
                VALUE   (LST)  VALUE       VALUE  FROM      YEAR
                                                  NORMAL
..................................................................
TEMPERATURE (F)
 YESTERDAY
  MAXIMUM         55    302 PM  74    2015  51      4       53
  MINIMUM         27    600 AM  -7    1931  27      0       21
  AVERAGE         41                        39      2       37

PRECIPITATION (IN)
  YESTERDAY        0.10          0.74 1905   0.05   0.05     0.00
  MONTH TO DATE    1.20                      0.97   0.23     1.62
  SINCE MAR 1      1.20                      0.97   0.23     1.62
  SINCE JAN 1      3.58                      1.96   1.62     2.54

SNOWFALL (IN)
  YESTERDAY        0.0                       0.6   -0.6      0.0
  MONTH TO DATE    T                        13.7  -13.7     10.1
  SINCE MAR 1      T                        13.7  -13.7     10.1
  SINCE JUL 1     61.0                      67.3   -6.3     47.1
  SNOW DEPTH       0

DEGREE DAYS
 HEATING
  YESTERDAY       24                        26     -2       28
  MONTH TO DATE  617                       813   -196      705
  SINCE MAR 1    617                       813   -196      705
  SINCE JUL 1   6320                      6517   -197     5856

 COOLING
  YESTERDAY        0                         0      0        0
  MONTH TO DATE    0                         0      0        0
  SINCE MAR 1      0                         0      0        0
  SINCE JAN 1      0                         0      0        0
..................................................................


WIND (MPH)
  HIGHEST WIND SPEED    16   HIGHEST WIND DIRECTION     W (270)
  HIGHEST GUST SPEED    22   HIGHEST GUST DIRECTION     N (10)
  AVERAGE WIND SPEED     5.0


SKY COVER
  POSSIBLE SUNSHINE  MM
  AVERAGE SKY COVER 0.3


WEATHER CONDITIONS
 THE FOLLOWING WEATHER WAS RECORDED YESTERDAY.
  LIGHT RAIN
  FOG


RELATIVE HUMIDITY (PERCENT)
 HIGHEST    79          1100 PM
 LOWEST     28           200 PM
 AVERAGE    54

..........................................................


THE LANDER WY CLIMATE NORMALS FOR TODAY
                         NORMAL    RECORD    YEAR
 MAXIMUM TEMPERATURE (F)   51        73      2015
 MINIMUM TEMPERATURE (F)   27        -3      1944


SUNRISE AND SUNSET
MARCH 28 2017.........SUNRISE   704 AM MDT   SUNSET   737 PM MDT
MARCH 29 2017.........SUNRISE   702 AM MDT   SUNSET   738 PM MDT


-  INDICATES NEGATIVE NUMBERS.
R  INDICATES RECORD WAS SET OR TIED.
MM INDICATES DATA IS MISSING.
T  INDICATES TRACE AMOUNT.




$$
