000
CDUS45 KRIW 020734
CLILND


CLIMATE REPORT
NATIONAL WEATHER SERVICE RIVERTON WY
134 AM MDT SUN AUG 2 2015


...................................

...THE LANDER WY CLIMATE SUMMARY FOR AUGUST 1 2015...

CLIMATE NORMAL PERIOD 1981 TO 2010
CLIMATE RECORD PERIOD 1891 TO 2015


WEATHER ITEM   OBSERVED TIME   RECORD YEAR NORMAL DEPARTURE LAST
                VALUE   (LST)  VALUE       VALUE  FROM      YEAR
                                                  NORMAL
..................................................................
TEMPERATURE (F)
 YESTERDAY
  MAXIMUM         92    415 PM  99    2000  88      4       89
  MINIMUM         59    434 AM  40    1903  57      2       54
  AVERAGE         76                        72      4       72

PRECIPITATION (IN)
  YESTERDAY        0.00          0.39 1984   0.03  -0.03     0.00
  MONTH TO DATE    0.00                      0.03  -0.03     0.00
  SINCE JUN 1      1.30                      2.08  -0.78     1.22
  SINCE JAN 1     11.82                      8.30   3.52     5.41

SNOWFALL (IN)
  YESTERDAY        0.0                       0.0    0.0      0.0
  MONTH TO DATE    0.0                       0.0    0.0      0.0
  SINCE JUN 1      0.0                       0.1   -0.1      0.0
  SINCE JUL 1      0.0                       0.0    0.0      0.0
  SNOW DEPTH       0

DEGREE DAYS
 HEATING
  YESTERDAY        0                         0      0        0
  MONTH TO DATE    0                         0      0        0
  SINCE JUN 1     49                       142    -93      139
  SINCE JUL 1     18                        16      2        3

 COOLING
  YESTERDAY       11                         7      4        7
  MONTH TO DATE   11                         7      4        7
  SINCE JUN 1    257                       279    -22      272
  SINCE JAN 1    257                       284    -27      290
..................................................................


WIND (MPH)
  HIGHEST WIND SPEED    17   HIGHEST WIND DIRECTION    SW (240)
  HIGHEST GUST SPEED    20   HIGHEST GUST DIRECTION     W (250)
  AVERAGE WIND SPEED     7.0


SKY COVER
  POSSIBLE SUNSHINE  MM
  AVERAGE SKY COVER 0.0


WEATHER CONDITIONS
 THE FOLLOWING WEATHER WAS RECORDED YESTERDAY.
  NO SIGNIFICANT WEATHER WAS OBSERVED.


RELATIVE HUMIDITY (PERCENT)
 HIGHEST    36           700 AM
 LOWEST     12           200 PM
 AVERAGE    24

..........................................................


THE LANDER WY CLIMATE NORMALS FOR TODAY
                         NORMAL    RECORD    YEAR
 MAXIMUM TEMPERATURE (F)   88        96      2008
                                             2001
 MINIMUM TEMPERATURE (F)   57        44      1935


SUNRISE AND SUNSET
AUGUST  2 2015........SUNRISE   607 AM MDT   SUNSET   835 PM MDT
AUGUST  3 2015........SUNRISE   608 AM MDT   SUNSET   833 PM MDT


-  INDICATES NEGATIVE NUMBERS.
R  INDICATES RECORD WAS SET OR TIED.
MM INDICATES DATA IS MISSING.
T  INDICATES TRACE AMOUNT.




$$
