000
CDUS45 KRIW 220739
CLILND


CLIMATE REPORT
NATIONAL WEATHER SERVICE RIVERTON WY
129 AM MDT FRI AUG 22 2014


...................................

...THE LANDER WY CLIMATE SUMMARY FOR AUGUST 21 2014...

CLIMATE NORMAL PERIOD 1981 TO 2010
CLIMATE RECORD PERIOD 1891 TO 2014


WEATHER ITEM   OBSERVED TIME   RECORD YEAR NORMAL DEPARTURE LAST
                VALUE   (LST)  VALUE       VALUE  FROM      YEAR
                                                  NORMAL
..................................................................
TEMPERATURE (F)
 YESTERDAY
  MAXIMUM         79    111 PM  98    1960  84     -5       84
  MINIMUM         54    555 AM  39    1974  54      0       66
                                      1966
  AVERAGE         67                        69     -2       75

PRECIPITATION (IN)
  YESTERDAY        0.02          0.29 1891   0.02   0.00      T
  MONTH TO DATE    0.82                      0.45   0.37     0.01
  SINCE JUN 1      2.04                      2.50  -0.46     0.34
  SINCE JAN 1      6.23                      8.72  -2.49     7.86

SNOWFALL (IN)
  YESTERDAY        0.0                       0.0    0.0      0.0
  MONTH TO DATE    0.0                       0.0    0.0      0.0
  SINCE JUN 1      0.0                       0.1   -0.1      0.0
  SINCE JUL 1      0.0                       0.0    0.0      0.0
  SNOW DEPTH       0

DEGREE DAYS
 HEATING
  YESTERDAY        0                         1     -1        0
  MONTH TO DATE    0                         9     -9        0
  SINCE JUN 1    139                       151    -12       54
  SINCE JUL 1      3                        25    -22        0

 COOLING
  YESTERDAY        2                         5     -3       10
  MONTH TO DATE  115                       131    -16      176
  SINCE JUN 1    380                       403    -23      584
  SINCE JAN 1    398                       408    -10      593
..................................................................


WIND (MPH)
  HIGHEST WIND SPEED    25   HIGHEST WIND DIRECTION    SW (210)
  HIGHEST GUST SPEED    32   HIGHEST GUST DIRECTION    SW (210)
  AVERAGE WIND SPEED     7.9


SKY COVER
  POSSIBLE SUNSHINE  MM
  AVERAGE SKY COVER 0.4


WEATHER CONDITIONS
 THE FOLLOWING WEATHER WAS RECORDED YESTERDAY.
  LIGHT RAIN


RELATIVE HUMIDITY (PERCENT)
 HIGHEST    83           400 AM
 LOWEST     27           100 PM
 AVERAGE    55

..........................................................


THE LANDER WY CLIMATE NORMALS FOR TODAY
                         NORMAL    RECORD    YEAR
 MAXIMUM TEMPERATURE (F)   84        96      2009
 MINIMUM TEMPERATURE (F)   53        31      1904


SUNRISE AND SUNSET
AUGUST 22 2014........SUNRISE   629 AM MDT   SUNSET   806 PM MDT
AUGUST 23 2014........SUNRISE   630 AM MDT   SUNSET   804 PM MDT


-  INDICATES NEGATIVE NUMBERS.
R  INDICATES RECORD WAS SET OR TIED.
MM INDICATES DATA IS MISSING.
T  INDICATES TRACE AMOUNT.




$$
