977
CDUS43 KOAX 230643
CLILNK


CLIMATE REPORT
NATIONAL WEATHER SERVICE OMAHA NEBRASKA
142 AM CDT SUN APR 23 2017


...................................

...THE LINCOLN, NEBRASKA CLIMATE SUMMARY FOR APRIL 22 2017...

CLIMATE NORMAL PERIOD 1981 TO 2010
CLIMATE RECORD PERIOD 1887 TO 2017


WEATHER ITEM   OBSERVED TIME   RECORD YEAR NORMAL DEPARTURE LAST
                VALUE   (LST)  VALUE       VALUE  FROM      YEAR
                                                  NORMAL
..................................................................
TEMPERATURE (F)
 YESTERDAY
  MAXIMUM         67    452 PM  94    1989  67      0       70
  MINIMUM         39   1159 PM  25    1992  41     -2       43
  AVERAGE         53                        54     -1       57

PRECIPITATION (IN)
  YESTERDAY        0.00          1.40 2001   0.11  -0.11     0.00
  MONTH TO DATE    1.62                      1.81  -0.19     2.28
  SINCE MAR 1      3.24                      3.74  -0.50     3.21
  SINCE JAN 1      4.89                      5.15  -0.26     4.80

SNOWFALL (IN)
  YESTERDAY        0.0                       0.0    0.0      0.0
  MONTH TO DATE    0.0                       1.2   -1.2      0.0
  SINCE JUL 1      7.5                      25.7  -18.2     20.5
  SNOW DEPTH       0

DEGREE DAYS
 HEATING
  YESTERDAY       12                        12      0        8
  MONTH TO DATE  210                       335   -125      239
  SINCE MAR 1    864                      1108   -244      777
  SINCE JUL 1   4747                      5811  -1064     4694

 COOLING
  YESTERDAY        0                         1     -1        0
  MONTH TO DATE   12                         5      7        3
  SINCE MAR 1     13                         6      7        4
  SINCE JAN 1     13                         6      7        4
..................................................................


WIND (MPH)
  HIGHEST WIND SPEED    20   HIGHEST WIND DIRECTION     N (360)
  HIGHEST GUST SPEED    25   HIGHEST GUST DIRECTION     N (20)
  AVERAGE WIND SPEED     8.1


SKY COVER
  POSSIBLE SUNSHINE  MM
  AVERAGE SKY COVER 0.0


WEATHER CONDITIONS
 THE FOLLOWING WEATHER WAS RECORDED YESTERDAY.
  NO SIGNIFICANT WEATHER WAS OBSERVED.


RELATIVE HUMIDITY (PERCENT)
 HIGHEST    86           400 AM
 LOWEST     28           400 PM
 AVERAGE    57

..........................................................


THE LINCOLN, NEBRASKA CLIMATE NORMALS FOR TODAY
                         NORMAL    RECORD    YEAR
 MAXIMUM TEMPERATURE (F)   67        89      2009
                                             1921
 MINIMUM TEMPERATURE (F)   42        26      1996


SUNRISE AND SUNSET
APRIL 23 2017.........SUNRISE   636 AM CDT   SUNSET   815 PM CDT
APRIL 24 2017.........SUNRISE   634 AM CDT   SUNSET   816 PM CDT


-  INDICATES NEGATIVE NUMBERS.
R  INDICATES RECORD WAS SET OR TIED.
MM INDICATES DATA IS MISSING.
T  INDICATES TRACE AMOUNT.




$$
