000
CDUS43 KOAX 300626
CLILNK


CLIMATE REPORT
NATIONAL WEATHER SERVICE OMAHA NEBRASKA
123 AM CDT MON MAY 30 2016


...................................

...THE LINCOLN, NEBRASKA CLIMATE SUMMARY FOR MAY 29 2016...

CLIMATE NORMAL PERIOD 1981 TO 2010
CLIMATE RECORD PERIOD 1887 TO 2016


WEATHER ITEM   OBSERVED TIME   RECORD YEAR NORMAL DEPARTURE LAST
                VALUE   (LST)  VALUE       VALUE  FROM      YEAR
                                                  NORMAL
..................................................................
TEMPERATURE (F)
 YESTERDAY
  MAXIMUM         87    413 PM 102    1934  79      8       81
  MINIMUM         55    452 AM  32    1947  55      0       55
  AVERAGE         71                        67      4       68

PRECIPITATION (IN)
  YESTERDAY        0.00          2.64 1998   0.15  -0.15      T
  MONTH TO DATE    5.42                      4.00   1.42    10.90
  SINCE MAR 1     10.72                      8.64   2.08    13.66
  SINCE JAN 1     12.31                     10.05   2.26    15.50

SNOWFALL (IN)
  YESTERDAY        0.0                       0.0    0.0      0.0
  MONTH TO DATE    0.0                       0.1   -0.1      0.0
  SINCE JUL 1     20.5                      26.0   -5.5     21.9
  SNOW DEPTH       0

DEGREE DAYS
 HEATING
  YESTERDAY        0                         2     -2        0
  MONTH TO DATE  127                       144    -17      133
  SINCE MAR 1    963                      1334   -371     1129
  SINCE JUL 1   4880                      6037  -1157     5816

 COOLING
  YESTERDAY        6                         4      2        3
  MONTH TO DATE   48                        57     -9       47
  SINCE MAR 1     57                        71    -14       52
  SINCE JAN 1     57                        71    -14       52
..................................................................


WIND (MPH)
  HIGHEST WIND SPEED    14   HIGHEST WIND DIRECTION     W (280)
  HIGHEST GUST SPEED    19   HIGHEST GUST DIRECTION     W (280)
  AVERAGE WIND SPEED     4.2


SKY COVER
  POSSIBLE SUNSHINE  MM
  AVERAGE SKY COVER 0.1


WEATHER CONDITIONS
 THE FOLLOWING WEATHER WAS RECORDED YESTERDAY.
  NO SIGNIFICANT WEATHER WAS OBSERVED.


RELATIVE HUMIDITY (PERCENT)
 HIGHEST    93           400 AM
 LOWEST     32           300 PM
 AVERAGE    63

..........................................................


THE LINCOLN, NEBRASKA CLIMATE NORMALS FOR TODAY
                         NORMAL    RECORD    YEAR
 MAXIMUM TEMPERATURE (F)   79       104      1934
 MINIMUM TEMPERATURE (F)   55        40      1947
                                             1930
                                             1897


SUNRISE AND SUNSET
MAY 30 2016...........SUNRISE   558 AM CDT   SUNSET   851 PM CDT
MAY 31 2016...........SUNRISE   558 AM CDT   SUNSET   852 PM CDT


-  INDICATES NEGATIVE NUMBERS.
R  INDICATES RECORD WAS SET OR TIED.
MM INDICATES DATA IS MISSING.
T  INDICATES TRACE AMOUNT.


$$

BCM
