000
CDUS43 KOAX 191022 CCA
CLILNK

CLIMATE REPORT...CORRECTION
NATIONAL WEATHER SERVICE OMAHA NEBRASKA
1240 AM CST FRI DEC 19 2014

...CORRECTED SNOW DEPTH AT 12Z FROM A TRACE TO 1 INCH...


...................................

...THE LINCOLN, NEBRASKA CLIMATE SUMMARY FOR DECEMBER 18 2014...

CLIMATE NORMAL PERIOD 1981 TO 2010
CLIMATE RECORD PERIOD 1887 TO 2014


WEATHER ITEM   OBSERVED TIME   RECORD YEAR NORMAL DEPARTURE LAST
                VALUE   (LST)  VALUE       VALUE  FROM      YEAR
                                                  NORMAL
..................................................................
TEMPERATURE (F)
 YESTERDAY
  MAXIMUM         32    758 PM  68    1976  36     -4       57
  MINIMUM         26    752 AM -18    1983  16     10       21
                                      1897
  AVERAGE         29                        26      3       39

PRECIPITATION (IN)
  YESTERDAY        0.06          1.25 1968   0.03   0.03     0.00
  MONTH TO DATE    0.89                      0.60   0.29     0.20
  SINCE DEC 1      0.89                      0.60   0.29     0.20
  SINCE JAN 1     34.41                     28.60   5.81    26.69

SNOWFALL (IN)
  YESTERDAY        0.7                       0.2    0.5      0.0
  MONTH TO DATE    0.7                       3.4   -2.7      5.4
  SINCE JUL 1      3.7                       6.2   -2.5      5.6
  SNOW DEPTH       1

DEGREE DAYS
 HEATING
  YESTERDAY       36                        39     -3       26
  MONTH TO DATE  546                       665   -119      782
  SINCE DEC 1    546                       665   -119      782
  SINCE JUL 1   1855                      1926    -71     2079

 COOLING
  YESTERDAY        0                         0      0        0
  MONTH TO DATE    0                         0      0        0
  SINCE DEC 1      0                         0      0        0
  SINCE JAN 1   1237                      1173     64     1236
..................................................................


WIND (MPH)
  HIGHEST WIND SPEED     8   HIGHEST WIND DIRECTION     S (180)
  HIGHEST GUST SPEED    10   HIGHEST GUST DIRECTION     S (160)
  AVERAGE WIND SPEED     3.5


SKY COVER
  POSSIBLE SUNSHINE  MM
  AVERAGE SKY COVER 1.0


WEATHER CONDITIONS
 THE FOLLOWING WEATHER WAS RECORDED YESTERDAY.
  LIGHT SNOW
  FOG
  HAZE


RELATIVE HUMIDITY (PERCENT)
 HIGHEST    92           600 AM
 LOWEST     75          1200 AM
 AVERAGE    84

..........................................................


THE LINCOLN, NEBRASKA CLIMATE NORMALS FOR TODAY
                         NORMAL    RECORD    YEAR
 MAXIMUM TEMPERATURE (F)   36        59      1979
                                             1966
 MINIMUM TEMPERATURE (F)   15       -20      1989


SUNRISE AND SUNSET
DECEMBER 19 2014......SUNRISE   747 AM CST   SUNSET   501 PM CST
DECEMBER 20 2014......SUNRISE   747 AM CST   SUNSET   502 PM CST


-  INDICATES NEGATIVE NUMBERS.
R  INDICATES RECORD WAS SET OR TIED.
MM INDICATES DATA IS MISSING.
T  INDICATES TRACE AMOUNT.




$$

COR BY KLISH
