000
CDUS43 KOAX 020626
CLILNK


CLIMATE REPORT
NATIONAL WEATHER SERVICE OMAHA NEBRASKA
125 AM CDT THU OCT 2 2014


...................................

...THE LINCOLN, NEBRASKA CLIMATE SUMMARY FOR OCTOBER 1 2014...

CLIMATE NORMAL PERIOD 1981 TO 2010
CLIMATE RECORD PERIOD 1887 TO 2014


WEATHER ITEM   OBSERVED TIME   RECORD YEAR NORMAL DEPARTURE LAST
                VALUE   (LST)  VALUE       VALUE  FROM      YEAR
                                                  NORMAL
..................................................................
TEMPERATURE (F)
 YESTERDAY
  MAXIMUM         77    410 PM  94    2006  72      5       82
  MINIMUM         61    248 AM  27    1985  46     15       52
  AVERAGE         69                        59     10       67

PRECIPITATION (IN)
  YESTERDAY        1.32          1.65 1891   0.08   1.24     0.00
  MONTH TO DATE    1.32                      0.08   1.24     0.00
  SINCE SEP 1      8.21                      3.10   5.11     1.99
  SINCE JAN 1     31.91                     24.68   7.23    22.44

SNOWFALL (IN)
  YESTERDAY        0.0                       0.0    0.0      0.0
  MONTH TO DATE    0.0                       0.0    0.0      0.0
  SINCE JUL 1      0.0                       T      0.0      0.0
  SNOW DEPTH       0

DEGREE DAYS
 HEATING
  YESTERDAY        0                         7     -7        0
  MONTH TO DATE    0                         7     -7        0
  SINCE SEP 1     93                        99     -6       28
  SINCE JUL 1     95                       105    -10       31

 COOLING
  YESTERDAY        4                         1      3        2
  MONTH TO DATE    4                         1      3        2
  SINCE SEP 1    120                       124     -4      205
  SINCE JAN 1   1231                      1159     72     1220
..................................................................


WIND (MPH)
  HIGHEST WIND SPEED    16   HIGHEST WIND DIRECTION     E (110)
  HIGHEST GUST SPEED    20   HIGHEST GUST DIRECTION     N (340)
  AVERAGE WIND SPEED     5.4


SKY COVER
  POSSIBLE SUNSHINE  MM
  AVERAGE SKY COVER 0.3


WEATHER CONDITIONS
 THE FOLLOWING WEATHER WAS RECORDED YESTERDAY.
  THUNDERSTORM
  HEAVY RAIN
  RAIN
  LIGHT RAIN
  FOG


RELATIVE HUMIDITY (PERCENT)
 HIGHEST    93           700 AM
 LOWEST     60           500 PM
 AVERAGE    77

..........................................................


THE LINCOLN, NEBRASKA CLIMATE NORMALS FOR TODAY
                         NORMAL    RECORD    YEAR
 MAXIMUM TEMPERATURE (F)   72        94      2005
 MINIMUM TEMPERATURE (F)   46        28      2004


SUNRISE AND SUNSET
OCTOBER  2 2014.......SUNRISE   725 AM CDT   SUNSET   707 PM CDT
OCTOBER  3 2014.......SUNRISE   726 AM CDT   SUNSET   706 PM CDT


-  INDICATES NEGATIVE NUMBERS.
R  INDICATES RECORD WAS SET OR TIED.
MM INDICATES DATA IS MISSING.
T  INDICATES TRACE AMOUNT.




$$
