000
CDUS43 KOAX 022130
CLILNK


CLIMATE REPORT
NATIONAL WEATHER SERVICE OMAHA NEBRASKA
429 PM CDT TUE SEP 2 2014


...................................

...THE LINCOLN, NEBRASKA CLIMATE SUMMARY FOR SEPTEMBER 2 2014...
VALID TODAY AS OF 0400 PM LOCAL TIME.

CLIMATE NORMAL PERIOD 1981 TO 2010
CLIMATE RECORD PERIOD 1887 TO 2014


WEATHER ITEM   OBSERVED TIME   RECORD YEAR NORMAL DEPARTURE LAST
                VALUE   (LST)  VALUE       VALUE  FROM      YEAR
                                                  NORMAL
..................................................................
TEMPERATURE (F)
 TODAY
  MAXIMUM         82    259 PM 106    2000  84     -2       83
  MINIMUM         55    614 AM  43    1974  60     -5       54
  AVERAGE         69                        72     -3       69

PRECIPITATION (IN)
  TODAY            0.00          1.63 1926   0.12  -0.12     0.00
  MONTH TO DATE    T                         0.24  -0.24      T
  SINCE SEP 1      T                         0.24  -0.24      T
  SINCE JAN 1     23.70                     21.82   1.88    20.45

SNOWFALL (IN)
  TODAY            0.0                       0.0    0.0      0.0
  MONTH TO DATE    0.0                       0.0    0.0      0.0
  SINCE JUL 1      0.0                       0.0    0.0      0.0
  SNOW DEPTH       0

DEGREE DAYS
 HEATING
  TODAY            0                         1     -1        0
  MONTH TO DATE    0                         2     -2        0
  SINCE SEP 1      0                         2     -2        0
  SINCE JUL 1      2                         8     -6        3

 COOLING
  TODAY            4                         7     -3        4
  MONTH TO DATE   10                        15     -5       13
  SINCE SEP 1     10                        15     -5       13
  SINCE JAN 1   1121                      1050     71     1028
..................................................................


WIND (MPH)
  HIGHEST WIND SPEED    12   HIGHEST WIND DIRECTION     W (260)
  HIGHEST GUST SPEED    14   HIGHEST GUST DIRECTION     W (250)
  AVERAGE WIND SPEED     3.0


SKY COVER
  POSSIBLE SUNSHINE  MM
  AVERAGE SKY COVER 0.0


WEATHER CONDITIONS
 THE FOLLOWING WEATHER WAS RECORDED TODAY.
  NO SIGNIFICANT WEATHER WAS OBSERVED.


RELATIVE HUMIDITY (PERCENT)
 HIGHEST    93           300 AM
 LOWEST     37           300 PM
 AVERAGE    65

..........................................................


THE LINCOLN, NEBRASKA CLIMATE NORMALS FOR TOMORROW
                         NORMAL    RECORD    YEAR
 MAXIMUM TEMPERATURE (F)   83       102      1947
                                             1939
 MINIMUM TEMPERATURE (F)   59        35      1974


SUNRISE AND SUNSET
SEPTEMBER  2 2014.....SUNRISE   655 AM CDT   SUNSET   758 PM CDT
SEPTEMBER  3 2014.....SUNRISE   656 AM CDT   SUNSET   756 PM CDT


-  INDICATES NEGATIVE NUMBERS.
R  INDICATES RECORD WAS SET OR TIED.
MM INDICATES DATA IS MISSING.
T  INDICATES TRACE AMOUNT.




$$
