000
CDUS43 KOAX 200623
CLILNK


CLIMATE REPORT
NATIONAL WEATHER SERVICE OMAHA NEBRASKA
122 AM CDT SAT SEP 20 2014


...................................

...THE LINCOLN, NEBRASKA CLIMATE SUMMARY FOR SEPTEMBER 19 2014...

CLIMATE NORMAL PERIOD 1981 TO 2010
CLIMATE RECORD PERIOD 1887 TO 2014


WEATHER ITEM   OBSERVED TIME   RECORD YEAR NORMAL DEPARTURE LAST
                VALUE   (LST)  VALUE       VALUE  FROM      YEAR
                                                  NORMAL
..................................................................
TEMPERATURE (F)
 YESTERDAY
  MAXIMUM         90    339 PM  98    1895  78     12       81
  MINIMUM         63    629 AM  29    1991  52     11       57
  AVERAGE         77                        65     12       69

PRECIPITATION (IN)
  YESTERDAY        0.00          1.55 1998   0.10  -0.10     0.27
  MONTH TO DATE    3.26                      2.03   1.23     1.75
  SINCE SEP 1      3.26                      2.03   1.23     1.75
  SINCE JAN 1     26.96                     23.61   3.35    22.20

SNOWFALL (IN)
  YESTERDAY        0.0                       0.0    0.0      0.0
  MONTH TO DATE    0.0                       0.0    0.0      0.0
  SINCE JUL 1      0.0                       0.0    0.0      0.0
  SNOW DEPTH       0

DEGREE DAYS
 HEATING
  YESTERDAY        0                         4     -4        0
  MONTH TO DATE   83                        35     48        8
  SINCE SEP 1     83                        35     48        8
  SINCE JUL 1     85                        41     44       11

 COOLING
  YESTERDAY       12                         3      9        4
  MONTH TO DATE   74                        99    -25      172
  SINCE SEP 1     74                        99    -25      172
  SINCE JAN 1   1185                      1134     51     1187
..................................................................


WIND (MPH)
  HIGHEST WIND SPEED    25   HIGHEST WIND DIRECTION     S (200)
  HIGHEST GUST SPEED    32   HIGHEST GUST DIRECTION    SW (210)
  AVERAGE WIND SPEED    15.0


SKY COVER
  POSSIBLE SUNSHINE  MM
  AVERAGE SKY COVER 0.3


WEATHER CONDITIONS
 THE FOLLOWING WEATHER WAS RECORDED YESTERDAY.
  NO SIGNIFICANT WEATHER WAS OBSERVED.


RELATIVE HUMIDITY (PERCENT)
 HIGHEST    93           200 AM
 LOWEST     41           300 PM
 AVERAGE    67

..........................................................


THE LINCOLN, NEBRASKA CLIMATE NORMALS FOR TODAY
                         NORMAL    RECORD    YEAR
 MAXIMUM TEMPERATURE (F)   77        95      1940
                                             1931
 MINIMUM TEMPERATURE (F)   51        31      1918


SUNRISE AND SUNSET
SEPTEMBER 20 2014.....SUNRISE   713 AM CDT   SUNSET   727 PM CDT
SEPTEMBER 21 2014.....SUNRISE   713 AM CDT   SUNSET   726 PM CDT


-  INDICATES NEGATIVE NUMBERS.
R  INDICATES RECORD WAS SET OR TIED.
MM INDICATES DATA IS MISSING.
T  INDICATES TRACE AMOUNT.




$$
