000
CDUS43 KOAX 102155
CLILNK


CLIMATE REPORT
NATIONAL WEATHER SERVICE OMAHA NEBRASKA
452 PM CDT THU JUL 10 2014


...................................

...THE LINCOLN, NEBRASKA CLIMATE SUMMARY FOR JULY 10 2014...
VALID TODAY AS OF 0400 PM LOCAL TIME.

CLIMATE NORMAL PERIOD 1981 TO 2010
CLIMATE RECORD PERIOD 1887 TO 2014


WEATHER ITEM   OBSERVED TIME   RECORD YEAR NORMAL DEPARTURE LAST
                VALUE   (LST)  VALUE       VALUE  FROM      YEAR
                                                  NORMAL
..................................................................
TEMPERATURE (F)
 TODAY
  MAXIMUM         88    259 PM 103    1980  89     -1       87
                                      1966
                                      1940
  MINIMUM         65    515 AM  48    1996  66     -1       66
  AVERAGE         77                        78     -1       77

PRECIPITATION (IN)
  TODAY            0.00          2.40 1958   0.11  -0.11      T
  MONTH TO DATE    0.29                      1.18  -0.89      T
  SINCE JUN 1      6.19                      5.53   0.66     2.49
  SINCE JAN 1     15.94                     15.87   0.07    18.34

SNOWFALL (IN)
  TODAY            0.0                       0.0    0.0      0.0
  MONTH TO DATE    0.0                       0.0    0.0      0.0
  SINCE JUL 1      0.0                       0.0    0.0      0.0
  SNOW DEPTH       0

DEGREE DAYS
 HEATING
  TODAY            0                         0      0        0
  MONTH TO DATE    0                         0      0        0
  SINCE JUN 1      2                        16    -14       20
  SINCE JUL 1      0                         0      0        0

 COOLING
  TODAY           12                        13     -1       12
  MONTH TO DATE   96                       123    -27      113
  SINCE JUN 1    374                       365      9      344
  SINCE JAN 1    534                       444     90      431
..................................................................


WIND (MPH)
  HIGHEST WIND SPEED    25   HIGHEST WIND DIRECTION     S (170)
  HIGHEST GUST SPEED    30   HIGHEST GUST DIRECTION     S (160)
  AVERAGE WIND SPEED    11.4


SKY COVER
  POSSIBLE SUNSHINE  MM
  AVERAGE SKY COVER 0.1


WEATHER CONDITIONS
 THE FOLLOWING WEATHER WAS RECORDED TODAY.
  FOG
  HAZE


RELATIVE HUMIDITY (PERCENT)
 HIGHEST    87           200 AM
 LOWEST     46           300 PM
 AVERAGE    67

..........................................................


THE LINCOLN, NEBRASKA CLIMATE NORMALS FOR TOMORROW
                         NORMAL    RECORD    YEAR
 MAXIMUM TEMPERATURE (F)   89       107      1939
 MINIMUM TEMPERATURE (F)   66        51      1905


SUNRISE AND SUNSET
JULY 10 2014..........SUNRISE   605 AM CDT   SUNSET   900 PM CDT
JULY 11 2014..........SUNRISE   605 AM CDT   SUNSET   859 PM CDT


-  INDICATES NEGATIVE NUMBERS.
R  INDICATES RECORD WAS SET OR TIED.
MM INDICATES DATA IS MISSING.
T  INDICATES TRACE AMOUNT.




$$
