000
CDUS43 KOAX 040631
CLILNK


CLIMATE REPORT
NATIONAL WEATHER SERVICE OMAHA NEBRASKA
131 AM CDT SAT JUL 4 2015


...................................

...THE LINCOLN, NEBRASKA CLIMATE SUMMARY FOR JULY 3 2015...

CLIMATE NORMAL PERIOD 1981 TO 2010
CLIMATE RECORD PERIOD 1887 TO 2015


WEATHER ITEM   OBSERVED TIME   RECORD YEAR NORMAL DEPARTURE LAST
                VALUE   (LST)  VALUE       VALUE  FROM      YEAR
                                                  NORMAL
..................................................................
TEMPERATURE (F)
 YESTERDAY
  MAXIMUM         80    444 PM 108    1936  89     -9       81
  MINIMUM         64    701 AM  49    1924  65     -1       50
  AVERAGE         72                        77     -5       66

PRECIPITATION (IN)
  YESTERDAY        0.00          1.20 1935   0.12  -0.12     0.00
  MONTH TO DATE    0.94                      0.36   0.58     0.00
  SINCE JUN 1      8.60                      4.71   3.89     5.90
  SINCE JAN 1     24.10                     15.05   9.05    15.65

SNOWFALL (IN)
  YESTERDAY        0.0                       0.0    0.0      0.0
  MONTH TO DATE    0.0                       0.0    0.0      0.0
  SINCE JUL 1      0.0                       0.0    0.0      0.0
  SNOW DEPTH       0

DEGREE DAYS
 HEATING
  YESTERDAY        0                         0      0        0
  MONTH TO DATE    0                         0      0        0
  SINCE JUN 1      0                        16    -16        2
  SINCE JUL 1      0                         0      0        0

 COOLING
  YESTERDAY        7                        12     -5        1
  MONTH TO DATE   26                        36    -10       10
  SINCE JUN 1    289                       278     11      288
  SINCE JAN 1    341                       357    -16      448
..................................................................


WIND (MPH)
  HIGHEST WIND SPEED    12   HIGHEST WIND DIRECTION    NE (50)
  HIGHEST GUST SPEED    14   HIGHEST GUST DIRECTION    NE (40)
  AVERAGE WIND SPEED     4.9


SKY COVER
  POSSIBLE SUNSHINE  MM
  AVERAGE SKY COVER 0.5


WEATHER CONDITIONS
 THE FOLLOWING WEATHER WAS RECORDED YESTERDAY.
  FOG
  HAZE


RELATIVE HUMIDITY (PERCENT)
 HIGHEST    93           200 AM
 LOWEST     54           200 PM
 AVERAGE    74

..........................................................


THE LINCOLN, NEBRASKA CLIMATE NORMALS FOR TODAY
                         NORMAL    RECORD    YEAR
 MAXIMUM TEMPERATURE (F)   89       110      1936
 MINIMUM TEMPERATURE (F)   66        47      1940


SUNRISE AND SUNSET
JULY  4 2015..........SUNRISE   601 AM CDT   SUNSET   902 PM CDT
JULY  5 2015..........SUNRISE   601 AM CDT   SUNSET   902 PM CDT


-  INDICATES NEGATIVE NUMBERS.
R  INDICATES RECORD WAS SET OR TIED.
MM INDICATES DATA IS MISSING.
T  INDICATES TRACE AMOUNT.




$$
