000
CDUS43 KOAX 010643
CLILNK


CLIMATE REPORT
NATIONAL WEATHER SERVICE OMAHA NEBRASKA
143 AM CDT SAT OCT 1 2016


...................................

...THE LINCOLN, NEBRASKA CLIMATE SUMMARY FOR SEPTEMBER 30 2016...

CLIMATE NORMAL PERIOD 1981 TO 2010
CLIMATE RECORD PERIOD 1887 TO 2016


WEATHER ITEM   OBSERVED TIME   RECORD YEAR NORMAL DEPARTURE LAST
                VALUE   (LST)  VALUE       VALUE  FROM      YEAR
                                                  NORMAL
..................................................................
TEMPERATURE (F)
 YESTERDAY
  MAXIMUM         76    152 PM  94    1952  73      3       69
  MINIMUM         42    609 AM  28    1984  47     -5       45
                                      1895
  AVERAGE         59                        60     -1       57

PRECIPITATION (IN)
  YESTERDAY        0.00          3.30 2014   0.08  -0.08     0.00
  MONTH TO DATE    3.38                      3.02   0.36     4.93
  SINCE SEP 1      3.38                      3.02   0.36     4.93
  SINCE JAN 1     24.77                     24.60   0.17    34.26

SNOWFALL (IN)
  YESTERDAY        0.0                       0.0    0.0      0.0
  MONTH TO DATE    0.0                       T      0.0      0.0
  SINCE JUL 1      0.0                       T      0.0      0.0
  SNOW DEPTH       0

DEGREE DAYS
 HEATING
  YESTERDAY        6                         7     -1        8
  MONTH TO DATE   39                        94    -55       33
  SINCE SEP 1     39                        92    -53       33
  SINCE JUL 1     40                        98    -58       37

 COOLING
  YESTERDAY        0                         2     -2        0
  MONTH TO DATE  203                       123     80      231
  SINCE SEP 1    203                       123     80      231
  SINCE JAN 1   1432                      1158    274     1212
..................................................................


WIND (MPH)
  HIGHEST WIND SPEED    13   HIGHEST WIND DIRECTION     E (70)
  HIGHEST GUST SPEED    18   HIGHEST GUST DIRECTION     E (70)
  AVERAGE WIND SPEED     4.7


SKY COVER
  POSSIBLE SUNSHINE  MM
  AVERAGE SKY COVER 0.0


WEATHER CONDITIONS
 THE FOLLOWING WEATHER WAS RECORDED YESTERDAY.
  NO SIGNIFICANT WEATHER WAS OBSERVED.


RELATIVE HUMIDITY (PERCENT)
 HIGHEST   100           300 AM
 LOWEST     33           400 PM
 AVERAGE    67

..........................................................


THE LINCOLN, NEBRASKA CLIMATE NORMALS FOR TODAY
                         NORMAL    RECORD    YEAR
 MAXIMUM TEMPERATURE (F)   72        94      2006
 MINIMUM TEMPERATURE (F)   46        27      1985


SUNRISE AND SUNSET
OCTOBER  1 2016.......SUNRISE   724 AM CDT   SUNSET   708 PM CDT
OCTOBER  2 2016.......SUNRISE   725 AM CDT   SUNSET   706 PM CDT


-  INDICATES NEGATIVE NUMBERS.
R  INDICATES RECORD WAS SET OR TIED.
MM INDICATES DATA IS MISSING.
T  INDICATES TRACE AMOUNT.




$$
