000
CDUS43 KOAX 310638
CLILNK


CLIMATE REPORT
NATIONAL WEATHER SERVICE OMAHA NEBRASKA
136 AM CDT FRI OCT 31 2014


...................................

...THE LINCOLN, NEBRASKA CLIMATE SUMMARY FOR OCTOBER 30 2014...

CLIMATE NORMAL PERIOD 1981 TO 2010
CLIMATE RECORD PERIOD 1887 TO 2014


WEATHER ITEM   OBSERVED TIME   RECORD YEAR NORMAL DEPARTURE LAST
                VALUE   (LST)  VALUE       VALUE  FROM      YEAR
                                                  NORMAL
..................................................................
TEMPERATURE (F)
 YESTERDAY
  MAXIMUM         64    257 PM  83    1950  60      4       55
  MINIMUM         36    601 AM   3    1925  35      1       34
  AVERAGE         50                        48      2       45

PRECIPITATION (IN)
  YESTERDAY        T             4.07 1979   0.05  -0.05     0.04
  MONTH TO DATE    2.46                      1.92   0.54     2.83
  SINCE SEP 1      9.35                      4.94   4.41     4.82
  SINCE JAN 1     33.05                     26.52   6.53    25.27

SNOWFALL (IN)
  YESTERDAY        0.0                       0.1   -0.1      0.0
  MONTH TO DATE    0.0                       0.7   -0.7      0.0
  SINCE JUL 1      0.0                       0.7   -0.7      0.0
  SNOW DEPTH       0

DEGREE DAYS
 HEATING
  YESTERDAY       15                        18     -3       20
  MONTH TO DATE  281                       362    -81      406
  SINCE SEP 1    374                       454    -80      434
  SINCE JUL 1    376                       460    -84      437

 COOLING
  YESTERDAY        0                         0      0        0
  MONTH TO DATE   10                        12     -2       18
  SINCE SEP 1    126                       135     -9      221
  SINCE JAN 1   1237                      1170     67     1236
..................................................................


WIND (MPH)
  HIGHEST WIND SPEED    31   HIGHEST WIND DIRECTION     N (10)
  HIGHEST GUST SPEED    38   HIGHEST GUST DIRECTION     N (10)
  AVERAGE WIND SPEED    15.4


SKY COVER
  POSSIBLE SUNSHINE  MM
  AVERAGE SKY COVER 0.2


WEATHER CONDITIONS
 THE FOLLOWING WEATHER WAS RECORDED YESTERDAY.
  THUNDERSTORM
  LIGHT RAIN


RELATIVE HUMIDITY (PERCENT)
 HIGHEST    85           500 AM
 LOWEST     37           100 PM
 AVERAGE    61

..........................................................


THE LINCOLN, NEBRASKA CLIMATE NORMALS FOR TODAY
                         NORMAL    RECORD    YEAR
 MAXIMUM TEMPERATURE (F)   59        83      1950
                                             1944
 MINIMUM TEMPERATURE (F)   35        11      1993


SUNRISE AND SUNSET
OCTOBER 31 2014.......SUNRISE   756 AM CDT   SUNSET   624 PM CDT
NOVEMBER  1 2014......SUNRISE   758 AM CDT   SUNSET   623 PM CDT


-  INDICATES NEGATIVE NUMBERS.
R  INDICATES RECORD WAS SET OR TIED.
MM INDICATES DATA IS MISSING.
T  INDICATES TRACE AMOUNT.




$$
