000
CDUS43 KLOT 250632
CLILOT


CLIMATE REPORT
NATIONAL WEATHER SERVICE CHICAGO IL
132 AM CDT SAT OCT 25 2014


...................................

...THE ROMEOVILLE  WFO CLIMATE SUMMARY FOR OCTOBER 24 2014...

CLIMATE NORMAL PERIOD 1981 TO 2010
CLIMATE RECORD PERIOD 1992 TO 2014


WEATHER ITEM   OBSERVED RECORD YEAR NORMAL DEPARTURE LAST
                VALUE   VALUE       VALUE  FROM      YEAR
                                           NORMAL
...........................................................
TEMPERATURE (F)
 YESTERDAY
  MAXIMUM         67     79    2012  60      7       44
  MINIMUM         48     26    1999  41      7       27
  AVERAGE         58                 50      8       36

PRECIPITATION (IN)
  YESTERDAY        T      1.46 2010   0.11  -0.11      T
  MONTH TO DATE    4.44               2.67   1.77     2.85
  SINCE SEP 1      7.44               5.80   1.64     4.42
  SINCE JAN 1     46.10              33.62  12.48    33.74

SNOWFALL (IN)
  YESTERDAY        0.0   MM      MM   0.0    0.0       T
  MONTH TO DATE    T                  0.0    0.0       T
  SINCE SEP 1      T                  0.0    0.0       T
  SINCE JUL 1      T                  0.0    0.0       T
  SNOW DEPTH       0

DEGREE DAYS
 HEATING
  YESTERDAY        7                 15     -8
  MONTH TO DATE  300                273     27
  SINCE SEP 1    422                364     58
  SINCE JUL 1    434                372     62

 COOLING
  YESTERDAY        0                  0      0
  MONTH TO DATE    3                 12     -9
  SINCE SEP 1     76                106    -30
  SINCE JAN 1    747                859   -112
...........................................................







THE ROMEOVILLE  WFO CLIMATE NORMALS FOR TODAY
                         NORMAL    RECORD    YEAR
 MAXIMUM TEMPERATURE (F)   59        76      2004
 MINIMUM TEMPERATURE (F)   41        24      2013


SUNRISE AND SUNSET
OCTOBER 25 2014.......SUNRISE   716 AM CDT   SUNSET   556 PM CDT
OCTOBER 26 2014.......SUNRISE   717 AM CDT   SUNSET   555 PM CDT


-  INDICATES NEGATIVE NUMBERS.
R  INDICATES RECORD WAS SET OR TIED.
MM INDICATES DATA IS MISSING.
T  INDICATES TRACE AMOUNT.




$$
