000
CDUS43 KLOT 240637
CLILOT


CLIMATE REPORT
NATIONAL WEATHER SERVICE CHICAGO IL
136 AM CDT THU JUL 24 2014


...................................

...THE ROMEOVILLE  WFO CLIMATE SUMMARY FOR JULY 23 2014...

CLIMATE NORMAL PERIOD 1981 TO 2010
CLIMATE RECORD PERIOD 1992 TO 2014


WEATHER ITEM   OBSERVED RECORD YEAR NORMAL DEPARTURE LAST
                VALUE   VALUE       VALUE  FROM      YEAR
                                           NORMAL
...........................................................
TEMPERATURE (F)
 YESTERDAY
  MAXIMUM         75     94    2012  84     -9       81
                               2001
  MINIMUM         59     53    2000  64     -5       62
  AVERAGE         67                 74     -7       72

PRECIPITATION (IN)
  YESTERDAY        0.01   1.70 2011   0.18  -0.17      T
  MONTH TO DATE    4.31               3.40   0.91     0.57
  SINCE JUN 1     13.53               7.74   5.79     5.01
  SINCE JAN 1     28.90              22.44   6.46    26.00

DEGREE DAYS
 HEATING
  YESTERDAY        0                  0      0
  MONTH TO DATE    8                  0      8
  SINCE JUN 1     20                 33    -13
  SINCE JUL 1      8                  0      8

 COOLING
  YESTERDAY        2                  9     -7
  MONTH TO DATE  111                207    -96
  SINCE JUN 1    309                387    -78
  SINCE JAN 1    397                445    -48
...........................................................







THE ROMEOVILLE  WFO CLIMATE NORMALS FOR TODAY
                         NORMAL    RECORD    YEAR
 MAXIMUM TEMPERATURE (F)   84       102      2005
 MINIMUM TEMPERATURE (F)   64        52      2000


SUNRISE AND SUNSET
JULY 24 2014..........SUNRISE   539 AM CDT   SUNSET   818 PM CDT
JULY 25 2014..........SUNRISE   540 AM CDT   SUNSET   817 PM CDT


-  INDICATES NEGATIVE NUMBERS.
R  INDICATES RECORD WAS SET OR TIED.
MM INDICATES DATA IS MISSING.
T  INDICATES TRACE AMOUNT.




$$
