000
CDUS43 KLMK 242029
CLILOU

CLIMATE REPORT
NATIONAL WEATHER SERVICE LOUISVILLE KY
428 PM EDT THU APR 24 2014


...................................

...THE LOUISVILLE BOWMAN KY CLIMATE SUMMARY FOR APRIL 24 2014...
VALID TODAY AS OF 0400 PM LOCAL TIME.

CLIMATE NORMAL PERIOD 1981 TO 2010
CLIMATE RECORD PERIOD 9999 TO 9999


WEATHER ITEM   OBSERVED TIME   RECORD YEAR NORMAL DEPARTURE LAST
                VALUE   (LST)  VALUE       VALUE  FROM      YEAR
                                                  NORMAL
..................................................................
TEMPERATURE (F)
 TODAY
  MAXIMUM         74    300 PM  MM      MM  70      4       68
  MINIMUM         53        MM  MM      MM  50      3       38
  AVERAGE         64                        60      4       53

PRECIPITATION (IN)
  TODAY            0.00         MM      MM   0.17  -0.17     0.83
  MONTH TO DATE    4.75                      3.08   1.67     3.59
  SINCE MAR 1      6.93                      7.24  -0.31     7.72
  SINCE JAN 1     12.70                     13.80  -1.10    14.43

SNOWFALL (IN)
  TODAY            0.0          MM      MM  MM     MM       MM
  MONTH TO DATE    0.0                      MM     MM       MM
  SINCE MAR 1      0.0                      MM     MM       MM
  SINCE JUL 1      0.0                      MM     MM       MM
  SNOW DEPTH       0

DEGREE DAYS
 HEATING
  TODAY            1                         6     -5       12
  MONTH TO DATE  152                       236    -84      221
  SINCE MAR 1    829                       798     31      984
  SINCE JUL 1   4638                      4159    479     4214

 COOLING
  TODAY            0                         1     -1        0
  MONTH TO DATE   23                        24     -1       37
  SINCE MAR 1     23                        28     -5       37
  SINCE JAN 1     23                        28     -5       37
..................................................................


WIND (MPH)
  HIGHEST WIND SPEED    10   HIGHEST WIND DIRECTION     E (90)
  HIGHEST GUST SPEED    MM   HIGHEST GUST DIRECTION    MM
  AVERAGE WIND SPEED     7.3


SKY COVER
  POSSIBLE SUNSHINE  MM
  AVERAGE SKY COVER 0.2


WEATHER CONDITIONS
 THE FOLLOWING WEATHER WAS RECORDED TODAY.
  NO SIGNIFICANT WEATHER WAS OBSERVED.


RELATIVE HUMIDITY (PERCENT)
 HIGHEST    47           800 AM
 LOWEST     25           300 PM
 AVERAGE    36

..........................................................




SUNRISE AND SUNSET
APRIL 24 2014.........SUNRISE   655 AM EDT   SUNSET   827 PM EDT
APRIL 25 2014.........SUNRISE   653 AM EDT   SUNSET   828 PM EDT


-  INDICATES NEGATIVE NUMBERS.
R  INDICATES RECORD WAS SET OR TIED.
MM INDICATES DATA IS MISSING.
T  INDICATES TRACE AMOUNT.




$$
