000
CDUS43 KLMK 220640
CLILOU


CLIMATE REPORT
NATIONAL WEATHER SERVICE LOUISVILLE KY
240 AM EDT MON MAY 22 2017


...................................

...THE LOUISVILLE BOWMAN KY CLIMATE SUMMARY FOR MAY 21 2017...

CLIMATE NORMAL PERIOD 1981 TO 2010
CLIMATE RECORD PERIOD 9999 TO 9999


WEATHER ITEM   OBSERVED TIME   RECORD YEAR NORMAL DEPARTURE LAST
                VALUE   (LST)  VALUE       VALUE  FROM      YEAR
                                                  NORMAL
..................................................................
TEMPERATURE (F)
 YESTERDAY
  MAXIMUM         82    347 PM  MM      MM  78      4       71
  MINIMUM         65   1159 PM  MM      MM  58      7       52
  AVERAGE         74                        68      6       62

PRECIPITATION (IN)
  YESTERDAY        0.85         MM      MM   0.17   0.68     0.10
  MONTH TO DATE    3.89                      3.64   0.25     4.65
  SINCE MAR 1     12.58                     11.88   0.70    13.33
  SINCE JAN 1     18.60                     18.44   0.16    19.22

SNOWFALL (IN)
  YESTERDAY       MM            MM      MM  MM     MM       MM
  MONTH TO DATE   MM                        MM     MM       MM
  SINCE MAR 1     MM                        MM     MM       MM
  SINCE JUL 1     MM                        MM     MM       MM
  SNOW DEPTH      MM

DEGREE DAYS
 HEATING
  YESTERDAY        0                         2     -2        3
  MONTH TO DATE   75                        63     12      106
  SINCE MAR 1    657                       893   -236      701
  SINCE JUL 1   3219                      4254  -1035     3488

 COOLING
  YESTERDAY        9                         4      5        0
  MONTH TO DATE  107                        58     49       29
  SINCE MAR 1    204                        92    112       67
  SINCE JAN 1    207                        92    115       67
..................................................................


WIND (MPH)
  HIGHEST WIND SPEED    18   HIGHEST WIND DIRECTION     W (270)
  HIGHEST GUST SPEED    22   HIGHEST GUST DIRECTION     W (270)
  AVERAGE WIND SPEED     8.4


SKY COVER
  POSSIBLE SUNSHINE  MM
  AVERAGE SKY COVER 0.6


WEATHER CONDITIONS
 THE FOLLOWING WEATHER WAS RECORDED YESTERDAY.
  THUNDERSTORM
  HEAVY RAIN
  RAIN
  LIGHT RAIN
  FOG


RELATIVE HUMIDITY (PERCENT)
 HIGHEST   100           400 AM
 LOWEST     59          1100 PM
 AVERAGE    80

..........................................................


THE LOUISVILLE BOWMAN KY CLIMATE NORMALS FOR TODAY
                         NORMAL
 MAXIMUM TEMPERATURE (F)   78
 MINIMUM TEMPERATURE (F)   58


SUNRISE AND SUNSET
MAY 22 2017...........SUNRISE   626 AM EDT   SUNSET   853 PM EDT
MAY 23 2017...........SUNRISE   626 AM EDT   SUNSET   854 PM EDT


-  INDICATES NEGATIVE NUMBERS.
R  INDICATES RECORD WAS SET OR TIED.
MM INDICATES DATA IS MISSING.
T  INDICATES TRACE AMOUNT.




$$
