000
CDUS43 KJKL 030548
CLILOZ

CLIMATE REPORT
NATIONAL WEATHER SERVICE JACKSON KY
126 AM EDT MON AUG 3 2015

...................................

...THE LONDON KY CLIMATE SUMMARY FOR AUGUST 2 2015...

CLIMATE NORMAL PERIOD 1981 TO 2010
CLIMATE RECORD PERIOD 1954 TO 2015

WEATHER ITEM   OBSERVED TIME   RECORD YEAR NORMAL DEPARTURE LAST
                VALUE   (LST)  VALUE       VALUE  FROM      YEAR
                                                  NORMAL
..................................................................
TEMPERATURE (F)
 YESTERDAY
  MAXIMUM         88    425 PM  97    1988  86      2       85
  MINIMUM         60    622 AM  55    1976  66     -6       65
  AVERAGE         74                        76     -2       75

PRECIPITATION (IN)
  YESTERDAY        0.00          0.87 1971   0.12  -0.12      T
  MONTH TO DATE    0.00                      0.24  -0.24      T
  SINCE JUN 1     16.20                      8.68   7.52     9.71
  SINCE JAN 1     36.12                     29.21   6.91    28.70

SNOWFALL (IN)
  YESTERDAY       MM
  MONTH TO DATE   MM
  SINCE JUN 1     MM
  SINCE JUL 1     MM
  SNOW DEPTH      MM

DEGREE DAYS
 HEATING
  YESTERDAY        0                         0      0        0
  MONTH TO DATE    0                         0      0        0
  SINCE JUN 1      2                         9     -7        0
  SINCE JUL 1      0                         0      0        0

 COOLING
  YESTERDAY        9                        11     -2       10
  MONTH TO DATE   19                        22     -3       18
  SINCE JUN 1    716                       615    101      575
  SINCE JAN 1    910                       729    181      741
..................................................................

WIND (MPH)
  HIGHEST WIND SPEED     9   HIGHEST WIND DIRECTION     S (180)
  HIGHEST GUST SPEED    14   HIGHEST GUST DIRECTION    SE (150)
  AVERAGE WIND SPEED     2.3

SKY COVER
  POSSIBLE SUNSHINE  MM
  AVERAGE SKY COVER 0.0

WEATHER CONDITIONS
 THE FOLLOWING WEATHER WAS RECORDED YESTERDAY.
  FOG
  HAZE

RELATIVE HUMIDITY (PERCENT)
 HIGHEST    87          1200 AM
 LOWEST     32           400 PM
 AVERAGE    60
..........................................................

THE LONDON KY CLIMATE NORMALS FOR TODAY
                         NORMAL    RECORD    YEAR
 MAXIMUM TEMPERATURE (F)   86        97      1987
 MINIMUM TEMPERATURE (F)   66        49      1965

SUNRISE AND SUNSET
AUGUST  3 2015........SUNRISE   643 AM EDT   SUNSET   842 PM EDT
AUGUST  4 2015........SUNRISE   644 AM EDT   SUNSET   841 PM EDT

-  INDICATES NEGATIVE NUMBERS.
R  INDICATES RECORD WAS SET OR TIED.
MM INDICATES DATA IS MISSING.
T  INDICATES TRACE AMOUNT.

$$

SHALLENBERGER
