000
CDUS44 KCRP 310914
CLILRD

CLIMATE REPORT
NATIONAL WEATHER SERVICE CORPUS CHRISTI TX
412 AM CDT TUE MAY 31 2016

...THE LAREDO CLIMATE SUMMARY FOR MAY 30 2016...

CLIMATE NORMAL PERIOD 1981 TO 2010
CLIMATE RECORD PERIOD 1900 TO 2016


WEATHER ITEM   OBSERVED TIME   RECORD YEAR NORMAL DEPARTURE LAST
                VALUE   (LST)  VALUE       VALUE  FROM      YEAR
                                                  NORMAL
..................................................................
TEMPERATURE (F)
 YESTERDAY
  MAXIMUM         90        MM 107    2011  96     -6       89
                                      1998
  MINIMUM         74        MM  56    1984  74      0       68
  AVERAGE         82                        85     -3       79

PRECIPITATION (IN)
  YESTERDAY        0.00          3.68 2015   0.09  -0.09     3.68
  MONTH TO DATE    2.33                      2.41  -0.08     9.74
  SINCE MAR 1      8.21                      4.95   3.26    17.82
  SINCE JAN 1     10.10                      6.79   3.31    18.70

SNOWFALL (IN)
  YESTERDAY        0.0
  MONTH TO DATE    0.0
  SINCE MAR 1      0.0
  SINCE JUL 1      0.0

DEGREE DAYS
 HEATING
  YESTERDAY        0                         0      0        0
  MONTH TO DATE    0                         0      0        0
  SINCE MAR 1     18                        82    -64      129
  SINCE JUL 1    594                       926   -332     1064

 COOLING
  YESTERDAY       17                        20     -3       14
  MONTH TO DATE  486                       523    -37      480
  SINCE MAR 1   1127                      1038     89      883
  SINCE JAN 1   1245                      1123    122      931
..................................................................


WIND (MPH)
  HIGHEST WIND SPEED    21   HIGHEST WIND DIRECTION    NE (50)
  HIGHEST GUST SPEED    35   HIGHEST GUST DIRECTION     E (70)
  AVERAGE WIND SPEED    12.0


SKY COVER
  POSSIBLE SUNSHINE  MM
  AVERAGE SKY COVER 0.4


WEATHER CONDITIONS
 THE FOLLOWING WEATHER WAS RECORDED YESTERDAY.
  NO SIGNIFICANT WEATHER WAS OBSERVED.


RELATIVE HUMIDITY (PERCENT)
 HIGHEST    94           500 AM
 LOWEST     38           100 PM

..........................................................


THE LAREDO CLIMATE NORMALS FOR TODAY
                         NORMAL    RECORD    YEAR
 MAXIMUM TEMPERATURE (F)   97       109      1998
 MINIMUM TEMPERATURE (F)   74        59      1984


SUNRISE AND SUNSET
MAY 31 2016...........SUNRISE   643 AM CDT   SUNSET   829 PM CDT
JUNE  1 2016..........SUNRISE   643 AM CDT   SUNSET   829 PM CDT


-  INDICATES NEGATIVE NUMBERS.
R  INDICATES RECORD WAS SET OR TIED.
MM INDICATES DATA IS MISSING.
T  INDICATES TRACE AMOUNT.

$$

87
