000
CDUS44 KCRP 212203 RRB
CLILRD

CLIMATE REPORT
NATIONAL WEATHER SERVICE CORPUS CHRISTI TX
401 PM CST TUE FEB 21 2017


...................................

...THE LAREDO CLIMATE SUMMARY FOR FEBRUARY 21 2017...
VALID AS OF 300 PM LOCAL TIME.

CLIMATE NORMAL PERIOD 1981 TO 2010
CLIMATE RECORD PERIOD 1900 TO 2017


WEATHER ITEM   OBSERVED TIME   RECORD YEAR NORMAL DEPARTURE LAST
                VALUE   (LST)  VALUE       VALUE  FROM      YEAR
                                                  NORMAL
..................................................................
TEMPERATURE (F)
 TODAY
  MAXIMUM         89        MM 100    1996  74     15       84
  MINIMUM         53        MM  30    1904  52      1       68
  AVERAGE         71                        63      8       76

PRECIPITATION (IN)
  TODAY            0.00          1.47 1990   0.03  -0.03     0.00
  MONTH TO DATE    0.96                      0.69   0.27     0.00
  SINCE DEC 1      2.59                      2.47   0.12     2.01
  SINCE JAN 1      0.97                      1.59  -0.62     1.88

SNOWFALL (IN)
  TODAY            0.0
  MONTH TO DATE    0.0
  SINCE DEC 1      0.0
  SINCE JUL 1      0.0
  SNOW DEPTH       0

DEGREE DAYS
 HEATING
  TODAY            0                         5     -5        0
  MONTH TO DATE   36                       134    -98       77
  SINCE DEC 1    361                       698   -337      488
  SINCE JUL 1    378                       813   -435      559

 COOLING
  TODAY            6                         2      4       11
  MONTH TO DATE  133                        38     95       82
  SINCE DEC 1    298                       101    197      152
  SINCE JAN 1    235                        66    169       89
..................................................................


WIND (MPH)
  HIGHEST WIND SPEED    18   HIGHEST WIND DIRECTION    NW (300)
  HIGHEST GUST SPEED    27   HIGHEST GUST DIRECTION    NW (300)


SKY COVER
  POSSIBLE SUNSHINE  MM
  AVERAGE SKY COVER 0.0


WEATHER CONDITIONS
 THE FOLLOWING WEATHER WAS RECORDED TODAY.
  NO SIGNIFICANT WEATHER WAS OBSERVED.


RELATIVE HUMIDITY (PERCENT)
 HIGHEST    64           600 AM
 LOWEST     11           300 PM
 AVERAGE    38

..........................................................


THE LAREDO CLIMATE NORMALS FOR TOMORROW
                         NORMAL    RECORD    YEAR
 MAXIMUM TEMPERATURE (F)   74        98      1996
 MINIMUM TEMPERATURE (F)   52        28      1939


SUNRISE AND SUNSET
FEBRUARY 21 2017......SUNRISE   709 AM CST   SUNSET   634 PM CST
FEBRUARY 22 2017......SUNRISE   709 AM CST   SUNSET   634 PM CST


-  INDICATES NEGATIVE NUMBERS.
R  INDICATES RECORD WAS SET OR TIED.
MM INDICATES DATA IS MISSING.
T  INDICATES TRACE AMOUNT.




$$
