000
CDUS43 KARX 200723
CLILSE


CLIMATE REPORT
NATIONAL WEATHER SERVICE LA CROSSE WI
222 AM CDT SUN APR 20 2014


...................................

...THE LA CROSSE WI CLIMATE SUMMARY FOR APRIL 19 2014...

CLIMATE NORMAL PERIOD 1981 TO 2010
CLIMATE RECORD PERIOD 1873 TO 2014


WEATHER ITEM   OBSERVED TIME   RECORD YEAR NORMAL DEPARTURE LAST
                VALUE   (LST)  VALUE       VALUE  FROM      YEAR
                                                  NORMAL
..................................................................
TEMPERATURE (F)
 YESTERDAY
  MAXIMUM         70    506 PM  87    1985  61      9       41
  MINIMUM         37    548 AM  20    1983  40     -3       29
  AVERAGE         54                        50      4       35

PRECIPITATION (IN)
  YESTERDAY        0.00          1.60 2012   0.12  -0.12      T
  MONTH TO DATE    3.74                      2.01   1.73     5.16
  SINCE MAR 1      5.05                      4.05   1.00     7.28
  SINCE JAN 1      7.41                      6.22   1.19     9.68

SNOWFALL (IN)
  YESTERDAY        0.0           3.1  2011   0.1   -0.1      0.1
  MONTH TO DATE    2.3                       1.4    0.9      3.7
  SINCE JUL 1     48.9                      43.0    5.9     59.3
  SNOW DEPTH       0

DEGREE DAYS
 HEATING
  YESTERDAY       11                        15     -4       30
  MONTH TO DATE  411                       360     51      510
  SINCE JUL 1   7756                      6813    943     7034

 COOLING
  YESTERDAY        0                         0      0        0
  MONTH TO DATE    0                         0      0        0
  SINCE JAN 1      0                         0      0        0
..................................................................


WIND (MPH)
  HIGHEST WIND SPEED    22   HIGHEST WIND DIRECTION     S (160)
  HIGHEST GUST SPEED    26   HIGHEST GUST DIRECTION     S (190)
  AVERAGE WIND SPEED    13.1


SKY COVER
  POSSIBLE SUNSHINE  MM
  AVERAGE SKY COVER 0.2


WEATHER CONDITIONS
 THE FOLLOWING WEATHER WAS RECORDED YESTERDAY.
  NO SIGNIFICANT WEATHER WAS OBSERVED.


RELATIVE HUMIDITY (PERCENT)
 HIGHEST    65           300 AM
 LOWEST     29           200 PM
 AVERAGE    47

..........................................................


THE LA CROSSE WI CLIMATE NORMALS FOR TODAY
                         NORMAL    RECORD    YEAR
 MAXIMUM TEMPERATURE (F)   62        89      1987
 MINIMUM TEMPERATURE (F)   40        22      2013


SUNRISE AND SUNSET
APRIL 20 2014.........SUNRISE   614 AM CDT   SUNSET   755 PM CDT
APRIL 21 2014.........SUNRISE   612 AM CDT   SUNSET   756 PM CDT


-  INDICATES NEGATIVE NUMBERS.
R  INDICATES RECORD WAS SET OR TIED.
MM INDICATES DATA IS MISSING.
T  INDICATES TRACE AMOUNT.




$$
