000
CDUS46 KMTR 260826
CLILVK


CLIMATE REPORT
NATIONAL WEATHER SERVICE SAN FRANCISCO BAY AREA
1225 AM PST THU FEB 26 2015


...................................

...THE LIVERMORE AIRPORT CLIMATE SUMMARY FOR FEBRUARY 25 2015...

CLIMATE NORMAL PERIOD 1981 TO 2010
CLIMATE RECORD PERIOD 1930 TO 2015


WEATHER ITEM   OBSERVED TIME   RECORD YEAR NORMAL DEPARTURE LAST
                VALUE   (LST)  VALUE       VALUE  FROM      YEAR
                                                  NORMAL
..................................................................
TEMPERATURE (F)
 YESTERDAY
  MAXIMUM         71    349 PM  74    1986  63      8       71
  MINIMUM         38    549 AM  28    1942  42     -4       42
  AVERAGE         55                        52      3       57

PRECIPITATION (IN)
  YESTERDAY        0.00          1.25 1983   0.11  -0.11     0.00
  MONTH TO DATE    2.26                      2.69  -0.43     1.22
  SINCE OCT 1     11.88                     11.28   0.60     3.22
  SINCE JAN 1      2.26                      5.70  -3.44     1.31

DEGREE DAYS
 HEATING
  YESTERDAY       10                        13     -3        8
  MONTH TO DATE  210                       371   -161      282
  SINCE DEC 1    925                      1497   -572     1176
  SINCE JUL 1   1156                      1969   -813     1494

 COOLING
  YESTERDAY        0                         0      0        0
  MONTH TO DATE    0                         0      0        0
  SINCE DEC 1      0                         0      0        0
  SINCE JAN 1      0                         0      0        0
..................................................................


WIND (MPH)
  RESULTANT WIND SPEED   1   RESULTANT WIND DIRECTION   W (270)
  HIGHEST WIND SPEED    12   HIGHEST WIND DIRECTION     W (280)
  HIGHEST GUST SPEED    14   HIGHEST GUST DIRECTION     W (280)
  AVERAGE WIND SPEED     2.1


SKY COVER
  POSSIBLE SUNSHINE  MM
  AVERAGE SKY COVER 0.1


WEATHER CONDITIONS
 THE FOLLOWING WEATHER WAS RECORDED YESTERDAY.
  NO SIGNIFICANT WEATHER WAS OBSERVED.


RELATIVE HUMIDITY (PERCENT)
 HIGHEST    85           600 AM
 LOWEST     33           300 PM
 AVERAGE    59

..........................................................


THE LIVERMORE AIRPORT CLIMATE NORMALS FOR TODAY
                         NORMAL    RECORD    YEAR
 MAXIMUM TEMPERATURE (F)   63        77      1954
 MINIMUM TEMPERATURE (F)   42        26      1987


SUNRISE AND SUNSET
FEBRUARY 26 2015......SUNRISE   643 AM PST   SUNSET   558 PM PST
FEBRUARY 27 2015......SUNRISE   642 AM PST   SUNSET   559 PM PST


-  INDICATES NEGATIVE NUMBERS.
R  INDICATES RECORD WAS SET OR TIED.
MM INDICATES DATA IS MISSING.
T  INDICATES TRACE AMOUNT.




$$
