000
CDUS46 KMTR 240036
CLILVK


CLIMATE REPORT
NATIONAL WEATHER SERVICE SAN FRANCISCO BAY AREA
536 PM PDT WED APR 23 2014


...................................

...THE LIVERMORE AIRPORT CLIMATE SUMMARY FOR APRIL 23 2014...
VALID TODAY AS OF 0500 PM LOCAL TIME.

CLIMATE NORMAL PERIOD 1981 TO 2010
CLIMATE RECORD PERIOD 1930 TO 2014


WEATHER ITEM   OBSERVED TIME   RECORD YEAR NORMAL DEPARTURE LAST
                VALUE   (LST)  VALUE       VALUE  FROM      YEAR
                                                  NORMAL
..................................................................
TEMPERATURE (F)
 TODAY
  MAXIMUM         70    245 PM  93    1946  71     -1       84
  MINIMUM         42    556 AM  32    1964  46     -4       53
  AVERAGE         56                        58     -2       69

PRECIPITATION (IN)
  TODAY            0.00          0.45 1983   0.03  -0.03     0.00
  MONTH TO DATE    0.51                      0.84  -0.33     0.40
  SINCE JUL 1      6.87                     14.89  -8.02    10.25
  SINCE JAN 1      4.49                      9.08  -4.59     1.96

DEGREE DAYS
 HEATING
  TODAY            9                         7      2        0
  MONTH TO DATE   96                       214   -118      105
  SINCE MAR 1    306                       571   -265      378
  SINCE JUL 1   1820                      2578   -758     2318

 COOLING
  TODAY            0                         0      0        4
  MONTH TO DATE   10                         0     10       14
  SINCE MAR 1     10                         1      9       14
  SINCE JAN 1     10                         1      9       14
..................................................................


WIND (MPH)
  RESULTANT WIND SPEED   4   RESULTANT WIND DIRECTION   W (260)
  HIGHEST WIND SPEED    16   HIGHEST WIND DIRECTION     W (270)
  HIGHEST GUST SPEED    21   HIGHEST GUST DIRECTION     W (280)
  AVERAGE WIND SPEED     5.1


SKY COVER
  POSSIBLE SUNSHINE  MM
  AVERAGE SKY COVER 0.0


WEATHER CONDITIONS
 THE FOLLOWING WEATHER WAS RECORDED TODAY.
  NO SIGNIFICANT WEATHER WAS OBSERVED.


RELATIVE HUMIDITY (PERCENT)
 HIGHEST    83           400 AM
 LOWEST     32          1200 PM
 AVERAGE    58

..........................................................


THE LIVERMORE AIRPORT CLIMATE NORMALS FOR TOMORROW
                         NORMAL    RECORD    YEAR
 MAXIMUM TEMPERATURE (F)   71        93      1946
 MINIMUM TEMPERATURE (F)   46        29      1964


SUNRISE AND SUNSET
APRIL 23 2014.........SUNRISE   621 AM PDT   SUNSET   750 PM PDT
APRIL 24 2014.........SUNRISE   620 AM PDT   SUNSET   751 PM PDT


-  INDICATES NEGATIVE NUMBERS.
R  INDICATES RECORD WAS SET OR TIED.
MM INDICATES DATA IS MISSING.
T  INDICATES TRACE AMOUNT.




$$
