968
CDUS45 KBYZ 101810
CLILVM


CLIMATE REPORT
NATIONAL WEATHER SERVICE BILLINGS MT
1110 AM MST WED FEB 10 2016


...................................

...THE LIVINGSTON MT CLIMATE SUMMARY FOR FEBRUARY 9 2016...

CLIMATE NORMAL PERIOD 1981 TO 2010
CLIMATE RECORD PERIOD 1948 TO 2016


WEATHER ITEM   OBSERVED TIME   RECORD YEAR NORMAL DEPARTURE LAST
                VALUE   (LST)  VALUE       VALUE  FROM      YEAR
                                                  NORMAL
..................................................................
TEMPERATURE (F)
 YESTERDAY
  MAXIMUM         61    330 PM  63    1996  38     23       59
  MINIMUM         36   1050 PM -16    1959  18     18       40
  AVERAGE         49                        28     21       50

PRECIPITATION (IN)
  YESTERDAY        0.00          0.36 1972   0.01  -0.01     0.02
  MONTH TO DATE    T                         0.14  -0.14     0.10
  SINCE OCT 1      3.85                      3.00   0.85     2.43
  SINCE JAN 1      0.15                      0.63  -0.48     0.64

DEGREE DAYS
 HEATING
  YESTERDAY       16                        37    -21       15
  MONTH TO DATE  279                       334    -55      196
  SINCE DEC 1   2481                      2716   -235     2239
  SINCE JUL 1   4158                      4675   -517     3977

 COOLING
  YESTERDAY        0                         0      0        0
  MONTH TO DATE    0                         0      0        0
  SINCE DEC 1      0                         0      0        0
  SINCE JAN 1      0                         0      0        0
..................................................................


WIND (MPH)
  HIGHEST WIND SPEED    35   HIGHEST WIND DIRECTION    SW (240)
  HIGHEST GUST SPEED    43   HIGHEST GUST DIRECTION    SW (230)
  AVERAGE WIND SPEED    19.9


SKY COVER
  POSSIBLE SUNSHINE  MM
  AVERAGE SKY COVER 0.0


WEATHER CONDITIONS
 THE FOLLOWING WEATHER WAS RECORDED YESTERDAY.
  NO SIGNIFICANT WEATHER WAS OBSERVED.


RELATIVE HUMIDITY (PERCENT)
 HIGHEST    59           800 PM
 LOWEST     21           200 PM
 AVERAGE    40

..........................................................


THE LIVINGSTON MT CLIMATE NORMALS FOR TODAY
                         NORMAL    RECORD    YEAR
 MAXIMUM TEMPERATURE (F)   39        60      1951
 MINIMUM TEMPERATURE (F)   18       -29      1981


SUNRISE AND SUNSET
FEBRUARY 10 2016......SUNRISE   732 AM MST   SUNSET   541 PM MST
FEBRUARY 11 2016......SUNRISE   730 AM MST   SUNSET   542 PM MST


-  INDICATES NEGATIVE NUMBERS.
R  INDICATES RECORD WAS SET OR TIED.
MM INDICATES DATA IS MISSING.
T  INDICATES TRACE AMOUNT.




$$
