000
CDUS45 KBYZ 290940
CLILVM


CLIMATE REPORT
NATIONAL WEATHER SERVICE BILLINGS MT
340 AM MDT WED JUL 29 2015


...................................

...THE LIVINGSTON MT CLIMATE SUMMARY FOR JULY 28 2015...

CLIMATE NORMAL PERIOD 1981 TO 2010
CLIMATE RECORD PERIOD 1948 TO 2015


WEATHER ITEM   OBSERVED TIME   RECORD YEAR NORMAL DEPARTURE LAST
                VALUE   (LST)  VALUE       VALUE  FROM      YEAR
                                                  NORMAL
..................................................................
TEMPERATURE (F)
 YESTERDAY
  MAXIMUM         71    416 PM 101    2006  87    -16       88
  MINIMUM         50    353 AM  40    1949  50      0       49
  AVERAGE         61                        68     -7       69

PRECIPITATION (IN)
  YESTERDAY        0.00          1.64 1998   0.04  -0.04     0.00
  MONTH TO DATE    1.17                      1.35  -0.18     0.45
  SINCE OCT 1     10.65                     12.37  -1.72    11.54
  SINCE JAN 1      8.86                     10.00  -1.14     9.25

DEGREE DAYS
 HEATING
  YESTERDAY        4                         1      3        0
  MONTH TO DATE    9                        47    -38        9
  SINCE JUN 1     63                       254   -191      204
  SINCE JUL 1      9                        47    -38        9

 COOLING
  YESTERDAY        0                         4     -4        4
  MONTH TO DATE  108                        94     14      155
  SINCE JUN 1    207                       113     94      157
  SINCE JAN 1    208                       114     94      162
..................................................................


WIND (MPH)
  HIGHEST WIND SPEED    30   HIGHEST WIND DIRECTION     W (260)
  HIGHEST GUST SPEED    40   HIGHEST GUST DIRECTION    SW (240)
  AVERAGE WIND SPEED    21.2


SKY COVER
  POSSIBLE SUNSHINE  MM
  AVERAGE SKY COVER 0.6


WEATHER CONDITIONS
 THE FOLLOWING WEATHER WAS RECORDED YESTERDAY.
  NO SIGNIFICANT WEATHER WAS OBSERVED.


RELATIVE HUMIDITY (PERCENT)
 HIGHEST    63          1200 AM
 LOWEST     26           500 PM
 AVERAGE    45

..........................................................


THE LIVINGSTON MT CLIMATE NORMALS FOR TODAY
                         NORMAL    RECORD    YEAR
 MAXIMUM TEMPERATURE (F)   87       103      2006
 MINIMUM TEMPERATURE (F)   50        35      1971


SUNRISE AND SUNSET
JULY 29 2015..........SUNRISE   601 AM MDT   SUNSET   854 PM MDT
JULY 30 2015..........SUNRISE   603 AM MDT   SUNSET   853 PM MDT


-  INDICATES NEGATIVE NUMBERS.
R  INDICATES RECORD WAS SET OR TIED.
MM INDICATES DATA IS MISSING.
T  INDICATES TRACE AMOUNT.





&&

THIS IS AN AUTOMATED...UNATTENDED WEATHER STATION AND MAY
UNDERESTIMATE WINTER PRECIPITATION.

$$
