000
CDUS45 KBYZ 230939
CLILVM


CLIMATE REPORT
NATIONAL WEATHER SERVICE BILLINGS MT
238 AM MST TUE JAN 23 2018


...................................

...THE LIVINGSTON MT CLIMATE SUMMARY FOR JANUARY 22 2018...

CLIMATE NORMAL PERIOD 1981 TO 2010
CLIMATE RECORD PERIOD 1948 TO 2018


WEATHER ITEM   OBSERVED TIME   RECORD YEAR NORMAL DEPARTURE LAST
                VALUE   (LST)  VALUE       VALUE  FROM      YEAR
                                                  NORMAL
..................................................................
TEMPERATURE (F)
 YESTERDAY
  MAXIMUM         34    110 PM  67    1981  37     -3       44
  MINIMUM         26    315 AM -24    1957  18      8       23
  AVERAGE         30                        27      3       34

PRECIPITATION (IN)
  YESTERDAY        T             0.63 1989   0.02  -0.02     0.00
  MONTH TO DATE    0.89                      0.35   0.54     0.18
  SINCE OCT 1      3.93                      2.72   1.21     4.11
  SINCE JAN 1      0.89                      0.35   0.54     0.18

DEGREE DAYS
 HEATING
  YESTERDAY       35                        38     -3       31
  MONTH TO DATE  777                       840    -63     1021
  SINCE DEC 1   1990                      2046    -56     2450
  SINCE JUL 1   3813                      4005   -192     3948

 COOLING
  YESTERDAY        0                         0      0        0
  MONTH TO DATE    0                         0      0        0
  SINCE DEC 1      0                         0      0        0
  SINCE JAN 1      0                         0      0        0
..................................................................


WIND (MPH)
  HIGHEST WIND SPEED    44   HIGHEST WIND DIRECTION    SW (220)
  HIGHEST GUST SPEED    56   HIGHEST GUST DIRECTION    SW (220)
  AVERAGE WIND SPEED    23.5


SKY COVER
  POSSIBLE SUNSHINE  MM
  AVERAGE SKY COVER 0.7


WEATHER CONDITIONS
 THE FOLLOWING WEATHER WAS RECORDED YESTERDAY.
  HAZE


RELATIVE HUMIDITY (PERCENT)
 HIGHEST    78           500 PM
 LOWEST     56           100 PM
 AVERAGE    67

..........................................................


THE LIVINGSTON MT CLIMATE NORMALS FOR TODAY
                         NORMAL    RECORD    YEAR
 MAXIMUM TEMPERATURE (F)   37        64      1981
 MINIMUM TEMPERATURE (F)   18       -26      1963


SUNRISE AND SUNSET
JANUARY 23 2018.......SUNRISE   753 AM MST   SUNSET   515 PM MST
JANUARY 24 2018.......SUNRISE   752 AM MST   SUNSET   517 PM MST


-  INDICATES NEGATIVE NUMBERS.
R  INDICATES RECORD WAS SET OR TIED.
MM INDICATES DATA IS MISSING.
T  INDICATES TRACE AMOUNT.




$$
