000
CDUS45 KBYZ 190933
CLILVM


CLIMATE REPORT
NATIONAL WEATHER SERVICE BILLINGS MT
332 AM MDT FRI SEP 19 2014


...................................

...THE LIVINGSTON MT CLIMATE SUMMARY FOR SEPTEMBER 18 2014...

CLIMATE NORMAL PERIOD 1981 TO 2010
CLIMATE RECORD PERIOD 1948 TO 2014


WEATHER ITEM   OBSERVED TIME   RECORD YEAR NORMAL DEPARTURE LAST
                VALUE   (LST)  VALUE       VALUE  FROM      YEAR
                                                  NORMAL
..................................................................
TEMPERATURE (F)
 YESTERDAY
  MAXIMUM         75    139 PM  94    1981  71      4       62
  MINIMUM         52    303 AM  21    1965  39     13       47
  AVERAGE         64                        55      9       55

PRECIPITATION (IN)
  YESTERDAY        0.16          1.06 1976   0.04   0.12     0.14
  MONTH TO DATE    0.59                      0.68  -0.09     1.49
  SINCE OCT 1     14.82                     14.28   0.54    11.27
  SINCE JAN 1     12.53                     11.91   0.62     8.97

DEGREE DAYS
 HEATING
  YESTERDAY        1                        10     -9       10
  MONTH TO DATE  173                       136     37       29
  SINCE SEP 1    173                       136     37       29
  SINCE JUL 1    242                       254    -12       29

 COOLING
  YESTERDAY        0                         0      0        0
  MONTH TO DATE    4                        13     -9       56
  SINCE SEP 1      4                        13     -9       56
  SINCE JAN 1    307                       228     79      495
..................................................................


WIND (MPH)
  HIGHEST WIND SPEED    28   HIGHEST WIND DIRECTION    SW (210)
  HIGHEST GUST SPEED    36   HIGHEST GUST DIRECTION    SW (210)
  AVERAGE WIND SPEED     9.0


SKY COVER
  POSSIBLE SUNSHINE  MM
  AVERAGE SKY COVER 0.5


WEATHER CONDITIONS
 THE FOLLOWING WEATHER WAS RECORDED YESTERDAY.
  THUNDERSTORM
  LIGHT RAIN


RELATIVE HUMIDITY (PERCENT)
 HIGHEST    80           800 AM
 LOWEST     52           800 PM
 AVERAGE    66

..........................................................


THE LIVINGSTON MT CLIMATE NORMALS FOR TODAY
                         NORMAL    RECORD    YEAR
 MAXIMUM TEMPERATURE (F)   70        91      2009
                                             1981
 MINIMUM TEMPERATURE (F)   38        23      1965


SUNRISE AND SUNSET
SEPTEMBER 19 2014.....SUNRISE   705 AM MDT   SUNSET   725 PM MDT
SEPTEMBER 20 2014.....SUNRISE   706 AM MDT   SUNSET   723 PM MDT


-  INDICATES NEGATIVE NUMBERS.
R  INDICATES RECORD WAS SET OR TIED.
MM INDICATES DATA IS MISSING.
T  INDICATES TRACE AMOUNT.





&&

THIS IS AN AUTOMATED...UNATTENDED WEATHER STATION AND MAY
UNDERESTIMATE WINTER PRECIPITATION.

$$
