000
CDUS45 KBYZ 280933
CLILVM


CLIMATE REPORT
NATIONAL WEATHER SERVICE BILLINGS MT
332 AM MDT SAT MAR 28 2015


...................................

...THE LIVINGSTON MT CLIMATE SUMMARY FOR MARCH 27 2015...

CLIMATE NORMAL PERIOD 1981 TO 2010
CLIMATE RECORD PERIOD 1948 TO 2015


WEATHER ITEM   OBSERVED TIME   RECORD YEAR NORMAL DEPARTURE LAST
                VALUE   (LST)  VALUE       VALUE  FROM      YEAR
                                                  NORMAL
..................................................................
TEMPERATURE (F)
 YESTERDAY
  MAXIMUM         74R   450 PM  72    1986  50     24       37
  MINIMUM         40    640 AM   2    1965  26     14       29
  AVERAGE         57                        38     19       33

PRECIPITATION (IN)
  YESTERDAY        0.00          1.11        0.04  -0.04     0.06
  MONTH TO DATE    0.27                      0.69  -0.42     1.69
  SINCE OCT 1      3.25                      4.05  -0.80     5.08
  SINCE JAN 1      1.46                      1.68  -0.22     2.79

DEGREE DAYS
 HEATING
  YESTERDAY        8                        27    -19       32
  MONTH TO DATE  567                       805   -238      821
  SINCE MAR 1    567                       805   -238      821
  SINCE JUL 1   5181                      6153   -972     6064

 COOLING
  YESTERDAY        0                         0      0        0
  MONTH TO DATE    0                         0      0        0
  SINCE MAR 1      0                         0      0        0
  SINCE JAN 1      0                         0      0        0
..................................................................


WIND (MPH)
  HIGHEST WIND SPEED    31   HIGHEST WIND DIRECTION    SW (210)
  HIGHEST GUST SPEED    44   HIGHEST GUST DIRECTION    SW (240)
  AVERAGE WIND SPEED    17.8


SKY COVER
  POSSIBLE SUNSHINE  MM
  AVERAGE SKY COVER 0.2


WEATHER CONDITIONS
 THE FOLLOWING WEATHER WAS RECORDED YESTERDAY.
  NO SIGNIFICANT WEATHER WAS OBSERVED.


RELATIVE HUMIDITY (PERCENT)
 HIGHEST    62           700 AM
 LOWEST     19           500 PM
 AVERAGE    41

..........................................................


THE LIVINGSTON MT CLIMATE NORMALS FOR TODAY
                         NORMAL    RECORD    YEAR
 MAXIMUM TEMPERATURE (F)   50        74      1986
 MINIMUM TEMPERATURE (F)   26        -6      1965


SUNRISE AND SUNSET
MARCH 28 2015.........SUNRISE   710 AM MDT   SUNSET   745 PM MDT
MARCH 29 2015.........SUNRISE   708 AM MDT   SUNSET   746 PM MDT


-  INDICATES NEGATIVE NUMBERS.
R  INDICATES RECORD WAS SET OR TIED.
MM INDICATES DATA IS MISSING.
T  INDICATES TRACE AMOUNT.





&&

THIS IS AN AUTOMATED...UNATTENDED WEATHER STATION AND MAY
UNDERESTIMATE WINTER PRECIPITATION.

$$
