000
CDUS45 KBYZ 230724
CLILVM


CLIMATE REPORT
NATIONAL WEATHER SERVICE BILLINGS MT
123 AM MDT SAT SEP 23 2017


...................................

...THE LIVINGSTON MT CLIMATE SUMMARY FOR SEPTEMBER 22 2017...

CLIMATE NORMAL PERIOD 1981 TO 2010
CLIMATE RECORD PERIOD 1948 TO 2017


WEATHER ITEM   OBSERVED TIME   RECORD YEAR NORMAL DEPARTURE LAST
                VALUE   (LST)  VALUE       VALUE  FROM      YEAR
                                                  NORMAL
..................................................................
TEMPERATURE (F)
 YESTERDAY
  MAXIMUM         40    313 PM  90    1987  69    -29       57
  MINIMUM         33    756 AM  22    2000  38     -5       47
  AVERAGE         37                        53    -16       52

PRECIPITATION (IN)
  YESTERDAY        0.31          0.71 1951   0.04   0.27     0.32
  MONTH TO DATE    2.65                      0.85   1.80     1.55
  SINCE OCT 1     17.43                     14.45   2.98    13.60
  SINCE JAN 1     13.50                     12.08   1.42     9.90

DEGREE DAYS
 HEATING
  YESTERDAY       28                        12     16       13
  MONTH TO DATE  186                       182      4      202
  SINCE SEP 1    186                       182      4      202
  SINCE JUL 1    209                       300    -91      290

 COOLING
  YESTERDAY        0                         0      0        0
  MONTH TO DATE   52                        13     39       17
  SINCE SEP 1     52                        13     39       17
  SINCE JAN 1    396                       228    168      329
..................................................................


WIND (MPH)
  HIGHEST WIND SPEED    25   HIGHEST WIND DIRECTION     E (80)
  HIGHEST GUST SPEED    33   HIGHEST GUST DIRECTION     E (90)
  AVERAGE WIND SPEED    16.8


SKY COVER
  POSSIBLE SUNSHINE  MM
  AVERAGE SKY COVER 1.0


WEATHER CONDITIONS
 THE FOLLOWING WEATHER WAS RECORDED YESTERDAY.
  LIGHT RAIN
  LIGHT SNOW
  FOG


RELATIVE HUMIDITY (PERCENT)
 HIGHEST   100           100 AM
 LOWEST     79           300 PM
 AVERAGE    90

..........................................................


THE LIVINGSTON MT CLIMATE NORMALS FOR TODAY
                         NORMAL    RECORD    YEAR
 MAXIMUM TEMPERATURE (F)   69        91      1987
 MINIMUM TEMPERATURE (F)   37        23      1993


SUNRISE AND SUNSET
SEPTEMBER 23 2017.....SUNRISE   710 AM MDT   SUNSET   717 PM MDT
SEPTEMBER 24 2017.....SUNRISE   712 AM MDT   SUNSET   715 PM MDT


-  INDICATES NEGATIVE NUMBERS.
R  INDICATES RECORD WAS SET OR TIED.
MM INDICATES DATA IS MISSING.
T  INDICATES TRACE AMOUNT.




$$
