954
CDUS45 KBYZ 270933
CLILVM


CLIMATE REPORT
NATIONAL WEATHER SERVICE BILLINGS MT
332 AM MDT FRI MAY 27 2016


...................................

...THE LIVINGSTON MT CLIMATE SUMMARY FOR MAY 26 2016...

CLIMATE NORMAL PERIOD 1981 TO 2010
CLIMATE RECORD PERIOD 1948 TO 2016


WEATHER ITEM   OBSERVED TIME   RECORD YEAR NORMAL DEPARTURE LAST
                VALUE   (LST)  VALUE       VALUE  FROM      YEAR
                                                  NORMAL
..................................................................
TEMPERATURE (F)
 YESTERDAY
  MAXIMUM         62   1015 AM  87    1958  67     -5       70
  MINIMUM         39   1129 PM  29    2005  39      0       50
  AVERAGE         51                        53     -2       60

PRECIPITATION (IN)
  YESTERDAY        0.12          0.92 1985   0.09   0.03      T
  MONTH TO DATE    1.92                      2.16  -0.24     3.29
  SINCE OCT 1      8.28                      8.13   0.15     7.77
  SINCE JAN 1      4.58                      5.76  -1.18     5.98

DEGREE DAYS
 HEATING
  YESTERDAY       14                        12      2        5
  MONTH TO DATE  358                       392    -34      413
  SINCE MAR 1   1657                      1992   -335     1641
  SINCE JUL 1   6260                      7340  -1080     6255

 COOLING
  YESTERDAY        0                         0      0        0
  MONTH TO DATE    0                         0      0        0
  SINCE MAR 1      0                         0      0        0
  SINCE JAN 1      0                         0      0        0
..................................................................


WIND (MPH)
  HIGHEST WIND SPEED    28   HIGHEST WIND DIRECTION     W (260)
  HIGHEST GUST SPEED    41   HIGHEST GUST DIRECTION    SW (240)
  AVERAGE WIND SPEED     7.2


SKY COVER
  POSSIBLE SUNSHINE  MM
  AVERAGE SKY COVER 0.4


WEATHER CONDITIONS
 THE FOLLOWING WEATHER WAS RECORDED YESTERDAY.
  THUNDERSTORM
  LIGHT RAIN


RELATIVE HUMIDITY (PERCENT)
 HIGHEST    89          1100 PM
 LOWEST     47          1000 AM
 AVERAGE    68

..........................................................


THE LIVINGSTON MT CLIMATE NORMALS FOR TODAY
                         NORMAL    RECORD    YEAR
 MAXIMUM TEMPERATURE (F)   67        91      1966
 MINIMUM TEMPERATURE (F)   40        28      2005


SUNRISE AND SUNSET
MAY 27 2016...........SUNRISE   539 AM MDT   SUNSET   900 PM MDT
MAY 28 2016...........SUNRISE   538 AM MDT   SUNSET   901 PM MDT


-  INDICATES NEGATIVE NUMBERS.
R  INDICATES RECORD WAS SET OR TIED.
MM INDICATES DATA IS MISSING.
T  INDICATES TRACE AMOUNT.





&&

THIS IS AN AUTOMATED...UNATTENDED WEATHER STATION AND MAY
UNDERESTIMATE WINTER PRECIPITATION.

$$
