000
CDUS45 KBYZ 242232
CLILVM


CLIMATE REPORT
NATIONAL WEATHER SERVICE BILLINGS MT
431 PM MDT FRI MAR 24 2017


...................................

...THE LIVINGSTON MT CLIMATE SUMMARY FOR MARCH 24 2017...
VALID TODAY AS OF 0400 PM LOCAL TIME.

CLIMATE NORMAL PERIOD 1981 TO 2010
CLIMATE RECORD PERIOD 1948 TO 2017


WEATHER ITEM   OBSERVED TIME   RECORD YEAR NORMAL DEPARTURE LAST
                VALUE   (LST)  VALUE       VALUE  FROM      YEAR
                                                  NORMAL
..................................................................
TEMPERATURE (F)
 TODAY
  MAXIMUM         63    242 PM  71    2007  49     14       53
                                      2004
  MINIMUM         22    538 AM -21    1965  26     -4       30
  AVERAGE         43                        37      6       42

PRECIPITATION (IN)
  TODAY            0.00          0.25 1995   0.04  -0.04     0.05
  MONTH TO DATE    0.60                      0.59   0.01     0.65
  SINCE OCT 1      5.85                      3.95   1.90     4.67
  SINCE JAN 1      1.92                      1.58   0.34     0.97

DEGREE DAYS
 HEATING
  TODAY           22                        28     -6       23
  MONTH TO DATE  565                       724   -159      601
  SINCE MAR 1    565                       724   -159      601
  SINCE JUL 1   5791                      6072   -281     5204

 COOLING
  TODAY            0                         0      0        0
  MONTH TO DATE    0                         0      0        0
  SINCE MAR 1      0                         0      0        0
  SINCE JAN 1      0                         0      0        0
..................................................................


WIND (MPH)
  HIGHEST WIND SPEED    31   HIGHEST WIND DIRECTION    SW (220)
  HIGHEST GUST SPEED    39   HIGHEST GUST DIRECTION    SW (220)
  AVERAGE WIND SPEED     9.8


SKY COVER
  POSSIBLE SUNSHINE  MM
  AVERAGE SKY COVER 0.0


WEATHER CONDITIONS
 THE FOLLOWING WEATHER WAS RECORDED TODAY.
  NO SIGNIFICANT WEATHER WAS OBSERVED.


RELATIVE HUMIDITY (PERCENT)
 HIGHEST    81           300 AM
 LOWEST     17           200 PM
 AVERAGE    49

..........................................................


THE LIVINGSTON MT CLIMATE NORMALS FOR TOMORROW
                         NORMAL    RECORD    YEAR
 MAXIMUM TEMPERATURE (F)   50        73      1999
 MINIMUM TEMPERATURE (F)   26       -20      1955


SUNRISE AND SUNSET
MARCH 24 2017.........SUNRISE   717 AM MDT   SUNSET   740 PM MDT
MARCH 25 2017.........SUNRISE   715 AM MDT   SUNSET   741 PM MDT


-  INDICATES NEGATIVE NUMBERS.
R  INDICATES RECORD WAS SET OR TIED.
MM INDICATES DATA IS MISSING.
T  INDICATES TRACE AMOUNT.





&&

THIS IS AN AUTOMATED...UNATTENDED WEATHER STATION AND MAY
UNDERESTIMATE WINTER PRECIPITATION.

$$
