000
CDUS45 KBYZ 052229
CLILVM


CLIMATE REPORT
NATIONAL WEATHER SERVICE BILLINGS MT
427 PM MDT THU MAY 5 2016


...................................

...THE LIVINGSTON MT CLIMATE SUMMARY FOR MAY 5 2016...
VALID TODAY AS OF 0400 PM LOCAL TIME.

CLIMATE NORMAL PERIOD 1981 TO 2010
CLIMATE RECORD PERIOD 1948 TO 2016


WEATHER ITEM   OBSERVED TIME   RECORD YEAR NORMAL DEPARTURE LAST
                VALUE   (LST)  VALUE       VALUE  FROM      YEAR
                                                  NORMAL
..................................................................
TEMPERATURE (F)
 TODAY
  MAXIMUM         83    236 PM  85    1966  62     21       72
  MINIMUM         47    440 AM  19    2010  34     13       37
                                      2006
  AVERAGE         65                        48     17       55

PRECIPITATION (IN)
  TODAY            0.00          0.58 1978   0.07  -0.07     0.01
  MONTH TO DATE    0.00                      0.36  -0.36     0.01
  SINCE OCT 1      6.36                      6.33   0.03     4.49
  SINCE JAN 1      2.66                      3.96  -1.30     2.70

DEGREE DAYS
 HEATING
  TODAY            0                        18    -18       10
  MONTH TO DATE   48                        91    -43       55
  SINCE MAR 1   1347                      1691   -344     1283
  SINCE JUL 1   5950                      7039  -1089     5897

 COOLING
  TODAY            0                         0      0        0
  MONTH TO DATE    0                         0      0        0
  SINCE MAR 1      0                         0      0        0
  SINCE JAN 1      0                         0      0        0
..................................................................


WIND (MPH)
  HIGHEST WIND SPEED    21   HIGHEST WIND DIRECTION    SW (220)
  HIGHEST GUST SPEED    30   HIGHEST GUST DIRECTION    NW (300)
  AVERAGE WIND SPEED    10.2


SKY COVER
  POSSIBLE SUNSHINE  MM
  AVERAGE SKY COVER 0.0


WEATHER CONDITIONS
 THE FOLLOWING WEATHER WAS RECORDED TODAY.
  NO SIGNIFICANT WEATHER WAS OBSERVED.


RELATIVE HUMIDITY (PERCENT)
 HIGHEST    56           100 AM
 LOWEST     13           300 PM
 AVERAGE    35

..........................................................


THE LIVINGSTON MT CLIMATE NORMALS FOR TOMORROW
                         NORMAL    RECORD    YEAR
 MAXIMUM TEMPERATURE (F)   62        88      1966
 MINIMUM TEMPERATURE (F)   34        21      1986


SUNRISE AND SUNSET
MAY  5 2016...........SUNRISE   603 AM MDT   SUNSET   835 PM MDT
MAY  6 2016...........SUNRISE   601 AM MDT   SUNSET   836 PM MDT


-  INDICATES NEGATIVE NUMBERS.
R  INDICATES RECORD WAS SET OR TIED.
MM INDICATES DATA IS MISSING.
T  INDICATES TRACE AMOUNT.





&&

THIS IS AN AUTOMATED...UNATTENDED WEATHER STATION AND MAY
UNDERESTIMATE WINTER PRECIPITATION.

$$
