000
CDUS45 KBYZ 281039
CLILVM


CLIMATE REPORT
NATIONAL WEATHER SERVICE BILLINGS MT
331 AM MST SAT FEB 28 2015


...................................

...THE LIVINGSTON MT CLIMATE SUMMARY FOR FEBRUARY 27 2015...

CLIMATE NORMAL PERIOD 1981 TO 2010
CLIMATE RECORD PERIOD 1948 TO 2015


WEATHER ITEM   OBSERVED TIME   RECORD YEAR NORMAL DEPARTURE LAST
                VALUE   (LST)  VALUE       VALUE  FROM      YEAR
                                                  NORMAL
..................................................................
TEMPERATURE (F)
 YESTERDAY
  MAXIMUM         30    215 PM  63    1992  43    -13       42
  MINIMUM          3    722 AM -21    1960  20    -17        9
  AVERAGE         17                        31    -14       26

PRECIPITATION (IN)
  YESTERDAY        T             0.25        0.02  -0.02     0.02
  MONTH TO DATE    0.65                      0.48   0.17     0.65
  SINCE OCT 1      2.98                      3.34  -0.36     3.35
  SINCE JAN 1      1.19                      0.97   0.22     1.06

DEGREE DAYS
 HEATING
  YESTERDAY       48                        34     14       39
  MONTH TO DATE  786                       972   -186     1243
  SINCE DEC 1   2829                      3354   -525     3481
  SINCE JUL 1   4567                      5313   -746     5188

 COOLING
  YESTERDAY        0                         0      0        0
  MONTH TO DATE    0                         0      0        0
  SINCE DEC 1      0                         0      0        0
  SINCE JAN 1      0                         0      0        0
..................................................................


WIND (MPH)
  HIGHEST WIND SPEED    16   HIGHEST WIND DIRECTION    NW (330)
  HIGHEST GUST SPEED    18   HIGHEST GUST DIRECTION    NW (320)
  AVERAGE WIND SPEED     8.4


SKY COVER
  POSSIBLE SUNSHINE  MM
  AVERAGE SKY COVER 0.6


WEATHER CONDITIONS
 THE FOLLOWING WEATHER WAS RECORDED YESTERDAY.
  LIGHT SNOW


RELATIVE HUMIDITY (PERCENT)
 HIGHEST    86           500 AM
 LOWEST     46           200 PM
 AVERAGE    66

..........................................................


THE LIVINGSTON MT CLIMATE NORMALS FOR TODAY
                         NORMAL    RECORD    YEAR
 MAXIMUM TEMPERATURE (F)   43        65      1992
 MINIMUM TEMPERATURE (F)   20       -18      1996


SUNRISE AND SUNSET
FEBRUARY 28 2015......SUNRISE   702 AM MST   SUNSET   607 PM MST
MARCH  1 2015.........SUNRISE   701 AM MST   SUNSET   608 PM MST


-  INDICATES NEGATIVE NUMBERS.
R  INDICATES RECORD WAS SET OR TIED.
MM INDICATES DATA IS MISSING.
T  INDICATES TRACE AMOUNT.





&&

THIS IS AN AUTOMATED...UNATTENDED WEATHER STATION AND MAY
UNDERESTIMATE WINTER PRECIPITATION.

$$
