000
CDUS41 KRNK 240915
CLILWB


CLIMATE REPORT
NATIONAL WEATHER SERVICE BLACKSBURG VA
513 AM EDT THU APR 24 2014


...................................

...THE LEWISBURG WV CLIMATE SUMMARY FOR APRIL 23 2014...

CLIMATE NORMAL PERIOD 1981 TO 2010
CLIMATE RECORD PERIOD 1973 TO 2014


WEATHER ITEM   OBSERVED TIME   RECORD YEAR NORMAL DEPARTURE
                VALUE   (LST)  VALUE       VALUE  FROM
                                                  NORMAL
...............................................................
TEMPERATURE (F)
 YESTERDAY
  MAXIMUM         57    400 PM  83    1985  66     -9
  MINIMUM         40    615 AM  27    1994  39      1
  AVERAGE         49                        52     -3

PRECIPITATION (IN)
  YESTERDAY        0.00          0.03 2012   0.12  -0.12
  MONTH TO DATE    1.40                      2.53  -1.13
  SINCE MAR 1      3.25                      5.98  -2.73
  SINCE JAN 1      6.08                     12.01  -5.93

SNOWFALL (IN)
  YESTERDAY        0.0
  MONTH TO DATE    T
  SINCE MAR 1      9.5
  SINCE JUL 1     40.4
  SNOW DEPTH       0

DEGREE DAYS
 HEATING
  YESTERDAY       16                                3
  MONTH TO DATE  322                              -55
  SINCE MAR 1   1187                               13
  SINCE JUL 1   4476                            -1123

 COOLING
  YESTERDAY        0                                0
  MONTH TO DATE    0                                0
  SINCE MAR 1      0                                0
  SINCE JAN 1      0                                0
...............................................................


WIND (MPH)
  HIGHEST WIND SPEED    13   HIGHEST WIND DIRECTION    NW (320)
  HIGHEST GUST SPEED    23   HIGHEST GUST DIRECTION    NW (310)
  AVERAGE WIND SPEED     7.8




RELATIVE HUMIDITY (PERCENT)
 HIGHEST    65
 LOWEST     29
 AVERAGE    47

..........................................................


THE LEWISBURG WV CLIMATE NORMALS FOR TODAY
                         NORMAL    RECORD    YEAR
 MAXIMUM TEMPERATURE (F)   66        84      2009
 MINIMUM TEMPERATURE (F)   39        27      2005


SUNRISE AND SUNSET
APRIL 24 2014.........SUNRISE   634 AM EDT   SUNSET   806 PM EDT
APRIL 25 2014.........SUNRISE   633 AM EDT   SUNSET   807 PM EDT


-  INDICATES NEGATIVE NUMBERS.
R  INDICATES RECORD WAS SET OR TIED.
MM INDICATES DATA IS MISSING.
T  INDICATES TRACE AMOUNT.

REMARKS:
THE SEASONAL SNOWFALL TOTAL...AND THE SEASONAL TOTAL AND
DEPARTURE FROM NORMAL FOR HDD ARE INVALID DUE TO INCOMPLETE DATA
BEFORE DECEMBER 1. ALSO...DUE TO MISSING PRECIPITATION ON JANUARY
25...THE ANNUAL TOTAL AND DEPARTURE FROM NORMAL FOR PRECIPITATION
WILL BE CALCULATED WITHOUT DATA FROM THAT DATE.



$$
