000
CDUS43 KTOP 260635
CLILWC


CLIMATE REPORT
NATIONAL WEATHER SERVICE TOPEKA KS
1234 AM CST MON JAN 26 2015


...................................

...THE LAWRENCE KS CLIMATE SUMMARY FOR JANUARY 25 2015...

CLIMATE NORMAL PERIOD 1981 TO 2010
CLIMATE RECORD PERIOD 9999 TO 9999


WEATHER ITEM   OBSERVED NORMAL DEPARTURE LAST
                VALUE   VALUE  FROM      YEAR
                               NORMAL
...............................................
TEMPERATURE (F)
 YESTERDAY
  MAXIMUM         48     41      7       48
  MINIMUM         23     19      4       24
  AVERAGE         36     30      6       36

PRECIPITATION (IN)
  YESTERDAY        0.01   0.04  -0.03     0.00
  MONTH TO DATE    0.05   0.75  -0.70     0.07
  SINCE DEC 1      1.91   2.22  -0.31     0.53
  SINCE JAN 1      0.05   0.75  -0.70     0.07

DEGREE DAYS
 HEATING
  YESTERDAY       29     35     -6       29
  MONTH TO DATE  930    896     34      958
  SINCE DEC 1   1864   1931    -67     2079
  SINCE JUL 1   3044   2939    105     3109

 COOLING
  YESTERDAY        0      0      0        0
  MONTH TO DATE    0      0      0        0
  SINCE DEC 1      0      0      0        0
  SINCE JAN 1      0      0      0        0
...............................................


WIND (MPH)
  HIGHEST WIND SPEED    32   HIGHEST WIND DIRECTION    NW (330)
  HIGHEST GUST SPEED    40   HIGHEST GUST DIRECTION    NW (320)
  AVERAGE WIND SPEED    15.5


SKY COVER
  AVERAGE SKY COVER 0.9


WEATHER CONDITIONS
 THE FOLLOWING WEATHER WAS RECORDED YESTERDAY.
  LIGHT RAIN
  FOG
  HAZE


RELATIVE HUMIDITY (PERCENT)
 HIGHEST    92
 LOWEST     73
 AVERAGE    83

..........................................................


THE LAWRENCE KS CLIMATE NORMALS FOR TODAY
                         NORMAL
 MAXIMUM TEMPERATURE (F)   41
 MINIMUM TEMPERATURE (F)   19


SUNRISE AND SUNSET
JANUARY 26 2015.......SUNRISE   732 AM CST   SUNSET   535 PM CST
JANUARY 27 2015.......SUNRISE   732 AM CST   SUNSET   536 PM CST


-  INDICATES NEGATIVE NUMBERS.
R  INDICATES RECORD WAS SET OR TIED.
MM INDICATES DATA IS MISSING.
T  INDICATES TRACE AMOUNT.




$$
