000
CDUS43 KTOP 042134
CLILWC


CLIMATE REPORT
NATIONAL WEATHER SERVICE TOPEKA KS
432 PM CDT FRI SEP 4 2015


...................................

...THE LAWRENCE KS CLIMATE SUMMARY FOR SEPTEMBER 4 2015...
VALID TODAY AS OF 430 PM LOCAL TIME.

CLIMATE NORMAL PERIOD 1981 TO 2010
CLIMATE RECORD PERIOD 9999 TO 9999


WEATHER ITEM   OBSERVED NORMAL DEPARTURE LAST
                VALUE   VALUE  FROM      YEAR
                               NORMAL
...............................................
TEMPERATURE (F)
 TODAY
  MAXIMUM         93     86      7       94
  MINIMUM         69     60      9       76
  AVERAGE         81     73      8       85

PRECIPITATION (IN)
  TODAY            0.00   0.18  -0.18     0.00
  MONTH TO DATE    0.06   0.71  -0.65     3.57
  SINCE SEP 1      0.06   0.71  -0.65     3.57
  SINCE JAN 1     29.98  28.57   1.41    28.02

DEGREE DAYS
 HEATING
  TODAY            0      0      0        0
  MONTH TO DATE    0      0      0        0
  SINCE SEP 1      0      0      0        0
  SINCE JUL 1      2      3     -1        1

 COOLING
  TODAY           16      8      8       20
  MONTH TO DATE   65     34     31       31
  SINCE SEP 1     65     34     31       31
  SINCE JAN 1   1194   1225    -31     1338
...............................................


WIND (MPH)
  HIGHEST WIND SPEED    21   HIGHEST WIND DIRECTION     S (200)
  HIGHEST GUST SPEED    25   HIGHEST GUST DIRECTION     S (160)
  AVERAGE WIND SPEED     8.6



WEATHER CONDITIONS
 THE FOLLOWING WEATHER WAS RECORDED TODAY.
  NO SIGNIFICANT WEATHER WAS OBSERVED.


RELATIVE HUMIDITY (PERCENT)
 HIGHEST    90
 LOWEST     44
 AVERAGE    67

..........................................................


THE LAWRENCE KS CLIMATE NORMALS FOR TOMORROW
                         NORMAL
 MAXIMUM TEMPERATURE (F)   86
 MINIMUM TEMPERATURE (F)   59


SUNRISE AND SUNSET
SEPTEMBER  4 2015.....SUNRISE   652 AM CDT   SUNSET   747 PM CDT
SEPTEMBER  5 2015.....SUNRISE   653 AM CDT   SUNSET   745 PM CDT


-  INDICATES NEGATIVE NUMBERS.
R  INDICATES RECORD WAS SET OR TIED.
MM INDICATES DATA IS MISSING.
T  INDICATES TRACE AMOUNT.




$$
