000
CDUS43 KTOP 220631
CLILWC


CLIMATE REPORT
NATIONAL WEATHER SERVICE TOPEKA KS
131 AM CDT MON SEP 22 2014


...................................

...THE LAWRENCE KS CLIMATE SUMMARY FOR SEPTEMBER 21 2014...

CLIMATE NORMAL PERIOD 1981 TO 2010
CLIMATE RECORD PERIOD 9999 TO 9999


WEATHER ITEM   OBSERVED NORMAL DEPARTURE LAST
                VALUE   VALUE  FROM      YEAR
                               NORMAL
...............................................
TEMPERATURE (F)
 YESTERDAY
  MAXIMUM         79     79      0       78
  MINIMUM         50     53     -3       46
  AVERAGE         65     66     -1       62

PRECIPITATION (IN)
  YESTERDAY        0.00   0.13  -0.13     0.00
  MONTH TO DATE    4.49   2.99   1.50     2.94
  SINCE SEP 1      4.49   2.99   1.50     2.94
  SINCE JAN 1     28.94  30.85  -1.91    23.22

DEGREE DAYS
 HEATING
  YESTERDAY        0      3     -3        3
  MONTH TO DATE   62     23     39        9
  SINCE SEP 1     62     23     39        9
  SINCE JUL 1     63     26     37        9

 COOLING
  YESTERDAY        0      4     -4        0
  MONTH TO DATE   82    128    -46      211
  SINCE SEP 1     82    128    -46      211
  SINCE JAN 1   1389   1319     70     1432
...............................................


WIND (MPH)
  HIGHEST WIND SPEED    20   HIGHEST WIND DIRECTION     N (340)
  HIGHEST GUST SPEED    29   HIGHEST GUST DIRECTION     N (360)
  AVERAGE WIND SPEED     8.3


SKY COVER
  AVERAGE SKY COVER 0.1


WEATHER CONDITIONS
 THE FOLLOWING WEATHER WAS RECORDED YESTERDAY.
  FOG
  FOG W/VISIBILITY <= 1/4 MILE


RELATIVE HUMIDITY (PERCENT)
 HIGHEST   100
 LOWEST     31
 AVERAGE    66

..........................................................


THE LAWRENCE KS CLIMATE NORMALS FOR TODAY
                         NORMAL
 MAXIMUM TEMPERATURE (F)   79
 MINIMUM TEMPERATURE (F)   52


SUNRISE AND SUNSET
SEPTEMBER 22 2014.....SUNRISE   709 AM CDT   SUNSET   718 PM CDT
SEPTEMBER 23 2014.....SUNRISE   709 AM CDT   SUNSET   716 PM CDT


-  INDICATES NEGATIVE NUMBERS.
R  INDICATES RECORD WAS SET OR TIED.
MM INDICATES DATA IS MISSING.
T  INDICATES TRACE AMOUNT.




$$
