000
CDUS43 KTOP 220633
CLILWC


CLIMATE REPORT
NATIONAL WEATHER SERVICE TOPEKA KS
132 AM CDT FRI AUG 22 2014


...................................

...THE LAWRENCE KS CLIMATE SUMMARY FOR AUGUST 21 2014...

CLIMATE NORMAL PERIOD 1981 TO 2010
CLIMATE RECORD PERIOD 9999 TO 9999


WEATHER ITEM   OBSERVED NORMAL DEPARTURE LAST
                VALUE   VALUE  FROM      YEAR
                               NORMAL
...............................................
TEMPERATURE (F)
 YESTERDAY
  MAXIMUM        101     89     12       92
  MINIMUM         80     65     15       65
  AVERAGE         91     77     14       79

PRECIPITATION (IN)
  YESTERDAY        0.00   0.18  -0.18     0.00
  MONTH TO DATE    4.30   2.81   1.49     3.25
  SINCE JUN 1     15.26  12.45   2.81     5.97
  SINCE JAN 1     22.92  26.34  -3.42    20.28

DEGREE DAYS
 HEATING
  YESTERDAY        0      0      0        0
  MONTH TO DATE    0      0      0        0
  SINCE JUN 1      1      9     -8       13
  SINCE JUL 1      1      1      0        0

 COOLING
  YESTERDAY       26     12     14       14
  MONTH TO DATE  273    278     -5      204
  SINCE JUN 1    907    967    -60      920
  SINCE JAN 1   1100   1086     14     1047
...............................................


WIND (MPH)
  HIGHEST WIND SPEED    22   HIGHEST WIND DIRECTION     S (180)
  HIGHEST GUST SPEED    28   HIGHEST GUST DIRECTION     S (200)
  AVERAGE WIND SPEED    13.0


SKY COVER
  AVERAGE SKY COVER 0.1


WEATHER CONDITIONS
 THE FOLLOWING WEATHER WAS RECORDED YESTERDAY.
  NO SIGNIFICANT WEATHER WAS OBSERVED.


RELATIVE HUMIDITY (PERCENT)
 HIGHEST    69
 LOWEST     37
 AVERAGE    53

..........................................................


THE LAWRENCE KS CLIMATE NORMALS FOR TODAY
                         NORMAL
 MAXIMUM TEMPERATURE (F)   89
 MINIMUM TEMPERATURE (F)   64


SUNRISE AND SUNSET
AUGUST 22 2014........SUNRISE   641 AM CDT   SUNSET   806 PM CDT
AUGUST 23 2014........SUNRISE   642 AM CDT   SUNSET   805 PM CDT


-  INDICATES NEGATIVE NUMBERS.
R  INDICATES RECORD WAS SET OR TIED.
MM INDICATES DATA IS MISSING.
T  INDICATES TRACE AMOUNT.




$$
