000
CDUS43 KTOP 210631
CLILWC


CLIMATE REPORT
NATIONAL WEATHER SERVICE TOPEKA KS
131 AM CDT MON AUG 21 2017


...................................

...THE LAWRENCE KS CLIMATE SUMMARY FOR AUGUST 20 2017...

CLIMATE NORMAL PERIOD 1981 TO 2010
CLIMATE RECORD PERIOD 9999 TO 9999


WEATHER ITEM   OBSERVED NORMAL DEPARTURE LAST
                VALUE   VALUE  FROM      YEAR
                               NORMAL
...............................................
TEMPERATURE (F)
 YESTERDAY
  MAXIMUM         90     89      1       76
  MINIMUM         68     65      3       54
  AVERAGE         79     77      2       65

PRECIPITATION (IN)
  YESTERDAY        T      0.18  -0.18     0.00
  MONTH TO DATE    0.43   2.63  -2.20     1.95
  SINCE JUN 1      9.73  12.27  -2.54     7.90
  SINCE JAN 1     22.75  26.16  -3.41    22.54

DEGREE DAYS
 HEATING
  YESTERDAY        0      0      0        0
  MONTH TO DATE    3      0      3        0
  SINCE JUN 1      6      9     -3        0
  SINCE JUL 1      3      1      2        0

 COOLING
  YESTERDAY       14     12      2        0
  MONTH TO DATE  162    266   -104      268
  SINCE JUN 1    906    955    -49     1122
  SINCE JAN 1   1013   1074    -61     1202
...............................................


WIND (MPH)
  HIGHEST WIND SPEED    22   HIGHEST WIND DIRECTION    NW (310)
  HIGHEST GUST SPEED    28   HIGHEST GUST DIRECTION    NW (330)
  AVERAGE WIND SPEED    10.1


SKY COVER
  AVERAGE SKY COVER 0.2


WEATHER CONDITIONS
 THE FOLLOWING WEATHER WAS RECORDED YESTERDAY.
  THUNDERSTORM
  LIGHT RAIN


RELATIVE HUMIDITY (PERCENT)
 HIGHEST    97
 LOWEST     59
 AVERAGE    78

..........................................................


THE LAWRENCE KS CLIMATE NORMALS FOR TODAY
                         NORMAL
 MAXIMUM TEMPERATURE (F)   89
 MINIMUM TEMPERATURE (F)   65


SUNRISE AND SUNSET
AUGUST 21 2017........SUNRISE   640 AM CDT   SUNSET   807 PM CDT
AUGUST 22 2017........SUNRISE   641 AM CDT   SUNSET   806 PM CDT


-  INDICATES NEGATIVE NUMBERS.
R  INDICATES RECORD WAS SET OR TIED.
MM INDICATES DATA IS MISSING.
T  INDICATES TRACE AMOUNT.




$$
