000
CDUS43 KTOP 210632
CLILWC


CLIMATE REPORT
NATIONAL WEATHER SERVICE TOPEKA KS
131 AM CDT SAT OCT 21 2017


...................................

...THE LAWRENCE KS CLIMATE SUMMARY FOR OCTOBER 20 2017...

CLIMATE NORMAL PERIOD 1981 TO 2010
CLIMATE RECORD PERIOD 9999 TO 9999


WEATHER ITEM   OBSERVED NORMAL DEPARTURE LAST
                VALUE   VALUE  FROM      YEAR
                               NORMAL
...............................................
TEMPERATURE (F)
 YESTERDAY
  MAXIMUM         77     67     10       61
  MINIMUM         53     42     11       38
  AVERAGE         65     55     10       50

PRECIPITATION (IN)
  YESTERDAY        0.00   0.08  -0.08     0.01
  MONTH TO DATE    1.08   2.09  -1.01     1.53
  SINCE SEP 1      4.55   6.25  -1.70     7.65
  SINCE JAN 1     31.69  34.11  -2.42    31.24

DEGREE DAYS
 HEATING
  YESTERDAY        0     11    -11       15
  MONTH TO DATE   82    160    -78      105
  SINCE SEP 1    101    220   -119      133
  SINCE JUL 1    104    223   -119      133

 COOLING
  YESTERDAY        0      0      0        0
  MONTH TO DATE   45     24     21       37
  SINCE SEP 1    248    177     71      258
  SINCE JAN 1   1327   1368    -41     1575
...............................................


WIND (MPH)
  HIGHEST WIND SPEED    26   HIGHEST WIND DIRECTION    SE (140)
  HIGHEST GUST SPEED    34   HIGHEST GUST DIRECTION    SE (150)
  AVERAGE WIND SPEED    14.0


SKY COVER
  AVERAGE SKY COVER 0.0


WEATHER CONDITIONS
 THE FOLLOWING WEATHER WAS RECORDED YESTERDAY.
  NO SIGNIFICANT WEATHER WAS OBSERVED.


RELATIVE HUMIDITY (PERCENT)
 HIGHEST    86
 LOWEST     56
 AVERAGE    71

..........................................................


THE LAWRENCE KS CLIMATE NORMALS FOR TODAY
                         NORMAL
 MAXIMUM TEMPERATURE (F)   67
 MINIMUM TEMPERATURE (F)   42


SUNRISE AND SUNSET
OCTOBER 21 2017.......SUNRISE   737 AM CDT   SUNSET   633 PM CDT
OCTOBER 22 2017.......SUNRISE   738 AM CDT   SUNSET   632 PM CDT


-  INDICATES NEGATIVE NUMBERS.
R  INDICATES RECORD WAS SET OR TIED.
MM INDICATES DATA IS MISSING.
T  INDICATES TRACE AMOUNT.




$$
