000
CDUS43 KTOP 170642
CLILWC


CLIMATE REPORT
NATIONAL WEATHER SERVICE TOPEKA KS
1241 AM CST SUN DEC 17 2017


...................................

...THE LAWRENCE KS CLIMATE SUMMARY FOR DECEMBER 16 2017...

CLIMATE NORMAL PERIOD 1981 TO 2010
CLIMATE RECORD PERIOD 9999 TO 9999


WEATHER ITEM   OBSERVED NORMAL DEPARTURE LAST
                VALUE   VALUE  FROM      YEAR
                               NORMAL
...............................................
TEMPERATURE (F)
 YESTERDAY
  MAXIMUM         62     41     21       33
  MINIMUM         31     21     10       27
  AVERAGE         47     31     16       30

PRECIPITATION (IN)
  YESTERDAY        0.00   0.05  -0.05      T
  MONTH TO DATE    T      0.72  -0.72     0.66
  SINCE DEC 1      T      0.72  -0.72     0.66
  SINCE JAN 1     34.13  37.80  -3.67    32.25

DEGREE DAYS
 HEATING
  YESTERDAY       18     34    -16       35
  MONTH TO DATE  425    506    -81      598
  SINCE DEC 1    425    506    -81      598
  SINCE JUL 1   1315   1514   -199     1242

 COOLING
  YESTERDAY        0      0      0        0
  MONTH TO DATE    0      0      0        0
  SINCE DEC 1      0      0      0        0
  SINCE JAN 1   1327   1371    -44     1599
...............................................


WIND (MPH)
  HIGHEST WIND SPEED    18   HIGHEST WIND DIRECTION     S (180)
  HIGHEST GUST SPEED    25   HIGHEST GUST DIRECTION     S (190)
  AVERAGE WIND SPEED     9.0


SKY COVER
  AVERAGE SKY COVER 0.0


WEATHER CONDITIONS
 THE FOLLOWING WEATHER WAS RECORDED YESTERDAY.
  NO SIGNIFICANT WEATHER WAS OBSERVED.


RELATIVE HUMIDITY (PERCENT)
 HIGHEST    69
 LOWEST     25
 AVERAGE    47

..........................................................


THE LAWRENCE KS CLIMATE NORMALS FOR TODAY
                         NORMAL
 MAXIMUM TEMPERATURE (F)   41
 MINIMUM TEMPERATURE (F)   21


SUNRISE AND SUNSET
DECEMBER 17 2017......SUNRISE   734 AM CST   SUNSET   500 PM CST
DECEMBER 18 2017......SUNRISE   735 AM CST   SUNSET   501 PM CST


-  INDICATES NEGATIVE NUMBERS.
R  INDICATES RECORD WAS SET OR TIED.
MM INDICATES DATA IS MISSING.
T  INDICATES TRACE AMOUNT.




$$
