000
CDUS43 KTOP 210633
CLILWC


CLIMATE REPORT
NATIONAL WEATHER SERVICE TOPEKA KS
1233 AM CST FRI NOV 21 2014


...................................

...THE LAWRENCE KS CLIMATE SUMMARY FOR NOVEMBER 20 2014...

CLIMATE NORMAL PERIOD 1981 TO 2010
CLIMATE RECORD PERIOD 9999 TO 9999


WEATHER ITEM   OBSERVED NORMAL DEPARTURE LAST
                VALUE   VALUE  FROM      YEAR
                               NORMAL
...............................................
TEMPERATURE (F)
 YESTERDAY
  MAXIMUM         41     53    -12       54
  MINIMUM         10     30    -20       43
  AVERAGE         26     41    -15       49

PRECIPITATION (IN)
  YESTERDAY        0.00   0.06  -0.06     0.09
  MONTH TO DATE    0.10   1.52  -1.42     0.17
  SINCE SEP 1     10.29   8.56   1.73     7.56
  SINCE JAN 1     34.74  36.42  -1.68    27.84

DEGREE DAYS
 HEATING
  YESTERDAY       39     24     15       16
  MONTH TO DATE  593    383    210      341
  SINCE SEP 1    930    744    186      687
  SINCE JUL 1    931    747    184      687

 COOLING
  YESTERDAY        0      0      0        0
  MONTH TO DATE    0      0      0        0
  SINCE SEP 1    119    179    -60      271
  SINCE JAN 1   1426   1370     56     1492
...............................................


WIND (MPH)
  HIGHEST WIND SPEED    12   HIGHEST WIND DIRECTION     E (70)
  HIGHEST GUST SPEED    16   HIGHEST GUST DIRECTION     E (70)
  AVERAGE WIND SPEED     5.4


SKY COVER
  AVERAGE SKY COVER 0.0


WEATHER CONDITIONS
 THE FOLLOWING WEATHER WAS RECORDED YESTERDAY.
  FOG
  HAZE


RELATIVE HUMIDITY (PERCENT)
 HIGHEST    92
 LOWEST     40
 AVERAGE    66

..........................................................


THE LAWRENCE KS CLIMATE NORMALS FOR TODAY
                         NORMAL
 MAXIMUM TEMPERATURE (F)   53
 MINIMUM TEMPERATURE (F)   29


SUNRISE AND SUNSET
NOVEMBER 21 2014......SUNRISE   710 AM CST   SUNSET   503 PM CST
NOVEMBER 22 2014......SUNRISE   711 AM CST   SUNSET   502 PM CST


-  INDICATES NEGATIVE NUMBERS.
R  INDICATES RECORD WAS SET OR TIED.
MM INDICATES DATA IS MISSING.
T  INDICATES TRACE AMOUNT.




$$
