000
CDUS43 KTOP 302135
CLILWC


CLIMATE REPORT
NATIONAL WEATHER SERVICE TOPEKA KS
434 PM CDT TUE AUG 30 2016


...................................

...THE LAWRENCE KS CLIMATE SUMMARY FOR AUGUST 30 2016...
VALID TODAY AS OF 0400 PM LOCAL TIME.

CLIMATE NORMAL PERIOD 1981 TO 2010
CLIMATE RECORD PERIOD 9999 TO 9999


WEATHER ITEM   OBSERVED NORMAL DEPARTURE LAST
                VALUE   VALUE  FROM      YEAR
                               NORMAL
...............................................
TEMPERATURE (F)
 TODAY
  MAXIMUM         86     87     -1       86
  MINIMUM         69     62      7       61
  AVERAGE         78     74      4       74

PRECIPITATION (IN)
  TODAY            0.02   0.13  -0.11     0.00
  MONTH TO DATE    2.53   4.19  -1.66     2.92
  SINCE JUN 1      8.48  13.83  -5.35    15.64
  SINCE JAN 1     23.12  27.72  -4.60    29.92

DEGREE DAYS
 HEATING
  TODAY            0      0      0        0
  MONTH TO DATE    0      0      0        1
  SINCE JUN 1      0      9     -9        5
  SINCE JUL 1      0      1     -1        2

 COOLING
  TODAY           13     10      3        9
  MONTH TO DATE  375    375      0      283
  SINCE JUN 1   1229   1064    165     1041
  SINCE JAN 1   1309   1183    126     1117
...............................................


WIND (MPH)
  HIGHEST WIND SPEED    14   HIGHEST WIND DIRECTION     N (20)
  HIGHEST GUST SPEED    17   HIGHEST GUST DIRECTION     N (10)
  AVERAGE WIND SPEED     4.0



WEATHER CONDITIONS
 THE FOLLOWING WEATHER WAS RECORDED TODAY.
  THUNDERSTORM
  LIGHT RAIN
  FOG


RELATIVE HUMIDITY (PERCENT)
 HIGHEST   100
 LOWEST     70
 AVERAGE    85

..........................................................


THE LAWRENCE KS CLIMATE NORMALS FOR TOMORROW
                         NORMAL
 MAXIMUM TEMPERATURE (F)   87
 MINIMUM TEMPERATURE (F)   61


SUNRISE AND SUNSET
AUGUST 30 2016........SUNRISE   648 AM CDT   SUNSET   753 PM CDT
AUGUST 31 2016........SUNRISE   649 AM CDT   SUNSET   752 PM CDT


-  INDICATES NEGATIVE NUMBERS.
R  INDICATES RECORD WAS SET OR TIED.
MM INDICATES DATA IS MISSING.
T  INDICATES TRACE AMOUNT.




$$
