000
CDUS43 KTOP 240647
CLILWC


CLIMATE REPORT
NATIONAL WEATHER SERVICE TOPEKA KS
133 AM CDT FRI MAR 24 2017


...................................

...THE LAWRENCE KS CLIMATE SUMMARY FOR MARCH 23 2017...

CLIMATE NORMAL PERIOD 1981 TO 2010
CLIMATE RECORD PERIOD 9999 TO 9999


WEATHER ITEM   OBSERVED NORMAL DEPARTURE LAST
                VALUE   VALUE  FROM      YEAR
                               NORMAL
...............................................
TEMPERATURE (F)
 YESTERDAY
  MAXIMUM         81     60     21       80
  MINIMUM         50     35     15       52
  AVERAGE         66     47     19       66

PRECIPITATION (IN)
  YESTERDAY        T      0.08  -0.08     0.02
  MONTH TO DATE    0.07   1.90  -1.83     0.59
  SINCE MAR 1      0.07   1.90  -1.83     0.59
  SINCE JAN 1      1.08   4.21  -3.13     1.71

DEGREE DAYS
 HEATING
  YESTERDAY        0     18    -18        0
  MONTH TO DATE  418    509    -91      346
  SINCE MAR 1    418    509    -91      346
  SINCE JUL 1   3699   4524   -825     3848

 COOLING
  YESTERDAY        1      0      1        1
  MONTH TO DATE    7      0      7        3
  SINCE MAR 1      7      0      7        3
  SINCE JAN 1      7      0      7        3
...............................................


WIND (MPH)
  HIGHEST WIND SPEED    31   HIGHEST WIND DIRECTION    SE (150)
  HIGHEST GUST SPEED    40   HIGHEST GUST DIRECTION     S (170)
  AVERAGE WIND SPEED    18.2


SKY COVER
  AVERAGE SKY COVER 0.4


WEATHER CONDITIONS
 THE FOLLOWING WEATHER WAS RECORDED YESTERDAY.
  HAZE


RELATIVE HUMIDITY (PERCENT)
 HIGHEST    61
 LOWEST     36
 AVERAGE    49

..........................................................


THE LAWRENCE KS CLIMATE NORMALS FOR TODAY
                         NORMAL
 MAXIMUM TEMPERATURE (F)   60
 MINIMUM TEMPERATURE (F)   35


SUNRISE AND SUNSET
MARCH 24 2017.........SUNRISE   718 AM CDT   SUNSET   737 PM CDT
MARCH 25 2017.........SUNRISE   716 AM CDT   SUNSET   738 PM CDT


-  INDICATES NEGATIVE NUMBERS.
R  INDICATES RECORD WAS SET OR TIED.
MM INDICATES DATA IS MISSING.
T  INDICATES TRACE AMOUNT.




$$
