000
CDUS46 KOTX 010820
CLILWS


CLIMATE REPORT
NATIONAL WEATHER SERVICE SPOKANE, WA
120 AM PDT FRI AUG 1 2014


...................................

...THE LEWISTON ID AIRPORT CLIMATE SUMMARY FOR JULY 31 2014...

CLIMATE NORMAL PERIOD 1981 TO 2010
CLIMATE RECORD PERIOD 1881 TO 2014


WEATHER ITEM   OBSERVED TIME   RECORD YEAR NORMAL DEPARTURE LAST
                VALUE   (LST)  VALUE       VALUE  FROM      YEAR
                                                  NORMAL
..................................................................
TEMPERATURE (F)
 YESTERDAY
  MAXIMUM        105    323 PM 109    1929  92     13       96
  MINIMUM         68    510 AM  47    1945  61      7       63
  AVERAGE         87                        77     10       80

PRECIPITATION (IN)
  YESTERDAY        0.00          0.57 1985   0.02  -0.02      T
  MONTH TO DATE    0.26                      0.66  -0.40     0.09
  SINCE OCT 1      8.03                     10.95  -2.92    10.05
  SINCE JAN 1      6.50                      7.84  -1.34     5.89

SNOWFALL (IN)
  YESTERDAY        0.0           0.0  1995   0.0    0.0      0.0
  MONTH TO DATE    0.0                       0.0    0.0      0.0
  SINCE JUN 1      0.0                       0.0    0.0      0.0
  SINCE JUL 1      0.0                       0.0    0.0      0.0
  SNOW DEPTH       0

DEGREE DAYS
 HEATING
  YESTERDAY        0                         0      0        0
  MONTH TO DATE    0                         4     -4        0
  SINCE JUN 1     41                        77    -36       44
  SINCE JUL 1      0                         7     -7        0

 COOLING
  YESTERDAY       22                        12     10       15
  MONTH TO DATE  483                       300    183      431
  SINCE JUN 1    573                       398    175      551
  SINCE JAN 1    601                       430    171      608
..................................................................


WIND (MPH)
  HIGHEST WIND SPEED    20   HIGHEST WIND DIRECTION     W (290)
  HIGHEST GUST SPEED    26   HIGHEST GUST DIRECTION     W (290)
  AVERAGE WIND SPEED     5.8


SKY COVER
  POSSIBLE SUNSHINE  MM
  AVERAGE SKY COVER 0.0


WEATHER CONDITIONS
 THE FOLLOWING WEATHER WAS RECORDED YESTERDAY.
  NO SIGNIFICANT WEATHER WAS OBSERVED.


RELATIVE HUMIDITY (PERCENT)
 HIGHEST    44           500 AM
 LOWEST     10           200 PM
 AVERAGE    27

..........................................................


THE LEWISTON ID AIRPORT CLIMATE NORMALS FOR TODAY
                         NORMAL    RECORD    YEAR
 MAXIMUM TEMPERATURE (F)   92       106      2009
                                             1971
                                             1907
 MINIMUM TEMPERATURE (F)   61        48      1897


SUNRISE AND SUNSET
AUGUST  1 2014........SUNRISE   529 AM PDT   SUNSET   819 PM PDT
AUGUST  2 2014........SUNRISE   531 AM PDT   SUNSET   817 PM PDT


-  INDICATES NEGATIVE NUMBERS.
R  INDICATES RECORD WAS SET OR TIED.
MM INDICATES DATA IS MISSING.
T  INDICATES TRACE AMOUNT.




$$
