000
CDUS46 KOTX 050825
CLILWS


CLIMATE REPORT
NATIONAL WEATHER SERVICE SPOKANE, WA
125 AM PDT SUN JUL 5 2015


...................................

...THE LEWISTON ID AIRPORT CLIMATE SUMMARY FOR JULY 4 2015...

CLIMATE NORMAL PERIOD 1981 TO 2010
CLIMATE RECORD PERIOD 1881 TO 2015


WEATHER ITEM   OBSERVED TIME   RECORD YEAR NORMAL DEPARTURE LAST
                VALUE   (LST)  VALUE       VALUE  FROM      YEAR
                                                  NORMAL
..................................................................
TEMPERATURE (F)
 YESTERDAY
  MAXIMUM        104    209 PM 105    1924  86     18       90
                                      1906
                                      1896
  MINIMUM         69    454 AM  46    1966  57     12       59
                                      1959
                                      1897
  AVERAGE         87                        71     16       75

PRECIPITATION (IN)
  YESTERDAY        0.00          0.55 1902   0.02  -0.02     0.00
  MONTH TO DATE    0.00                      0.11  -0.11      T
  SINCE OCT 1     10.28                     10.40  -0.12     7.77
  SINCE JAN 1      6.09                      7.29  -1.20     6.24

SNOWFALL (IN)
  YESTERDAY        0.0           0.0  1994   0.0    0.0      0.0
  MONTH TO DATE    0.0                       0.0    0.0      0.0
  SINCE JUN 1      0.0                       0.0    0.0      0.0
  SINCE JUL 1      0.0                       0.0    0.0      0.0
  SNOW DEPTH       0

DEGREE DAYS
 HEATING
  YESTERDAY        0                         1     -1        0
  MONTH TO DATE    0                         4     -4        0
  SINCE JUN 1      2                        74    -72       41
  SINCE JUL 1      0                         4     -4        0

 COOLING
  YESTERDAY       22                         7     15       10
  MONTH TO DATE   84                        26     58       53
  SINCE JUN 1    399                       124    275      143
  SINCE JAN 1    451                       156    295      171
..................................................................


WIND (MPH)
  HIGHEST WIND SPEED    16   HIGHEST WIND DIRECTION     W (290)
  HIGHEST GUST SPEED    20   HIGHEST GUST DIRECTION     W (290)
  AVERAGE WIND SPEED     5.1


SKY COVER
  POSSIBLE SUNSHINE  MM
  AVERAGE SKY COVER 0.0


WEATHER CONDITIONS
 THE FOLLOWING WEATHER WAS RECORDED YESTERDAY.
  NO SIGNIFICANT WEATHER WAS OBSERVED.


RELATIVE HUMIDITY (PERCENT)
 HIGHEST    46           600 AM
 LOWEST     13           200 PM
 AVERAGE    30

..........................................................


THE LEWISTON ID AIRPORT CLIMATE NORMALS FOR TODAY
                         NORMAL    RECORD    YEAR
 MAXIMUM TEMPERATURE (F)   86       108      2007
 MINIMUM TEMPERATURE (F)   58        44      1977


SUNRISE AND SUNSET
JULY  5 2015..........SUNRISE   502 AM PDT   SUNSET   843 PM PDT
JULY  6 2015..........SUNRISE   503 AM PDT   SUNSET   842 PM PDT


-  INDICATES NEGATIVE NUMBERS.
R  INDICATES RECORD WAS SET OR TIED.
MM INDICATES DATA IS MISSING.
T  INDICATES TRACE AMOUNT.




$$
