000
CDUS46 KOTX 250833
CLILWS


CLIMATE REPORT
NATIONAL WEATHER SERVICE SPOKANE, WA
1231 AM PST SUN JAN 25 2015


...................................

...THE LEWISTON ID AIRPORT CLIMATE SUMMARY FOR JANUARY 24 2015...

CLIMATE NORMAL PERIOD 1981 TO 2010
CLIMATE RECORD PERIOD 1881 TO 2015


WEATHER ITEM   OBSERVED TIME   RECORD YEAR NORMAL DEPARTURE LAST
                VALUE   (LST)  VALUE       VALUE  FROM      YEAR
                                                  NORMAL
..................................................................
TEMPERATURE (F)
 YESTERDAY
  MAXIMUM         54   1021 AM  59    1959  43     11       38
                                      1935
  MINIMUM         44   1246 AM -13    1930  30     14       30
  AVERAGE         49                        37     12       34

PRECIPITATION (IN)
  YESTERDAY        0.00          0.63 1912   0.03  -0.03     0.00
  MONTH TO DATE    0.82                      0.85  -0.03     0.33
  SINCE OCT 1      5.01                      3.96   1.05     1.86
  SINCE JAN 1      0.82                      0.85  -0.03     0.33

SNOWFALL (IN)
  YESTERDAY        0.0           8.0  1916   0.0    0.0      0.0
  MONTH TO DATE    1.5                       1.9   -0.4       T
  SINCE DEC 1      1.5                       5.4   -3.9      2.5
  SINCE JUL 1      1.5                       7.2   -5.7      2.5
  SNOW DEPTH       0

DEGREE DAYS
 HEATING
  YESTERDAY       16                        28    -12       31
  MONTH TO DATE  665                       715    -50      686
  SINCE DEC 1   1497                      1683   -186     1740
  SINCE JUL 1   2475                      2923   -448     3094

 COOLING
  YESTERDAY        0                         0      0        0
  MONTH TO DATE    0                         0      0        0
  SINCE DEC 1      0                         0      0        0
  SINCE JAN 1      0                         0      0        0
..................................................................


WIND (MPH)
  HIGHEST WIND SPEED    15   HIGHEST WIND DIRECTION     S (190)
  HIGHEST GUST SPEED    18   HIGHEST GUST DIRECTION     S (190)
  AVERAGE WIND SPEED     5.5


SKY COVER
  POSSIBLE SUNSHINE  MM
  AVERAGE SKY COVER 0.8


WEATHER CONDITIONS
 THE FOLLOWING WEATHER WAS RECORDED YESTERDAY.
  NO SIGNIFICANT WEATHER WAS OBSERVED.


RELATIVE HUMIDITY (PERCENT)
 HIGHEST    89          1200 AM
 LOWEST     63           900 AM
 AVERAGE    76

..........................................................


THE LEWISTON ID AIRPORT CLIMATE NORMALS FOR TODAY
                         NORMAL    RECORD    YEAR
 MAXIMUM TEMPERATURE (F)   43        60      1899
 MINIMUM TEMPERATURE (F)   30       -11      1957


SUNRISE AND SUNSET
JANUARY 25 2015.......SUNRISE   719 AM PST   SUNSET   442 PM PST
JANUARY 26 2015.......SUNRISE   718 AM PST   SUNSET   443 PM PST


-  INDICATES NEGATIVE NUMBERS.
R  INDICATES RECORD WAS SET OR TIED.
MM INDICATES DATA IS MISSING.
T  INDICATES TRACE AMOUNT.




$$
