000
CDUS46 KOTX 270432
CLILWS


CLIMATE REPORT
NATIONAL WEATHER SERVICE SPOKANE, WA
932 PM PDT TUE MAY 26 2015


...................................

...THE LEWISTON ID AIRPORT CLIMATE SUMMARY FOR MAY 26 2015...
VALID TODAY AS OF 0800 PM LOCAL TIME.

CLIMATE NORMAL PERIOD 1981 TO 2010
CLIMATE RECORD PERIOD 1881 TO 2015


WEATHER ITEM   OBSERVED TIME   RECORD YEAR NORMAL DEPARTURE LAST
                VALUE   (LST)  VALUE       VALUE  FROM      YEAR
                                                  NORMAL
..................................................................
TEMPERATURE (F)
 TODAY
  MAXIMUM         74    356 PM 103    1936  73      1       77
  MINIMUM         55    338 AM  34    1918  50      5       53
  AVERAGE         65                        62      3       65

PRECIPITATION (IN)
  TODAY            T             1.28 1895   0.06  -0.06     0.03
  MONTH TO DATE    1.02                      1.33  -0.31     0.40
  SINCE OCT 1      8.97                      8.77   0.20     6.70
  SINCE JAN 1      4.78                      5.66  -0.88     5.17

DEGREE DAYS
 HEATING
  TODAY            0                         5     -5        0
  MONTH TO DATE   85                       197   -112      110
  SINCE MAR 1    982                      1222   -240     1110
  SINCE JUL 1   4204                      5077   -873     5271

 COOLING
  TODAY            0                         1     -1        0
  MONTH TO DATE   21                        23     -2       25
  SINCE MAR 1     22                        25     -3       25
  SINCE JAN 1     22                        25     -3       25
..................................................................


WIND (MPH)
  HIGHEST WIND SPEED    15   HIGHEST WIND DIRECTION    NW (310)
  HIGHEST GUST SPEED    20   HIGHEST GUST DIRECTION    NW (320)
  AVERAGE WIND SPEED     5.6


SKY COVER
  POSSIBLE SUNSHINE  MM
  AVERAGE SKY COVER 0.4


WEATHER CONDITIONS
 THE FOLLOWING WEATHER WAS RECORDED TODAY.
  THUNDERSTORM
  RAIN
  LIGHT RAIN


RELATIVE HUMIDITY (PERCENT)
 HIGHEST    83           400 AM
 LOWEST     38           400 PM
 AVERAGE    61

..........................................................


THE LEWISTON ID AIRPORT CLIMATE NORMALS FOR TOMORROW
                         NORMAL    RECORD    YEAR
 MAXIMUM TEMPERATURE (F)   74        99      1936
                                             1934
 MINIMUM TEMPERATURE (F)   50        35      1918


SUNRISE AND SUNSET
MAY 26 2015...........SUNRISE   504 AM PDT   SUNSET   827 PM PDT
MAY 27 2015...........SUNRISE   503 AM PDT   SUNSET   828 PM PDT


-  INDICATES NEGATIVE NUMBERS.
R  INDICATES RECORD WAS SET OR TIED.
MM INDICATES DATA IS MISSING.
T  INDICATES TRACE AMOUNT.




$$
