000
CDUS46 KOTX 100826
CLILWS


CLIMATE REPORT
NATIONAL WEATHER SERVICE SPOKANE, WA
1226 AM PST WED FEB 10 2016


...................................

...THE LEWISTON ID AIRPORT CLIMATE SUMMARY FOR FEBRUARY 9 2016...

CLIMATE NORMAL PERIOD 1981 TO 2010
CLIMATE RECORD PERIOD 1881 TO 2016


WEATHER ITEM   OBSERVED TIME   RECORD YEAR NORMAL DEPARTURE LAST
                VALUE   (LST)  VALUE       VALUE  FROM      YEAR
                                                  NORMAL
..................................................................
TEMPERATURE (F)
 YESTERDAY
  MAXIMUM         59R   319 PM  58    1991  45     14       53
  MINIMUM         36    557 AM -12    1929  31      5       45
  AVERAGE         48                        38     10       49

PRECIPITATION (IN)
  YESTERDAY        0.00          0.60 1900   0.03  -0.03     0.42
  MONTH TO DATE    0.02                      0.25  -0.23     0.98
  SINCE OCT 1      4.40                      4.44  -0.04     6.00
  SINCE JAN 1      0.95                      1.33  -0.38     1.81

SNOWFALL (IN)
  YESTERDAY        0.0           3.0  2014   0.1   -0.1      0.0
  MONTH TO DATE    0.2                       0.8   -0.6       T
  SINCE DEC 1      6.4                       6.7   -0.3      1.5
  SINCE JUL 1      6.4                       8.5   -2.1      1.5
  SNOW DEPTH       0

DEGREE DAYS
 HEATING
  YESTERDAY       17                        27    -10       16
  MONTH TO DATE  215                       248    -33      169
  SINCE DEC 1   1888                      2127   -239     1822
  SINCE JUL 1   2891                      3367   -476     2800

 COOLING
  YESTERDAY        0                         0      0        0
  MONTH TO DATE    0                         0      0        0
  SINCE DEC 1      0                         0      0        0
  SINCE JAN 1      0                         0      0        0
..................................................................


WIND (MPH)
  HIGHEST WIND SPEED    21   HIGHEST WIND DIRECTION     S (170)
  HIGHEST GUST SPEED    24   HIGHEST GUST DIRECTION     S (180)
  AVERAGE WIND SPEED    10.4


SKY COVER
  POSSIBLE SUNSHINE  MM
  AVERAGE SKY COVER 0.0


WEATHER CONDITIONS
 THE FOLLOWING WEATHER WAS RECORDED YESTERDAY.
  NO SIGNIFICANT WEATHER WAS OBSERVED.


RELATIVE HUMIDITY (PERCENT)
 HIGHEST    82           600 AM
 LOWEST     40           200 PM
 AVERAGE    61

..........................................................


THE LEWISTON ID AIRPORT CLIMATE NORMALS FOR TODAY
                         NORMAL    RECORD    YEAR
 MAXIMUM TEMPERATURE (F)   45        66      1977
 MINIMUM TEMPERATURE (F)   31       -10      1929


SUNRISE AND SUNSET
FEBRUARY 10 2016......SUNRISE   700 AM PST   SUNSET   506 PM PST
FEBRUARY 11 2016......SUNRISE   658 AM PST   SUNSET   507 PM PST


-  INDICATES NEGATIVE NUMBERS.
R  INDICATES RECORD WAS SET OR TIED.
MM INDICATES DATA IS MISSING.
T  INDICATES TRACE AMOUNT.




$$
