000
CDUS46 KOTX 050826
CLILWS


CLIMATE REPORT
NATIONAL WEATHER SERVICE SPOKANE, WA
1225 AM PST MON DEC 5 2016


...................................

...THE LEWISTON ID AIRPORT CLIMATE SUMMARY FOR DECEMBER 4 2016...

CLIMATE NORMAL PERIOD 1981 TO 2010
CLIMATE RECORD PERIOD 1881 TO 2016


WEATHER ITEM   OBSERVED TIME   RECORD YEAR NORMAL DEPARTURE LAST
                VALUE   (LST)  VALUE       VALUE  FROM      YEAR
                                                  NORMAL
..................................................................
TEMPERATURE (F)
 YESTERDAY
  MAXIMUM         45    501 AM  63    2007  41      4       44
  MINIMUM         31   1146 PM  -5    1919  29      2       30
  AVERAGE         38                        35      3       37

PRECIPITATION (IN)
  YESTERDAY        0.13          0.62 1943   0.03   0.10     0.03
  MONTH TO DATE    0.13                      0.13   0.00     0.03
  SINCE OCT 1      3.42                      2.27   1.15     1.73
  SINCE JAN 1     13.61                     11.47   2.14     8.50

SNOWFALL (IN)
  YESTERDAY        0.0           2.0  1922   0.0    0.0      0.0
  MONTH TO DATE    0.0                       0.3   -0.3       T
  SINCE DEC 1      0.0                       0.3   -0.3       T
  SINCE JUL 1      0.0                       2.1   -2.1       T
  SNOW DEPTH       0

DEGREE DAYS
 HEATING
  YESTERDAY       27                        30     -3       28
  MONTH TO DATE  102                       117    -15      120
  SINCE DEC 1    102                       117    -15      120
  SINCE JUL 1   1051                      1357   -306     1123

 COOLING
  YESTERDAY        0                         0      0        0
  MONTH TO DATE    0                         0      0        0
  SINCE DEC 1      0                         0      0        0
  SINCE JAN 1    863                       807     56     1215
..................................................................


WIND (MPH)
  HIGHEST WIND SPEED    32   HIGHEST WIND DIRECTION    SW (230)
  HIGHEST GUST SPEED    42   HIGHEST GUST DIRECTION    SW (230)
  AVERAGE WIND SPEED    14.5


SKY COVER
  POSSIBLE SUNSHINE  MM
  AVERAGE SKY COVER 0.6


WEATHER CONDITIONS
 THE FOLLOWING WEATHER WAS RECORDED YESTERDAY.
  RAIN
  LIGHT RAIN


RELATIVE HUMIDITY (PERCENT)
 HIGHEST    82          1000 AM
 LOWEST     48           500 PM
 AVERAGE    65

..........................................................


THE LEWISTON ID AIRPORT CLIMATE NORMALS FOR TODAY
                         NORMAL    RECORD    YEAR
 MAXIMUM TEMPERATURE (F)   41        59      1939
 MINIMUM TEMPERATURE (F)   29         1      1919


SUNRISE AND SUNSET
DECEMBER  5 2016......SUNRISE   716 AM PST   SUNSET   402 PM PST
DECEMBER  6 2016......SUNRISE   717 AM PST   SUNSET   402 PM PST


-  INDICATES NEGATIVE NUMBERS.
R  INDICATES RECORD WAS SET OR TIED.
MM INDICATES DATA IS MISSING.
T  INDICATES TRACE AMOUNT.




$$
