000
CDUS46 KOTX 260825
CLILWS


CLIMATE REPORT
NATIONAL WEATHER SERVICE SPOKANE, WA
1222 AM PST FRI DEC 26 2014


...................................

...THE LEWISTON ID AIRPORT CLIMATE SUMMARY FOR DECEMBER 25 2014...

CLIMATE NORMAL PERIOD 1981 TO 2010
CLIMATE RECORD PERIOD 1881 TO 2014


WEATHER ITEM   OBSERVED TIME   RECORD YEAR NORMAL DEPARTURE LAST
                VALUE   (LST)  VALUE       VALUE  FROM      YEAR
                                                  NORMAL
..................................................................
TEMPERATURE (F)
 YESTERDAY
  MAXIMUM         44    149 PM  59    1980  39      5       39
                                      1929
  MINIMUM         32    812 AM  -6    1924  27      5       28
  AVERAGE         38                        33      5       34

PRECIPITATION (IN)
  YESTERDAY        0.00        0.75   1883  0.03  -0.03     0.00
  MONTH TO DATE    1.80                     0.78   1.02     0.72
  SINCE OCT 1      4.15                     2.92   1.23     1.52
  SINCE JAN 1     12.07                    12.12  -0.05     9.48

SNOWFALL (IN)
  YESTERDAY        0.0         4.1    1911  0.1   -0.1      0.0
  MONTH TO DATE    T                        2.7   -2.7      2.5
  SINCE DEC 1      T                        2.7   -2.7      2.5
  SINCE JUL 1      T                        4.5   -4.5      2.5
  SNOW DEPTH       0

DEGREE DAYS
 HEATING
  YESTERDAY       27                        32     -5       31
  MONTH TO DATE  609                       778   -169      874
  SINCE DEC 1    609                       778   -169      874
  SINCE JUL 1   1587                      2018   -431     2228

 COOLING
  YESTERDAY        0                         0      0        0
  MONTH TO DATE    0                         0      0        0
  SINCE DEC 1      0                         0      0        0
  SINCE JAN 1   1095                       807    288     1178
..................................................................


WIND (MPH)
  HIGHEST WIND SPEED    20   HIGHEST WIND DIRECTION     W (290)
  HIGHEST GUST SPEED    23   HIGHEST GUST DIRECTION     W (280)
  AVERAGE WIND SPEED     5.2


SKY COVER
  POSSIBLE SUNSHINE  MM
  AVERAGE SKY COVER 0.4


WEATHER CONDITIONS
 THE FOLLOWING WEATHER WAS RECORDED YESTERDAY.
  NO SIGNIFICANT WEATHER WAS OBSERVED.


RELATIVE HUMIDITY (PERCENT)
 HIGHEST    75           700 AM
 LOWEST     53          1200 PM
 AVERAGE    64

..........................................................


THE LEWISTON ID AIRPORT CLIMATE NORMALS FOR TODAY
                         NORMAL    RECORD    YEAR
 MAXIMUM TEMPERATURE (F)   39        62      1980
 MINIMUM TEMPERATURE (F)   27         8      1948


SUNRISE AND SUNSET
DECEMBER 26 2014......SUNRISE   731 AM PST   SUNSET   407 PM PST
DECEMBER 27 2014......SUNRISE   731 AM PST   SUNSET   408 PM PST


-  INDICATES NEGATIVE NUMBERS.
R  INDICATES RECORD WAS SET OR TIED.
MM INDICATES DATA IS MISSING.
T  INDICATES TRACE AMOUNT.

$$
