018
CDUS45 KTFX 260929
CLILWT


CLIMATE REPORT
NATIONAL WEATHER SERVICE GREAT FALLS MT
328 AM MDT WED APR 26 2017


...................................

...THE LEWISTOWN MT CLIMATE SUMMARY FOR APRIL 25 2017...

CLIMATE NORMAL PERIOD 1981 TO 2010
CLIMATE RECORD PERIOD 1896 TO 2017


WEATHER ITEM   OBSERVED TIME   RECORD YEAR NORMAL DEPARTURE LAST
                VALUE   (LST)  VALUE       VALUE  FROM      YEAR
                                                  NORMAL
..................................................................
TEMPERATURE (F)
 YESTERDAY
  MAXIMUM         46    231 PM  81    1898  57    -11       39
  MINIMUM         31    711 AM   9    1960  31      0       33
  AVERAGE         39                        44     -5       36

PRECIPITATION (IN)
  YESTERDAY        0.22          0.84 1912   0.06   0.16     0.19
  MONTH TO DATE    2.03                      1.12   0.91     1.33
  SINCE OCT 1      7.89                      5.62   2.27     5.61
  SINCE JAN 1      3.49                      3.12   0.37     3.53

SNOWFALL (IN)
  YESTERDAY       MM
  SNOW DEPTH       0

DEGREE DAYS
 HEATING
  YESTERDAY       26                        21      5       29
  MONTH TO DATE  558                       607    -49      421
  SINCE MAR 1   1440                      1602   -162     1216
  SINCE JUL 1   7251                      7406   -155     6174

 COOLING
  YESTERDAY        0                         0      0        0
  MONTH TO DATE    0                         0      0        0
  SINCE MAR 1      0                         0      0        0
  SINCE JAN 1      0                         0      0        0
..................................................................


WIND (MPH)
  HIGHEST WIND SPEED    18   HIGHEST WIND DIRECTION     E (90)
  HIGHEST GUST SPEED    22   HIGHEST GUST DIRECTION     E (90)
  AVERAGE WIND SPEED    10.9


SKY COVER
  AVERAGE SKY COVER 0.9


WEATHER CONDITIONS
 THE FOLLOWING WEATHER WAS RECORDED YESTERDAY.
  LIGHT RAIN
  LIGHT SNOW
  FOG


RELATIVE HUMIDITY (PERCENT)
 HIGHEST   100           300 AM
 LOWEST     65           200 PM
 AVERAGE    83

..........................................................


THE LEWISTOWN MT CLIMATE NORMALS FOR TODAY
                         NORMAL    RECORD    YEAR
 MAXIMUM TEMPERATURE (F)   57        86      1910
 MINIMUM TEMPERATURE (F)   32        17      1988


SUNRISE AND SUNSET
APRIL 26 2017.........SUNRISE   610 AM MDT   SUNSET   822 PM MDT
APRIL 27 2017.........SUNRISE   608 AM MDT   SUNSET   824 PM MDT


-  INDICATES NEGATIVE NUMBERS.
R  INDICATES RECORD WAS SET OR TIED.
MM INDICATES DATA IS MISSING.
T  INDICATES TRACE AMOUNT.




$$
