000
CDUS45 KTFX 220938
CLILWT


CLIMATE REPORT
NATIONAL WEATHER SERVICE GREAT FALLS MT
237 AM MST SUN JAN 22 2017


...................................

...THE LEWISTOWN MT CLIMATE SUMMARY FOR JANUARY 21 2017...

CLIMATE NORMAL PERIOD 1981 TO 2010
CLIMATE RECORD PERIOD 1896 TO 2017


WEATHER ITEM   OBSERVED TIME   RECORD YEAR NORMAL DEPARTURE LAST
                VALUE   (LST)  VALUE       VALUE  FROM      YEAR
                                                  NORMAL
..................................................................
TEMPERATURE (F)
 YESTERDAY
  MAXIMUM         33    311 PM  61    1981  34     -1       41
  MINIMUM         15    722 AM -34    1927  14      1       19
  AVERAGE         24                        24      0       30

PRECIPITATION (IN)
  YESTERDAY        0.00          0.50 1979   0.02  -0.02     0.00
  MONTH TO DATE    0.11                      0.40  -0.29     0.57
  SINCE OCT 1      4.51                      2.90   1.61     2.65
  SINCE JAN 1      0.11                      0.40  -0.29     0.57

SNOWFALL (IN)
  YESTERDAY        0.0
  SNOW DEPTH       T

DEGREE DAYS
 HEATING
  YESTERDAY       41                        41      0       35
  MONTH TO DATE 1089                       873    216      865
  SINCE DEC 1   2636                      2167    469     2050
  SINCE JUL 1   4362                      4295     67     3807

 COOLING
  YESTERDAY        0                         0      0        0
  MONTH TO DATE    0                         0      0        0
  SINCE DEC 1      0                         0      0        0
  SINCE JAN 1      0                         0      0        0
..................................................................


WIND (MPH)
  HIGHEST WIND SPEED    12   HIGHEST WIND DIRECTION    SW (220)
  HIGHEST GUST SPEED    12   HIGHEST GUST DIRECTION    SW (240)
  AVERAGE WIND SPEED     4.5


SKY COVER
  AVERAGE SKY COVER 0.0


WEATHER CONDITIONS
 THE FOLLOWING WEATHER WAS RECORDED YESTERDAY.
  NO SIGNIFICANT WEATHER WAS OBSERVED.


RELATIVE HUMIDITY (PERCENT)
 HIGHEST    84          1200 AM
 LOWEST     59          1100 AM
 AVERAGE    72

..........................................................


THE LEWISTOWN MT CLIMATE NORMALS FOR TODAY
                         NORMAL    RECORD    YEAR
 MAXIMUM TEMPERATURE (F)   35        73      1981
 MINIMUM TEMPERATURE (F)   14       -28      1943


SUNRISE AND SUNSET
JANUARY 22 2017.......SUNRISE   754 AM MST   SUNSET   506 PM MST
JANUARY 23 2017.......SUNRISE   753 AM MST   SUNSET   508 PM MST


-  INDICATES NEGATIVE NUMBERS.
R  INDICATES RECORD WAS SET OR TIED.
MM INDICATES DATA IS MISSING.
T  INDICATES TRACE AMOUNT.




$$
