000
CDUS45 KTFX 021029
CLILWT


CLIMATE REPORT
NATIONAL WEATHER SERVICE GREAT FALLS MT
327 AM MST FRI DEC 2 2016


...................................

...THE LEWISTOWN MT CLIMATE SUMMARY FOR DECEMBER 1 2016...

CLIMATE NORMAL PERIOD 1981 TO 2010
CLIMATE RECORD PERIOD 1896 TO 2016


WEATHER ITEM   OBSERVED TIME   RECORD YEAR NORMAL DEPARTURE LAST
                VALUE   (LST)  VALUE       VALUE  FROM      YEAR
                                                  NORMAL
..................................................................
TEMPERATURE (F)
 YESTERDAY
  MAXIMUM         40    109 PM  66    1988  37      3       42
  MINIMUM         19    733 AM -27    1985  15      4        9
  AVERAGE         30                        26      4       26

PRECIPITATION (IN)
  YESTERDAY        0.04          0.41 1982   0.02   0.02     0.00
  MONTH TO DATE    0.04                      0.02   0.02     0.00
  SINCE OCT 1      4.11                      1.86   2.25     1.41
  SINCE JAN 1     20.14                     16.21   3.93    13.49

SNOWFALL (IN)
  YESTERDAY       MM
  SNOW DEPTH       0

DEGREE DAYS
 HEATING
  YESTERDAY       35                        39     -4       39
  MONTH TO DATE   35                        39     -4       39
  SINCE DEC 1     35                        39     -4       39
  SINCE JUL 1   1761                      2167   -406     1796

 COOLING
  YESTERDAY        0                         0      0        0
  MONTH TO DATE    0                         0      0        0
  SINCE DEC 1      0                         0      0        0
  SINCE JAN 1    259                       210     49      343
..................................................................


WIND (MPH)
  HIGHEST WIND SPEED    14   HIGHEST WIND DIRECTION    NW (300)
  HIGHEST GUST SPEED    18   HIGHEST GUST DIRECTION    NW (300)
  AVERAGE WIND SPEED     6.2


SKY COVER
  AVERAGE SKY COVER 0.5


WEATHER CONDITIONS
 THE FOLLOWING WEATHER WAS RECORDED YESTERDAY.
  LIGHT SNOW
  FOG


RELATIVE HUMIDITY (PERCENT)
 HIGHEST    92           500 AM
 LOWEST     44           100 PM
 AVERAGE    68

..........................................................


THE LEWISTOWN MT CLIMATE NORMALS FOR TODAY
                         NORMAL    RECORD    YEAR
 MAXIMUM TEMPERATURE (F)   36        62      1907
 MINIMUM TEMPERATURE (F)   15       -27      1919


SUNRISE AND SUNSET
DECEMBER  2 2016......SUNRISE   745 AM MST   SUNSET   430 PM MST
DECEMBER  3 2016......SUNRISE   746 AM MST   SUNSET   430 PM MST


-  INDICATES NEGATIVE NUMBERS.
R  INDICATES RECORD WAS SET OR TIED.
MM INDICATES DATA IS MISSING.
T  INDICATES TRACE AMOUNT.




$$
