000
CDUS45 KTFX 200916
CLILWT


CLIMATE REPORT
NATIONAL WEATHER SERVICE GREAT FALLS MT
315 AM MDT WED AUG 20 2014


...................................

...THE LEWISTOWN MT CLIMATE SUMMARY FOR AUGUST 19 2014...

CLIMATE NORMAL PERIOD 1981 TO 2010
CLIMATE RECORD PERIOD 1896 TO 2014


WEATHER ITEM   OBSERVED TIME   RECORD YEAR NORMAL DEPARTURE LAST
                VALUE   (LST)  VALUE       VALUE  FROM      YEAR
                                                  NORMAL
..................................................................
TEMPERATURE (F)
 YESTERDAY
  MAXIMUM         89    258 PM  97    2008  80      9       91
  MINIMUM         52    514 AM  31    1907  49      3       49
  AVERAGE         71                        65      6       70

PRECIPITATION (IN)
  YESTERDAY        0.00          1.47 1964   0.06  -0.06     0.00
  MONTH TO DATE    1.29                      1.08   0.21     2.09
  SINCE OCT 1     12.39                     14.85  -2.46    20.46
  SINCE JAN 1     10.31                     12.35  -2.04    17.95

SNOWFALL (IN)
  YESTERDAY       MM
  SNOW DEPTH       0

DEGREE DAYS
 HEATING
  YESTERDAY        0                         3     -3        0
  MONTH TO DATE    0                        36    -36       14
  SINCE JUN 1    296                       336    -40      255
  SINCE JUL 1     10                       109    -99       35

 COOLING
  YESTERDAY        6                         3      3        5
  MONTH TO DATE  118                        67     51       44
  SINCE JUN 1    272                       175     97      167
  SINCE JAN 1    272                       177     95      170
..................................................................


WIND (MPH)
  HIGHEST WIND SPEED    16   HIGHEST WIND DIRECTION     W (250)
  HIGHEST GUST SPEED    22   HIGHEST GUST DIRECTION    NW (300)
  AVERAGE WIND SPEED     6.3


SKY COVER
  AVERAGE SKY COVER 0.1


WEATHER CONDITIONS
 THE FOLLOWING WEATHER WAS RECORDED YESTERDAY.
  NO SIGNIFICANT WEATHER WAS OBSERVED.


RELATIVE HUMIDITY (PERCENT)
 HIGHEST    72           400 AM
 LOWEST     15           300 PM
 AVERAGE    44

..........................................................


THE LEWISTOWN MT CLIMATE NORMALS FOR TODAY
                         NORMAL    RECORD    YEAR
 MAXIMUM TEMPERATURE (F)   80        97      1931
 MINIMUM TEMPERATURE (F)   49        32      1916


SUNRISE AND SUNSET
AUGUST 20 2014........SUNRISE   622 AM MDT   SUNSET   820 PM MDT
AUGUST 21 2014........SUNRISE   623 AM MDT   SUNSET   818 PM MDT


-  INDICATES NEGATIVE NUMBERS.
R  INDICATES RECORD WAS SET OR TIED.
MM INDICATES DATA IS MISSING.
T  INDICATES TRACE AMOUNT.




$$
