000
CDUS45 KTFX 070928
CLILWT


CLIMATE REPORT
NATIONAL WEATHER SERVICE GREAT FALLS MT
228 AM MST SUN FEB 7 2016


...................................

...THE LEWISTOWN MT CLIMATE SUMMARY FOR FEBRUARY 6 2016...

CLIMATE NORMAL PERIOD 1981 TO 2010
CLIMATE RECORD PERIOD 1896 TO 2016


WEATHER ITEM   OBSERVED TIME   RECORD YEAR NORMAL DEPARTURE LAST
                VALUE   (LST)  VALUE       VALUE  FROM      YEAR
                                                  NORMAL
..................................................................
TEMPERATURE (F)
 YESTERDAY
  MAXIMUM         44    729 AM  66    1987  35      9       64
  MINIMUM         29   1159 PM -33    2014  14     15       45
  AVERAGE         37                        25     12       55

PRECIPITATION (IN)
  YESTERDAY        T             0.33 1967   0.02  -0.02     0.00
  MONTH TO DATE    0.05                      0.10  -0.05     0.05
  SINCE OCT 1      2.80                      3.17  -0.37     3.17
  SINCE JAN 1      0.72                      0.67   0.05     0.86

SNOWFALL (IN)
  YESTERDAY       MM
  SNOW DEPTH      MM

DEGREE DAYS
 HEATING
  YESTERDAY       28                        40    -12       10
  MONTH TO DATE  233                       243    -10      202
  SINCE DEC 1   2597                      2820   -223     2510
  SINCE JUL 1   4354                      4948   -594     4427

 COOLING
  YESTERDAY        0                         0      0        0
  MONTH TO DATE    0                         0      0        0
  SINCE DEC 1      0                         0      0        0
  SINCE JAN 1      0                         0      0        0
..................................................................


WIND (MPH)
  HIGHEST WIND SPEED    49   HIGHEST WIND DIRECTION     W (270)
  HIGHEST GUST SPEED    59   HIGHEST GUST DIRECTION     W (270)
  AVERAGE WIND SPEED    25.2


SKY COVER
  AVERAGE SKY COVER 0.4


WEATHER CONDITIONS
 THE FOLLOWING WEATHER WAS RECORDED YESTERDAY.
  LIGHT RAIN


RELATIVE HUMIDITY (PERCENT)
 HIGHEST    70          1000 AM
 LOWEST     33           100 PM
 AVERAGE    52

..........................................................


THE LEWISTOWN MT CLIMATE NORMALS FOR TODAY
                         NORMAL    RECORD    YEAR
 MAXIMUM TEMPERATURE (F)   35        63      1991
 MINIMUM TEMPERATURE (F)   14       -34      1936


SUNRISE AND SUNSET
FEBRUARY  7 2016......SUNRISE   735 AM MST   SUNSET   529 PM MST
FEBRUARY  8 2016......SUNRISE   734 AM MST   SUNSET   531 PM MST


-  INDICATES NEGATIVE NUMBERS.
R  INDICATES RECORD WAS SET OR TIED.
MM INDICATES DATA IS MISSING.
T  INDICATES TRACE AMOUNT.




$$
