000
CDUS45 KTFX 211021
CLILWT


CLIMATE REPORT
NATIONAL WEATHER SERVICE GREAT FALLS MT
417 AM MDT TUE OCT 21 2014


...................................

...THE LEWISTOWN MT CLIMATE SUMMARY FOR OCTOBER 20 2014...

CLIMATE NORMAL PERIOD 1981 TO 2010
CLIMATE RECORD PERIOD 1896 TO 2014


WEATHER ITEM   OBSERVED TIME   RECORD YEAR NORMAL DEPARTURE LAST
                VALUE   (LST)  VALUE       VALUE  FROM      YEAR
                                                  NORMAL
..................................................................
TEMPERATURE (F)
 YESTERDAY
  MAXIMUM         78    144 PM  84    1927  55     23       50
  MINIMUM         41    256 AM  10    1916  30     11       37
  AVERAGE         60                        42     18       44

PRECIPITATION (IN)
  YESTERDAY        0.00          0.60 1958   0.03  -0.03      T
  MONTH TO DATE    0.58                      0.80  -0.22     1.03
  SINCE OCT 1      0.58                      0.80  -0.22     1.03
  SINCE JAN 1     17.15                     15.15   2.00    21.44

SNOWFALL (IN)
  YESTERDAY       MM
  SNOW DEPTH       0

DEGREE DAYS
 HEATING
  YESTERDAY        5                        23    -18       21
  MONTH TO DATE  253                       389   -136      470
  SINCE SEP 1    527                       708   -181      694
  SINCE JUL 1    608                       866   -258      733

 COOLING
  YESTERDAY        0                         0      0        0
  MONTH TO DATE    0                         0      0        0
  SINCE SEP 1     14                        14      0       47
  SINCE JAN 1    295                       210     85      277
..................................................................


WIND (MPH)
  HIGHEST WIND SPEED    18   HIGHEST WIND DIRECTION    SW (210)
  HIGHEST GUST SPEED    24   HIGHEST GUST DIRECTION    SW (220)
  AVERAGE WIND SPEED     8.0


SKY COVER
  AVERAGE SKY COVER 0.0


WEATHER CONDITIONS
 THE FOLLOWING WEATHER WAS RECORDED YESTERDAY.
  NO SIGNIFICANT WEATHER WAS OBSERVED.


RELATIVE HUMIDITY (PERCENT)
 HIGHEST    65           200 AM
 LOWEST     17           100 PM
 AVERAGE    41

..........................................................


THE LEWISTOWN MT CLIMATE NORMALS FOR TODAY
                         NORMAL    RECORD    YEAR
 MAXIMUM TEMPERATURE (F)   55        81      1927
 MINIMUM TEMPERATURE (F)   29         5      1930


SUNRISE AND SUNSET
OCTOBER 21 2014.......SUNRISE   745 AM MDT   SUNSET   620 PM MDT
OCTOBER 22 2014.......SUNRISE   746 AM MDT   SUNSET   618 PM MDT


-  INDICATES NEGATIVE NUMBERS.
R  INDICATES RECORD WAS SET OR TIED.
MM INDICATES DATA IS MISSING.
T  INDICATES TRACE AMOUNT.




$$
