000
CDUS43 KILX 080631
CLILWV


CLIMATE REPORT
NATIONAL WEATHER SERVICE LINCOLN IL
1230 AM CST THU DEC 8 2016


...................................

...THE LAWRENCEVILLE IL AIRPORT CLIMATE SUMMARY FOR DECEMBER 7 2016...

CLIMATE NORMAL PERIOD 1981 TO 2010
CLIMATE RECORD PERIOD 9999 TO 9999


WEATHER ITEM   OBSERVED TIME   RECORD YEAR NORMAL DEPARTURE LAST
                VALUE   (LST)  VALUE       VALUE  FROM      YEAR
                                                  NORMAL
..................................................................
TEMPERATURE (F)
 YESTERDAY
  MAXIMUM         37    341 PM  MM      MM  45     -8       45
  MINIMUM         26    704 AM  MM      MM  29     -3       42
  AVERAGE         32                        37     -5       44

PRECIPITATION (IN)
  YESTERDAY        0.00         MM      MM   0.12  -0.12     0.00
  MONTH TO DATE    0.42                      0.86  -0.44     0.05
  SINCE DEC 1      0.42                      0.86  -0.44     0.05
  SINCE JAN 1     40.78                     41.35  -0.57    41.70

DEGREE DAYS
 HEATING
  YESTERDAY       33                        28      5       21
  MONTH TO DATE  195                       186      9      195
  SINCE DEC 1    195                       186      9      195
  SINCE JUL 1    817                      1044   -227      892

 COOLING
  YESTERDAY        0                         0      0        0
  MONTH TO DATE    0                         0      0        0
  SINCE DEC 1      0                         0      0        0
  SINCE JAN 1   1615                      1387    228     1331
..................................................................


WIND (MPH)
  HIGHEST WIND SPEED    16   HIGHEST WIND DIRECTION    NW (310)
  HIGHEST GUST SPEED    23   HIGHEST GUST DIRECTION    SW (210)
  AVERAGE WIND SPEED     6.4


SKY COVER
  POSSIBLE SUNSHINE  MM
  AVERAGE SKY COVER 0.6


WEATHER CONDITIONS
 THE FOLLOWING WEATHER WAS RECORDED YESTERDAY.
  NO SIGNIFICANT WEATHER WAS OBSERVED.


RELATIVE HUMIDITY (PERCENT)
 HIGHEST    92           100 AM
 LOWEST     52           100 PM
 AVERAGE    72

..........................................................


THE LAWRENCEVILLE IL AIRPORT CLIMATE NORMALS FOR TODAY
                         NORMAL    RECORD    YEAR
 MAXIMUM TEMPERATURE (F)   45        MM        MM
 MINIMUM TEMPERATURE (F)   29        MM        MM


SUNRISE AND SUNSET
DECEMBER  8 2016......SUNRISE   656 AM CST   SUNSET   429 PM CST
DECEMBER  9 2016......SUNRISE   657 AM CST   SUNSET   429 PM CST


-  INDICATES NEGATIVE NUMBERS.
R  INDICATES RECORD WAS SET OR TIED.
MM INDICATES DATA IS MISSING.
T  INDICATES TRACE AMOUNT.




$$
