000
CDUS43 KILX 290646
CLILWV


CLIMATE REPORT
NATIONAL WEATHER SERVICE LINCOLN IL
144 AM CDT MON MAY 29 2017


...................................

...THE LAWRENCEVILLE IL AIRPORT CLIMATE SUMMARY FOR MAY 28 2017...

CLIMATE NORMAL PERIOD 1981 TO 2010
CLIMATE RECORD PERIOD 9999 TO 9999


WEATHER ITEM   OBSERVED TIME   RECORD YEAR NORMAL DEPARTURE LAST
                VALUE   (LST)  VALUE       VALUE  FROM      YEAR
                                                  NORMAL
..................................................................
TEMPERATURE (F)
 YESTERDAY
  MAXIMUM         79    204 PM  MM      MM  80     -1       87
  MINIMUM         62    507 AM  MM      MM  59      3       70
  AVERAGE         71                        70      1       79

PRECIPITATION (IN)
  YESTERDAY        0.00         MM      MM   0.11  -0.11     0.00
  MONTH TO DATE    5.90                      5.19   0.71     4.17
  SINCE MAR 1     13.66                     12.78   0.88    13.43
  SINCE JAN 1     17.81                     17.17   0.64    17.67

DEGREE DAYS
 HEATING
  YESTERDAY        0                         1     -1        0
  MONTH TO DATE   92                        79     13      115
  SINCE MAR 1    826                       995   -169      842
  SINCE JUL 1   3881                      4670   -789     4069

 COOLING
  YESTERDAY        6                         6      0       14
  MONTH TO DATE  106                        94     12       63
  SINCE MAR 1    153                       120     33       84
  SINCE JAN 1    153                       120     33       84
..................................................................


WIND (MPH)
  HIGHEST WIND SPEED    21   HIGHEST WIND DIRECTION     W (250)
  HIGHEST GUST SPEED    26   HIGHEST GUST DIRECTION     W (250)
  AVERAGE WIND SPEED    11.8


SKY COVER
  POSSIBLE SUNSHINE  MM
  AVERAGE SKY COVER 0.3


WEATHER CONDITIONS
 THE FOLLOWING WEATHER WAS RECORDED YESTERDAY.
  NO SIGNIFICANT WEATHER WAS OBSERVED.


RELATIVE HUMIDITY (PERCENT)
 HIGHEST   100           500 AM
 LOWEST     62           100 PM
 AVERAGE    81

..........................................................


THE LAWRENCEVILLE IL AIRPORT CLIMATE NORMALS FOR TODAY
                         NORMAL    RECORD    YEAR
 MAXIMUM TEMPERATURE (F)   81        MM        MM
 MINIMUM TEMPERATURE (F)   59        MM        MM


SUNRISE AND SUNSET
MAY 29 2017...........SUNRISE   529 AM CDT   SUNSET   808 PM CDT
MAY 30 2017...........SUNRISE   528 AM CDT   SUNSET   808 PM CDT


-  INDICATES NEGATIVE NUMBERS.
R  INDICATES RECORD WAS SET OR TIED.
MM INDICATES DATA IS MISSING.
T  INDICATES TRACE AMOUNT.




$$
