000
CDUS43 KILX 130658
CLILWV


CLIMATE REPORT
NATIONAL WEATHER SERVICE LINCOLN IL
1246 AM CST SAT FEB 13 2016


...................................

...THE LAWRENCEVILLE IL AIRPORT CLIMATE SUMMARY FOR FEBRUARY 12 2016...

CLIMATE NORMAL PERIOD 1981 TO 2010
CLIMATE RECORD PERIOD 9999 TO 9999


WEATHER ITEM   OBSERVED TIME   RECORD YEAR NORMAL DEPARTURE LAST
                VALUE   (LST)  VALUE       VALUE  FROM      YEAR
                                                  NORMAL
..................................................................
TEMPERATURE (F)
 YESTERDAY
  MAXIMUM         31    159 PM  MM      MM  43    -12       30
  MINIMUM         18   1159 PM  MM      MM  26     -8       17
  AVERAGE         25                        35    -10       24

PRECIPITATION (IN)
  YESTERDAY        T            MM      MM   0.08  -0.08      T
  MONTH TO DATE    0.14                      0.93  -0.79     0.54
  SINCE DEC 1      6.14                      6.70  -0.56     5.74
  SINCE JAN 1      1.20                      3.31  -2.11     2.50

DEGREE DAYS
 HEATING
  YESTERDAY       40                        30     10       41
  MONTH TO DATE  382                       380      2      392
  SINCE DEC 1   2092                      2373   -281     2342
  SINCE JUL 1   2789                      3231   -442     3477

 COOLING
  YESTERDAY        0                         0      0        0
  MONTH TO DATE    0                         0      0        0
  SINCE DEC 1      0                         0      0        0
  SINCE JAN 1      0                         0      0        0
..................................................................


WIND (MPH)
  HIGHEST WIND SPEED    28   HIGHEST WIND DIRECTION    NW (330)
  HIGHEST GUST SPEED    36   HIGHEST GUST DIRECTION     N (340)
  AVERAGE WIND SPEED    11.7


SKY COVER
  POSSIBLE SUNSHINE  MM
  AVERAGE SKY COVER 0.8


WEATHER CONDITIONS
 THE FOLLOWING WEATHER WAS RECORDED YESTERDAY.
  LIGHT SNOW
  FOG


RELATIVE HUMIDITY (PERCENT)
 HIGHEST    84           700 AM
 LOWEST     47          1000 PM
 AVERAGE    66

..........................................................


THE LAWRENCEVILLE IL AIRPORT CLIMATE NORMALS FOR TODAY
                         NORMAL    RECORD    YEAR
 MAXIMUM TEMPERATURE (F)   43        MM        MM
 MINIMUM TEMPERATURE (F)   26        MM        MM


SUNRISE AND SUNSET
FEBRUARY 13 2016......SUNRISE   644 AM CST   SUNSET   525 PM CST
FEBRUARY 14 2016......SUNRISE   643 AM CST   SUNSET   526 PM CST


-  INDICATES NEGATIVE NUMBERS.
R  INDICATES RECORD WAS SET OR TIED.
MM INDICATES DATA IS MISSING.
T  INDICATES TRACE AMOUNT.




$$
