000
CDUS43 KILX 020633
CLILWV


CLIMATE REPORT
NATIONAL WEATHER SERVICE LINCOLN IL
132 AM CDT TUE JUN 2 2015


...................................

...THE LAWRENCEVILLE IL AIRPORT CLIMATE SUMMARY FOR JUNE 1 2015...

CLIMATE NORMAL PERIOD 1981 TO 2010
CLIMATE RECORD PERIOD 9999 TO 9999


WEATHER ITEM   OBSERVED TIME   RECORD YEAR NORMAL DEPARTURE LAST
                VALUE   (LST)  VALUE       VALUE  FROM      YEAR
                                                  NORMAL
..................................................................
TEMPERATURE (F)
 YESTERDAY
  MAXIMUM         62    412 PM  MM      MM  81    -19       89
  MINIMUM         56    939 AM  MM      MM  60     -4       65
  AVERAGE         59                        71    -12       77

PRECIPITATION (IN)
  YESTERDAY        0.01         MM      MM   0.17  -0.16     0.19
  MONTH TO DATE    0.01                      0.17  -0.16     0.19
  SINCE JUN 1      0.01                      0.17  -0.16     0.19
  SINCE JAN 1     16.97                     17.73  -0.76    15.80

DEGREE DAYS
 HEATING
  YESTERDAY        6                         1      5        0
  MONTH TO DATE    6                         1      5        0
  SINCE JUN 1      6                         1      5        0
  SINCE JUL 1   5328                      4674    654     5549

 COOLING
  YESTERDAY        0                         7     -7       12
  MONTH TO DATE    0                         7     -7       12
  SINCE JUN 1      0                         7     -7       12
  SINCE JAN 1    155                       146      9      203
..................................................................


WIND (MPH)
  HIGHEST WIND SPEED    15   HIGHEST WIND DIRECTION    NE (30)
  HIGHEST GUST SPEED    18   HIGHEST GUST DIRECTION    NE (40)
  AVERAGE WIND SPEED     8.5


SKY COVER
  POSSIBLE SUNSHINE  MM
  AVERAGE SKY COVER 1.0


WEATHER CONDITIONS
 THE FOLLOWING WEATHER WAS RECORDED YESTERDAY.
  LIGHT RAIN


RELATIVE HUMIDITY (PERCENT)
 HIGHEST    93           300 AM
 LOWEST     72          1100 AM
 AVERAGE    83

..........................................................


THE LAWRENCEVILLE IL AIRPORT CLIMATE NORMALS FOR TODAY
                         NORMAL    RECORD    YEAR
 MAXIMUM TEMPERATURE (F)   82        MM        MM
 MINIMUM TEMPERATURE (F)   60        MM        MM


SUNRISE AND SUNSET
JUNE  2 2015..........SUNRISE   527 AM CDT   SUNSET   810 PM CDT
JUNE  3 2015..........SUNRISE   527 AM CDT   SUNSET   811 PM CDT


-  INDICATES NEGATIVE NUMBERS.
R  INDICATES RECORD WAS SET OR TIED.
MM INDICATES DATA IS MISSING.
T  INDICATES TRACE AMOUNT.




$$
