000
CDUS41 KRNK 032120
CLILYH


CLIMATE REPORT
NATIONAL WEATHER SERVICE BLACKSBURG VA
518 PM EDT THU SEP 3 2015


...................................

...THE LYNCHBURG VA CLIMATE SUMMARY FOR SEPTEMBER 3 2015...
VALID TODAY AS OF 0500 PM LOCAL TIME.

CLIMATE NORMAL PERIOD 1981 TO 2010
CLIMATE RECORD PERIOD 1893 TO 2015


WEATHER ITEM   OBSERVED TIME   RECORD YEAR NORMAL DEPARTURE LAST
                VALUE   (LST)  VALUE       VALUE  FROM      YEAR
                                                  NORMAL
..................................................................
TEMPERATURE (F)
 TODAY
  MAXIMUM         92    138 PM  96    1953  83      9       84
                                      1930
                                      1912
  MINIMUM         60    529 AM  46    1967  60      0       67
  AVERAGE         76                        71      5       76

PRECIPITATION (IN)
  TODAY            0.00          4.72 1907   0.13  -0.13      T
  MONTH TO DATE    0.00                      0.39  -0.39     0.55
  SINCE SEP 1      0.00                      0.39  -0.39     0.55
  SINCE JAN 1     24.74                     28.32  -3.58    34.54

SNOWFALL (IN)
  TODAY            0.0                                       0.0
  MONTH TO DATE    0.0                                       0.0
  SINCE SEP 1      0.0                                       0.0
  SINCE JUL 1      0.0                                       0.0
  SNOW DEPTH       0

DEGREE DAYS
 HEATING
  TODAY            0                         0      0        0
  MONTH TO DATE    0                         0      0        0
  SINCE SEP 1      0                         0      0        0
  SINCE JUL 1      0                         3     -3        0

 COOLING
  TODAY           11                         7      4       11
  MONTH TO DATE   36                        21     15       37
  SINCE SEP 1     36                        21     15       37
  SINCE JAN 1   1061                       919    142      867
..................................................................


WIND (MPH)
  HIGHEST WIND SPEED     9   HIGHEST WIND DIRECTION    NE (30)
  HIGHEST GUST SPEED    13   HIGHEST GUST DIRECTION     N (350)
  AVERAGE WIND SPEED     2.7


SKY COVER
  AVERAGE SKY COVER 0.1


WEATHER CONDITIONS
 THE FOLLOWING WEATHER WAS RECORDED TODAY.
  NO SIGNIFICANT WEATHER WAS OBSERVED.


RELATIVE HUMIDITY (PERCENT)
 HIGHEST   100          1200 AM
 LOWEST     41           200 PM
 AVERAGE    71

..........................................................


THE LYNCHBURG VA CLIMATE NORMALS FOR TOMORROW
                         NORMAL    RECORD    YEAR
 MAXIMUM TEMPERATURE (F)   82        99      1925
 MINIMUM TEMPERATURE (F)   60        43      1997


SUNRISE AND SUNSET
SEPTEMBER  3 2015.....SUNRISE   649 AM EDT   SUNSET   743 PM EDT
SEPTEMBER  4 2015.....SUNRISE   650 AM EDT   SUNSET   742 PM EDT


-  INDICATES NEGATIVE NUMBERS.
R  INDICATES RECORD WAS SET OR TIED.
MM INDICATES DATA IS MISSING.
T  INDICATES TRACE AMOUNT.




$$
