000
CDUS41 KRNK 290615
CLILYH


CLIMATE REPORT
NATIONAL WEATHER SERVICE BLACKSBURG VA
215 AM EDT THU SEP 29 2016


...................................

...THE LYNCHBURG VA CLIMATE SUMMARY FOR SEPTEMBER 28 2016...

CLIMATE NORMAL PERIOD 1981 TO 2010
CLIMATE RECORD PERIOD 1893 TO 2016


WEATHER ITEM   OBSERVED TIME   RECORD YEAR NORMAL DEPARTURE LAST
                VALUE   (LST)  VALUE       VALUE  FROM      YEAR
                                                  NORMAL
..................................................................
TEMPERATURE (F)
 YESTERDAY
  MAXIMUM         77    324 PM  93    1936  74      3       72
  MINIMUM         64    256 AM  38    1989  51     13       64
  AVERAGE         71                        62      9       68

PRECIPITATION (IN)
  YESTERDAY        0.07          1.92 2004   0.12  -0.05     0.15
  MONTH TO DATE    2.38                      3.63  -1.25     4.04
  SINCE SEP 1      2.38                      3.63  -1.25     4.04
  SINCE JAN 1     35.50                     31.56   3.94    28.78

SNOWFALL (IN)
  YESTERDAY        0.0                                       0.0
  MONTH TO DATE    0.0                                       0.0
  SINCE SEP 1      0.0                                       0.0
  SINCE JUL 1      0.0                                       0.0
  SNOW DEPTH       0

DEGREE DAYS
 HEATING
  YESTERDAY        0                         4     -4        0
  MONTH TO DATE    0                        45    -45       27
  SINCE SEP 1      0                        45    -45       27
  SINCE JUL 1      0                        48    -48       27

 COOLING
  YESTERDAY        6                         2      4        3
  MONTH TO DATE  234                       115    119      146
  SINCE SEP 1    234                       115    119      146
  SINCE JAN 1   1312                      1013    299     1171
..................................................................


WIND (MPH)
  HIGHEST WIND SPEED    13   HIGHEST WIND DIRECTION    NE (50)
  HIGHEST GUST SPEED    19   HIGHEST GUST DIRECTION    NE (30)
  AVERAGE WIND SPEED     4.4


SKY COVER
  AVERAGE SKY COVER 0.8


WEATHER CONDITIONS
 THE FOLLOWING WEATHER WAS RECORDED YESTERDAY.
  THUNDERSTORM
  HEAVY RAIN
  LIGHT RAIN
  FOG


RELATIVE HUMIDITY (PERCENT)
 HIGHEST   100           100 AM
 LOWEST     69           200 PM
 AVERAGE    85

..........................................................


THE LYNCHBURG VA CLIMATE NORMALS FOR TODAY
                         NORMAL    RECORD    YEAR
 MAXIMUM TEMPERATURE (F)   73        90      1953
 MINIMUM TEMPERATURE (F)   50        35      1942


SUNRISE AND SUNSET
SEPTEMBER 29 2016.....SUNRISE   711 AM EDT   SUNSET   702 PM EDT
SEPTEMBER 30 2016.....SUNRISE   712 AM EDT   SUNSET   701 PM EDT


-  INDICATES NEGATIVE NUMBERS.
R  INDICATES RECORD WAS SET OR TIED.
MM INDICATES DATA IS MISSING.
T  INDICATES TRACE AMOUNT.




$$
