000
CDUS41 KRNK 290551
CLILYH


CLIMATE REPORT
NATIONAL WEATHER SERVICE BLACKSBURG VA
148 AM EDT SUN MAY 29 2016


...................................

...THE LYNCHBURG VA CLIMATE SUMMARY FOR MAY 28 2016...

CLIMATE NORMAL PERIOD 1981 TO 2010
CLIMATE RECORD PERIOD 1893 TO 2016


WEATHER ITEM   OBSERVED TIME   RECORD YEAR NORMAL DEPARTURE LAST
                VALUE   (LST)  VALUE       VALUE  FROM      YEAR
                                                  NORMAL
..................................................................
TEMPERATURE (F)
 YESTERDAY
  MAXIMUM         84    223 PM  97    1941  78      6       87
  MINIMUM         61    532 AM  39    1961  55      6       60
  AVERAGE         73                        66      7       74

PRECIPITATION (IN)
  YESTERDAY        0.00          1.50 1990   0.14  -0.14     0.01
  MONTH TO DATE    6.76                      3.34   3.42     1.57
  SINCE MAR 1     12.24                     10.23   2.01     8.91
  SINCE JAN 1     19.53                     16.30   3.23    13.29

SNOWFALL (IN)
  YESTERDAY        0.0                                       0.0
  MONTH TO DATE    0.0                                       0.0
  SINCE MAR 1      T                                         2.5
  SINCE JUL 1     15.6                                      22.9
  SNOW DEPTH       0

DEGREE DAYS
 HEATING
  YESTERDAY        0                         2     -2        0
  MONTH TO DATE  117                       116      1       59
  SINCE MAR 1    799                      1015   -216      938
  SINCE JUL 1   3765                      4439   -674     4627

 COOLING
  YESTERDAY        8                         3      5        9
  MONTH TO DATE   33                        52    -19      113
  SINCE MAR 1     50                        70    -20      121
  SINCE JAN 1     50                        70    -20      121
..................................................................


WIND (MPH)
  HIGHEST WIND SPEED    12   HIGHEST WIND DIRECTION    SE (150)
  HIGHEST GUST SPEED    15   HIGHEST GUST DIRECTION     S (160)
  AVERAGE WIND SPEED     3.8


SKY COVER
  AVERAGE SKY COVER 0.2


WEATHER CONDITIONS
 THE FOLLOWING WEATHER WAS RECORDED YESTERDAY.
  NO SIGNIFICANT WEATHER WAS OBSERVED.


RELATIVE HUMIDITY (PERCENT)
 HIGHEST    93           300 AM
 LOWEST     43           500 PM
 AVERAGE    68

..........................................................


THE LYNCHBURG VA CLIMATE NORMALS FOR TODAY
                         NORMAL    RECORD    YEAR
 MAXIMUM TEMPERATURE (F)   79        95      1941
 MINIMUM TEMPERATURE (F)   55        40      2008


SUNRISE AND SUNSET
MAY 29 2016...........SUNRISE   559 AM EDT   SUNSET   830 PM EDT
MAY 30 2016...........SUNRISE   558 AM EDT   SUNSET   831 PM EDT


-  INDICATES NEGATIVE NUMBERS.
R  INDICATES RECORD WAS SET OR TIED.
MM INDICATES DATA IS MISSING.
T  INDICATES TRACE AMOUNT.

REMARKS:
DUE TO A SENSOR FAILURE CAUSING MISSING TEMPERATURES ON OCTOBER 22
AND 23...THE SEASONAL HEATING DEGREE DAY TOTAL AND DEPARTURE FROM
NORMAL WILL BE CALCULATED WITHOUT DATA FROM THESE DATES.


$$
RCS
