000
CDUS41 KRNK 271003
CLILYH


CLIMATE REPORT
NATIONAL WEATHER SERVICE BLACKSBURG VA
453 AM EST TUE JAN 27 2015


...................................

...THE LYNCHBURG VA CLIMATE SUMMARY FOR JANUARY 26 2015...

CLIMATE NORMAL PERIOD 1981 TO 2010
CLIMATE RECORD PERIOD 1893 TO 2015


WEATHER ITEM   OBSERVED TIME   RECORD YEAR NORMAL DEPARTURE LAST
                VALUE   (LST)  VALUE       VALUE  FROM      YEAR
                                                  NORMAL
..................................................................
TEMPERATURE (F)
 YESTERDAY
  MAXIMUM         43   1229 AM  75    1950  46     -3       46
  MINIMUM         34   1159 PM  10    1940  25      9       17
                                      1922
  AVERAGE         39                        35      4       32

PRECIPITATION (IN)
  YESTERDAY        0.06          0.90 2011   0.09  -0.03     0.00
  MONTH TO DATE    1.86                      2.62  -0.76     3.25
  SINCE DEC 1      4.98                      5.86  -0.88     8.94
  SINCE JAN 1      1.86                      2.62  -0.76     3.25

SNOWFALL (IN)
  YESTERDAY        0.0
  MONTH TO DATE    0.1
  SINCE DEC 1      0.1
  SINCE JUL 1      0.1
  SNOW DEPTH       0

DEGREE DAYS
 HEATING
  YESTERDAY       26                        30     -4       33
  MONTH TO DATE  784                       780      4      892
  SINCE DEC 1   1538                      1631    -93     1628
  SINCE JUL 1   2514                      2525    -11     2546

 COOLING
  YESTERDAY        0                         0      0        0
  MONTH TO DATE    0                         0      0        0
  SINCE DEC 1      0                         0      0        0
  SINCE JAN 1      0                         0      0        0
..................................................................


WIND (MPH)
  HIGHEST WIND SPEED    14   HIGHEST WIND DIRECTION    NE (40)
  HIGHEST GUST SPEED    16   HIGHEST GUST DIRECTION    NE (40)
  AVERAGE WIND SPEED     6.5


SKY COVER
  POSSIBLE SUNSHINE  MM
  AVERAGE SKY COVER 1.0


WEATHER CONDITIONS
 THE FOLLOWING WEATHER WAS RECORDED YESTERDAY.
  LIGHT RAIN
  FOG


RELATIVE HUMIDITY (PERCENT)
 HIGHEST   100           500 AM
 LOWEST     70          1200 AM
 AVERAGE    85

..........................................................


THE LYNCHBURG VA CLIMATE NORMALS FOR TODAY
                         NORMAL    RECORD    YEAR
 MAXIMUM TEMPERATURE (F)   46        74      1944
 MINIMUM TEMPERATURE (F)   25         3      1982


SUNRISE AND SUNSET
JANUARY 27 2015.......SUNRISE   724 AM EST   SUNSET   536 PM EST
JANUARY 28 2015.......SUNRISE   723 AM EST   SUNSET   537 PM EST


-  INDICATES NEGATIVE NUMBERS.
R  INDICATES RECORD WAS SET OR TIED.
MM INDICATES DATA IS MISSING.
T  INDICATES TRACE AMOUNT.




$$
