000
CDUS41 KRNK 290742
CLILYH


CLIMATE REPORT
NATIONAL WEATHER SERVICE BLACKSBURG VA
337 AM EDT FRI MAY 29 2015


...................................

...THE LYNCHBURG VA CLIMATE SUMMARY FOR MAY 28 2015...

CLIMATE NORMAL PERIOD 1981 TO 2010
CLIMATE RECORD PERIOD 1893 TO 2015


WEATHER ITEM   OBSERVED TIME   RECORD YEAR NORMAL DEPARTURE LAST
                VALUE   (LST)  VALUE       VALUE  FROM      YEAR
                                                  NORMAL
..................................................................
TEMPERATURE (F)
 YESTERDAY
  MAXIMUM         87    125 PM  97    1941  78      9       87
  MINIMUM         60    536 AM  39    1961  55      5       61
  AVERAGE         74                        66      8       74

PRECIPITATION (IN)
  YESTERDAY        0.01          1.50 1990   0.14  -0.13     0.00
  MONTH TO DATE    1.57                      3.34  -1.77     5.27
  SINCE MAR 1      8.91                     10.23  -1.32    13.82
  SINCE JAN 1     13.29                     16.30  -3.01    20.90

SNOWFALL (IN)
  YESTERDAY        0.0                                       0.0
  MONTH TO DATE    0.0                                       0.0
  SINCE MAR 1      2.5                                       9.4
  SINCE JUL 1     22.9                                      21.4
  SNOW DEPTH       0

DEGREE DAYS
 HEATING
  YESTERDAY        0                         2     -2        0
  MONTH TO DATE   59                       116    -57       65
  SINCE MAR 1    938                      1015    -77      926
  SINCE JUL 1   4627                      4439    188     4440

 COOLING
  YESTERDAY        9                         3      6        9
  MONTH TO DATE  113                        52     61       89
  SINCE MAR 1    121                        70     51      108
  SINCE JAN 1    121                        70     51      108
..................................................................


WIND (MPH)
  HIGHEST WIND SPEED    16   HIGHEST WIND DIRECTION     S (180)
  HIGHEST GUST SPEED    21   HIGHEST GUST DIRECTION     S (180)
  AVERAGE WIND SPEED     3.4


SKY COVER
  AVERAGE SKY COVER 0.2


WEATHER CONDITIONS
 THE FOLLOWING WEATHER WAS RECORDED YESTERDAY.
  LIGHT RAIN
  FOG
  FOG W/VISIBILITY <= 1/4 MILE


RELATIVE HUMIDITY (PERCENT)
 HIGHEST   100           100 AM
 LOWEST     42           100 PM
 AVERAGE    71

..........................................................


THE LYNCHBURG VA CLIMATE NORMALS FOR TODAY
                         NORMAL    RECORD    YEAR
 MAXIMUM TEMPERATURE (F)   79        95      1941
 MINIMUM TEMPERATURE (F)   55        40      2008


SUNRISE AND SUNSET
MAY 29 2015...........SUNRISE   559 AM EDT   SUNSET   830 PM EDT
MAY 30 2015...........SUNRISE   559 AM EDT   SUNSET   830 PM EDT


-  INDICATES NEGATIVE NUMBERS.
R  INDICATES RECORD WAS SET OR TIED.
MM INDICATES DATA IS MISSING.
T  INDICATES TRACE AMOUNT.




$$
