000
CDUS41 KRNK 310911
CLILYH

CLIMATE REPORT
NATIONAL WEATHER SERVICE BLACKSBURG VA
234 AM EDT FRI JUL 31 2015


...................................

...THE LYNCHBURG VA CLIMATE SUMMARY FOR JULY 30 2015...

CLIMATE NORMAL PERIOD 1981 TO 2010
CLIMATE RECORD PERIOD 1893 TO 2015


WEATHER ITEM   OBSERVED TIME   RECORD YEAR NORMAL DEPARTURE LAST
                VALUE   (LST)  VALUE       VALUE  FROM      YEAR
                                                  NORMAL
..................................................................
TEMPERATURE (F)
 YESTERDAY
  MAXIMUM         89    552 PM 100    1953  86      3       79
  MINIMUM         70    540 AM  52    1997  64      6       54
  AVERAGE         80                        75      5       67

PRECIPITATION (IN)
  YESTERDAY        T             1.63 1966   0.15  -0.15     0.00
  MONTH TO DATE    3.79                      4.21  -0.42     5.74
  SINCE JUN 1      9.38                      7.83   1.55     8.14
  SINCE JAN 1     22.76                     24.52  -1.76    29.16

SNOWFALL (IN)
  YESTERDAY        0.0                                       0.0
  MONTH TO DATE    0.0                                       0.0
  SINCE JUN 1      0.0                                       0.0
  SINCE JUL 1      0.0                                       0.0
  SNOW DEPTH       0

DEGREE DAYS
 HEATING
  YESTERDAY        0                         0      0        0
  MONTH TO DATE    0                         0      0        0
  SINCE JUN 1     13                        14     -1        1
  SINCE JUL 1      0                         0      0        0

 COOLING
  YESTERDAY       15                        10      5        2
  MONTH TO DATE  319                       300     19      286
  SINCE JUN 1    597                       514     83      541
  SINCE JAN 1    745                       596    149      655
..................................................................


WIND (MPH)
  HIGHEST WIND SPEED     9   HIGHEST WIND DIRECTION     W (250)
  HIGHEST GUST SPEED    16   HIGHEST GUST DIRECTION     W (280)
  AVERAGE WIND SPEED     2.4


SKY COVER
  AVERAGE SKY COVER 0.2


WEATHER CONDITIONS
 THE FOLLOWING WEATHER WAS RECORDED YESTERDAY.
  LIGHT RAIN
  FOG


RELATIVE HUMIDITY (PERCENT)
 HIGHEST    87           900 PM
 LOWEST     58          1100 PM
 AVERAGE    73

..........................................................


THE LYNCHBURG VA CLIMATE NORMALS FOR TODAY
                         NORMAL    RECORD    YEAR
 MAXIMUM TEMPERATURE (F)   86        99      1931
 MINIMUM TEMPERATURE (F)   64        49      1997


SUNRISE AND SUNSET
JULY 31 2015..........SUNRISE   620 AM EDT   SUNSET   826 PM EDT
AUGUST  1 2015........SUNRISE   621 AM EDT   SUNSET   825 PM EDT


-  INDICATES NEGATIVE NUMBERS.
R  INDICATES RECORD WAS SET OR TIED.
MM INDICATES DATA IS MISSING.
T  INDICATES TRACE AMOUNT.




$$
