000
CDUS41 KRNK 300912
CLILYH


CLIMATE REPORT
NATIONAL WEATHER SERVICE BLACKSBURG VA
509 AM EDT SAT AUG 30 2014


...................................

...THE LYNCHBURG VA CLIMATE SUMMARY FOR AUGUST 29 2014...

CLIMATE NORMAL PERIOD 1981 TO 2010
CLIMATE RECORD PERIOD 1893 TO 2014


WEATHER ITEM   OBSERVED TIME   RECORD YEAR NORMAL DEPARTURE LAST
                VALUE   (LST)  VALUE       VALUE  FROM      YEAR
                                                  NORMAL
..................................................................
TEMPERATURE (F)
 YESTERDAY
  MAXIMUM         79    501 PM  98    1953  84     -5       85
  MINIMUM         63    615 AM  47    1986  61      2       68
  AVERAGE         71                        73     -2       77

PRECIPITATION (IN)
  YESTERDAY        0.00          1.69 1988   0.10  -0.10     0.01
  MONTH TO DATE    4.78                      3.04   1.74     3.25
  SINCE JUN 1     12.97                     11.02   1.95    12.98
  SINCE JAN 1     33.99                     27.71   6.28    33.42

SNOWFALL (IN)
  YESTERDAY        0.0
  MONTH TO DATE    0.0
  SINCE JUN 1      0.0
  SINCE JUL 1      0.0
  SNOW DEPTH       0

DEGREE DAYS
 HEATING
  YESTERDAY        0                         0      0        0
  MONTH TO DATE    0                         0      0        5
  SINCE JUN 1      1                        15    -14        6
  SINCE JUL 1      0                         1     -1        5

 COOLING
  YESTERDAY        6                         8     -2       12
  MONTH TO DATE  145                       270   -125      239
  SINCE JUN 1    690                       802   -112      871
  SINCE JAN 1    804                       884    -80     1006
..................................................................


WIND (MPH)
  HIGHEST WIND SPEED    14   HIGHEST WIND DIRECTION     N (20)
  HIGHEST GUST SPEED    18   HIGHEST GUST DIRECTION     N (10)
  AVERAGE WIND SPEED     6.1


SKY COVER
  POSSIBLE SUNSHINE  MM
  AVERAGE SKY COVER 0.6


WEATHER CONDITIONS
 THE FOLLOWING WEATHER WAS RECORDED YESTERDAY.
  NO SIGNIFICANT WEATHER WAS OBSERVED.


RELATIVE HUMIDITY (PERCENT)
 HIGHEST    90          1200 AM
 LOWEST     54           400 PM
 AVERAGE    72

..........................................................


THE LYNCHBURG VA CLIMATE NORMALS FOR TODAY
                         NORMAL    RECORD    YEAR
 MAXIMUM TEMPERATURE (F)   84       101      1932
 MINIMUM TEMPERATURE (F)   61        45      1965


SUNRISE AND SUNSET
AUGUST 30 2014........SUNRISE   646 AM EDT   SUNSET   749 PM EDT
AUGUST 31 2014........SUNRISE   646 AM EDT   SUNSET   747 PM EDT


-  INDICATES NEGATIVE NUMBERS.
R  INDICATES RECORD WAS SET OR TIED.
MM INDICATES DATA IS MISSING.
T  INDICATES TRACE AMOUNT.


REMARKS:
DUE TO A SYSTEM FAILURE CAUSING MISSING TEMPERATURES ON
AUGUST 21-24...ALL TEMPERATURE DATA AND CDD WILL BE CALCULATED
WITHOUT DATA FROM THOSE DATES.


$$
