000
CDUS41 KRNK 250832
CLILYH


CLIMATE REPORT
NATIONAL WEATHER SERVICE BLACKSBURG VA
426 AM EDT SUN JUN 25 2017


...................................

...THE LYNCHBURG VA CLIMATE SUMMARY FOR JUNE 24 2017...

CLIMATE NORMAL PERIOD 1981 TO 2010
CLIMATE RECORD PERIOD 1893 TO 2017


WEATHER ITEM   OBSERVED TIME   RECORD YEAR NORMAL DEPARTURE LAST
                VALUE   (LST)  VALUE       VALUE  FROM      YEAR
                                                  NORMAL
..................................................................
TEMPERATURE (F)
 YESTERDAY
  MAXIMUM         86    527 PM  98    1930  85      1       83
                                      1914
  MINIMUM         62   1131 PM  48    1918  62      0       64
  AVERAGE         74                        74      0       74

PRECIPITATION (IN)
  YESTERDAY        0.22          2.45 1905   0.11   0.11     0.07
  MONTH TO DATE    2.09                      2.95  -0.86     5.36
  SINCE JUN 1      2.09                      2.95  -0.86     5.36
  SINCE JAN 1     21.19                     19.64   1.55    25.02

SNOWFALL (IN)
  YESTERDAY        0.0                                       0.0
  MONTH TO DATE    0.0                                       0.0
  SINCE JUN 1      0.0                                       0.0
  SINCE JUL 1      5.9                                      15.6
  SNOW DEPTH       0

DEGREE DAYS
 HEATING
  YESTERDAY        0                         0      0        0
  MONTH TO DATE    4                        13     -9        1
  SINCE JUN 1      4                        13     -9        1
  SINCE JUL 1   3506                      4458   -952     3766

 COOLING
  YESTERDAY        9                         9      0        9
  MONTH TO DATE  185                       158     27      179
  SINCE JUN 1    185                       158     27      179
  SINCE JAN 1    321                       240     81      250
..................................................................


WIND (MPH)
  HIGHEST WIND SPEED    26   HIGHEST WIND DIRECTION     S (200)
  HIGHEST GUST SPEED    36   HIGHEST GUST DIRECTION     S (190)
  AVERAGE WIND SPEED     6.0


SKY COVER
  AVERAGE SKY COVER 0.2


WEATHER CONDITIONS
 THE FOLLOWING WEATHER WAS RECORDED YESTERDAY.
  HEAVY RAIN
  RAIN
  LIGHT RAIN
  FOG


RELATIVE HUMIDITY (PERCENT)
 HIGHEST    87           200 AM
 LOWEST     40           600 PM
 AVERAGE    64

..........................................................


THE LYNCHBURG VA CLIMATE NORMALS FOR TODAY
                         NORMAL    RECORD    YEAR
 MAXIMUM TEMPERATURE (F)   86       101      1914
 MINIMUM TEMPERATURE (F)   63        50      1979


SUNRISE AND SUNSET
JUNE 25 2017..........SUNRISE   558 AM EDT   SUNSET   841 PM EDT
JUNE 26 2017..........SUNRISE   558 AM EDT   SUNSET   841 PM EDT


-  INDICATES NEGATIVE NUMBERS.
R  INDICATES RECORD WAS SET OR TIED.
MM INDICATES DATA IS MISSING.
T  INDICATES TRACE AMOUNT.

REMARKS:
DUE TO A POWER OUTAGE CAUSING A MISSING LOW TEMPERATURE ON FEBRUARY 23...
THE SEASONAL HEATING DEGREE DAY TOTAL AND DEPARTURE FROM NORMAL WILL BE
CALCULATED WITHOUT DATA FROM THIS DATE.

$$

RAB
