000
CDUS44 KLZK 191006
CLILZK


CLIMATE REPORT
NATIONAL WEATHER SERVICE LITTLE ROCK AR
406 AM CST FRI DEC 19 2014


...................................

...THE NORTH LITTLE ROCK CLIMATE SUMMARY FOR DECEMBER 18 2014...

CLIMATE NORMAL PERIOD 1981 TO 2010
CLIMATE RECORD PERIOD 1975 TO 2014


WEATHER ITEM   OBSERVED TIME   RECORD YEAR NORMAL DEPARTURE LAST
                VALUE   (LST)  VALUE       VALUE  FROM      YEAR
                                                  NORMAL
..................................................................
TEMPERATURE (F)
 YESTERDAY
  MAXIMUM         41        MM  69    2006  50     -9       63
                                      1980
  MINIMUM         35        MM  11    1981  34      1       38
  AVERAGE         38                        42     -4       51

PRECIPITATION (IN)
  YESTERDAY        0.13          0.90 2002   0.16  -0.03     0.00
  MONTH TO DATE    1.98                      3.08  -1.10     2.15
  SINCE DEC 1      1.98                      3.08  -1.10     2.15
  SINCE JAN 1     46.14                     48.10  -1.96    46.13

SNOWFALL (IN)
  YESTERDAY        T   R         T    1996   0.0    0.0      0.0
                                      1989
                                      1985
  MONTH TO DATE    T                         0.2   -0.2      1.1
  SINCE DEC 1      T                         0.2   -0.2      1.1
  SINCE JUL 1      0.6                       0.2    0.4      1.1
  SNOW DEPTH       0

DEGREE DAYS
 HEATING
  YESTERDAY       27                        23      4       14
  MONTH TO DATE  351                       375    -24      421
  SINCE DEC 1    351                       375    -24      421
  SINCE JUL 1    966                       887     79     1027

 COOLING
  YESTERDAY        0                         0      0        0
  MONTH TO DATE    0                         0      0        0
  SINCE DEC 1      0                         0      0        0
  SINCE JAN 1   1934                      2169   -235     2118
..................................................................


WIND (MPH)
  HIGHEST WIND SPEED    MM   HIGHEST WIND DIRECTION    MM
  HIGHEST GUST SPEED    MM   HIGHEST GUST DIRECTION    MM
  AVERAGE WIND SPEED    MM


SKY COVER
  POSSIBLE SUNSHINE  MM
  AVERAGE SKY COVER  MM


WEATHER CONDITIONS
 THE FOLLOWING WEATHER WAS RECORDED YESTERDAY.
  LIGHT RAIN
  SLEET


RELATIVE HUMIDITY (PERCENT)
 HIGHEST    MM
 LOWEST     MM
 AVERAGE    MM

..........................................................


THE NORTH LITTLE ROCK CLIMATE NORMALS FOR TODAY
                         NORMAL    RECORD    YEAR
 MAXIMUM TEMPERATURE (F)   50        72      1978
 MINIMUM TEMPERATURE (F)   34        11      1983


SUNRISE AND SUNSET
DECEMBER 19 2014......SUNRISE   712 AM CST   SUNSET   501 PM CST
DECEMBER 20 2014......SUNRISE   712 AM CST   SUNSET   501 PM CST


-  INDICATES NEGATIVE NUMBERS.
R  INDICATES RECORD WAS SET OR TIED.
MM INDICATES DATA IS MISSING.
T  INDICATES TRACE AMOUNT.




$$
