000
CDUS44 KLZK 300633
CLILZK


CLIMATE REPORT
NATIONAL WEATHER SERVICE LITTLE ROCK AR
131 AM CDT MON MAY 30 2016


...................................

...THE NORTH LITTLE ROCK CLIMATE SUMMARY FOR MAY 29 2016...

CLIMATE NORMAL PERIOD 1981 TO 2010
CLIMATE RECORD PERIOD 1975 TO 2016


WEATHER ITEM   OBSERVED TIME   RECORD YEAR NORMAL DEPARTURE LAST
                VALUE   (LST)  VALUE       VALUE  FROM      YEAR
                                                  NORMAL
..................................................................
TEMPERATURE (F)
 YESTERDAY
  MAXIMUM         86        MM  96    2012  84      2       86
  MINIMUM         66   1000 PM  49    1984  65      1       66
  AVERAGE         76                        74      2       76

PRECIPITATION (IN)
  YESTERDAY        0.03          1.39 2015   0.14  -0.11     1.39
  MONTH TO DATE    1.85                      4.69  -2.84    10.86
  SINCE MAR 1     22.30                     14.25   8.05    24.47
  SINCE JAN 1     27.36                     21.33   6.03    30.65

SNOWFALL (IN)
  YESTERDAY        0.0          MM      MM   0.0    0.0      0.0
  MONTH TO DATE    0.0                       0.0    0.0      0.0
  SINCE MAR 1      T                         0.4   -0.4      6.4
  SINCE JUL 1      7.2                       4.4    2.8     10.6
  SNOW DEPTH       0

DEGREE DAYS
 HEATING
  YESTERDAY        0                         0      0        0
  MONTH TO DATE   33                        21     12       18
  SINCE MAR 1    360                       517   -157      515
  SINCE JUL 1   2321                      3003   -682     3312

 COOLING
  YESTERDAY       11                        10      1       11
  MONTH TO DATE  129                       188    -59      195
  SINCE MAR 1    206                       275    -69      270
  SINCE JAN 1    209                       277    -68      270
..................................................................


WIND (MPH)
  HIGHEST WIND SPEED     5   HIGHEST WIND DIRECTION     N (360)
  HIGHEST GUST SPEED    MM   HIGHEST GUST DIRECTION    MM
  AVERAGE WIND SPEED     1.3


SKY COVER
  POSSIBLE SUNSHINE  MM
  AVERAGE SKY COVER 0.0


WEATHER CONDITIONS
 THE FOLLOWING WEATHER WAS RECORDED YESTERDAY.
  THUNDERSTORM
  LIGHT RAIN


RELATIVE HUMIDITY (PERCENT)
 HIGHEST    97           100 AM
 LOWEST     59          1200 PM
 AVERAGE    78

..........................................................


THE NORTH LITTLE ROCK CLIMATE NORMALS FOR TODAY
                         NORMAL    RECORD    YEAR
 MAXIMUM TEMPERATURE (F)   84        98      1977
 MINIMUM TEMPERATURE (F)   65        49      1984


SUNRISE AND SUNSET
MAY 30 2016...........SUNRISE   557 AM CDT   SUNSET   816 PM CDT
MAY 31 2016...........SUNRISE   557 AM CDT   SUNSET   817 PM CDT


-  INDICATES NEGATIVE NUMBERS.
R  INDICATES RECORD WAS SET OR TIED.
MM INDICATES DATA IS MISSING.
T  INDICATES TRACE AMOUNT.




$$
