000
CDUS44 KLZK 192058
CLILZK


CLIMATE REPORT
NATIONAL WEATHER SERVICE LITTLE ROCK AR
357 PM CDT THU OCT 19 2017


...................................

...THE NORTH LITTLE ROCK CLIMATE SUMMARY FOR OCTOBER 19 2017...
VALID TODAY AS OF 0300 PM LOCAL TIME.

CLIMATE NORMAL PERIOD 1981 TO 2010
CLIMATE RECORD PERIOD 1975 TO 2017


WEATHER ITEM   OBSERVED TIME   RECORD YEAR NORMAL DEPARTURE LAST
                VALUE   (LST)  VALUE       VALUE  FROM      YEAR
                                                  NORMAL
..................................................................
TEMPERATURE (F)
 TODAY
  MAXIMUM         79        MM  87    2005  72      7       86
                                      2004
  MINIMUM         52        MM  35    1989  53     -1       69
  AVERAGE         66                        63      3       78

PRECIPITATION (IN)
  TODAY            0.00          1.57 2002   0.17  -0.17     0.00
  MONTH TO DATE    0.67                      2.79  -2.12     1.46
  SINCE SEP 1      0.95                      6.10  -5.15     2.39
  SINCE JAN 1     43.54                     37.62   5.92    46.58

SNOWFALL (IN)
  TODAY            0.0          MM      MM   0.0    0.0      0.0
  MONTH TO DATE    0.0                       0.0    0.0      0.0
  SINCE SEP 1      0.0                       0.0    0.0      0.0
  SINCE JUL 1      T                         0.0    0.0       T
  SNOW DEPTH      MM

DEGREE DAYS
 HEATING
  TODAY            0                         4     -4        0
  MONTH TO DATE   19                        52    -33        9
  SINCE SEP 1     20                        65    -45        9
  SINCE JUL 1     20                        65    -45        9

 COOLING
  TODAY            1                         2     -1       13
  MONTH TO DATE  127                        63     64      127
  SINCE SEP 1    451                       360     91      503
  SINCE JAN 1   2048                      2137    -89     2298
..................................................................


WIND (MPH)
  HIGHEST WIND SPEED    MM   HIGHEST WIND DIRECTION    MM
  HIGHEST GUST SPEED    MM   HIGHEST GUST DIRECTION    MM
  AVERAGE WIND SPEED    MM


SKY COVER
  POSSIBLE SUNSHINE  MM
  AVERAGE SKY COVER  MM


WEATHER CONDITIONS
 THE FOLLOWING WEATHER WAS RECORDED TODAY.
  NO SIGNIFICANT WEATHER WAS OBSERVED.


RELATIVE HUMIDITY (PERCENT)
 HIGHEST    MM
 LOWEST     MM
 AVERAGE    MM

..........................................................


THE NORTH LITTLE ROCK CLIMATE NORMALS FOR TOMORROW
                         NORMAL    RECORD    YEAR
 MAXIMUM TEMPERATURE (F)   72        89      2003
 MINIMUM TEMPERATURE (F)   53        32      1989


SUNRISE AND SUNSET
OCTOBER 19 2017.......SUNRISE   718 AM CDT   SUNSET   629 PM CDT
OCTOBER 20 2017.......SUNRISE   719 AM CDT   SUNSET   628 PM CDT


-  INDICATES NEGATIVE NUMBERS.
R  INDICATES RECORD WAS SET OR TIED.
MM INDICATES DATA IS MISSING.
T  INDICATES TRACE AMOUNT.




$$
