000
CDUS44 KLZK 170910
CLILZK


CLIMATE REPORT
NATIONAL WEATHER SERVICE LITTLE ROCK AR
409 AM CDT WED SEP 17 2014


...................................

...THE NORTH LITTLE ROCK CLIMATE SUMMARY FOR SEPTEMBER 16 2014...

CLIMATE NORMAL PERIOD 1981 TO 2010
CLIMATE RECORD PERIOD 1975 TO 2014


WEATHER ITEM   OBSERVED TIME   RECORD YEAR NORMAL DEPARTURE LAST
                VALUE   (LST)  VALUE       VALUE  FROM      YEAR
                                                  NORMAL
..................................................................
TEMPERATURE (F)
 YESTERDAY
  MAXIMUM         82        MM 102    1980  84     -2       93
  MINIMUM         64        MM  48    1993  64      0       66
  AVERAGE         73                        74     -1       80

PRECIPITATION (IN)
  YESTERDAY        0.01          0.96 2009   0.11  -0.10     0.00
  MONTH TO DATE    1.07                      1.78  -0.71     0.03
  SINCE SEP 1      1.07                      1.78  -0.71     0.03
  SINCE JAN 1     36.87                     33.30   3.57    34.25

SNOWFALL (IN)
  YESTERDAY        0.0          MM      MM   0.0    0.0      0.0
  MONTH TO DATE    0.0                       0.0    0.0      0.0
  SINCE SEP 1      0.0                       0.0    0.0      0.0
  SINCE JUL 1      0.0                       0.0    0.0      0.0
  SNOW DEPTH       0

DEGREE DAYS
 HEATING
  YESTERDAY        0                         0      0        0
  MONTH TO DATE    7                         0      7        0
  SINCE SEP 1      7                         0      7        0
  SINCE JUL 1      7                         0      7        0

 COOLING
  YESTERDAY        8                        10     -2       15
  MONTH TO DATE  187                       195     -8      260
  SINCE SEP 1    187                       195     -8      260
  SINCE JAN 1   1702                      1972   -270     1896
..................................................................


WIND (MPH)
  HIGHEST WIND SPEED    MM   HIGHEST WIND DIRECTION    MM
  HIGHEST GUST SPEED    MM   HIGHEST GUST DIRECTION    MM
  AVERAGE WIND SPEED    MM


SKY COVER
  POSSIBLE SUNSHINE  MM
  AVERAGE SKY COVER  MM


WEATHER CONDITIONS
 THE FOLLOWING WEATHER WAS RECORDED YESTERDAY.
  LIGHT RAIN
  FOG


RELATIVE HUMIDITY (PERCENT)
 HIGHEST    MM
 LOWEST     MM
 AVERAGE    MM

..........................................................


THE NORTH LITTLE ROCK CLIMATE NORMALS FOR TODAY
                         NORMAL    RECORD    YEAR
 MAXIMUM TEMPERATURE (F)   84        94      1983
 MINIMUM TEMPERATURE (F)   64        50      1981


SUNRISE AND SUNSET
SEPTEMBER 17 2014.....SUNRISE   653 AM CDT   SUNSET   713 PM CDT
SEPTEMBER 18 2014.....SUNRISE   654 AM CDT   SUNSET   711 PM CDT


-  INDICATES NEGATIVE NUMBERS.
R  INDICATES RECORD WAS SET OR TIED.
MM INDICATES DATA IS MISSING.
T  INDICATES TRACE AMOUNT.




$$
