000
CDUS44 KLZK 122200
CLILZK


CLIMATE REPORT
NATIONAL WEATHER SERVICE LITTLE ROCK AR
400 PM CST FRI FEB 12 2016


...................................

...THE NORTH LITTLE ROCK CLIMATE SUMMARY FOR FEBRUARY 12 2016...
VALID TODAY AS OF 0400 PM LOCAL TIME.

CLIMATE NORMAL PERIOD 1981 TO 2010
CLIMATE RECORD PERIOD 1975 TO 2016


WEATHER ITEM   OBSERVED TIME   RECORD YEAR NORMAL DEPARTURE LAST
                VALUE   (LST)  VALUE       VALUE  FROM      YEAR
                                                  NORMAL
..................................................................
TEMPERATURE (F)
 TODAY
  MAXIMUM         61        MM  75    1990  54      7       44
  MINIMUM         33        MM  10    1988  36     -3       31
  AVERAGE         47                        44      3       38

PRECIPITATION (IN)
  TODAY            0.00          1.38 2008   0.13  -0.13     0.00
  MONTH TO DATE    T                         1.46  -1.46     0.61
  SINCE DEC 1     13.31                      9.89   3.42     6.52
  SINCE JAN 1      3.23                      4.88  -1.65     3.53

SNOWFALL (IN)
  TODAY            0.0           T    2014   0.1   -0.1      0.0
                                      2013
                                      1997
  MONTH TO DATE    0.0                       0.9   -0.9      0.0
  SINCE DEC 1      7.2                       3.1    4.1       T
  SINCE JUL 1      7.2                       3.1    4.1      0.6
  SNOW DEPTH       0

DEGREE DAYS
 HEATING
  TODAY           18                        21     -3       27
  MONTH TO DATE  230                       261    -31      260
  SINCE DEC 1   1365                      1682   -317     1653
  SINCE JUL 1   1718                      2194   -476     2268

 COOLING
  TODAY            0                         0      0        0
  MONTH TO DATE    0                         0      0        0
  SINCE DEC 1      8                         2      6        0
  SINCE JAN 1      1                         1      0        0
..................................................................


WIND (MPH)
  HIGHEST WIND SPEED    MM   HIGHEST WIND DIRECTION    MM
  HIGHEST GUST SPEED    MM   HIGHEST GUST DIRECTION    MM
  AVERAGE WIND SPEED    MM


SKY COVER
  POSSIBLE SUNSHINE  MM
  AVERAGE SKY COVER  MM


WEATHER CONDITIONS
 THE FOLLOWING WEATHER WAS RECORDED TODAY.
  NO SIGNIFICANT WEATHER WAS OBSERVED.


RELATIVE HUMIDITY (PERCENT)
 HIGHEST    MM
 LOWEST     MM
 AVERAGE    MM

..........................................................


THE NORTH LITTLE ROCK CLIMATE NORMALS FOR TOMORROW
                         NORMAL    RECORD    YEAR
 MAXIMUM TEMPERATURE (F)   54        77      1991
 MINIMUM TEMPERATURE (F)   36        17      1988


SUNRISE AND SUNSET
FEBRUARY 12 2016......SUNRISE   658 AM CST   SUNSET   549 PM CST
FEBRUARY 13 2016......SUNRISE   657 AM CST   SUNSET   550 PM CST


-  INDICATES NEGATIVE NUMBERS.
R  INDICATES RECORD WAS SET OR TIED.
MM INDICATES DATA IS MISSING.
T  INDICATES TRACE AMOUNT.




$$
