000
CDUS44 KLZK 160635
CLILZK


CLIMATE REPORT
NATIONAL WEATHER SERVICE LITTLE ROCK AR
1235 AM CST MON JAN 16 2017


...................................

...THE NORTH LITTLE ROCK CLIMATE SUMMARY FOR JANUARY 15 2017...

CLIMATE NORMAL PERIOD 1981 TO 2010
CLIMATE RECORD PERIOD 1975 TO 2017


WEATHER ITEM   OBSERVED TIME   RECORD YEAR NORMAL DEPARTURE LAST
                VALUE   (LST)  VALUE       VALUE  FROM      YEAR
                                                  NORMAL
..................................................................
TEMPERATURE (F)
 YESTERDAY
  MAXIMUM         47        MM  64    2016  49     -2       64
  MINIMUM         41        MM  11    1979  33      8       40
  AVERAGE         44                        41      3       52

PRECIPITATION (IN)
  YESTERDAY        0.03          0.60 2007   0.10  -0.07     0.03
  MONTH TO DATE    0.68                      1.72  -1.04     1.66
  SINCE DEC 1      3.85                      6.73  -2.88    11.74
  SINCE JAN 1      0.68                      1.72  -1.04     1.66

SNOWFALL (IN)
  YESTERDAY        0.0           T    2015   0.1   -0.1      0.0
                                      2009
                                      1997
  MONTH TO DATE    0.8                       0.7    0.1       T
  SINCE DEC 1      0.8                       1.2   -0.4       T
  SINCE JUL 1      0.8                       1.2   -0.4       T
  SNOW DEPTH       0

DEGREE DAYS
 HEATING
  YESTERDAY       21                        24     -3       13
  MONTH TO DATE  341                       360    -19      342
  SINCE DEC 1    987                      1040    -53      753
  SINCE JUL 1   1281                      1552   -271     1106

 COOLING
  YESTERDAY        0                         0      0        0
  MONTH TO DATE    1                         0      1        0
  SINCE DEC 1      2                         1      1        7
  SINCE JAN 1      1                         0      1        0
..................................................................


WIND (MPH)
  HIGHEST WIND SPEED     9   HIGHEST WIND DIRECTION     E (90)
  HIGHEST GUST SPEED    MM   HIGHEST GUST DIRECTION    MM
  AVERAGE WIND SPEED     6.4


SKY COVER
  POSSIBLE SUNSHINE  MM
  AVERAGE SKY COVER 0.0


WEATHER CONDITIONS
 THE FOLLOWING WEATHER WAS RECORDED YESTERDAY.
  LIGHT RAIN
  FOG
  FOG W/VISIBILITY <= 1/4 MILE


RELATIVE HUMIDITY (PERCENT)
 HIGHEST   100          1200 AM
 LOWEST     92           700 PM
 AVERAGE    96

..........................................................


THE NORTH LITTLE ROCK CLIMATE NORMALS FOR TODAY
                         NORMAL    RECORD    YEAR
 MAXIMUM TEMPERATURE (F)   49        68      1996
 MINIMUM TEMPERATURE (F)   33         5      1982


SUNRISE AND SUNSET
JANUARY 16 2017.......SUNRISE   716 AM CST   SUNSET   522 PM CST
JANUARY 17 2017.......SUNRISE   715 AM CST   SUNSET   523 PM CST


-  INDICATES NEGATIVE NUMBERS.
R  INDICATES RECORD WAS SET OR TIED.
MM INDICATES DATA IS MISSING.
T  INDICATES TRACE AMOUNT.




$$
