000
CDUS44 KLZK 290651
CLILZK


CLIMATE REPORT
NATIONAL WEATHER SERVICE LITTLE ROCK AR
150 AM CDT SAT APR 29 2017


...................................

...THE NORTH LITTLE ROCK CLIMATE SUMMARY FOR APRIL 28 2017...

CLIMATE NORMAL PERIOD 1981 TO 2010
CLIMATE RECORD PERIOD 1975 TO 2017


WEATHER ITEM   OBSERVED TIME   RECORD YEAR NORMAL DEPARTURE LAST
                VALUE   (LST)  VALUE       VALUE  FROM      YEAR
                                                  NORMAL
..................................................................
TEMPERATURE (F)
 YESTERDAY
  MAXIMUM         83        MM  90    2002  76      7       83
  MINIMUM         55        MM  42    1979  57     -2       60
  AVERAGE         69                        66      3       72

PRECIPITATION (IN)
  YESTERDAY        0.00          1.48 2009   0.16  -0.16     0.00
  MONTH TO DATE    4.56                      4.45   0.11     2.89
  SINCE MAR 1      8.03                      9.22  -1.19    15.41
  SINCE JAN 1     13.31                     16.30  -2.99    20.47

SNOWFALL (IN)
  YESTERDAY        0.0          MM      MM   0.0    0.0      0.0
  MONTH TO DATE    0.0                       0.0    0.0      0.0
  SINCE MAR 1      T                         0.4   -0.4       T
  SINCE JUL 1      0.8                       4.4   -3.6      7.2
  SNOW DEPTH       0

DEGREE DAYS
 HEATING
  YESTERDAY        0                         2     -2        0
  MONTH TO DATE   67                       133    -66       82
  SINCE MAR 1    338                       493   -155      326
  SINCE JUL 1   2169                      2979   -810     2287

 COOLING
  YESTERDAY        4                         3      1        7
  MONTH TO DATE   75                        60     15       54
  SINCE MAR 1    102                        77     25       71
  SINCE JAN 1    119                        79     40       74
..................................................................


WIND (MPH)
  HIGHEST WIND SPEED     8   HIGHEST WIND DIRECTION     S (160)
  HIGHEST GUST SPEED    17   HIGHEST GUST DIRECTION     S (180)
  AVERAGE WIND SPEED     6.1


SKY COVER
  POSSIBLE SUNSHINE  MM
  AVERAGE SKY COVER 0.0


WEATHER CONDITIONS
 THE FOLLOWING WEATHER WAS RECORDED YESTERDAY.
  NO SIGNIFICANT WEATHER WAS OBSERVED.


RELATIVE HUMIDITY (PERCENT)
 HIGHEST    97           900 AM
 LOWEST     69           400 PM
 AVERAGE    83

..........................................................


THE NORTH LITTLE ROCK CLIMATE NORMALS FOR TODAY
                         NORMAL    RECORD    YEAR
 MAXIMUM TEMPERATURE (F)   76        88      1990
                                             1987
 MINIMUM TEMPERATURE (F)   57        42      2008


SUNRISE AND SUNSET
APRIL 29 2017.........SUNRISE   620 AM CDT   SUNSET   753 PM CDT
APRIL 30 2017.........SUNRISE   619 AM CDT   SUNSET   754 PM CDT


-  INDICATES NEGATIVE NUMBERS.
R  INDICATES RECORD WAS SET OR TIED.
MM INDICATES DATA IS MISSING.
T  INDICATES TRACE AMOUNT.




$$
