000
CDUS44 KLZK 232214
CLILZK


CLIMATE REPORT
NATIONAL WEATHER SERVICE LITTLE ROCK AR
413 PM CST FRI FEB 23 2018


...................................

...THE NORTH LITTLE ROCK CLIMATE SUMMARY FOR FEBRUARY 23 2018...
VALID TODAY AS OF 0400 PM LOCAL TIME.

CLIMATE NORMAL PERIOD 1981 TO 2010
CLIMATE RECORD PERIOD 1975 TO 2018


WEATHER ITEM   OBSERVED TIME   RECORD YEAR NORMAL DEPARTURE LAST
                VALUE   (LST)  VALUE       VALUE  FROM      YEAR
                                                  NORMAL
..................................................................
TEMPERATURE (F)
 TODAY
  MAXIMUM         53        MM  80    2012  57     -4       77
                                      1982
  MINIMUM         44        MM  14    1989  38      6       52
  AVERAGE         49                        48      1       65

PRECIPITATION (IN)
  TODAY            1.54          2.23 1985   0.15   1.39     0.00
  MONTH TO DATE   10.31                      2.94   7.37     2.80
  SINCE DEC 1     19.63                     11.37   8.26     8.27
  SINCE JAN 1     12.80                      6.36   6.44     5.10

SNOWFALL (IN)
  TODAY            0.0           T    1999   0.1   -0.1      0.0
  MONTH TO DATE    T                         1.6   -1.6      0.0
  SINCE DEC 1      1.5                       3.8   -2.3      0.8
  SINCE JUL 1      1.5                       3.8   -2.3      0.8
  SNOW DEPTH       0

DEGREE DAYS
 HEATING
  TODAY           16                        18     -2        0
  MONTH TO DATE  486                       470     16      258
  SINCE DEC 1   1985                      1891     94     1475
  SINCE JUL 1   2391                      2403    -12     1769

 COOLING
  TODAY            0                         0      0        0
  MONTH TO DATE    3                         0      3       13
  SINCE DEC 1      3                         2      1       15
  SINCE JAN 1      3                         1      2       14
..................................................................


WIND (MPH)
  HIGHEST WIND SPEED     6   HIGHEST WIND DIRECTION     E (70)
  HIGHEST GUST SPEED    MM   HIGHEST GUST DIRECTION    MM
  AVERAGE WIND SPEED     0.4


SKY COVER
  POSSIBLE SUNSHINE  MM
  AVERAGE SKY COVER 0.0


WEATHER CONDITIONS
 THE FOLLOWING WEATHER WAS RECORDED TODAY.
  THUNDERSTORM
  HEAVY RAIN
  RAIN
  LIGHT RAIN
  FOG


RELATIVE HUMIDITY (PERCENT)
 HIGHEST   100
 LOWEST    100
 AVERAGE   100

..........................................................


THE NORTH LITTLE ROCK CLIMATE NORMALS FOR TOMORROW
                         NORMAL    RECORD    YEAR
 MAXIMUM TEMPERATURE (F)   57        77      2000
 MINIMUM TEMPERATURE (F)   39        21      1989


SUNRISE AND SUNSET
FEBRUARY 23 2018......SUNRISE   646 AM CST   SUNSET   600 PM CST
FEBRUARY 24 2018......SUNRISE   644 AM CST   SUNSET   600 PM CST


-  INDICATES NEGATIVE NUMBERS.
R  INDICATES RECORD WAS SET OR TIED.
MM INDICATES DATA IS MISSING.
T  INDICATES TRACE AMOUNT.




$$
