370
CDUS44 KLZK 262059
CLILZK


CLIMATE REPORT
NATIONAL WEATHER SERVICE LITTLE ROCK AR
359 PM CDT MON JUN 26 2017


...................................

...THE NORTH LITTLE ROCK CLIMATE SUMMARY FOR JUNE 26 2017...
VALID TODAY AS OF 0300 PM LOCAL TIME.

CLIMATE NORMAL PERIOD 1981 TO 2010
CLIMATE RECORD PERIOD 1975 TO 2017


WEATHER ITEM   OBSERVED TIME   RECORD YEAR NORMAL DEPARTURE LAST
                VALUE   (LST)  VALUE       VALUE  FROM      YEAR
                                                  NORMAL
..................................................................
TEMPERATURE (F)
 TODAY
  MAXIMUM         84        MM  97    2011  90     -6       94
                                      2009
                                      1988
  MINIMUM         68        MM  61    1979  71     -3       77
  AVERAGE         76                        81     -5       86

PRECIPITATION (IN)
  TODAY            T             1.60 2003   0.10  -0.10     0.00
  MONTH TO DATE    6.06                      2.88   3.18     1.78
  SINCE JUN 1      6.06                      2.88   3.18     1.78
  SINCE JAN 1     32.05                     24.48   7.57    30.01

SNOWFALL (IN)
  TODAY            0.0          MM      MM   0.0    0.0      0.0
  MONTH TO DATE    0.0                       0.0    0.0      0.0
  SINCE JUN 1      0.0                       0.0    0.0      0.0
  SINCE JUL 1      0.8                       4.4   -3.6      7.2
  SNOW DEPTH       0

DEGREE DAYS
 HEATING
  TODAY            0                         0      0        0
  MONTH TO DATE    0                         0      0        0
  SINCE JUN 1      0                         0      0        0
  SINCE JUL 1   2198                      3005   -807     2321

 COOLING
  TODAY           11                        16     -5       21
  MONTH TO DATE  305                       348    -43      415
  SINCE JUN 1    305                       348    -43      415
  SINCE JAN 1    608                       644    -36      643
..................................................................


WIND (MPH)
  HIGHEST WIND SPEED     5   HIGHEST WIND DIRECTION     S (160)
  HIGHEST GUST SPEED    MM   HIGHEST GUST DIRECTION    MM
  AVERAGE WIND SPEED     1.6


SKY COVER
  POSSIBLE SUNSHINE  MM
  AVERAGE SKY COVER 0.0


WEATHER CONDITIONS
 THE FOLLOWING WEATHER WAS RECORDED TODAY.
  NO SIGNIFICANT WEATHER WAS OBSERVED.


RELATIVE HUMIDITY (PERCENT)
 HIGHEST    81           600 AM
 LOWEST     47          1200 PM
 AVERAGE    64

..........................................................


THE NORTH LITTLE ROCK CLIMATE NORMALS FOR TOMORROW
                         NORMAL    RECORD    YEAR
 MAXIMUM TEMPERATURE (F)   91        98      2013
                                             2011
                                             2009
 MINIMUM TEMPERATURE (F)   72        62      2003


SUNRISE AND SUNSET
JUNE 26 2017..........SUNRISE   557 AM CDT   SUNSET   826 PM CDT
JUNE 27 2017..........SUNRISE   558 AM CDT   SUNSET   827 PM CDT


-  INDICATES NEGATIVE NUMBERS.
R  INDICATES RECORD WAS SET OR TIED.
MM INDICATES DATA IS MISSING.
T  INDICATES TRACE AMOUNT.




$$
