000
CDUS44 KLZK 040907
CLILZK


CLIMATE REPORT
NATIONAL WEATHER SERVICE LITTLE ROCK AR
407 AM CDT SAT JUL 4 2015


...................................

...THE NORTH LITTLE ROCK CLIMATE SUMMARY FOR JULY 3 2015...

CLIMATE NORMAL PERIOD 1981 TO 2010
CLIMATE RECORD PERIOD 1975 TO 2015


WEATHER ITEM   OBSERVED TIME   RECORD YEAR NORMAL DEPARTURE LAST
                VALUE   (LST)  VALUE       VALUE  FROM      YEAR
                                                  NORMAL
..................................................................
TEMPERATURE (F)
 YESTERDAY
  MAXIMUM         76        MM 103    1980  91    -15       82
  MINIMUM         69        MM  62    2013  72     -3       64
  AVERAGE         73                        82     -9       73

PRECIPITATION (IN)
  YESTERDAY        1.04R         0.41 2004   0.12   0.92     0.00
  MONTH TO DATE    1.11                      0.34   0.77     0.06
  SINCE JUN 1      3.52                      3.65  -0.13     7.64
  SINCE JAN 1     34.58                     25.25   9.33    30.12

SNOWFALL (IN)
  YESTERDAY        0.0          MM      MM   0.0    0.0      0.0
  MONTH TO DATE    0.0                       0.0    0.0      0.0
  SINCE JUN 1      0.0                       0.0    0.0      0.0
  SINCE JUL 1      0.0                       0.0    0.0      0.0
  SNOW DEPTH       0

DEGREE DAYS
 HEATING
  YESTERDAY        0                         0      0        0
  MONTH TO DATE    0                         0      0        0
  SINCE JUN 1      0                         1     -1        0
  SINCE JUL 1      0                         0      0        0

 COOLING
  YESTERDAY        8                        17     -9        8
  MONTH TO DATE   43                        51     -8       36
  SINCE JUN 1    493                       464     29      428
  SINCE JAN 1    776                       760     16      692
..................................................................


WIND (MPH)
  HIGHEST WIND SPEED     9   HIGHEST WIND DIRECTION    SW (210)
  HIGHEST GUST SPEED    18   HIGHEST GUST DIRECTION     W (250)
  AVERAGE WIND SPEED     6.4


SKY COVER
  POSSIBLE SUNSHINE  MM
  AVERAGE SKY COVER 0.6


WEATHER CONDITIONS
 THE FOLLOWING WEATHER WAS RECORDED YESTERDAY.
  THUNDERSTORM
  HEAVY RAIN
  RAIN
  LIGHT RAIN


RELATIVE HUMIDITY (PERCENT)
 HIGHEST   100           200 AM
 LOWEST     90           100 PM
 AVERAGE    95

..........................................................


THE NORTH LITTLE ROCK CLIMATE NORMALS FOR TODAY
                         NORMAL    RECORD    YEAR
 MAXIMUM TEMPERATURE (F)   91       101      2012
 MINIMUM TEMPERATURE (F)   72        64      2014
                                             2013
                                             1995


SUNRISE AND SUNSET
JULY  4 2015..........SUNRISE   600 AM CDT   SUNSET   826 PM CDT
JULY  5 2015..........SUNRISE   601 AM CDT   SUNSET   826 PM CDT


-  INDICATES NEGATIVE NUMBERS.
R  INDICATES RECORD WAS SET OR TIED.
MM INDICATES DATA IS MISSING.
T  INDICATES TRACE AMOUNT.




$$
