000
CDUS46 KHNX 210840
CLIMAE


CLIMATE REPORT
NATIONAL WEATHER SERVICE SAN JOAQUIN VALLEY, CA
1240 AM PST SUN DEC 21 2014


...................................

...THE MADERA CA AIRPORT CLIMATE SUMMARY FOR DECEMBER 20 2014...

CLIMATE NORMAL PERIOD 1981 TO 2010
CLIMATE RECORD PERIOD 1998 TO 2014


WEATHER ITEM   OBSERVED TIME   RECORD YEAR NORMAL DEPARTURE
                VALUE   (LST)  VALUE       VALUE  FROM
                                                  NORMAL
...............................................................
TEMPERATURE (F)
 YESTERDAY
  MAXIMUM         62    144 PM  69    2005  53      9
  MINIMUM         51   1111 PM  25    2013  36     15
  AVERAGE         57                        45     12

PRECIPITATION (IN)
  YESTERDAY        0.01          0.38 2001   0.07  -0.06
  MONTH TO DATE    2.87                      0.95   1.92
  SINCE JUL 1      3.70                      3.27   0.43
  SINCE JAN 1      7.31                     11.27  -3.96

SNOWFALL (IN)
  YESTERDAY        0.0
  MONTH TO DATE    0.0
  SINCE DEC 1      0.0
  SINCE JUL 1      0.0
  SNOW DEPTH       0

DEGREE DAYS
 HEATING
  YESTERDAY        8
  MONTH TO DATE  184
  SINCE DEC 1    184
  SINCE JUL 1    500

 COOLING
  YESTERDAY        0
  MONTH TO DATE    1
  SINCE DEC 1      1
  SINCE JAN 1   2953
...............................................................


WIND (MPH)
  HIGHEST WIND SPEED     9   HIGHEST WIND DIRECTION    NW (330)
  HIGHEST GUST SPEED    12   HIGHEST GUST DIRECTION    SE (130)
  AVERAGE WIND SPEED     3.9




RELATIVE HUMIDITY (PERCENT)
 HIGHEST    93
 LOWEST     69
 AVERAGE    81

..........................................................


THE MADERA CA AIRPORT CLIMATE NORMALS FOR TODAY
                         NORMAL    RECORD    YEAR
 MAXIMUM TEMPERATURE (F)   53        65      2000
 MINIMUM TEMPERATURE (F)   36        19      1998


SUNRISE AND SUNSET
DECEMBER 21 2014......SUNRISE   710 AM PST   SUNSET   447 PM PST
DECEMBER 22 2014......SUNRISE   710 AM PST   SUNSET   448 PM PST


-  INDICATES NEGATIVE NUMBERS.
R  INDICATES RECORD WAS SET OR TIED.
MM INDICATES DATA IS MISSING.
T  INDICATES TRACE AMOUNT.




$$
