000
CDUS46 KHNX 020821
CLIMAE


CLIMATE REPORT
NATIONAL WEATHER SERVICE SAN JOAQUIN VALLEY, CA
1221 AM PST MON MAR 2 2015


...................................

...THE MADERA CA AIRPORT CLIMATE SUMMARY FOR MARCH 1 2015...

CLIMATE NORMAL PERIOD 1981 TO 2010
CLIMATE RECORD PERIOD 1998 TO 2015


WEATHER ITEM   OBSERVED TIME   RECORD YEAR NORMAL DEPARTURE
                VALUE   (LST)  VALUE       VALUE  FROM
                                                  NORMAL
...............................................................
TEMPERATURE (F)
 YESTERDAY
  MAXIMUM         65    247 PM  73    2013  64      1
  MINIMUM         37    657 AM  31    2011  42     -5
                                      2007
  AVERAGE         51                        53     -2

PRECIPITATION (IN)
  YESTERDAY        0.00          0.50 2004   0.11  -0.11
  MONTH TO DATE    0.00                      0.11  -0.11
  SINCE OCT 1      4.25                      8.42  -4.17
  SINCE JAN 1      0.57                      4.69  -4.12

SNOWFALL (IN)
  YESTERDAY        0.0
  MONTH TO DATE    0.0
  SINCE MAR 1      0.0
  SINCE JUL 1      0.0
  SNOW DEPTH       0

DEGREE DAYS
 HEATING
  YESTERDAY       14
  MONTH TO DATE   14
  SINCE MAR 1     14
  SINCE JUL 1   1464

 COOLING
  YESTERDAY        0
  MONTH TO DATE    0
  SINCE MAR 1      0
  SINCE JAN 1      2
...............................................................


WIND (MPH)
  HIGHEST WIND SPEED    10   HIGHEST WIND DIRECTION    NW (320)
  HIGHEST GUST SPEED    13   HIGHEST GUST DIRECTION     W (290)
  AVERAGE WIND SPEED     2.6




RELATIVE HUMIDITY (PERCENT)
 HIGHEST    92
 LOWEST     40
 AVERAGE    66

..........................................................


THE MADERA CA AIRPORT CLIMATE NORMALS FOR TODAY
                         NORMAL    RECORD    YEAR
 MAXIMUM TEMPERATURE (F)   64        79      2013
 MINIMUM TEMPERATURE (F)   42        34      2008


SUNRISE AND SUNSET
MARCH  2 2015.........SUNRISE   630 AM PST   SUNSET   556 PM PST
MARCH  3 2015.........SUNRISE   629 AM PST   SUNSET   557 PM PST


-  INDICATES NEGATIVE NUMBERS.
R  INDICATES RECORD WAS SET OR TIED.
MM INDICATES DATA IS MISSING.
T  INDICATES TRACE AMOUNT.




$$
