000
CDUS46 KHNX 280023
CLIMAE


CLIMATE REPORT
NATIONAL WEATHER SERVICE SAN JOAQUIN VALLEY, CA
522 PM PDT SAT MAY 27 2017


...................................

...THE MADERA CA CLIMATE SUMMARY FOR MAY 27 2017...
VALID AS OF 0400 PM LOCAL TIME.

CLIMATE NORMAL PERIOD 1981 TO 2010
CLIMATE RECORD PERIOD 1998 TO 2017


WEATHER ITEM   OBSERVED TIME   RECORD YEAR NORMAL DEPARTURE LAST
                VALUE   (LST)  VALUE       VALUE  FROM      YEAR
                                                  NORMAL
..................................................................
TEMPERATURE (F)
 TODAY
  MAXIMUM         82        MM  97    2009  86     -4       89
  MINIMUM         53        MM  46    2011  53      0       54
  AVERAGE         68                        70     -2       72

PRECIPITATION (IN)
  TODAY            0.00          T    2008   0.01  -0.01     0.00
  MONTH TO DATE    T                         0.46  -0.46      T
  SINCE OCT 1     14.17                     11.52   2.65    12.96
  SINCE JAN 1     10.10                      7.79   2.31     8.40

SNOWFALL (IN)
  TODAY            0.0
  MONTH TO DATE    0.0
  SINCE MAR 1      0.0
  SINCE JUL 1      0.0
  SNOW DEPTH       0

DEGREE DAYS
 HEATING
  TODAY            0                                         0
  MONTH TO DATE   25                                        19
  SINCE MAR 1    389                                       328
  SINCE JUL 1   2068                                      2072

 COOLING
  TODAY            3                                         7
  MONTH TO DATE  142                                       115
  SINCE MAR 1    155                                       147
  SINCE JAN 1    155                                       147
..................................................................


WIND (MPH)
  HIGHEST WIND SPEED     9   HIGHEST WIND DIRECTION    NW (330)
  HIGHEST GUST SPEED    MM   HIGHEST GUST DIRECTION    MM
  AVERAGE WIND SPEED     6.6




RELATIVE HUMIDITY (PERCENT)
 HIGHEST    89
 LOWEST     34
 AVERAGE    62

..........................................................


THE MADERA CA CLIMATE NORMALS FOR TOMORROW
                         NORMAL    RECORD    YEAR
 MAXIMUM TEMPERATURE (F)   86       103      2003
 MINIMUM TEMPERATURE (F)   54        44      2010


SUNRISE AND SUNSET
MAY 27 2017...........SUNRISE   544 AM PDT   SUNSET   811 PM PDT
MAY 28 2017...........SUNRISE   544 AM PDT   SUNSET   812 PM PDT


-  INDICATES NEGATIVE NUMBERS.
R  INDICATES RECORD WAS SET OR TIED.
MM INDICATES DATA IS MISSING.
T  INDICATES TRACE AMOUNT.




$$
