326
CDUS46 KHNX 240023
CLIMAE


CLIMATE REPORT
NATIONAL WEATHER SERVICE SAN JOAQUIN VALLEY, CA
422 PM PST THU NOV 23 2017


...................................

...THE MADERA CA CLIMATE SUMMARY FOR NOVEMBER 23 2017...
VALID AS OF 0400 PM LOCAL TIME.

CLIMATE NORMAL PERIOD 1981 TO 2010
CLIMATE RECORD PERIOD 1998 TO 2017


WEATHER ITEM   OBSERVED TIME   RECORD YEAR NORMAL DEPARTURE LAST
                VALUE   (LST)  VALUE       VALUE  FROM      YEAR
                                                  NORMAL
..................................................................
TEMPERATURE (F)
 TODAY
  MAXIMUM         75R   232 PM  73    2015  61     14       62
  MINIMUM         47    531 AM  26    2003  39      8       39
  AVERAGE         61                        50     11       51

PRECIPITATION (IN)
  TODAY            0.00          0.28 2010   0.03  -0.03     0.02
  MONTH TO DATE    0.13                      0.93  -0.80     1.05
  SINCE OCT 1      0.21                      1.81  -1.60     1.67
  SINCE JAN 1     10.40                     10.10   0.30    10.07

SNOWFALL (IN)
  TODAY            0.0
  MONTH TO DATE    0.0
  SINCE SEP 1      0.0
  SINCE JUL 1      0.0
  SNOW DEPTH       0

DEGREE DAYS
 HEATING
  TODAY            4                                        14
  MONTH TO DATE  172                                       142
  SINCE SEP 1    256                                       195
  SINCE JUL 1    256                                       195

 COOLING
  TODAY            0                                         0
  MONTH TO DATE    2                                         5
  SINCE SEP 1    354                                       324
  SINCE JAN 1   2025                                      1819
..................................................................


WIND (MPH)
  HIGHEST WIND SPEED    10   HIGHEST WIND DIRECTION    NW (300)
  HIGHEST GUST SPEED    12   HIGHEST GUST DIRECTION     W (280)
  AVERAGE WIND SPEED     2.9




RELATIVE HUMIDITY (PERCENT)
 HIGHEST   100
 LOWEST     53
 AVERAGE    77

..........................................................


THE MADERA CA CLIMATE NORMALS FOR TOMORROW
                         NORMAL    RECORD    YEAR
 MAXIMUM TEMPERATURE (F)   61        69      2005
 MINIMUM TEMPERATURE (F)   39        29      2003


SUNRISE AND SUNSET
NOVEMBER 23 2017......SUNRISE   648 AM PST   SUNSET   446 PM PST
NOVEMBER 24 2017......SUNRISE   649 AM PST   SUNSET   446 PM PST


-  INDICATES NEGATIVE NUMBERS.
R  INDICATES RECORD WAS SET OR TIED.
MM INDICATES DATA IS MISSING.
T  INDICATES TRACE AMOUNT.




$$
