000
CDUS46 KHNX 210823
CLIMAE


CLIMATE REPORT
NATIONAL WEATHER SERVICE SAN JOAQUIN VALLEY, CA
1223 AM PST WED FEB 21 2018


...................................

...THE MADERA CA AIRPORT CLIMATE SUMMARY FOR FEBRUARY 20 2018...

CLIMATE NORMAL PERIOD 1981 TO 2010
CLIMATE RECORD PERIOD 1998 TO 2018


WEATHER ITEM   OBSERVED TIME   RECORD YEAR NORMAL DEPARTURE
                VALUE   (LST)  VALUE       VALUE  FROM
                                                  NORMAL
...............................................................
TEMPERATURE (F)
 YESTERDAY
  MAXIMUM         55    430 PM  69    2000  63     -8
  MINIMUM         26R   714 AM  30    2006  41    -15
  AVERAGE         41                        52    -11

PRECIPITATION (IN)
  YESTERDAY        0.00          0.51 2017   0.09  -0.09
  MONTH TO DATE    0.00                      1.43  -1.43
  SINCE OCT 1      1.55                      7.61  -6.06
  SINCE JAN 1      1.14                      3.88  -2.74

SNOWFALL (IN)
  YESTERDAY        0.0
  MONTH TO DATE    0.0
  SINCE DEC 1      0.0
  SINCE JUL 1      0.0
  SNOW DEPTH       0

DEGREE DAYS
 HEATING
  YESTERDAY       24
  MONTH TO DATE  224
  SINCE DEC 1   1212
  SINCE JUL 1   1539

 COOLING
  YESTERDAY        0
  MONTH TO DATE    0
  SINCE DEC 1      0
  SINCE JAN 1      0
...............................................................


WIND (MPH)
  HIGHEST WIND SPEED    12   HIGHEST WIND DIRECTION     W (290)
  HIGHEST GUST SPEED    15   HIGHEST GUST DIRECTION     N (360)
  AVERAGE WIND SPEED     3.3




RELATIVE HUMIDITY (PERCENT)
 HIGHEST    85
 LOWEST     18
 AVERAGE    52

..........................................................


THE MADERA CA AIRPORT CLIMATE NORMALS FOR TODAY
                         NORMAL    RECORD    YEAR
 MAXIMUM TEMPERATURE (F)   63        70      2014
                                             2002
 MINIMUM TEMPERATURE (F)   41        31      2006


SUNRISE AND SUNSET
FEBRUARY 21 2018......SUNRISE   642 AM PST   SUNSET   547 PM PST
FEBRUARY 22 2018......SUNRISE   640 AM PST   SUNSET   548 PM PST


-  INDICATES NEGATIVE NUMBERS.
R  INDICATES RECORD WAS SET OR TIED.
MM INDICATES DATA IS MISSING.
T  INDICATES TRACE AMOUNT.




$$
