000
CDUS46 KHNX 290825
CLIMAE


CLIMATE REPORT
NATIONAL WEATHER SERVICE SAN JOAQUIN VALLEY, CA
123 AM PDT SUN MAY 29 2016


...................................

...THE MADERA CA AIRPORT CLIMATE SUMMARY FOR MAY 28 2016...

CLIMATE NORMAL PERIOD 1981 TO 2010
CLIMATE RECORD PERIOD 1998 TO 2016


WEATHER ITEM   OBSERVED TIME   RECORD YEAR NORMAL DEPARTURE
                VALUE   (LST)  VALUE       VALUE  FROM
                                                  NORMAL
...............................................................
TEMPERATURE (F)
 YESTERDAY
  MAXIMUM         91    456 PM 103    2003  86      5
  MINIMUM         57    453 AM  44    2010  54      3
  AVERAGE         74                        70      4

PRECIPITATION (IN)
  YESTERDAY        0.00          0.05 2011   0.01  -0.01
  MONTH TO DATE    T                         0.47  -0.47
  SINCE OCT 1     12.96                     11.53   1.43
  SINCE JAN 1      8.40                      7.80   0.60

SNOWFALL (IN)
  YESTERDAY        0.0
  MONTH TO DATE    0.0
  SINCE MAR 1      0.0
  SINCE JUL 1      0.0
  SNOW DEPTH       0

DEGREE DAYS
 HEATING
  YESTERDAY        0
  MONTH TO DATE   19
  SINCE MAR 1    328
  SINCE JUL 1   2072

 COOLING
  YESTERDAY        9
  MONTH TO DATE  124
  SINCE MAR 1    156
  SINCE JAN 1    156
...............................................................


WIND (MPH)
  HIGHEST WIND SPEED    14   HIGHEST WIND DIRECTION     N (340)
  HIGHEST GUST SPEED    18   HIGHEST GUST DIRECTION     W (290)
  AVERAGE WIND SPEED     7.0




RELATIVE HUMIDITY (PERCENT)
 HIGHEST    80
 LOWEST     15
 AVERAGE    48

..........................................................


THE MADERA CA AIRPORT CLIMATE NORMALS FOR TODAY
                         NORMAL    RECORD    YEAR
 MAXIMUM TEMPERATURE (F)   86       101      2003
 MINIMUM TEMPERATURE (F)   54        45      2006


SUNRISE AND SUNSET
MAY 29 2016...........SUNRISE   543 AM PDT   SUNSET   813 PM PDT
MAY 30 2016...........SUNRISE   543 AM PDT   SUNSET   814 PM PDT


-  INDICATES NEGATIVE NUMBERS.
R  INDICATES RECORD WAS SET OR TIED.
MM INDICATES DATA IS MISSING.
T  INDICATES TRACE AMOUNT.




$$
