612
CDUS46 KHNX 270823
CLIMAE


CLIMATE REPORT
NATIONAL WEATHER SERVICE SAN JOAQUIN VALLEY, CA
123 AM PDT WED JUL 27 2016


...................................

...THE MADERA CA AIRPORT CLIMATE SUMMARY FOR JULY 26 2016...

CLIMATE NORMAL PERIOD 1981 TO 2010
CLIMATE RECORD PERIOD 1998 TO 2016


WEATHER ITEM   OBSERVED TIME   RECORD YEAR NORMAL DEPARTURE
                VALUE   (LST)  VALUE       VALUE  FROM
                                                  NORMAL
...............................................................
TEMPERATURE (F)
 YESTERDAY
  MAXIMUM        105    359 PM 110    2006  97      8
  MINIMUM         63    436 AM  54    2002  60      3
  AVERAGE         84                        79      5

PRECIPITATION (IN)
  YESTERDAY        0.00          0.00   MM   0.00   0.00
  MONTH TO DATE    0.00                      0.02  -0.02
  SINCE OCT 1     12.96                     11.75   1.21
  SINCE JAN 1      8.40                      8.02   0.38

SNOWFALL (IN)
  YESTERDAY        0.0
  MONTH TO DATE    0.0
  SINCE JUN 1      0.0
  SINCE JUL 1      0.0
  SNOW DEPTH       0

DEGREE DAYS
 HEATING
  YESTERDAY        0
  MONTH TO DATE    0
  SINCE JUN 1      1
  SINCE JUL 1      0

 COOLING
  YESTERDAY       19
  MONTH TO DATE  366
  SINCE JUN 1    749
  SINCE JAN 1    942
...............................................................


WIND (MPH)
  HIGHEST WIND SPEED    13   HIGHEST WIND DIRECTION     W (290)
  HIGHEST GUST SPEED    16   HIGHEST GUST DIRECTION     W (270)
  AVERAGE WIND SPEED     6.3




RELATIVE HUMIDITY (PERCENT)
 HIGHEST    68
 LOWEST     13
 AVERAGE    41

..........................................................


THE MADERA CA AIRPORT CLIMATE NORMALS FOR TODAY
                         NORMAL    RECORD    YEAR
 MAXIMUM TEMPERATURE (F)   97       105      2014
 MINIMUM TEMPERATURE (F)   60        54      2000


SUNRISE AND SUNSET
JULY 27 2016..........SUNRISE   602 AM PDT   SUNSET   811 PM PDT
JULY 28 2016..........SUNRISE   603 AM PDT   SUNSET   810 PM PDT


-  INDICATES NEGATIVE NUMBERS.
R  INDICATES RECORD WAS SET OR TIED.
MM INDICATES DATA IS MISSING.
T  INDICATES TRACE AMOUNT.




$$
