000
CDUS46 KHNX 230820
CLIMAE


CLIMATE REPORT
NATIONAL WEATHER SERVICE SAN JOAQUIN VALLEY, CA
120 AM PDT THU OCT 23 2014


...................................

...THE MADERA CA AIRPORT CLIMATE SUMMARY FOR OCTOBER 22 2014...

CLIMATE NORMAL PERIOD 1981 TO 2010
CLIMATE RECORD PERIOD 1998 TO 2014


WEATHER ITEM   OBSERVED TIME   RECORD YEAR NORMAL DEPARTURE
                VALUE   (LST)  VALUE       VALUE  FROM
                                                  NORMAL
...............................................................
TEMPERATURE (F)
 YESTERDAY
  MAXIMUM         76    352 PM  89    2003  77     -1
  MINIMUM         44    430 AM  40    2000  47     -3
  AVERAGE         60                        62     -2

PRECIPITATION (IN)
  YESTERDAY        0.00          0.10 2012   0.03  -0.03
  MONTH TO DATE    T                         0.42  -0.42
  SINCE JUL 1      0.03                      0.71  -0.68
  SINCE JAN 1      3.64                      8.71  -5.07

SNOWFALL (IN)
  YESTERDAY        0.0
  MONTH TO DATE    0.0
  SINCE SEP 1      0.0
  SINCE JUL 1      0.0
  SNOW DEPTH       0

DEGREE DAYS
 HEATING
  YESTERDAY        5
  MONTH TO DATE   10
  SINCE SEP 1     10
  SINCE JUL 1     10

 COOLING
  YESTERDAY        0
  MONTH TO DATE  119
  SINCE SEP 1    463
  SINCE JAN 1   2949
...............................................................


WIND (MPH)
  HIGHEST WIND SPEED     8   HIGHEST WIND DIRECTION     W (290)
  HIGHEST GUST SPEED    11   HIGHEST GUST DIRECTION     W (270)
  AVERAGE WIND SPEED     2.5




RELATIVE HUMIDITY (PERCENT)
 HIGHEST    82
 LOWEST     31
 AVERAGE    57

..........................................................


THE MADERA CA AIRPORT CLIMATE NORMALS FOR TODAY
                         NORMAL    RECORD    YEAR
 MAXIMUM TEMPERATURE (F)   76        85      2011
                                             2008
 MINIMUM TEMPERATURE (F)   47        42      2012


SUNRISE AND SUNSET
OCTOBER 23 2014.......SUNRISE   716 AM PDT   SUNSET   613 PM PDT
OCTOBER 24 2014.......SUNRISE   717 AM PDT   SUNSET   612 PM PDT


-  INDICATES NEGATIVE NUMBERS.
R  INDICATES RECORD WAS SET OR TIED.
MM INDICATES DATA IS MISSING.
T  INDICATES TRACE AMOUNT.




$$
