000
CDUS46 KHNX 290823
CLIMAE


CLIMATE REPORT
NATIONAL WEATHER SERVICE SAN JOAQUIN VALLEY, CA
122 AM PDT WED MAR 29 2017


...................................

...THE MADERA CA AIRPORT CLIMATE SUMMARY FOR MARCH 28 2017...

CLIMATE NORMAL PERIOD 1981 TO 2010
CLIMATE RECORD PERIOD 1998 TO 2017


WEATHER ITEM   OBSERVED TIME   RECORD YEAR NORMAL DEPARTURE
                VALUE   (LST)  VALUE       VALUE  FROM
                                                  NORMAL
...............................................................
TEMPERATURE (F)
 YESTERDAY
  MAXIMUM         68    432 PM  82    2015  68      0
  MINIMUM         40    550 AM  34    1999  43     -3
  AVERAGE         54                        55     -1

PRECIPITATION (IN)
  YESTERDAY        0.00          0.15 2005   0.04  -0.04
  MONTH TO DATE    0.61                      1.66  -1.05
  SINCE OCT 1     13.70                      9.97   3.73
  SINCE JAN 1      9.63                      6.24   3.39

SNOWFALL (IN)
  YESTERDAY        0.0
  MONTH TO DATE    0.0
  SINCE MAR 1      0.0
  SINCE JUL 1      0.0
  SNOW DEPTH       0

DEGREE DAYS
 HEATING
  YESTERDAY       11
  MONTH TO DATE  224
  SINCE MAR 1    224
  SINCE JUL 1   1903

 COOLING
  YESTERDAY        0
  MONTH TO DATE    6
  SINCE MAR 1      6
  SINCE JAN 1      6
...............................................................


WIND (MPH)
  HIGHEST WIND SPEED    10   HIGHEST WIND DIRECTION     N (350)
  HIGHEST GUST SPEED    14   HIGHEST GUST DIRECTION     N (350)
  AVERAGE WIND SPEED     2.7




RELATIVE HUMIDITY (PERCENT)
 HIGHEST   100
 LOWEST     45
 AVERAGE    73

..........................................................


THE MADERA CA AIRPORT CLIMATE NORMALS FOR TODAY
                         NORMAL    RECORD    YEAR
 MAXIMUM TEMPERATURE (F)   69        87      2004
 MINIMUM TEMPERATURE (F)   43        34      1999


SUNRISE AND SUNSET
MARCH 29 2017.........SUNRISE   650 AM PDT   SUNSET   721 PM PDT
MARCH 30 2017.........SUNRISE   649 AM PDT   SUNSET   722 PM PDT


-  INDICATES NEGATIVE NUMBERS.
R  INDICATES RECORD WAS SET OR TIED.
MM INDICATES DATA IS MISSING.
T  INDICATES TRACE AMOUNT.




$$
