000
CDUS46 KHNX 250821
CLIMAE


CLIMATE REPORT
NATIONAL WEATHER SERVICE SAN JOAQUIN VALLEY, CA
121 AM PDT SAT OCT 25 2014


...................................

...THE MADERA CA AIRPORT CLIMATE SUMMARY FOR OCTOBER 24 2014...

CLIMATE NORMAL PERIOD 1981 TO 2010
CLIMATE RECORD PERIOD 1998 TO 2014


WEATHER ITEM   OBSERVED TIME   RECORD YEAR NORMAL DEPARTURE
                VALUE   (LST)  VALUE       VALUE  FROM
                                                  NORMAL
...............................................................
TEMPERATURE (F)
 YESTERDAY
  MAXIMUM         86    344 PM  91    2007  76     10
  MINIMUM         47    643 AM  41    2012  47      0
                                      2002
  AVERAGE         67                        61      6

PRECIPITATION (IN)
  YESTERDAY        0.00          0.28 2004   0.04  -0.04
  MONTH TO DATE    T                         0.49  -0.49
  SINCE JUL 1      0.03                      0.78  -0.75
  SINCE JAN 1      3.64                      8.78  -5.14

SNOWFALL (IN)
  YESTERDAY        0.0
  MONTH TO DATE    0.0
  SINCE SEP 1      0.0
  SINCE JUL 1      0.0
  SNOW DEPTH       0

DEGREE DAYS
 HEATING
  YESTERDAY        0
  MONTH TO DATE   12
  SINCE SEP 1     12
  SINCE JUL 1     12

 COOLING
  YESTERDAY        2
  MONTH TO DATE  121
  SINCE SEP 1    465
  SINCE JAN 1   2951
...............................................................


WIND (MPH)
  HIGHEST WIND SPEED    14   HIGHEST WIND DIRECTION    NW (330)
  HIGHEST GUST SPEED    16   HIGHEST GUST DIRECTION    NW (330)
  AVERAGE WIND SPEED     5.4




RELATIVE HUMIDITY (PERCENT)
 HIGHEST    86
 LOWEST     19
 AVERAGE    53

..........................................................


THE MADERA CA AIRPORT CLIMATE NORMALS FOR TODAY
                         NORMAL    RECORD    YEAR
 MAXIMUM TEMPERATURE (F)   75        85      2008
 MINIMUM TEMPERATURE (F)   47        43      2002


SUNRISE AND SUNSET
OCTOBER 25 2014.......SUNRISE   718 AM PDT   SUNSET   611 PM PDT
OCTOBER 26 2014.......SUNRISE   719 AM PDT   SUNSET   610 PM PDT


-  INDICATES NEGATIVE NUMBERS.
R  INDICATES RECORD WAS SET OR TIED.
MM INDICATES DATA IS MISSING.
T  INDICATES TRACE AMOUNT.




$$
