000
CDUS44 KMAF 130831
CLIMAF

CLIMATE REPORT
NATIONAL WEATHER SERVICE MIDLAND TX
230 AM CST SAT FEB 13 2016

...................................

...THE MIDLAND CLIMATE SUMMARY FOR FEBRUARY 12 2016...

CLIMATE NORMAL PERIOD 1981 TO 2010
CLIMATE RECORD PERIOD 1930 TO 2016

WEATHER ITEM   OBSERVED TIME   RECORD YEAR NORMAL DEPARTURE LAST
                VALUE   (LST)  VALUE       VALUE  FROM      YEAR
                                                  NORMAL
..................................................................
TEMPERATURE (F)
 YESTERDAY
  MAXIMUM         76    345 PM  86    1962  62     14       50
  MINIMUM         32    750 AM  14    1963  34     -2       41
  AVERAGE         54                        48      6       46

PRECIPITATION (IN)
  YESTERDAY        0.00          0.69 1935   0.03  -0.03     0.00
  MONTH TO DATE    0.00                      0.30  -0.30     0.00
  SINCE DEC 1      1.42                      1.46  -0.04     2.65
  SINCE JAN 1      0.18                      0.86  -0.68     2.43

SNOWFALL (IN)
  YESTERDAY        0.0
  MONTH TO DATE    0.0
  SINCE DEC 1      8.0
  SINCE JUL 1      8.0
  SNOW DEPTH       0

DEGREE DAYS
 HEATING
  YESTERDAY       11                        17     -6       19
  MONTH TO DATE  210                       220    -10      159
  SINCE DEC 1   1323                      1513   -190     1357
  SINCE JUL 1   1675                      1992   -317     1805
..................................................................

WIND (MPH)
  HIGHEST WIND SPEED    14   HIGHEST WIND DIRECTION     E (80)
  HIGHEST GUST SPEED    16   HIGHEST GUST DIRECTION     E (80)
  AVERAGE WIND SPEED     6.0

SKY COVER
  POSSIBLE SUNSHINE  MM
  AVERAGE SKY COVER 0.0

WEATHER CONDITIONS
 THE FOLLOWING WEATHER WAS RECORDED YESTERDAY.
  NO SIGNIFICANT WEATHER WAS OBSERVED.

RELATIVE HUMIDITY (PERCENT)
 HIGHEST    75           600 AM
 LOWEST     16           400 PM
 AVERAGE    46

..........................................................

THE MIDLAND CLIMATE NORMALS FOR TODAY
                         NORMAL    RECORD    YEAR
 MAXIMUM TEMPERATURE (F)   62        83      1962
 MINIMUM TEMPERATURE (F)   34        14      1963

SUNRISE AND SUNSET
FEBRUARY 13 2016......SUNRISE   733 AM CST   SUNSET   633 PM CST
FEBRUARY 14 2016......SUNRISE   732 AM CST   SUNSET   634 PM CST

-  INDICATES NEGATIVE NUMBERS.
R  INDICATES RECORD WAS SET OR TIED.
MM INDICATES DATA IS MISSING.
T  INDICATES TRACE AMOUNT.

$$

44
