000
CDUS44 KMAF 202213
CLIMAF

CLIMATE REPORT
NATIONAL WEATHER SERVICE MIDLAND TX
510 PM CDT FRI OCT 20 2017

...................................

...THE MIDLAND CLIMATE SUMMARY FOR OCTOBER 20 2017...
VALID TODAY AS OF 0500 PM LOCAL TIME.

CLIMATE NORMAL PERIOD 1981 TO 2010
CLIMATE RECORD PERIOD 1930 TO 2017

WEATHER ITEM   OBSERVED TIME   RECORD YEAR NORMAL DEPARTURE LAST
                VALUE   (LST)  VALUE       VALUE  FROM      YEAR
                                                  NORMAL
..................................................................
TEMPERATURE (F)
 TODAY
  MAXIMUM         81    408 PM  94    2007  77      4       76
  MINIMUM         56    114 AM  35    1976  51      5       55
  AVERAGE         69                        64      5       66

PRECIPITATION (IN)
  TODAY            T             1.18 1957   0.06  -0.06     0.00
  MONTH TO DATE    0.09                      1.28  -1.19     0.31
  SINCE SEP 1      4.16                      3.14   1.02     2.42
  SINCE JAN 1     16.90                     12.86   4.04    12.76

SNOWFALL (IN)
  TODAY           MM
  MONTH TO DATE    0.0
  SINCE SEP 1      0.0
  SINCE JUL 1      0.0
  SNOW DEPTH       0

DEGREE DAYS
 HEATING
  TODAY            0                         3     -3        0
  MONTH TO DATE   20                        43    -23        6
  SINCE SEP 1     27                        54    -27        7
  SINCE JUL 1     27                        54    -27        7

 COOLING
  TODAY            4                         2      2        1
  MONTH TO DATE  136                        79     57      175
  SINCE SEP 1    518                       374    144      544
  SINCE JAN 1   2765                      2258    507     2776
..................................................................

WIND (MPH)
  HIGHEST WIND SPEED    23   HIGHEST WIND DIRECTION     S (170)
  HIGHEST GUST SPEED    30   HIGHEST GUST DIRECTION     S (170)
  AVERAGE WIND SPEED    11.9

SKY COVER
  POSSIBLE SUNSHINE  MM
  AVERAGE SKY COVER 0.3

WEATHER CONDITIONS
 THE FOLLOWING WEATHER WAS RECORDED TODAY.
  LIGHT RAIN

RELATIVE HUMIDITY (PERCENT)
 HIGHEST    80          1200 AM
 LOWEST     42           400 PM
 AVERAGE    61

..........................................................

THE MIDLAND CLIMATE NORMALS FOR TOMORROW
                         NORMAL    RECORD    YEAR
 MAXIMUM TEMPERATURE (F)   77        92      2007
 MINIMUM TEMPERATURE (F)   50        37      1999

SUNRISE AND SUNSET
OCTOBER 20 2017.......SUNRISE   756 AM CDT   SUNSET   710 PM CDT
OCTOBER 21 2017.......SUNRISE   757 AM CDT   SUNSET   709 PM CDT

-  INDICATES NEGATIVE NUMBERS.
R  INDICATES RECORD WAS SET OR TIED.
MM INDICATES DATA IS MISSING.
T  INDICATES TRACE AMOUNT.

$$

44
