000
CDUS44 KMAF 040832
CLIMAF


CLIMATE REPORT
NATIONAL WEATHER SERVICE MIDLAND TX
231 AM CST SUN DEC 4 2016


...................................

...THE MIDLAND CLIMATE SUMMARY FOR DECEMBER 3 2016...

CLIMATE NORMAL PERIOD 1981 TO 2010
CLIMATE RECORD PERIOD 1930 TO 2016


WEATHER ITEM   OBSERVED TIME   RECORD YEAR NORMAL DEPARTURE LAST
                VALUE   (LST)  VALUE       VALUE  FROM      YEAR
                                                  NORMAL
..................................................................
TEMPERATURE (F)
 YESTERDAY
  MAXIMUM         47    308 AM  83    1954  60    -13       62
  MINIMUM         43   1159 PM  19    1985  33     10       31
  AVERAGE         45                        46     -1       47

PRECIPITATION (IN)
  YESTERDAY        0.28          0.84 2002   0.02   0.26     0.00
  MONTH TO DATE    0.33                      0.06   0.27     0.00
  SINCE DEC 1      0.33                      0.06   0.27     0.00
  SINCE JAN 1     15.10                     14.06   1.04    21.39

SNOWFALL (IN)
  YESTERDAY        0.0
  MONTH TO DATE    0.0
  SINCE DEC 1      0.0
  SINCE JUL 1      0.0
  SNOW DEPTH       0

DEGREE DAYS
 HEATING
  YESTERDAY       20                        19      1       18
  MONTH TO DATE   54                        55     -1       54
  SINCE DEC 1     54                        55     -1       54
  SINCE JUL 1    265                       534   -269      406
..................................................................


WIND (MPH)
  HIGHEST WIND SPEED    21   HIGHEST WIND DIRECTION     E (70)
  HIGHEST GUST SPEED    25   HIGHEST GUST DIRECTION    NE (50)
  AVERAGE WIND SPEED    11.7


SKY COVER
  POSSIBLE SUNSHINE  MM
  AVERAGE SKY COVER 1.0


WEATHER CONDITIONS
 THE FOLLOWING WEATHER WAS RECORDED YESTERDAY.
  THUNDERSTORM
  HEAVY RAIN
  RAIN
  LIGHT RAIN
  FOG


RELATIVE HUMIDITY (PERCENT)
 HIGHEST    96           900 AM
 LOWEST     86           400 AM
 AVERAGE    91

..........................................................


THE MIDLAND CLIMATE NORMALS FOR TODAY
                         NORMAL    RECORD    YEAR
 MAXIMUM TEMPERATURE (F)   60        85      1954
 MINIMUM TEMPERATURE (F)   32        14      2006


SUNRISE AND SUNSET
DECEMBER  4 2016......SUNRISE   734 AM CST   SUNSET   544 PM CST
DECEMBER  5 2016......SUNRISE   735 AM CST   SUNSET   544 PM CST


-  INDICATES NEGATIVE NUMBERS.
R  INDICATES RECORD WAS SET OR TIED.
MM INDICATES DATA IS MISSING.
T  INDICATES TRACE AMOUNT.




$$
