000
CDUS44 KMAF 010733
CLIMAF


CLIMATE REPORT
NATIONAL WEATHER SERVICE MIDLAND TX
232 AM CDT SAT AUG 1 2015


...................................

...THE MIDLAND CLIMATE SUMMARY FOR JULY 31 2015...

CLIMATE NORMAL PERIOD 1981 TO 2010
CLIMATE RECORD PERIOD 1930 TO 2015


WEATHER ITEM   OBSERVED TIME   RECORD YEAR NORMAL DEPARTURE LAST
                VALUE   (LST)  VALUE       VALUE  FROM      YEAR
                                                  NORMAL
..................................................................
TEMPERATURE (F)
 YESTERDAY
  MAXIMUM         99    532 PM 105    1944  95      4       85
  MINIMUM         71    621 AM  60    1971  70      1       69
  AVERAGE         85                        82      3       77

PRECIPITATION (IN)
  YESTERDAY        0.18          1.39 1936   0.06   0.12     0.00
  MONTH TO DATE    0.72                      1.82  -1.10     0.33
  SINCE JUN 1      4.01                      3.62   0.39     0.81
  SINCE JAN 1     13.00                      7.88   5.12     3.97

DEGREE DAYS
 COOLING
  YESTERDAY       20                        17      3       12
  MONTH TO DATE  620                       532     88      578
  SINCE JUN 1   1069                       993     76     1115
  SINCE JAN 1   1427                      1382     45     1591
..................................................................


WIND (MPH)
  HIGHEST WIND SPEED    39   HIGHEST WIND DIRECTION    SE (140)
  HIGHEST GUST SPEED    48   HIGHEST GUST DIRECTION    SE (130)
  AVERAGE WIND SPEED     8.1


SKY COVER
  POSSIBLE SUNSHINE  MM
  AVERAGE SKY COVER 0.2


WEATHER CONDITIONS
 THE FOLLOWING WEATHER WAS RECORDED YESTERDAY.
  HEAVY RAIN
  LIGHT RAIN


RELATIVE HUMIDITY (PERCENT)
 HIGHEST    51          1000 PM
 LOWEST     22           400 PM
 AVERAGE    37

..........................................................


THE MIDLAND CLIMATE NORMALS FOR TODAY
                         NORMAL    RECORD    YEAR
 MAXIMUM TEMPERATURE (F)   95       105      1944
 MINIMUM TEMPERATURE (F)   70        56      1936


SUNRISE AND SUNSET
AUGUST  1 2015........SUNRISE   704 AM CDT   SUNSET   846 PM CDT
AUGUST  2 2015........SUNRISE   705 AM CDT   SUNSET   845 PM CDT


-  INDICATES NEGATIVE NUMBERS.
R  INDICATES RECORD WAS SET OR TIED.
MM INDICATES DATA IS MISSING.
T  INDICATES TRACE AMOUNT.




$$
