785
CDUS44 KMAF 160831
CLIMAF


CLIMATE REPORT
NATIONAL WEATHER SERVICE MIDLAND TX
230 AM CST MON JAN 16 2017


...................................

...THE MIDLAND CLIMATE SUMMARY FOR JANUARY 15 2017...

CLIMATE NORMAL PERIOD 1981 TO 2010
CLIMATE RECORD PERIOD 1930 TO 2017


WEATHER ITEM   OBSERVED TIME   RECORD YEAR NORMAL DEPARTURE LAST
                VALUE   (LST)  VALUE       VALUE  FROM      YEAR
                                                  NORMAL
..................................................................
TEMPERATURE (F)
 YESTERDAY
  MAXIMUM         50    247 PM  79    1935  57     -7       66
  MINIMUM         35    321 AM   6    1972  30      5       29
  AVERAGE         43                        44     -1       48

PRECIPITATION (IN)
  YESTERDAY        0.81R         0.60 1946   0.01   0.80     0.00
  MONTH TO DATE    0.96                      0.22   0.74     0.09
  SINCE DEC 1      1.37                      0.82   0.55     1.33
  SINCE JAN 1      0.96                      0.22   0.74     0.09

SNOWFALL (IN)
  YESTERDAY       MM
  MONTH TO DATE    T
  SINCE DEC 1      0.3
  SINCE JUL 1      0.3
  SNOW DEPTH       0

DEGREE DAYS
 HEATING
  YESTERDAY       22                        21      1       17
  MONTH TO DATE  283                       329    -46      334
  SINCE DEC 1    817                       966   -149      860
  SINCE JUL 1   1028                      1445   -417     1212
..................................................................


WIND (MPH)
  HIGHEST WIND SPEED    24   HIGHEST WIND DIRECTION    NE (50)
  HIGHEST GUST SPEED    28   HIGHEST GUST DIRECTION    NE (50)
  AVERAGE WIND SPEED     8.9


SKY COVER
  POSSIBLE SUNSHINE  MM
  AVERAGE SKY COVER 0.8


WEATHER CONDITIONS
 THE FOLLOWING WEATHER WAS RECORDED YESTERDAY.
  THUNDERSTORM
  HEAVY RAIN
  RAIN
  LIGHT RAIN
  FOG
  FOG W/VISIBILITY <= 1/4 MILE


RELATIVE HUMIDITY (PERCENT)
 HIGHEST    96          1100 AM
 LOWEST     76          1100 PM
 AVERAGE    86

..........................................................


THE MIDLAND CLIMATE NORMALS FOR TODAY
                         NORMAL    RECORD    YEAR
 MAXIMUM TEMPERATURE (F)   57        79      1971
 MINIMUM TEMPERATURE (F)   30        15      1972


SUNRISE AND SUNSET
JANUARY 16 2017.......SUNRISE   749 AM CST   SUNSET   608 PM CST
JANUARY 17 2017.......SUNRISE   749 AM CST   SUNSET   609 PM CST


-  INDICATES NEGATIVE NUMBERS.
R  INDICATES RECORD WAS SET OR TIED.
MM INDICATES DATA IS MISSING.
T  INDICATES TRACE AMOUNT.




$$
