404
CDUS44 KMAF 300735
CLIMAF


CLIMATE REPORT
NATIONAL WEATHER SERVICE MIDLAND TX
234 AM CDT SAT APR 30 2016


...................................

...THE MIDLAND CLIMATE SUMMARY FOR APRIL 29 2016...

CLIMATE NORMAL PERIOD 1981 TO 2010
CLIMATE RECORD PERIOD 1930 TO 2016


WEATHER ITEM   OBSERVED TIME   RECORD YEAR NORMAL DEPARTURE LAST
                VALUE   (LST)  VALUE       VALUE  FROM      YEAR
                                                  NORMAL
..................................................................
TEMPERATURE (F)
 YESTERDAY
  MAXIMUM         86    347 PM  95    2011  83      3       75
                                      1947
  MINIMUM         64   1052 PM  38    2015  54     10       38
                                      1998
                                      1991
  AVERAGE         75                        68      7       57

PRECIPITATION (IN)
  YESTERDAY        0.00          1.18 2007   0.03  -0.03     0.00
  MONTH TO DATE    1.45                      0.63   0.82     1.30
  SINCE MAR 1      1.79                      1.23   0.56     2.95
  SINCE JAN 1      2.27                      2.50  -0.23     5.64

SNOWFALL (IN)
  YESTERDAY        0.0
  MONTH TO DATE    0.0
  SINCE MAR 1      0.0
  SINCE JUL 1      8.0
  SNOW DEPTH       0

DEGREE DAYS
 HEATING
  YESTERDAY        0                         2     -2        8
  MONTH TO DATE   54                       111    -57       64
  SINCE MAR 1    215                       418   -203      402
  SINCE JUL 1   2045                      2655   -610     2552

 COOLING
  YESTERDAY       10                         5      5        0
  MONTH TO DATE  122                        84     38      107
  SINCE MAR 1    157                       100     57      133
  SINCE JAN 1    172                       102     70      134
..................................................................


WIND (MPH)
  HIGHEST WIND SPEED    38   HIGHEST WIND DIRECTION     W (280)
  HIGHEST GUST SPEED    47   HIGHEST GUST DIRECTION     W (280)
  AVERAGE WIND SPEED    20.2


SKY COVER
  POSSIBLE SUNSHINE  MM
  AVERAGE SKY COVER 0.1


WEATHER CONDITIONS
 THE FOLLOWING WEATHER WAS RECORDED YESTERDAY.
  HAZE


RELATIVE HUMIDITY (PERCENT)
 HIGHEST    79           100 AM
 LOWEST      7           400 PM
 AVERAGE    43

..........................................................


THE MIDLAND CLIMATE NORMALS FOR TODAY
                         NORMAL    RECORD    YEAR
 MAXIMUM TEMPERATURE (F)   83        97      2013
                                             2009
 MINIMUM TEMPERATURE (F)   54        41      1960


SUNRISE AND SUNSET
APRIL 30 2016.........SUNRISE   703 AM CDT   SUNSET   829 PM CDT
MAY  1 2016...........SUNRISE   702 AM CDT   SUNSET   830 PM CDT


-  INDICATES NEGATIVE NUMBERS.
R  INDICATES RECORD WAS SET OR TIED.
MM INDICATES DATA IS MISSING.
T  INDICATES TRACE AMOUNT.




$$
