000
CDUS44 KMAF 282328
CLIMAF


CLIMATE REPORT
NATIONAL WEATHER SERVICE MIDLAND TX
628 PM CDT FRI AUG 28 2015


...................................

...THE MIDLAND CLIMATE SUMMARY FOR AUGUST 28 2015...
VALID TODAY AS OF 0500 PM LOCAL TIME.

CLIMATE NORMAL PERIOD 1981 TO 2010
CLIMATE RECORD PERIOD 1930 TO 2015


WEATHER ITEM   OBSERVED TIME   RECORD YEAR NORMAL DEPARTURE LAST
                VALUE   (LST)  VALUE       VALUE  FROM      YEAR
                                                  NORMAL
..................................................................
TEMPERATURE (F)
 TODAY
  MAXIMUM        100    422 PM 103    2011  92      8       98
                                      2002
  MINIMUM         73    701 AM  59    1992  67      6       73
  AVERAGE         87                        80      7       86

PRECIPITATION (IN)
  TODAY            0.00          1.64 1966   0.06  -0.06     0.00
  MONTH TO DATE    0.99                      1.64  -0.65     0.77
  SINCE JUN 1      5.00                      5.26  -0.26     1.58
  SINCE JAN 1     13.99                      9.52   4.47     4.74

DEGREE DAYS
 COOLING
  TODAY           22                        15      7       21
  MONTH TO DATE  581                       459    122      538
  SINCE JUN 1   1650                      1452    198     1653
  SINCE JAN 1   2008                      1841    167     2129
..................................................................


WIND (MPH)
  HIGHEST WIND SPEED    17   HIGHEST WIND DIRECTION     S (180)
  HIGHEST GUST SPEED    24   HIGHEST GUST DIRECTION     S (190)
  AVERAGE WIND SPEED    12.2


SKY COVER
  POSSIBLE SUNSHINE  MM
  AVERAGE SKY COVER 0.0


WEATHER CONDITIONS
 THE FOLLOWING WEATHER WAS RECORDED TODAY.
  NO SIGNIFICANT WEATHER WAS OBSERVED.


RELATIVE HUMIDITY (PERCENT)
 HIGHEST    57           600 AM
 LOWEST     21           200 PM
 AVERAGE    39

..........................................................


THE MIDLAND CLIMATE NORMALS FOR TOMORROW
                         NORMAL    RECORD    YEAR
 MAXIMUM TEMPERATURE (F)   92       106      2011
 MINIMUM TEMPERATURE (F)   67        57      1930


SUNRISE AND SUNSET
AUGUST 28 2015........SUNRISE   721 AM CDT   SUNSET   818 PM CDT
AUGUST 29 2015........SUNRISE   722 AM CDT   SUNSET   817 PM CDT


-  INDICATES NEGATIVE NUMBERS.
R  INDICATES RECORD WAS SET OR TIED.
MM INDICATES DATA IS MISSING.
T  INDICATES TRACE AMOUNT.




$$
