000
CDUS42 KTAE 170630
CLIMAI


CLIMATE REPORT
NATIONAL WEATHER SERVICE TALLAHASSEE FL
130 AM EST SUN DEC 17 2017


...................................

...THE MARIANNA CLIMATE SUMMARY FOR DECEMBER 16 2017...

CLIMATE NORMAL PERIOD 1981 TO 2010
CLIMATE RECORD PERIOD 1950 TO 2017


WEATHER ITEM   OBSERVED NORMAL DEPARTURE LAST
                VALUE   VALUE  FROM      YEAR
                               NORMAL
...............................................
TEMPERATURE (F)
 YESTERDAY
  MAXIMUM         61     64     -3       66
  MINIMUM         36     41     -5       37
  AVERAGE         49     52     -3       52

PRECIPITATION (IN)
  YESTERDAY        0.00   0.12  -0.12     0.00
  MONTH TO DATE    1.75   2.18  -0.43    10.12
  SINCE DEC 1      1.75   2.18  -0.43    10.12
  SINCE JAN 1     45.83  51.85  -6.02    48.80

DEGREE DAYS
 HEATING
  YESTERDAY       16             3
  MONTH TO DATE  196            12
  SINCE DEC 1    196            12
  SINCE JUL 1    377           -45

 COOLING
  YESTERDAY        0             0
  MONTH TO DATE    3            -9
  SINCE DEC 1      3            -9
  SINCE JAN 1   2988           427
...............................................


WIND (MPH)
  HIGHEST WIND SPEED    14   HIGHEST WIND DIRECTION    NE (60)
  HIGHEST GUST SPEED    16   HIGHEST GUST DIRECTION    NE (60)
  AVERAGE WIND SPEED     4.5




RELATIVE HUMIDITY (PERCENT)
 HIGHEST    83
 LOWEST     28
 AVERAGE    56

..........................................................




SUNRISE AND SUNSET
DECEMBER 17 2017......SUNRISE   632 AM CST   SUNSET   442 PM CST
DECEMBER 18 2017......SUNRISE   633 AM CST   SUNSET   442 PM CST


-  INDICATES NEGATIVE NUMBERS.
R  INDICATES RECORD WAS SET OR TIED.
MM INDICATES DATA IS MISSING.
T  INDICATES TRACE AMOUNT.




$$
