000
CDUS42 KTAE 240636
CLIMAI


CLIMATE REPORT
NATIONAL WEATHER SERVICE TALLAHASSEE FL
135 AM EST FRI FEB 24 2017


...................................

...THE MARIANNA CLIMATE SUMMARY FOR FEBRUARY 23 2017...

CLIMATE NORMAL PERIOD 1981 TO 2010
CLIMATE RECORD PERIOD 1950 TO 2017


WEATHER ITEM   OBSERVED NORMAL DEPARTURE LAST
                VALUE   VALUE  FROM      YEAR
                               NORMAL
...............................................
TEMPERATURE (F)
 YESTERDAY
  MAXIMUM         79     68     11       79
  MINIMUM         58     44     14       59
  AVERAGE         69     56     13       69

PRECIPITATION (IN)
  YESTERDAY        0.00   0.21  -0.21     0.43
  MONTH TO DATE    3.70   3.99  -0.29     3.56
  SINCE DEC 1     22.15  12.94   9.21    17.46
  SINCE JAN 1     10.38   9.03   1.35     8.33

DEGREE DAYS
 HEATING
  YESTERDAY        0            -9
  MONTH TO DATE   87          -173
  SINCE DEC 1    544          -578
  SINCE JUL 1    676          -684

 COOLING
  YESTERDAY        4             3
  MONTH TO DATE   22            21
  SINCE DEC 1     76            59
  SINCE JAN 1     49            44
...............................................


WIND (MPH)
  HIGHEST WIND SPEED    16   HIGHEST WIND DIRECTION    NE (50)
  HIGHEST GUST SPEED    20   HIGHEST GUST DIRECTION    NE (50)
  AVERAGE WIND SPEED     5.4




RELATIVE HUMIDITY (PERCENT)
 HIGHEST   100
 LOWEST     54
 AVERAGE    77

..........................................................




SUNRISE AND SUNSET
FEBRUARY 24 2017......SUNRISE   612 AM CST   SUNSET   536 PM CST
FEBRUARY 25 2017......SUNRISE   611 AM CST   SUNSET   537 PM CST


-  INDICATES NEGATIVE NUMBERS.
R  INDICATES RECORD WAS SET OR TIED.
MM INDICATES DATA IS MISSING.
T  INDICATES TRACE AMOUNT.




$$
