000
CDUS42 KTAE 302141
CLIMAI


CLIMATE REPORT
NATIONAL WEATHER SERVICE TALLAHASSEE FL
540 PM EDT SUN APR 30 2017


...................................

...THE MARIANNA CLIMATE SUMMARY FOR APRIL 30 2017...
VALID TODAY AS OF 0500 PM LOCAL TIME.

CLIMATE NORMAL PERIOD 1981 TO 2010
CLIMATE RECORD PERIOD 1950 TO 2017


WEATHER ITEM   OBSERVED NORMAL DEPARTURE LAST
                VALUE   VALUE  FROM      YEAR
                               NORMAL
...............................................
TEMPERATURE (F)
 TODAY
  MAXIMUM         90     83      7       89
  MINIMUM         69     58     11       68
  AVERAGE         80

PRECIPITATION (IN)
  TODAY            T      0.05  -0.05     0.00
  MONTH TO DATE    2.04   3.71  -1.67     4.89
  SINCE MAR 1      4.12   9.25  -5.13    11.97
  SINCE JAN 1     14.52  19.23  -4.71    20.41

...............................................







THE MARIANNA CLIMATE NORMALS FOR TOMORROW
                         NORMAL
 MAXIMUM TEMPERATURE (F)   84
 MINIMUM TEMPERATURE (F)   58



-  INDICATES NEGATIVE NUMBERS.
R  INDICATES RECORD WAS SET OR TIED.
MM INDICATES DATA IS MISSING.
T  INDICATES TRACE AMOUNT.




$$
