000
CDUS42 KTAE 022134
CLIMAI


CLIMATE REPORT
NATIONAL WEATHER SERVICE TALLAHASSEE FL
534 PM EDT TUE SEP 2 2014


...................................

...THE MARIANNA CLIMATE SUMMARY FOR SEPTEMBER 2 2014...
VALID TODAY AS OF 0500 PM LOCAL TIME.

CLIMATE NORMAL PERIOD 1981 TO 2010
CLIMATE RECORD PERIOD 1950 TO 2014


WEATHER ITEM   OBSERVED NORMAL DEPARTURE LAST
                VALUE   VALUE  FROM      YEAR
                               NORMAL
...............................................
TEMPERATURE (F)
 TODAY
  MAXIMUM         96     90      6       89
  MINIMUM         73     71      2       72
  AVERAGE         85

PRECIPITATION (IN)
  TODAY            0.00   0.14  -0.14     0.02
  MONTH TO DATE    0.00   0.28  -0.28     0.41
  SINCE SEP 1      0.00   0.28  -0.28     0.41
  SINCE JAN 1     42.94  38.61   4.33    51.09

...............................................







THE MARIANNA CLIMATE NORMALS FOR TOMORROW
                         NORMAL
 MAXIMUM TEMPERATURE (F)   90
 MINIMUM TEMPERATURE (F)   71



-  INDICATES NEGATIVE NUMBERS.
R  INDICATES RECORD WAS SET OR TIED.
MM INDICATES DATA IS MISSING.
T  INDICATES TRACE AMOUNT.




$$
