000
CDUS42 KTAE 200735
CLIMAI


CLIMATE REPORT
NATIONAL WEATHER SERVICE TALLAHASSEE FL
235 AM EST SAT DEC 20 2014


...................................

...THE MARIANNA CLIMATE SUMMARY FOR DECEMBER 19 2014...

CLIMATE NORMAL PERIOD 1981 TO 2010
CLIMATE RECORD PERIOD 1950 TO 2014


WEATHER ITEM   OBSERVED NORMAL DEPARTURE LAST
                VALUE   VALUE  FROM      YEAR
                               NORMAL
...............................................
TEMPERATURE (F)
 YESTERDAY
  MAXIMUM         61     63     -2       68
  MINIMUM         44     40      4       33
  AVERAGE         53     52      1       51

PRECIPITATION (IN)
  YESTERDAY        0.09   0.12  -0.03     0.00
  MONTH TO DATE    0.15   2.54  -2.39     0.78
  SINCE DEC 1      0.15   2.54  -2.39     0.78
  SINCE JAN 1     55.87  52.21   3.66    59.42

DEGREE DAYS
 HEATING
  YESTERDAY       12            -2
  MONTH TO DATE  190           -34
  SINCE DEC 1    190           -34
  SINCE JUL 1    570           108

 COOLING
  YESTERDAY        0             0
  MONTH TO DATE    5            -7
  SINCE DEC 1      5            -7
  SINCE JAN 1   2616            55
...............................................


WIND (MPH)
  HIGHEST WIND SPEED    13   HIGHEST WIND DIRECTION    NE (40)
  HIGHEST GUST SPEED    16   HIGHEST GUST DIRECTION    NE (50)
  AVERAGE WIND SPEED     2.9




RELATIVE HUMIDITY (PERCENT)
 HIGHEST    92
 LOWEST     46
 AVERAGE    69

..........................................................




SUNRISE AND SUNSET
DECEMBER 20 2014......SUNRISE   634 AM CST   SUNSET   443 PM CST
DECEMBER 21 2014......SUNRISE   634 AM CST   SUNSET   443 PM CST


-  INDICATES NEGATIVE NUMBERS.
R  INDICATES RECORD WAS SET OR TIED.
MM INDICATES DATA IS MISSING.
T  INDICATES TRACE AMOUNT.




$$
