000
CDUS42 KTAE 230642
CLIMAI


CLIMATE REPORT
NATIONAL WEATHER SERVICE TALLAHASSEE FL
241 AM EDT SAT JUL 23 2016


...................................

...THE MARIANNA CLIMATE SUMMARY FOR JULY 22 2016...

CLIMATE NORMAL PERIOD 1981 TO 2010
CLIMATE RECORD PERIOD 1950 TO 2016


WEATHER ITEM   OBSERVED NORMAL DEPARTURE LAST
                VALUE   VALUE  FROM      YEAR
                               NORMAL
...............................................
TEMPERATURE (F)
 YESTERDAY
  MAXIMUM         92     92      0       97
  MINIMUM         73     73      0       75
  AVERAGE         83     82      1       86

PRECIPITATION (IN)
  YESTERDAY        0.05   0.14  -0.09      T
  MONTH TO DATE    2.20   3.78  -1.58     3.41
  SINCE JUN 1      4.82   9.35  -4.53     7.33
  SINCE JAN 1     27.00  31.57  -4.57    32.90

DEGREE DAYS
 HEATING
  YESTERDAY        0             0
  MONTH TO DATE    0             0
  SINCE JUN 1      0             0
  SINCE JUL 1      0             0

 COOLING
  YESTERDAY       18             1
  MONTH TO DATE  418            44
  SINCE JUN 1    923            90
  SINCE JAN 1   1422           119
...............................................


WIND (MPH)
  HIGHEST WIND SPEED    23   HIGHEST WIND DIRECTION    SW (210)
  HIGHEST GUST SPEED    29   HIGHEST GUST DIRECTION    SW (220)
  AVERAGE WIND SPEED     3.9




RELATIVE HUMIDITY (PERCENT)
 HIGHEST   100
 LOWEST     59
 AVERAGE    80

..........................................................




SUNRISE AND SUNSET
JULY 23 2016..........SUNRISE   553 AM CDT   SUNSET   741 PM CDT
JULY 24 2016..........SUNRISE   554 AM CDT   SUNSET   741 PM CDT


-  INDICATES NEGATIVE NUMBERS.
R  INDICATES RECORD WAS SET OR TIED.
MM INDICATES DATA IS MISSING.
T  INDICATES TRACE AMOUNT.




$$
