000
CDUS42 KTAE 200638
CLIMAI


CLIMATE REPORT
NATIONAL WEATHER SERVICE TALLAHASSEE FL
237 AM EDT WED AUG 20 2014


...................................

...THE MARIANNA CLIMATE SUMMARY FOR AUGUST 19 2014...

CLIMATE NORMAL PERIOD 1981 TO 2010
CLIMATE RECORD PERIOD 1950 TO 2014


WEATHER ITEM   OBSERVED NORMAL DEPARTURE LAST
                VALUE   VALUE  FROM      YEAR
                               NORMAL
...............................................
TEMPERATURE (F)
 YESTERDAY
  MAXIMUM         94     91      3       91
  MINIMUM         73     72      1       72
  AVERAGE         84     82      2       82

PRECIPITATION (IN)
  YESTERDAY        0.58   0.17   0.41     0.11
  MONTH TO DATE    3.15   3.72  -0.57    10.87
  SINCE JUN 1     10.65  14.40  -3.75    26.42
  SINCE JAN 1     42.37  36.62   5.75    47.32

DEGREE DAYS
 HEATING
  YESTERDAY        0             0
  MONTH TO DATE    0             0
  SINCE JUN 1      0             0
  SINCE JUL 1      0             0

 COOLING
  YESTERDAY       19             3
  MONTH TO DATE  351            29
  SINCE JUN 1   1371            65
  SINCE JAN 1   1805            29
...............................................


WIND (MPH)
  HIGHEST WIND SPEED    21   HIGHEST WIND DIRECTION     N (340)
  HIGHEST GUST SPEED    29   HIGHEST GUST DIRECTION     N (340)
  AVERAGE WIND SPEED     7.3




RELATIVE HUMIDITY (PERCENT)
 HIGHEST   100
 LOWEST     56
 AVERAGE    78

..........................................................




SUNRISE AND SUNSET
AUGUST 20 2014........SUNRISE   610 AM CDT   SUNSET   718 PM CDT
AUGUST 21 2014........SUNRISE   611 AM CDT   SUNSET   717 PM CDT


-  INDICATES NEGATIVE NUMBERS.
R  INDICATES RECORD WAS SET OR TIED.
MM INDICATES DATA IS MISSING.
T  INDICATES TRACE AMOUNT.




$$
