000
CDUS42 KTAE 030626
CLIMAI


CLIMATE REPORT
NATIONAL WEATHER SERVICE TALLAHASSEE FL
220 AM EDT TUE MAY 3 2016

...................................

...THE MARIANNA CLIMATE SUMMARY FOR MAY 2 2016...

CLIMATE NORMAL PERIOD 1981 TO 2010
CLIMATE RECORD PERIOD 1950 TO 2016


WEATHER ITEM   OBSERVED NORMAL DEPARTURE LAST
                VALUE   VALUE  FROM      YEAR
                               NORMAL
...............................................
TEMPERATURE (F)
 YESTERDAY
  MAXIMUM         87     84      3       81
  MINIMUM         67     59      8       50
  AVERAGE         77     71      6       66

PRECIPITATION (IN)
  YESTERDAY        0.31   0.06   0.25     0.00
  MONTH TO DATE    0.31   0.11   0.20     0.00
  SINCE MAR 1     12.28   9.36   2.92    13.49
  SINCE JAN 1     20.72  19.34   1.38    20.67

DEGREE DAYS
 HEATING
  YESTERDAY        0             0
  MONTH TO DATE    0             0
  SINCE MAR 1    121          -120
  SINCE JUL 1   1157          -489

 COOLING
  YESTERDAY       12             5
  MONTH TO DATE   26            13
  SINCE MAR 1    216            60
  SINCE JAN 1    222            51
...............................................


WIND (MPH)
  HIGHEST WIND SPEED    25   HIGHEST WIND DIRECTION     S (190)
  HIGHEST GUST SPEED    33   HIGHEST GUST DIRECTION     S (200)
  AVERAGE WIND SPEED     5.6




RELATIVE HUMIDITY (PERCENT)
 HIGHEST   100
 LOWEST     58
 AVERAGE    79

..........................................................



SUNRISE AND SUNSET
MAY  3 2016...........SUNRISE   554 AM CDT   SUNSET   721 PM CDT
MAY  4 2016...........SUNRISE   554 AM CDT   SUNSET   722 PM CDT


-  INDICATES NEGATIVE NUMBERS.
R  INDICATES RECORD WAS SET OR TIED.
MM INDICATES DATA IS MISSING.
T  INDICATES TRACE AMOUNT.

$$
