000
CDUS42 KTAE 300653
CLIMAI


CLIMATE REPORT
NATIONAL WEATHER SERVICE TALLAHASSEE FL
249 AM EDT THU OCT 30 2014


...................................

...THE MARIANNA CLIMATE SUMMARY FOR OCTOBER 29 2014...

CLIMATE NORMAL PERIOD 1981 TO 2010
CLIMATE RECORD PERIOD 1950 TO 2014


WEATHER ITEM   OBSERVED NORMAL DEPARTURE LAST
                VALUE   VALUE  FROM      YEAR
                               NORMAL
...............................................
TEMPERATURE (F)
 YESTERDAY
  MAXIMUM         83     77      6       81
  MINIMUM         63     53     10       51
  AVERAGE         73     64      9       66

PRECIPITATION (IN)
  YESTERDAY        T      0.13  -0.13     0.00
  MONTH TO DATE    1.98   3.18  -1.20     1.90
  SINCE SEP 1      6.79   6.98  -0.19     4.27
  SINCE JAN 1     49.73  45.31   4.42    54.95

DEGREE DAYS
 HEATING
  YESTERDAY        0            -3
  MONTH TO DATE   17           -24
  SINCE SEP 1     17           -25
  SINCE JUL 1     17           -25

 COOLING
  YESTERDAY        8             5
  MONTH TO DATE  151            -1
  SINCE SEP 1    567            28
  SINCE JAN 1   2598            94
...............................................


WIND (MPH)
  HIGHEST WIND SPEED    15   HIGHEST WIND DIRECTION    NW (320)
  HIGHEST GUST SPEED    19   HIGHEST GUST DIRECTION     W (290)
  AVERAGE WIND SPEED     4.0




RELATIVE HUMIDITY (PERCENT)
 HIGHEST   100
 LOWEST     55
 AVERAGE    78

..........................................................




SUNRISE AND SUNSET
OCTOBER 30 2014.......SUNRISE   654 AM CDT   SUNSET   554 PM CDT
OCTOBER 31 2014.......SUNRISE   655 AM CDT   SUNSET   553 PM CDT


-  INDICATES NEGATIVE NUMBERS.
R  INDICATES RECORD WAS SET OR TIED.
MM INDICATES DATA IS MISSING.
T  INDICATES TRACE AMOUNT.




$$
