000
CDUS42 KTAE 020632
CLIMAI


CLIMATE REPORT
NATIONAL WEATHER SERVICE TALLAHASSEE FL
232 AM EDT WED SEP 2 2015


...................................

...THE MARIANNA CLIMATE SUMMARY FOR SEPTEMBER 1 2015...

CLIMATE NORMAL PERIOD 1981 TO 2010
CLIMATE RECORD PERIOD 1950 TO 2015


WEATHER ITEM   OBSERVED NORMAL DEPARTURE LAST
                VALUE   VALUE  FROM      YEAR
                               NORMAL
...............................................
TEMPERATURE (F)
 YESTERDAY
  MAXIMUM         95     90      5       96
  MINIMUM         70     71     -1       72
  AVERAGE         83     81      2       84

PRECIPITATION (IN)
  YESTERDAY        0.00   0.14  -0.14     0.00
  MONTH TO DATE    0.00   0.14  -0.14     0.00
  SINCE SEP 1      0.00   0.14  -0.14     0.00
  SINCE JAN 1     36.98  38.47  -1.49    42.94

DEGREE DAYS
 HEATING
  YESTERDAY        0             0
  MONTH TO DATE    0             0
  SINCE SEP 1      0             0
  SINCE JUL 1      0             0

 COOLING
  YESTERDAY       18             2
  MONTH TO DATE   18             2
  SINCE SEP 1     18             2
  SINCE JAN 1   2366           385
...............................................


WIND (MPH)
  HIGHEST WIND SPEED    13   HIGHEST WIND DIRECTION    NE (40)
  HIGHEST GUST SPEED    16   HIGHEST GUST DIRECTION    NE (40)
  AVERAGE WIND SPEED     3.6




RELATIVE HUMIDITY (PERCENT)
 HIGHEST   100
 LOWEST     39
 AVERAGE    70

..........................................................




SUNRISE AND SUNSET
SEPTEMBER  2 2015.....SUNRISE   617 AM CDT   SUNSET   703 PM CDT
SEPTEMBER  3 2015.....SUNRISE   618 AM CDT   SUNSET   702 PM CDT


-  INDICATES NEGATIVE NUMBERS.
R  INDICATES RECORD WAS SET OR TIED.
MM INDICATES DATA IS MISSING.
T  INDICATES TRACE AMOUNT.




$$
