000
CDUS42 KTAE 310632
CLIMAI


CLIMATE REPORT
NATIONAL WEATHER SERVICE TALLAHASSEE FL
231 AM EDT FRI JUL 31 2015


...................................

...THE MARIANNA CLIMATE SUMMARY FOR JULY 30 2015...

CLIMATE NORMAL PERIOD 1981 TO 2010
CLIMATE RECORD PERIOD 1950 TO 2015


WEATHER ITEM   OBSERVED NORMAL DEPARTURE LAST
                VALUE   VALUE  FROM      YEAR
                               NORMAL
...............................................
TEMPERATURE (F)
 YESTERDAY
  MAXIMUM         95     91      4       88
  MINIMUM         76     73      3       67
  AVERAGE         86     82      4       78

PRECIPITATION (IN)
  YESTERDAY        T      0.14  -0.14     0.00
  MONTH TO DATE    4.47   4.96  -0.49     4.83
  SINCE JUN 1      8.39  10.53  -2.14     7.50
  SINCE JAN 1     33.96  32.75   1.21    39.22

DEGREE DAYS
 HEATING
  YESTERDAY        0             0
  MONTH TO DATE    0             0
  SINCE JUN 1      0             0
  SINCE JUL 1      0             0

 COOLING
  YESTERDAY       21             4
  MONTH TO DATE  579            69
  SINCE JUN 1   1065            96
  SINCE JAN 1   1745           306
...............................................


WIND (MPH)
  HIGHEST WIND SPEED    24   HIGHEST WIND DIRECTION     S (190)
  HIGHEST GUST SPEED    32   HIGHEST GUST DIRECTION     S (200)
  AVERAGE WIND SPEED     3.9




RELATIVE HUMIDITY (PERCENT)
 HIGHEST   100
 LOWEST     60
 AVERAGE    80

..........................................................




SUNRISE AND SUNSET
JULY 31 2015..........SUNRISE   557 AM CDT   SUNSET   736 PM CDT
AUGUST  1 2015........SUNRISE   558 AM CDT   SUNSET   736 PM CDT


-  INDICATES NEGATIVE NUMBERS.
R  INDICATES RECORD WAS SET OR TIED.
MM INDICATES DATA IS MISSING.
T  INDICATES TRACE AMOUNT.




$$
