000
CDUS43 KABR 171457
CLIMBG


CLIMATE REPORT
NATIONAL WEATHER SERVICE ABERDEEN SD
857 AM CST WED DEC 17 2014


...................................

...THE MOBRIDGE SD CLIMATE SUMMARY FOR DECEMBER 16 2014...

CLIMATE NORMAL PERIOD 1981 TO 2010
CLIMATE RECORD PERIOD 1911 TO 2014


WEATHER ITEM   OBSERVED TIME   RECORD YEAR NORMAL DEPARTURE LAST
                VALUE   (LST)  VALUE       VALUE  FROM      YEAR
                                                  NORMAL
..................................................................
TEMPERATURE (F)
 YESTERDAY
  MAXIMUM         23    237 PM  62    1962  28     -5       37
  MINIMUM         18   1159 PM -27    1951   7     11        8
  AVERAGE         21                        18      3       23

PRECIPITATION (IN)
  YESTERDAY        T             0.25 1912   0.02  -0.02     0.00
  MONTH TO DATE    0.01                      0.15  -0.14     0.34
  SINCE DEC 1      0.01                      0.15  -0.14     0.34
  SINCE JAN 1     21.40                     17.58   3.82    23.26

SNOWFALL (IN)
  YESTERDAY        T
  MONTH TO DATE    T
  SINCE OCT 1      7.5
  SINCE JUL 1      7.5
  SNOW DEPTH       0

DEGREE DAYS
 HEATING
  YESTERDAY       44                        47     -3       42
  MONTH TO DATE  597                       719   -122      897
  SINCE DEC 1    597                       719   -122      897
  SINCE JUL 1   2422                      2485    -63     2705

 COOLING
  YESTERDAY        0                         0      0        0
  MONTH TO DATE    0                         0      0        0
  SINCE DEC 1      0                         0      0        0
  SINCE JAN 1    471                       644   -173      700
..................................................................


WIND (MPH)
  HIGHEST WIND SPEED    23   HIGHEST WIND DIRECTION     N (340)
  HIGHEST GUST SPEED    30   HIGHEST GUST DIRECTION     N (350)
  AVERAGE WIND SPEED     8.8


SKY COVER
  POSSIBLE SUNSHINE  MM
  AVERAGE SKY COVER 1.0


WEATHER CONDITIONS
 THE FOLLOWING WEATHER WAS RECORDED YESTERDAY.
  LIGHT SNOW


RELATIVE HUMIDITY (PERCENT)
 HIGHEST    77          1200 AM
 LOWEST     68           700 AM
 AVERAGE    73

..........................................................


THE MOBRIDGE SD CLIMATE NORMALS FOR TODAY
                         NORMAL    RECORD    YEAR
 MAXIMUM TEMPERATURE (F)   28        62      1939
 MINIMUM TEMPERATURE (F)    7       -18      1951


SUNRISE AND SUNSET
DECEMBER 17 2014......SUNRISE   816 AM CST   SUNSET   459 PM CST
DECEMBER 18 2014......SUNRISE   817 AM CST   SUNSET   459 PM CST


-  INDICATES NEGATIVE NUMBERS.
R  INDICATES RECORD WAS SET OR TIED.
MM INDICATES DATA IS MISSING.
T  INDICATES TRACE AMOUNT.




$$
