000
CDUS43 KABR 301038
CLIMBG


CLIMATE REPORT
NATIONAL WEATHER SERVICE ABERDEEN SD
538 AM CDT MON MAY 30 2016


...................................

...THE MOBRIDGE SD CLIMATE SUMMARY FOR MAY 29 2016...

CLIMATE NORMAL PERIOD 1981 TO 2010
CLIMATE RECORD PERIOD 1911 TO 2016


WEATHER ITEM   OBSERVED TIME   RECORD YEAR NORMAL DEPARTURE LAST
                VALUE   (LST)  VALUE       VALUE  FROM      YEAR
                                                  NORMAL
..................................................................
TEMPERATURE (F)
 YESTERDAY
  MAXIMUM         79    311 PM 104    1934  72      7       65
  MINIMUM         50    333 AM  20    1947  48      2       40
  AVERAGE         65                        60      5       53

PRECIPITATION (IN)
  YESTERDAY        0.17          0.87 1962   0.10   0.07     0.00
  MONTH TO DATE    2.93                      2.62   0.31     9.32
  SINCE MAR 1      8.34                      5.09   3.25     9.99
  SINCE JAN 1      9.56                      5.82   3.74    10.79

DEGREE DAYS
 HEATING
  YESTERDAY        0                         6     -6       12
  MONTH TO DATE  190                       278    -88      282
  SINCE MAR 1   1420                      1898   -478     1572
  SINCE JUL 1   6295                      7873  -1578     7331

 COOLING
  YESTERDAY        0                         1     -1        0
  MONTH TO DATE   13                        11      2       16
  SINCE MAR 1     15                        12      3       16
  SINCE JAN 1     15                        12      3       16
..................................................................


WIND (MPH)
  HIGHEST WIND SPEED    22   HIGHEST WIND DIRECTION     W (250)
  HIGHEST GUST SPEED    29   HIGHEST GUST DIRECTION     W (260)
  AVERAGE WIND SPEED     5.3


SKY COVER
  POSSIBLE SUNSHINE  MM
  AVERAGE SKY COVER 0.1


WEATHER CONDITIONS
 THE FOLLOWING WEATHER WAS RECORDED YESTERDAY.
  THUNDERSTORM
  HEAVY RAIN
  LIGHT RAIN


RELATIVE HUMIDITY (PERCENT)
 HIGHEST    89           200 AM
 LOWEST     35          1200 PM
 AVERAGE    62

..........................................................


THE MOBRIDGE SD CLIMATE NORMALS FOR TODAY
                         NORMAL    RECORD    YEAR
 MAXIMUM TEMPERATURE (F)   72       105      1934
 MINIMUM TEMPERATURE (F)   49        33      2012


SUNRISE AND SUNSET
MAY 30 2016...........SUNRISE   557 AM CDT   SUNSET   922 PM CDT
MAY 31 2016...........SUNRISE   556 AM CDT   SUNSET   923 PM CDT


-  INDICATES NEGATIVE NUMBERS.
R  INDICATES RECORD WAS SET OR TIED.
MM INDICATES DATA IS MISSING.
T  INDICATES TRACE AMOUNT.




$$
