000
CDUS43 KABR 121026
CLIMBG


CLIMATE REPORT
NATIONAL WEATHER SERVICE ABERDEEN SD
525 AM CDT SAT JUL 12 2014


...................................

...THE MOBRIDGE SD CLIMATE SUMMARY FOR JULY 11 2014...

CLIMATE NORMAL PERIOD 1981 TO 2010
CLIMATE RECORD PERIOD 1911 TO 2014


WEATHER ITEM   OBSERVED TIME   RECORD YEAR NORMAL DEPARTURE LAST
                VALUE   (LST)  VALUE       VALUE  FROM      YEAR
                                                  NORMAL
..................................................................
TEMPERATURE (F)
 YESTERDAY
  MAXIMUM         88    428 PM 108    1936  85      3       95
  MINIMUM         61    546 AM  46    2007  59      2       65
  AVERAGE         75                        72      3       80

PRECIPITATION (IN)
  YESTERDAY        0.00          3.66 1997   0.09  -0.09      T
  MONTH TO DATE    0.09                      0.94  -0.85     1.18
  SINCE JUN 1      8.00                      4.10   3.90     2.50
  SINCE JAN 1     14.12                     10.12   4.00    10.18

DEGREE DAYS
 HEATING
  YESTERDAY        0                         0      0        0
  MONTH TO DATE   10                         5      5        0
  SINCE JUN 1     85                        80      5       68
  SINCE JUL 1     10                         5      5        0

 COOLING
  YESTERDAY       10                         8      2       15
  MONTH TO DATE   59                        78    -19       78
  SINCE JUN 1    104                       177    -73      189
  SINCE JAN 1    154                       193    -39      204
..................................................................


WIND (MPH)
  HIGHEST WIND SPEED    20   HIGHEST WIND DIRECTION     N (10)
  HIGHEST GUST SPEED    24   HIGHEST GUST DIRECTION     N (10)
  AVERAGE WIND SPEED     8.0


SKY COVER
  POSSIBLE SUNSHINE  MM
  AVERAGE SKY COVER 0.2


WEATHER CONDITIONS
 THE FOLLOWING WEATHER WAS RECORDED YESTERDAY.
  FOG
  FOG W/VISIBILITY <= 1/4 MILE


RELATIVE HUMIDITY (PERCENT)
 HIGHEST   100          1200 AM
 LOWEST     40           500 PM
 AVERAGE    70

..........................................................


THE MOBRIDGE SD CLIMATE NORMALS FOR TODAY
                         NORMAL    RECORD    YEAR
 MAXIMUM TEMPERATURE (F)   86       104      1936
 MINIMUM TEMPERATURE (F)   60        46      1950


SUNRISE AND SUNSET
JULY 12 2014..........SUNRISE   605 AM CDT   SUNSET   929 PM CDT
JULY 13 2014..........SUNRISE   605 AM CDT   SUNSET   929 PM CDT


-  INDICATES NEGATIVE NUMBERS.
R  INDICATES RECORD WAS SET OR TIED.
MM INDICATES DATA IS MISSING.
T  INDICATES TRACE AMOUNT.




$$
