000
CDUS43 KABR 271036
CLIMBG


CLIMATE REPORT
NATIONAL WEATHER SERVICE ABERDEEN SD
536 AM CDT WED AUG 27 2014


...................................

...THE MOBRIDGE SD CLIMATE SUMMARY FOR AUGUST 26 2014...

CLIMATE NORMAL PERIOD 1981 TO 2010
CLIMATE RECORD PERIOD 1911 TO 2014


WEATHER ITEM   OBSERVED TIME   RECORD YEAR NORMAL DEPARTURE LAST
                VALUE   (LST)  VALUE       VALUE  FROM      YEAR
                                                  NORMAL
..................................................................
TEMPERATURE (F)
 YESTERDAY
  MAXIMUM         67    529 PM 102    1939  83    -16       96
  MINIMUM         45    200 AM  34    1914  56    -11       72
  AVERAGE         56                        69    -13       84

PRECIPITATION (IN)
  YESTERDAY        T             2.08 1998   0.05  -0.05     0.00
  MONTH TO DATE    4.13                      1.73   2.40     1.59
  SINCE JUN 1     12.57                      7.59   4.98     5.47
  SINCE JAN 1     18.69                     13.61   5.08    13.15

DEGREE DAYS
 HEATING
  YESTERDAY        9                         1      8        0
  MONTH TO DATE   19                         9     10        2
  SINCE JUN 1    117                        96     21       81
  SINCE JUL 1     42                        21     21       13

 COOLING
  YESTERDAY        0                         5     -5       19
  MONTH TO DATE  134                       194    -60      175
  SINCE JUN 1    349                       542   -193      501
  SINCE JAN 1    399                       558   -159      516
..................................................................


WIND (MPH)
  HIGHEST WIND SPEED    12   HIGHEST WIND DIRECTION    NE (60)
  HIGHEST GUST SPEED    14   HIGHEST GUST DIRECTION    NE (60)
  AVERAGE WIND SPEED     5.2


SKY COVER
  POSSIBLE SUNSHINE  MM
  AVERAGE SKY COVER 0.4


WEATHER CONDITIONS
 THE FOLLOWING WEATHER WAS RECORDED YESTERDAY.
  LIGHT RAIN


RELATIVE HUMIDITY (PERCENT)
 HIGHEST   100           400 AM
 LOWEST     67           300 PM
 AVERAGE    84

..........................................................


THE MOBRIDGE SD CLIMATE NORMALS FOR TODAY
                         NORMAL    RECORD    YEAR
 MAXIMUM TEMPERATURE (F)   82       106      2010
 MINIMUM TEMPERATURE (F)   56        41      1935


SUNRISE AND SUNSET
AUGUST 27 2014........SUNRISE   657 AM CDT   SUNSET   828 PM CDT
AUGUST 28 2014........SUNRISE   658 AM CDT   SUNSET   827 PM CDT


-  INDICATES NEGATIVE NUMBERS.
R  INDICATES RECORD WAS SET OR TIED.
MM INDICATES DATA IS MISSING.
T  INDICATES TRACE AMOUNT.




$$
