000
CDUS43 KABR 021026
CLIMBG


CLIMATE REPORT
NATIONAL WEATHER SERVICE ABERDEEN SD
526 AM CDT THU OCT 2 2014


...................................

...THE MOBRIDGE SD CLIMATE SUMMARY FOR OCTOBER 1 2014...

CLIMATE NORMAL PERIOD 1981 TO 2010
CLIMATE RECORD PERIOD 1911 TO 2014


WEATHER ITEM   OBSERVED TIME   RECORD YEAR NORMAL DEPARTURE LAST
                VALUE   (LST)  VALUE       VALUE  FROM      YEAR
                                                  NORMAL
..................................................................
TEMPERATURE (F)
 YESTERDAY
  MAXIMUM         68   1034 AM  95    1953  67      1       71
  MINIMUM         51   1134 PM  23    1936  40     11       38
  AVERAGE         60                        54      6       55

PRECIPITATION (IN)
  YESTERDAY        0.00          0.81 1971   0.06  -0.06     0.00
  MONTH TO DATE    0.00                      0.06  -0.06     0.00
  SINCE SEP 1      0.71                      1.60  -0.89     3.37
  SINCE JAN 1     20.03                     15.51   4.52    17.19

DEGREE DAYS
 HEATING
  YESTERDAY        5                        12     -7       10
  MONTH TO DATE    5                        12     -7       10
  SINCE SEP 1    160                       199    -39       80
  SINCE JUL 1    207                       232    -25       93

 COOLING
  YESTERDAY        0                         0      0        0
  MONTH TO DATE    0                         0      0        0
  SINCE SEP 1     63                        60      3      116
  SINCE JAN 1    466                       641   -175      700
..................................................................


WIND (MPH)
  HIGHEST WIND SPEED    23   HIGHEST WIND DIRECTION    NW (300)
  HIGHEST GUST SPEED    30   HIGHEST GUST DIRECTION    NW (320)
  AVERAGE WIND SPEED    10.3


SKY COVER
  POSSIBLE SUNSHINE  MM
  AVERAGE SKY COVER 0.4


WEATHER CONDITIONS
 THE FOLLOWING WEATHER WAS RECORDED YESTERDAY.
  NO SIGNIFICANT WEATHER WAS OBSERVED.


RELATIVE HUMIDITY (PERCENT)
 HIGHEST    89           500 AM
 LOWEST     56          1200 PM
 AVERAGE    73

..........................................................


THE MOBRIDGE SD CLIMATE NORMALS FOR TODAY
                         NORMAL    RECORD    YEAR
 MAXIMUM TEMPERATURE (F)   66        90      1914
 MINIMUM TEMPERATURE (F)   40        21      2004


SUNRISE AND SUNSET
OCTOBER  2 2014.......SUNRISE   741 AM CDT   SUNSET   720 PM CDT
OCTOBER  3 2014.......SUNRISE   742 AM CDT   SUNSET   718 PM CDT


-  INDICATES NEGATIVE NUMBERS.
R  INDICATES RECORD WAS SET OR TIED.
MM INDICATES DATA IS MISSING.
T  INDICATES TRACE AMOUNT.




$$
