000
CDUS43 KABR 301038
CLIMBG


CLIMATE REPORT
NATIONAL WEATHER SERVICE ABERDEEN SD
437 AM CST FRI JAN 30 2015


...................................

...THE MOBRIDGE SD CLIMATE SUMMARY FOR JANUARY 29 2015...

CLIMATE NORMAL PERIOD 1981 TO 2010
CLIMATE RECORD PERIOD 1911 TO 2015


WEATHER ITEM   OBSERVED TIME   RECORD YEAR NORMAL DEPARTURE LAST
                VALUE   (LST)  VALUE       VALUE  FROM      YEAR
                                                  NORMAL
..................................................................
TEMPERATURE (F)
 YESTERDAY
  MAXIMUM         37    412 PM  61    1931  27     10       43
  MINIMUM         20   1050 PM -36    1929   7     13        2
  AVERAGE         29                        17     12       23

PRECIPITATION (IN)
  YESTERDAY        0.00          0.30 1916   0.01  -0.01      T
  MONTH TO DATE    0.31                      0.27   0.04     0.07
  SINCE DEC 1      0.73                      0.71   0.02     0.83
  SINCE JAN 1      0.31                      0.27   0.04     0.07

SNOWFALL (IN)
  YESTERDAY        0.0
  MONTH TO DATE    4.3
  SINCE OCT 1     14.6
  SINCE JUL 1     14.6
  SNOW DEPTH       0

DEGREE DAYS
 HEATING
  YESTERDAY       36                        48    -12       42
  MONTH TO DATE 1246                      1416   -170     1401
  SINCE DEC 1   2529                      2866   -337     3091
  SINCE JUL 1   4354                      4632   -278     4899

 COOLING
  YESTERDAY        0                         0      0        0
  MONTH TO DATE    0                         0      0        0
  SINCE DEC 1      0                         0      0        0
  SINCE JAN 1      0                         0      0        0
..................................................................


WIND (MPH)
  HIGHEST WIND SPEED    28   HIGHEST WIND DIRECTION     N (340)
  HIGHEST GUST SPEED    37   HIGHEST GUST DIRECTION    NW (310)
  AVERAGE WIND SPEED    14.2


SKY COVER
  POSSIBLE SUNSHINE  MM
  AVERAGE SKY COVER 0.6


WEATHER CONDITIONS
 THE FOLLOWING WEATHER WAS RECORDED YESTERDAY.
  NO SIGNIFICANT WEATHER WAS OBSERVED.


RELATIVE HUMIDITY (PERCENT)
 HIGHEST    84          1000 PM
 LOWEST     56           300 PM
 AVERAGE    70

..........................................................


THE MOBRIDGE SD CLIMATE NORMALS FOR TODAY
                         NORMAL    RECORD    YEAR
 MAXIMUM TEMPERATURE (F)   27        58      1919
 MINIMUM TEMPERATURE (F)    7       -31      1918


SUNRISE AND SUNSET
JANUARY 30 2015.......SUNRISE   805 AM CST   SUNSET   545 PM CST
JANUARY 31 2015.......SUNRISE   804 AM CST   SUNSET   546 PM CST


-  INDICATES NEGATIVE NUMBERS.
R  INDICATES RECORD WAS SET OR TIED.
MM INDICATES DATA IS MISSING.
T  INDICATES TRACE AMOUNT.




$$
