000
CDUS43 KABR 292241
CLIMBG


CLIMATE REPORT
NATIONAL WEATHER SERVICE ABERDEEN SD
541 PM CDT FRI JUL 29 2016


...................................

...THE MOBRIDGE SD CLIMATE SUMMARY FOR JULY 29 2016...
VALID TODAY AS OF 0500 PM LOCAL TIME.

CLIMATE NORMAL PERIOD 1981 TO 2010
CLIMATE RECORD PERIOD 1911 TO 2016


WEATHER ITEM   OBSERVED TIME   RECORD YEAR NORMAL DEPARTURE LAST
                VALUE   (LST)  VALUE       VALUE  FROM      YEAR
                                                  NORMAL
..................................................................
TEMPERATURE (F)
 TODAY
  MAXIMUM         84    359 PM 104    1933  87     -3       86
  MINIMUM         67    619 AM  44    2004  60      7       59
  AVERAGE         76                        74      2       73

PRECIPITATION (IN)
  TODAY            0.00          2.06 1941   0.08  -0.08     0.00
  MONTH TO DATE    1.10                      2.54  -1.44     2.28
  SINCE JUN 1      3.51                      5.70  -2.19     5.83
  SINCE JAN 1     13.89                     11.72   2.17    16.62

DEGREE DAYS
 HEATING
  TODAY            0                         0      0        0
  MONTH TO DATE    1                         5     -4        0
  SINCE JUN 1     13                        80    -67       18
  SINCE JUL 1      1                         5     -4        0

 COOLING
  TODAY           11                         9      2        8
  MONTH TO DATE  320                       234     86      304
  SINCE JUN 1    540                       333    207      453
  SINCE JAN 1    556                       349    207      469
..................................................................


WIND (MPH)
  HIGHEST WIND SPEED    20   HIGHEST WIND DIRECTION     S (160)
  HIGHEST GUST SPEED    23   HIGHEST GUST DIRECTION     S (170)
  AVERAGE WIND SPEED     5.6


SKY COVER
  POSSIBLE SUNSHINE  MM
  AVERAGE SKY COVER 0.8


WEATHER CONDITIONS
 THE FOLLOWING WEATHER WAS RECORDED TODAY.
  NO SIGNIFICANT WEATHER WAS OBSERVED.


RELATIVE HUMIDITY (PERCENT)
 HIGHEST    78           500 AM
 LOWEST     40           400 PM
 AVERAGE    59

..........................................................


THE MOBRIDGE SD CLIMATE NORMALS FOR TOMORROW
                         NORMAL    RECORD    YEAR
 MAXIMUM TEMPERATURE (F)   87       112      2006
 MINIMUM TEMPERATURE (F)   60        46      1971


SUNRISE AND SUNSET
JULY 29 2016..........SUNRISE   623 AM CDT   SUNSET   913 PM CDT
JULY 30 2016..........SUNRISE   624 AM CDT   SUNSET   912 PM CDT


-  INDICATES NEGATIVE NUMBERS.
R  INDICATES RECORD WAS SET OR TIED.
MM INDICATES DATA IS MISSING.
T  INDICATES TRACE AMOUNT.




$$
