000
CDUS43 KABR 271033
CLIMBG


CLIMATE REPORT
NATIONAL WEATHER SERVICE ABERDEEN SD
433 AM CST FRI FEB 27 2015


...................................

...THE MOBRIDGE SD CLIMATE SUMMARY FOR FEBRUARY 26 2015...

CLIMATE NORMAL PERIOD 1981 TO 2010
CLIMATE RECORD PERIOD 1911 TO 2015


WEATHER ITEM   OBSERVED TIME   RECORD YEAR NORMAL DEPARTURE LAST
                VALUE   (LST)  VALUE       VALUE  FROM      YEAR
                                                  NORMAL
..................................................................
TEMPERATURE (F)
 YESTERDAY
  MAXIMUM         10    519 PM  59    1933  35    -25       28
  MINIMUM        -11    758 AM -20    1934  14    -25      -10
  AVERAGE          0                        24    -24        9

PRECIPITATION (IN)
  YESTERDAY        0.00          0.51 2009   0.02  -0.02     0.00
  MONTH TO DATE    0.49                      0.39   0.10     0.43
  SINCE DEC 1      1.22                      1.12   0.10     1.37
  SINCE JAN 1      0.80                      0.68   0.12     0.61

SNOWFALL (IN)
  YESTERDAY        0.0
  MONTH TO DATE    4.1
  SINCE OCT 1     18.7
  SINCE JUL 1     18.7
  SNOW DEPTH       2

DEGREE DAYS
 HEATING
  YESTERDAY       65                        41     24       56
  MONTH TO DATE 1216                      1162     54     1403
  SINCE DEC 1   3824                      4129   -305     4614
  SINCE JUL 1   5649                      5895   -246     6422

 COOLING
  YESTERDAY        0                         0      0        0
  MONTH TO DATE    0                         0      0        0
  SINCE DEC 1      0                         0      0        0
  SINCE JAN 1      0                         0      0        0
..................................................................


WIND (MPH)
  HIGHEST WIND SPEED    16   HIGHEST WIND DIRECTION    NW (320)
  HIGHEST GUST SPEED    20   HIGHEST GUST DIRECTION    NW (320)
  AVERAGE WIND SPEED     8.4


SKY COVER
  POSSIBLE SUNSHINE  MM
  AVERAGE SKY COVER 0.0


WEATHER CONDITIONS
 THE FOLLOWING WEATHER WAS RECORDED YESTERDAY.
  NO SIGNIFICANT WEATHER WAS OBSERVED.


RELATIVE HUMIDITY (PERCENT)
 HIGHEST    83          1100 PM
 LOWEST     50           400 PM
 AVERAGE    67

..........................................................


THE MOBRIDGE SD CLIMATE NORMALS FOR TODAY
                         NORMAL    RECORD    YEAR
 MAXIMUM TEMPERATURE (F)   35        65      1988
 MINIMUM TEMPERATURE (F)   14       -21      1941


SUNRISE AND SUNSET
FEBRUARY 27 2015......SUNRISE   724 AM CST   SUNSET   625 PM CST
FEBRUARY 28 2015......SUNRISE   722 AM CST   SUNSET   627 PM CST


-  INDICATES NEGATIVE NUMBERS.
R  INDICATES RECORD WAS SET OR TIED.
MM INDICATES DATA IS MISSING.
T  INDICATES TRACE AMOUNT.




$$
