000
CDUS43 KABR 301036
CLIMBG


CLIMATE REPORT
NATIONAL WEATHER SERVICE ABERDEEN SD
534 AM CDT TUE JUN 30 2015


...................................

...THE MOBRIDGE SD CLIMATE SUMMARY FOR JUNE 29 2015...

CLIMATE NORMAL PERIOD 1981 TO 2010
CLIMATE RECORD PERIOD 1911 TO 2015


WEATHER ITEM   OBSERVED TIME   RECORD YEAR NORMAL DEPARTURE LAST
                VALUE   (LST)  VALUE       VALUE  FROM      YEAR
                                                  NORMAL
..................................................................
TEMPERATURE (F)
 YESTERDAY
  MAXIMUM         95    351 PM 109    2002  82     13       78
  MINIMUM         58    421 AM  43    1950  58      0       58
  AVERAGE         77                        70      7       68

PRECIPITATION (IN)
  YESTERDAY        0.00          1.85 1993   0.08  -0.08      T
  MONTH TO DATE    3.43                      3.08   0.35     7.91
  SINCE JUN 1      3.43                      3.08   0.35     7.91
  SINCE JAN 1     14.22                      9.10   5.12    14.03

DEGREE DAYS
 HEATING
  YESTERDAY        0                         1     -1        0
  MONTH TO DATE   18                        74    -56       75
  SINCE JUN 1     18                        74    -56       75
  SINCE JUL 1   7373                      7958   -585     8745

 COOLING
  YESTERDAY       12                         6      6        3
  MONTH TO DATE  143                        92     51       44
  SINCE JUN 1    143                        92     51       44
  SINCE JAN 1    159                       108     51       94
..................................................................


WIND (MPH)
  HIGHEST WIND SPEED    15   HIGHEST WIND DIRECTION    NW (310)
  HIGHEST GUST SPEED    18   HIGHEST GUST DIRECTION    NW (320)
  AVERAGE WIND SPEED     7.4


SKY COVER
  POSSIBLE SUNSHINE  MM
  AVERAGE SKY COVER 0.1


WEATHER CONDITIONS
 THE FOLLOWING WEATHER WAS RECORDED YESTERDAY.
  THUNDERSTORM
  FOG


RELATIVE HUMIDITY (PERCENT)
 HIGHEST   100          1200 AM
 LOWEST     28           200 PM
 AVERAGE    64

..........................................................


THE MOBRIDGE SD CLIMATE NORMALS FOR TODAY
                         NORMAL    RECORD    YEAR
 MAXIMUM TEMPERATURE (F)   83       102      1931
 MINIMUM TEMPERATURE (F)   58        41      1918


SUNRISE AND SUNSET
JUNE 30 2015..........SUNRISE   556 AM CDT   SUNSET   934 PM CDT
JULY  1 2015..........SUNRISE   557 AM CDT   SUNSET   934 PM CDT


-  INDICATES NEGATIVE NUMBERS.
R  INDICATES RECORD WAS SET OR TIED.
MM INDICATES DATA IS MISSING.
T  INDICATES TRACE AMOUNT.




$$
