000
CDUS43 KABR 251034
CLIMBG


CLIMATE REPORT
NATIONAL WEATHER SERVICE ABERDEEN SD
533 AM CDT THU MAY 25 2017


...................................

...THE MOBRIDGE SD CLIMATE SUMMARY FOR MAY 24 2017...

CLIMATE NORMAL PERIOD 1981 TO 2010
CLIMATE RECORD PERIOD 1911 TO 2017


WEATHER ITEM   OBSERVED TIME   RECORD YEAR NORMAL DEPARTURE LAST
                VALUE   (LST)  VALUE       VALUE  FROM      YEAR
                                                  NORMAL
..................................................................
TEMPERATURE (F)
 YESTERDAY
  MAXIMUM         70    416 PM  90    1928  71     -1       81
  MINIMUM         34    520 AM  24    2002  47    -13       48
  AVERAGE         52                        59     -7       65

PRECIPITATION (IN)
  YESTERDAY        0.00          2.71 1944   0.09  -0.09     0.01
  MONTH TO DATE    0.58                      2.15  -1.57     2.15
  SINCE MAR 1      1.68                      4.62  -2.94     7.56
  SINCE JAN 1      2.44                      5.35  -2.91     8.78

DEGREE DAYS
 HEATING
  YESTERDAY       13                         7      6        0
  MONTH TO DATE  190                       247    -57      182
  SINCE MAR 1   1650                      1867   -217     1412
  SINCE JUL 1   7087                      7842   -755     6287

 COOLING
  YESTERDAY        0                         1     -1        0
  MONTH TO DATE   20                         6     14       13
  SINCE MAR 1     20                         7     13       15
  SINCE JAN 1     20                         7     13       15
..................................................................


WIND (MPH)
  HIGHEST WIND SPEED    31   HIGHEST WIND DIRECTION    SE (140)
  HIGHEST GUST SPEED    43   HIGHEST GUST DIRECTION    SE (140)
  AVERAGE WIND SPEED    14.7


SKY COVER
  POSSIBLE SUNSHINE  MM
  AVERAGE SKY COVER 0.0


WEATHER CONDITIONS
 THE FOLLOWING WEATHER WAS RECORDED YESTERDAY.
  FOG
  FOG W/VISIBILITY <= 1/4 MILE


RELATIVE HUMIDITY (PERCENT)
 HIGHEST    96           500 AM
 LOWEST     33           400 PM
 AVERAGE    65

..........................................................


THE MOBRIDGE SD CLIMATE NORMALS FOR TODAY
                         NORMAL    RECORD    YEAR
 MAXIMUM TEMPERATURE (F)   71        96      1941
 MINIMUM TEMPERATURE (F)   47        35      2002
                                             2000


SUNRISE AND SUNSET
MAY 25 2017...........SUNRISE   601 AM CDT   SUNSET   917 PM CDT
MAY 26 2017...........SUNRISE   600 AM CDT   SUNSET   918 PM CDT


-  INDICATES NEGATIVE NUMBERS.
R  INDICATES RECORD WAS SET OR TIED.
MM INDICATES DATA IS MISSING.
T  INDICATES TRACE AMOUNT.




$$
