000
CDUS43 KABR 272232
CLIMBG


CLIMATE REPORT
NATIONAL WEATHER SERVICE ABERDEEN SD
531 PM CDT THU AUG 27 2015


...................................

...THE MOBRIDGE SD CLIMATE SUMMARY FOR AUGUST 27 2015...
VALID TODAY AS OF 0500 PM LOCAL TIME.

CLIMATE NORMAL PERIOD 1981 TO 2010
CLIMATE RECORD PERIOD 1911 TO 2015


WEATHER ITEM   OBSERVED TIME   RECORD YEAR NORMAL DEPARTURE LAST
                VALUE   (LST)  VALUE       VALUE  FROM      YEAR
                                                  NORMAL
..................................................................
TEMPERATURE (F)
 TODAY
  MAXIMUM         78    331 PM 106    2010  82     -4       73
  MINIMUM         64    700 AM  41    1935  56      8       52
  AVERAGE         71                        69      2       63

PRECIPITATION (IN)
  TODAY            T             0.92 1929   0.06  -0.06     0.00
  MONTH TO DATE    3.80                      1.79   2.01     4.13
  SINCE JUN 1      9.63                      7.65   1.98    12.57
  SINCE JAN 1     20.42                     13.67   6.75    18.69

DEGREE DAYS
 HEATING
  TODAY            0                         1     -1        2
  MONTH TO DATE   22                        10     12       21
  SINCE JUN 1     40                        97    -57      119
  SINCE JUL 1     22                        22      0       44

 COOLING
  TODAY            6                         5      1        0
  MONTH TO DATE  189                       199    -10      134
  SINCE JUN 1    658                       547    111      349
  SINCE JAN 1    674                       563    111      399
..................................................................


WIND (MPH)
  HIGHEST WIND SPEED    17   HIGHEST WIND DIRECTION     E (70)
  HIGHEST GUST SPEED    23   HIGHEST GUST DIRECTION     E (80)
  AVERAGE WIND SPEED     6.6


SKY COVER
  POSSIBLE SUNSHINE  MM
  AVERAGE SKY COVER 0.1


WEATHER CONDITIONS
 THE FOLLOWING WEATHER WAS RECORDED TODAY.
  THUNDERSTORM
  LIGHT RAIN


RELATIVE HUMIDITY (PERCENT)
 HIGHEST   100           400 AM
 LOWEST     74          1200 PM
 AVERAGE    87

..........................................................


THE MOBRIDGE SD CLIMATE NORMALS FOR TOMORROW
                         NORMAL    RECORD    YEAR
 MAXIMUM TEMPERATURE (F)   82       103      1991
                                             1959
 MINIMUM TEMPERATURE (F)   56        36      1935


SUNRISE AND SUNSET
AUGUST 27 2015........SUNRISE   657 AM CDT   SUNSET   829 PM CDT
AUGUST 28 2015........SUNRISE   658 AM CDT   SUNSET   827 PM CDT


-  INDICATES NEGATIVE NUMBERS.
R  INDICATES RECORD WAS SET OR TIED.
MM INDICATES DATA IS MISSING.
T  INDICATES TRACE AMOUNT.




$$
