000
CDUS43 KABR 250917
CLIMBG


CLIMATE REPORT
NATIONAL WEATHER SERVICE ABERDEEN SD
416 AM CDT TUE APR 25 2017


...................................

...THE MOBRIDGE SD CLIMATE SUMMARY FOR APRIL 24 2017...

CLIMATE NORMAL PERIOD 1981 TO 2010
CLIMATE RECORD PERIOD 1911 TO 2017


WEATHER ITEM   OBSERVED TIME   RECORD YEAR NORMAL DEPARTURE LAST
                VALUE   (LST)  VALUE       VALUE  FROM      YEAR
                                                  NORMAL
..................................................................
TEMPERATURE (F)
 YESTERDAY
  MAXIMUM         51    337 PM  90    1962  62    -11       70
  MINIMUM         36   1159 PM  18    1928  36      0       47
  AVERAGE         44                        49     -5       59

PRECIPITATION (IN)
  YESTERDAY        T             0.78 1953   0.08  -0.08     0.21
  MONTH TO DATE    0.48                      1.06  -0.58     2.94
  SINCE MAR 1      1.10                      1.96  -0.86     3.73
  SINCE JAN 1      1.86                      2.69  -0.83     4.95

SNOWFALL (IN)
  YESTERDAY        0.0
  MONTH TO DATE    0.0
  SINCE OCT 1     47.3
  SINCE JUL 1     47.3
  SNOW DEPTH       0

DEGREE DAYS
 HEATING
  YESTERDAY       21                        16      5        6
  MONTH TO DATE  388                       504   -116      380
  SINCE MAR 1   1323                      1531   -208     1114
  SINCE JUL 1   6760                      7506   -746     5989

 COOLING
  YESTERDAY        0                         0      0        0
  MONTH TO DATE    0                         0      0        2
  SINCE MAR 1      0                         0      0        2
  SINCE JAN 1      0                         0      0        2
..................................................................


WIND (MPH)
  HIGHEST WIND SPEED    23   HIGHEST WIND DIRECTION    NE (50)
  HIGHEST GUST SPEED    31   HIGHEST GUST DIRECTION    NE (50)
  AVERAGE WIND SPEED    14.3


SKY COVER
  POSSIBLE SUNSHINE  MM
  AVERAGE SKY COVER 1.0


WEATHER CONDITIONS
 THE FOLLOWING WEATHER WAS RECORDED YESTERDAY.
  LIGHT RAIN


RELATIVE HUMIDITY (PERCENT)
 HIGHEST    85           500 AM
 LOWEST     56           200 PM
 AVERAGE    71

..........................................................


THE MOBRIDGE SD CLIMATE NORMALS FOR TODAY
                         NORMAL    RECORD    YEAR
 MAXIMUM TEMPERATURE (F)   62        90      1962
 MINIMUM TEMPERATURE (F)   36        20      1928
                                             1931


SUNRISE AND SUNSET
APRIL 25 2017.........SUNRISE   639 AM CDT   SUNSET   841 PM CDT
APRIL 26 2017.........SUNRISE   637 AM CDT   SUNSET   843 PM CDT


-  INDICATES NEGATIVE NUMBERS.
R  INDICATES RECORD WAS SET OR TIED.
MM INDICATES DATA IS MISSING.
T  INDICATES TRACE AMOUNT.




$$
