000
CDUS43 KABR 172335
CLIMBG


CLIMATE REPORT
NATIONAL WEATHER SERVICE ABERDEEN SD
531 PM CST SUN DEC 17 2017


...................................

...THE MOBRIDGE SD CLIMATE SUMMARY FOR DECEMBER 17 2017...
VALID TODAY AS OF 0500 PM LOCAL TIME.

CLIMATE NORMAL PERIOD 1981 TO 2010
CLIMATE RECORD PERIOD 1911 TO 2017


WEATHER ITEM   OBSERVED TIME   RECORD YEAR NORMAL DEPARTURE LAST
                VALUE   (LST)  VALUE       VALUE  FROM      YEAR
                                                  NORMAL
..................................................................
TEMPERATURE (F)
 TODAY
  MAXIMUM         43    351 PM  62    1939  28     15       -3
  MINIMUM         22    250 AM -28    2016   7     15      -28
  AVERAGE         33                        17     16      -15

PRECIPITATION (IN)
  TODAY            0.00          0.30 1967   0.02  -0.02     0.01
  MONTH TO DATE    0.27                      0.17   0.10     0.62
  SINCE DEC 1      0.27                      0.17   0.10     0.62
  SINCE JAN 1     15.33                     17.60  -2.27    19.75

SNOWFALL (IN)
  TODAY            0.0
  MONTH TO DATE    3.0
  SINCE OCT 1      3.4
  SINCE JUL 1      3.4
  SNOW DEPTH       0

DEGREE DAYS
 HEATING
  TODAY           32                        48    -16       80
  MONTH TO DATE  557                       767   -210      955
  SINCE DEC 1    557                       767   -210      955
  SINCE JUL 1   2058                      2533   -475     2106

 COOLING
  TODAY            0                         0      0        0
  MONTH TO DATE    0                         0      0        0
  SINCE DEC 1      0                         0      0        0
  SINCE JAN 1    791                       644    147      961
..................................................................


WIND (MPH)
  HIGHEST WIND SPEED    13   HIGHEST WIND DIRECTION     S (180)
  HIGHEST GUST SPEED    14   HIGHEST GUST DIRECTION     S (170)
  AVERAGE WIND SPEED     3.6


SKY COVER
  POSSIBLE SUNSHINE  MM
  AVERAGE SKY COVER 0.3


WEATHER CONDITIONS
 THE FOLLOWING WEATHER WAS RECORDED TODAY.
  NO SIGNIFICANT WEATHER WAS OBSERVED.


RELATIVE HUMIDITY (PERCENT)
 HIGHEST    92           700 AM
 LOWEST     43           400 PM
 AVERAGE    68

..........................................................


THE MOBRIDGE SD CLIMATE NORMALS FOR TOMORROW
                         NORMAL    RECORD    YEAR
 MAXIMUM TEMPERATURE (F)   28        60      2011
 MINIMUM TEMPERATURE (F)    7       -26      2016
                                             1929


SUNRISE AND SUNSET
DECEMBER 17 2017......SUNRISE   817 AM CST   SUNSET   459 PM CST
DECEMBER 18 2017......SUNRISE   817 AM CST   SUNSET   500 PM CST


-  INDICATES NEGATIVE NUMBERS.
R  INDICATES RECORD WAS SET OR TIED.
MM INDICATES DATA IS MISSING.
T  INDICATES TRACE AMOUNT.




$$
