000
CDUS43 KDTX 230537
CLIMBS


CLIMATE REPORT
NATIONAL WEATHER SERVICE DETROIT/PONTIAC MI
137 AM EDT THU OCT 23 2014


...................................

...THE  TRI CITIES MI CLIMATE SUMMARY FOR OCTOBER 22 2014...

CLIMATE NORMAL PERIOD 1981 TO 2010
CLIMATE RECORD PERIOD 1898 TO 2014


WEATHER ITEM   OBSERVED TIME   NORMAL DEPARTURE
                VALUE   (LST)  VALUE  FROM
                                      NORMAL
...................................................
TEMPERATURE (F)
 YESTERDAY
  MAXIMUM         49    443 PM  57     -8
  MINIMUM         37   1159 PM  38     -1
  AVERAGE         43            48     -5

PRECIPITATION (IN)
  YESTERDAY        0.00          0.08  -0.08
  MONTH TO DATE    2.04          1.88   0.16
  SINCE SEP 1      5.73          5.71   0.02
  SINCE JAN 1     27.84         26.23   1.61

SNOWFALL (IN)
  YESTERDAY        0.0
  MONTH TO DATE    0.0
  SINCE SEP 1      0.0
  SINCE JUL 1      0.0
  SNOW DEPTH       0

DEGREE DAYS
 HEATING
  YESTERDAY       22                    5
  MONTH TO DATE  276                  -31
  SINCE SEP 1    416                  -50
  SINCE JUL 1    442                  -64

 COOLING
  YESTERDAY        0                    0
  MONTH TO DATE    1                   -1
  SINCE SEP 1     54                    4
  SINCE JAN 1    539                  -15
...................................................


WIND (MPH)
  HIGHEST WIND SPEED    13   HIGHEST WIND DIRECTION     N (340)
  HIGHEST GUST SPEED    14   HIGHEST GUST DIRECTION     N (340)
  AVERAGE WIND SPEED     6.2




RELATIVE HUMIDITY (PERCENT)
 HIGHEST    79
 LOWEST     66
 AVERAGE    73

..........................................................


THE  TRI CITIES MI CLIMATE NORMALS FOR TODAY
                         NORMAL
 MAXIMUM TEMPERATURE (F)   56
 MINIMUM TEMPERATURE (F)   38


SUNRISE AND SUNSET
OCTOBER 23 2014.......SUNRISE   800 AM EDT   SUNSET   640 PM EDT
OCTOBER 24 2014.......SUNRISE   802 AM EDT   SUNSET   639 PM EDT


-  INDICATES NEGATIVE NUMBERS.
R  INDICATES RECORD WAS SET OR TIED.
MM INDICATES DATA IS MISSING.
T  INDICATES TRACE AMOUNT.




$$
