000
CDUS43 KDTX 210539
CLIMBS


CLIMATE REPORT
NATIONAL WEATHER SERVICE DETROIT/PONTIAC MI
1237 AM EST FRI NOV 21 2014


...................................

...THE  TRI CITIES MI CLIMATE SUMMARY FOR NOVEMBER 20 2014...

CLIMATE NORMAL PERIOD 1981 TO 2010
CLIMATE RECORD PERIOD 1898 TO 2014


WEATHER ITEM   OBSERVED TIME   NORMAL DEPARTURE
                VALUE   (LST)  VALUE  FROM
                                      NORMAL
...................................................
TEMPERATURE (F)
 YESTERDAY
  MAXIMUM         26    147 PM  44    -18
  MINIMUM         13   1149 PM  30    -17
  AVERAGE         20            37    -17

PRECIPITATION (IN)
  YESTERDAY        T             0.08  -0.08
  MONTH TO DATE    0.48          1.87  -1.39
  SINCE SEP 1      6.56          8.33  -1.77
  SINCE JAN 1     28.67         28.85  -0.18

SNOWFALL (IN)
  YESTERDAY        T
  MONTH TO DATE    2.5
  SINCE SEP 1      2.5
  SINCE JUL 1      2.5
  SNOW DEPTH       2

DEGREE DAYS
 HEATING
  YESTERDAY       45                   17
  MONTH TO DATE  596                  107
  SINCE SEP 1   1161                   33
  SINCE JUL 1   1187                   19

 COOLING
  YESTERDAY        0                    0
  MONTH TO DATE    0                    0
  SINCE SEP 1     54                    1
  SINCE JAN 1    539                  -18
...................................................


WIND (MPH)
  HIGHEST WIND SPEED    26   HIGHEST WIND DIRECTION     W (270)
  HIGHEST GUST SPEED    33   HIGHEST GUST DIRECTION     W (270)
  AVERAGE WIND SPEED    13.9




RELATIVE HUMIDITY (PERCENT)
 HIGHEST    84
 LOWEST     46
 AVERAGE    65

..........................................................


THE  TRI CITIES MI CLIMATE NORMALS FOR TODAY
                         NORMAL
 MAXIMUM TEMPERATURE (F)   43
 MINIMUM TEMPERATURE (F)   30


SUNRISE AND SUNSET
NOVEMBER 21 2014......SUNRISE   738 AM EST   SUNSET   506 PM EST
NOVEMBER 22 2014......SUNRISE   739 AM EST   SUNSET   506 PM EST


-  INDICATES NEGATIVE NUMBERS.
R  INDICATES RECORD WAS SET OR TIED.
MM INDICATES DATA IS MISSING.
T  INDICATES TRACE AMOUNT.




$$
