000
CDUS43 KDTX 290538
CLIMBS


CLIMATE REPORT
NATIONAL WEATHER SERVICE DETROIT/PONTIAC MI
1237 AM EST MON DEC 29 2014


...................................

...THE  TRI CITIES MI CLIMATE SUMMARY FOR DECEMBER 28 2014...

CLIMATE NORMAL PERIOD 1981 TO 2010
CLIMATE RECORD PERIOD 1898 TO 2014


WEATHER ITEM   OBSERVED TIME   NORMAL DEPARTURE
                VALUE   (LST)  VALUE  FROM
                                      NORMAL
...................................................
TEMPERATURE (F)
 YESTERDAY
  MAXIMUM         37    155 AM  30      7
  MINIMUM         28    906 PM  18     10
  AVERAGE         33            24      9

PRECIPITATION (IN)
  YESTERDAY        T             0.06  -0.06
  MONTH TO DATE    1.47          1.69  -0.22
  SINCE DEC 1      1.47          1.69  -0.22
  SINCE JAN 1     31.84         31.37   0.47

SNOWFALL (IN)
  YESTERDAY        T
  MONTH TO DATE    0.9
  SINCE DEC 1      0.9
  SINCE JUL 1      3.8
  SNOW DEPTH       0

DEGREE DAYS
 HEATING
  YESTERDAY       32                   -9
  MONTH TO DATE  881                 -163
  SINCE DEC 1    881                 -163
  SINCE JUL 1   2377                 -140

 COOLING
  YESTERDAY        0                    0
  MONTH TO DATE    0                    0
  SINCE DEC 1      0                    0
  SINCE JAN 1    539                  -18
...................................................


WIND (MPH)
  HIGHEST WIND SPEED    20   HIGHEST WIND DIRECTION     W (290)
  HIGHEST GUST SPEED    23   HIGHEST GUST DIRECTION    NW (300)
  AVERAGE WIND SPEED     9.7




RELATIVE HUMIDITY (PERCENT)
 HIGHEST    82
 LOWEST     56
 AVERAGE    69

..........................................................


THE  TRI CITIES MI CLIMATE NORMALS FOR TODAY
                         NORMAL
 MAXIMUM TEMPERATURE (F)   30
 MINIMUM TEMPERATURE (F)   18


SUNRISE AND SUNSET
DECEMBER 29 2014......SUNRISE   809 AM EST   SUNSET   508 PM EST
DECEMBER 30 2014......SUNRISE   809 AM EST   SUNSET   509 PM EST


-  INDICATES NEGATIVE NUMBERS.
R  INDICATES RECORD WAS SET OR TIED.
MM INDICATES DATA IS MISSING.
T  INDICATES TRACE AMOUNT.




$$
