000
CDUS46 KHNX 260821
CLIMCE


CLIMATE REPORT
NATIONAL WEATHER SERVICE SAN JOAQUIN VALLEY, CA
1221 AM PST WED NOV 26 2014


...................................

...THE MERCED  CA CLIMATE SUMMARY FOR NOVEMBER 25 2014...

CLIMATE NORMAL PERIOD 1981 TO 2010
CLIMATE RECORD PERIOD 1998 TO 2014


WEATHER ITEM   OBSERVED TIME   RECORD YEAR NORMAL DEPARTURE
                VALUE   (LST)  VALUE       VALUE  FROM
                                                  NORMAL
...............................................................
TEMPERATURE (F)
 YESTERDAY
  MAXIMUM         64    338 PM  66    2009  60      4
                                      1998
  MINIMUM         38    706 AM  26    2003  38      0
  AVERAGE         51                        49      2

PRECIPITATION (IN)
  YESTERDAY        0.00          T    2005   0.03  -0.03
  MONTH TO DATE    0.51                      1.02  -0.51
  SINCE JUL 1      1.17                      2.14  -0.97
  SINCE JAN 1      5.13                     10.82  -5.69

SNOWFALL (IN)
  YESTERDAY        0.0
  MONTH TO DATE    0.0
  SINCE SEP 1      0.0
  SINCE JUL 1      0.0
  SNOW DEPTH       0

DEGREE DAYS
 HEATING
  YESTERDAY       14
  MONTH TO DATE  206
  SINCE SEP 1    233
  SINCE JUL 1    233

 COOLING
  YESTERDAY        0
  MONTH TO DATE    0
  SINCE SEP 1    499
  SINCE JAN 1   2147
...............................................................


WIND (MPH)
  HIGHEST WIND SPEED     6   HIGHEST WIND DIRECTION     W (260)
  HIGHEST GUST SPEED     8   HIGHEST GUST DIRECTION    SW (240)
  AVERAGE WIND SPEED     1.9




RELATIVE HUMIDITY (PERCENT)
 HIGHEST    93
 LOWEST     48
 AVERAGE    71

..........................................................


THE MERCED  CA CLIMATE NORMALS FOR TODAY
                         NORMAL    RECORD    YEAR
 MAXIMUM TEMPERATURE (F)   59        70      2009
 MINIMUM TEMPERATURE (F)   38        28      2010


SUNRISE AND SUNSET
NOVEMBER 26 2014......SUNRISE   653 AM PST   SUNSET   446 PM PST
NOVEMBER 27 2014......SUNRISE   654 AM PST   SUNSET   446 PM PST


-  INDICATES NEGATIVE NUMBERS.
R  INDICATES RECORD WAS SET OR TIED.
MM INDICATES DATA IS MISSING.
T  INDICATES TRACE AMOUNT.




$$
