000
CDUS46 KHNX 200823
CLIMCE


CLIMATE REPORT
NATIONAL WEATHER SERVICE SAN JOAQUIN VALLEY, CA
123 AM PDT SUN AUG 20 2017


...................................

...THE MERCED  CA CLIMATE SUMMARY FOR AUGUST 19 2017...

CLIMATE NORMAL PERIOD 1981 TO 2010
CLIMATE RECORD PERIOD 1998 TO 2017


WEATHER ITEM   OBSERVED TIME   RECORD YEAR NORMAL DEPARTURE
                VALUE   (LST)  VALUE       VALUE  FROM
                                                  NORMAL
...............................................................
TEMPERATURE (F)
 YESTERDAY
  MAXIMUM         98        MM 106    2013  93      5
  MINIMUM         66        MM  54    1999  59      7
  AVERAGE         82                        76      6

PRECIPITATION (IN)
  YESTERDAY        0.00          T    2013   0.00   0.00
  MONTH TO DATE    0.00                      0.00   0.00
  SINCE OCT 1     16.03                     12.20   3.83
  SINCE JAN 1     11.80                      8.69   3.11

SNOWFALL (IN)
  YESTERDAY        0.0
  MONTH TO DATE    0.0
  SINCE JUN 1      0.0
  SINCE JUL 1      0.0
  SNOW DEPTH       0

DEGREE DAYS
 HEATING
  YESTERDAY        0
  MONTH TO DATE    0
  SINCE JUN 1     10
  SINCE JUL 1      0

 COOLING
  YESTERDAY       17
  MONTH TO DATE  299
  SINCE JUN 1   1186
  SINCE JAN 1   1338
...............................................................


WIND (MPH)
  HIGHEST WIND SPEED    12   HIGHEST WIND DIRECTION    NW (310)
  HIGHEST GUST SPEED    17   HIGHEST GUST DIRECTION    NW (310)
  AVERAGE WIND SPEED     7.1




RELATIVE HUMIDITY (PERCENT)
 HIGHEST    73
 LOWEST     24
 AVERAGE    49

..........................................................


THE MERCED  CA CLIMATE NORMALS FOR TODAY
                         NORMAL    RECORD    YEAR
 MAXIMUM TEMPERATURE (F)   93       100      2012
 MINIMUM TEMPERATURE (F)   59        53      2002


SUNRISE AND SUNSET
AUGUST 20 2017........SUNRISE   623 AM PDT   SUNSET   747 PM PDT
AUGUST 21 2017........SUNRISE   624 AM PDT   SUNSET   746 PM PDT


-  INDICATES NEGATIVE NUMBERS.
R  INDICATES RECORD WAS SET OR TIED.
MM INDICATES DATA IS MISSING.
T  INDICATES TRACE AMOUNT.




$$
