000
CDUS46 KHNX 311056
CLIMCE


CLIMATE REPORT
NATIONAL WEATHER SERVICE SAN JOAQUIN VALLEY, CA
121 AM PDT FRI OCT 31 2014


...................................

...THE MERCED  CA CLIMATE SUMMARY FOR OCTOBER 30 2014...

CLIMATE NORMAL PERIOD 1981 TO 2010
CLIMATE RECORD PERIOD 1998 TO 2014


WEATHER ITEM   OBSERVED TIME   RECORD YEAR NORMAL DEPARTURE
                VALUE   (LST)  VALUE       VALUE  FROM
                                                  NORMAL
...............................................................
TEMPERATURE (F)
 YESTERDAY
  MAXIMUM         81    224 PM  83    2012  72      9
  MINIMUM         51    603 AM  38    2009  45      6
  AVERAGE         66                        59      7

PRECIPITATION (IN)
  YESTERDAY        0.00          0.33 2001   0.05  -0.05
  MONTH TO DATE    0.02                      0.75  -0.73
  SINCE JUL 1      0.02                      1.06  -1.04
  SINCE JAN 1      3.98                      9.74  -5.76

SNOWFALL (IN)
  YESTERDAY        0.0
  MONTH TO DATE    0.0
  SINCE SEP 1      0.0
  SINCE JUL 1      0.0
  SNOW DEPTH       0

DEGREE DAYS
 HEATING
  YESTERDAY        0
  MONTH TO DATE   26
  SINCE SEP 1     26
  SINCE JUL 1     26

 COOLING
  YESTERDAY        1
  MONTH TO DATE  143
  SINCE SEP 1    499
  SINCE JAN 1   2147
...............................................................


WIND (MPH)
  HIGHEST WIND SPEED     8   HIGHEST WIND DIRECTION    SW (230)
  HIGHEST GUST SPEED    11   HIGHEST GUST DIRECTION    SE (130)
  AVERAGE WIND SPEED     3.2




RELATIVE HUMIDITY (PERCENT)
 HIGHEST    68
 LOWEST     28
 AVERAGE    48

..........................................................


THE MERCED  CA CLIMATE NORMALS FOR TODAY
                         NORMAL    RECORD    YEAR
 MAXIMUM TEMPERATURE (F)   72        81      2011
 MINIMUM TEMPERATURE (F)   45        38      2003


SUNRISE AND SUNSET
OCTOBER 31 2014.......SUNRISE   726 AM PDT   SUNSET   605 PM PDT
NOVEMBER  1 2014......SUNRISE   727 AM PDT   SUNSET   604 PM PDT


-  INDICATES NEGATIVE NUMBERS.
R  INDICATES RECORD WAS SET OR TIED.
MM INDICATES DATA IS MISSING.
T  INDICATES TRACE AMOUNT.




$$
