000
CDUS46 KHNX 260824
CLIMCE


CLIMATE REPORT
NATIONAL WEATHER SERVICE SAN JOAQUIN VALLEY, CA
122 AM PDT TUE JUL 26 2016


...................................

...THE MERCED  CA CLIMATE SUMMARY FOR JULY 25 2016...

CLIMATE NORMAL PERIOD 1981 TO 2010
CLIMATE RECORD PERIOD 1998 TO 2016


WEATHER ITEM   OBSERVED TIME   RECORD YEAR NORMAL DEPARTURE
                VALUE   (LST)  VALUE       VALUE  FROM
                                                  NORMAL
...............................................................
TEMPERATURE (F)
 YESTERDAY
  MAXIMUM        102    444 PM 109    2006  95      7
  MINIMUM         63    524 AM  55    1999  61      2
  AVERAGE         83                        78      5

PRECIPITATION (IN)
  YESTERDAY        0.00          T    2010   0.00   0.00
  MONTH TO DATE    0.00                      0.00   0.00
  SINCE OCT 1     14.66                     12.19   2.47
  SINCE JAN 1     10.94                      8.68   2.26

SNOWFALL (IN)
  YESTERDAY        0.0
  MONTH TO DATE    0.0
  SINCE JUN 1      0.0
  SINCE JUL 1      0.0
  SNOW DEPTH       0

DEGREE DAYS
 HEATING
  YESTERDAY        0
  MONTH TO DATE    0
  SINCE JUN 1      2
  SINCE JUL 1      0

 COOLING
  YESTERDAY       18
  MONTH TO DATE  316
  SINCE JUN 1    688
  SINCE JAN 1    857
...............................................................


WIND (MPH)
  HIGHEST WIND SPEED    22   HIGHEST WIND DIRECTION    NW (330)
  HIGHEST GUST SPEED    30   HIGHEST GUST DIRECTION    NW (330)
  AVERAGE WIND SPEED     6.6




RELATIVE HUMIDITY (PERCENT)
 HIGHEST    68
 LOWEST     13
 AVERAGE    41

..........................................................


THE MERCED  CA CLIMATE NORMALS FOR TODAY
                         NORMAL    RECORD    YEAR
 MAXIMUM TEMPERATURE (F)   95       107      2006
 MINIMUM TEMPERATURE (F)   61        58      2007


SUNRISE AND SUNSET
JULY 26 2016..........SUNRISE   603 AM PDT   SUNSET   815 PM PDT
JULY 27 2016..........SUNRISE   603 AM PDT   SUNSET   814 PM PDT


-  INDICATES NEGATIVE NUMBERS.
R  INDICATES RECORD WAS SET OR TIED.
MM INDICATES DATA IS MISSING.
T  INDICATES TRACE AMOUNT.




$$
