000
CDAK49 PAMC 180921
CLIMCG

CLIMATE REPORT
NATIONAL WEATHER SERVICE MCGRATH, AK
1221 AM AKST THU DEC 18 2014

...................................
...THE MCGRATH AIRPORT CLIMATE SUMMARY FOR DECEMBER 17 2014...

CLIMATE NORMAL PERIOD  1981 TO  2010
CLIMATE RECORD PERIOD  1940 TO  2014

WEATHER ITEM   OBSERVED TIME    RECORD YEAR NORMAL DEPARTURE LAST
               VALUE    (LST)   VALUE       VALUE  FROM      YEAR
                                                   NORMAL
...................................................................
TEMPERATURE
YESTERDAY
 MAXIMUM            20  0227 PM    39  1984      5      15     -1
 MINIMUM             8  1045 PM   -50  1977    -12      20    -24
 AVERAGE            14                          -3      17    -13

PRECIPITATION
(INCHES)
 YESTERDAY        0.00           0.80  1978   0.05   -0.05      T
 MONTH TO DATE    0.50                        0.69   -0.19   0.12
 SINCE DEC 1      0.50                        0.69   -0.19   0.12
 SINCE JAN 1     10.91                       17.40   -6.49  19.56

SNOWFALL
(INCHES)
 YESTERDAY         0.0            8.3  1978    0.7    -0.7      T
 MONTH TO DATE     6.6                        11.1    -4.5    0.4
 SINCE DEC 1       6.6                        11.1    -4.5    0.4
 SINCE JUL 1      16.3                        42.1   -25.8   13.3
 SNOW DEPTH (IN)     8                                          3

DEGREE DAYS
 HEATING
  YESTERDAY         51                          68     -17     78
  MONTH TO DATE    950                        1134    -184   1029
  SINCE DEC 1      949                        1134    -185   1025
  SINCE JUL 1     4594                        5266    -672   4483

 COOLING
  YESTERDAY          0                           0       0      0
  MONTH TO DATE      0                           0       0      0
  SINCE DEC 1        0                           0       0      0
  SINCE JAN 1       11                          16      -5     78
...................................................................

WIND (MPH)
 HIGHEST WIND SPEED     7     HIGHEST WIND DIRECTION    300
 HIGHEST GUST SPEED     9     HIGHEST GUST DIRECTION    310
 AVERAGE WIND SPEED   2.0

WEATHER CONDITIONS
 THE FOLLOWING WEATHER WAS RECORDED YESTERDAY.
 FOG

...................................................................

THE MCGRATH CLIMATE NORMALS FOR TODAY
                           NORMAL    RECORD   YEAR
 MAXIMUM TEMPERATURE (F)      5        38     1968
 MINIMUM TEMPERATURE (F)    -12       -45     1977

SUNRISE AND SUNSET
 DEC 18 2014..........SUNRISE 10:57 AM      SUNSET  3:42 PM
 DEC 19 2014..........SUNRISE 10:58 AM      SUNSET  3:42 PM

-  INDICATES NEGATIVE NUMBERS.
R  INDICATES RECORD HAS BEEN SET OR TIED.
MM INDICATES DATA IS MISSING.
T  INDICATES TRACE OF PRECIPITATION.

&&
-------------------------------------------------------------------

AMOUNT OF DAYLIGHT TODAY  (HOUR:MIN)........4 HOURS 45 MINUTES
LOSS SINCE YESTERDAY (HOUR:MIN:SEC)....-0:00:52

$$
JMC DEC 14
