000
CDAK49 PAMC 011215
CLIMCG

CLIMATE REPORT
NATIONAL WEATHER SERVICE MCGRATH, AK
415 AM AKDT MON SEP 1 2014

...................................
...THE MCGRATH AIRPORT CLIMATE SUMMARY FOR AUGUST 31 2014...

CLIMATE NORMAL PERIOD  1981 TO  2010
CLIMATE RECORD PERIOD  1940 TO  2014

WEATHER ITEM   OBSERVED TIME    RECORD YEAR NORMAL DEPARTURE LAST
               VALUE    (LST)   VALUE       VALUE  FROM      YEAR
                                                   NORMAL
...................................................................
TEMPERATURE
YESTERDAY
 MAXIMUM            51  0159 PM    70  1978     60      -9     49
 MINIMUM            31  0352 AM    29  1962     42     -11     42
 AVERAGE            41                          51     -10     46

PRECIPITATION
(INCHES)
 YESTERDAY           T           0.60  1950   0.09   -0.09   0.13
 MONTH TO DATE    1.73                        2.80   -1.07   2.59
 SINCE JUN 1      5.83                        6.70   -0.87   5.37
 SINCE JAN 1      8.56                       11.37   -2.81   9.23

SNOWFALL
(INCHES)
 YESTERDAY         0.0              T  1948    0.0     0.0    0.0
 MONTH TO DATE     0.0                         0.0     0.0    0.0
 SINCE JUN 1       0.0                         0.0     0.0    0.0
 SINCE JUL 1       0.0                         0.0     0.0    0.0
 SNOW DEPTH (IN)     0                                          0

DEGREE DAYS
 HEATING
  YESTERDAY         24                          14      10     19
  MONTH TO DATE    240                         325     -85    253
  SINCE JUN 1      732                         731       1    553
  SINCE JUL 1      427                         497     -70    418

 COOLING
  YESTERDAY          0                           0       0      0
  MONTH TO DATE      0                           0       0      3
  SINCE JUN 1       11                          16      -5     69
  SINCE JAN 1       11                          16      -5     78
...................................................................

WIND (MPH)
 HIGHEST WIND SPEED    12     HIGHEST WIND DIRECTION    360
 HIGHEST GUST SPEED    16     HIGHEST GUST DIRECTION    320
 AVERAGE WIND SPEED   1.4

WEATHER CONDITIONS
 THE FOLLOWING WEATHER WAS RECORDED YESTERDAY.
 RAIN


...................................................................

THE MCGRATH CLIMATE NORMALS FOR TODAY
                           NORMAL    RECORD   YEAR
 MAXIMUM TEMPERATURE (F)     60        72     1977
 MINIMUM TEMPERATURE (F)     42        27     1984

SUNRISE AND SUNSET
 SEP 1 2014..........SUNRISE  7:10 AM      SUNSET  9:34 PM
 SEP 2 2014..........SUNRISE  7:13 AM      SUNSET  9:31 PM

-  INDICATES NEGATIVE NUMBERS.
R  INDICATES RECORD HAS BEEN SET OR TIED.
MM INDICATES DATA IS MISSING.
T  INDICATES TRACE OF PRECIPITATION.

&&
-------------------------------------------------------------------

AMOUNT OF DAYLIGHT TODAY  (HOUR:MIN)........14 HOURS 24 MINUTES
LOSS SINCE YESTERDAY (HOUR:MIN:SEC)....-0:06:08

$$
JCD SEP 14
