000
CDAK49 PAMC 040917
CLIMCG

CLIMATE REPORT
NATIONAL WEATHER SERVICE MCGRATH, AK
118 AM AKDT FRI SEP 4 2015

...................................
...THE MCGRATH AIRPORT CLIMATE SUMMARY FOR SEPTEMBER 3 2015...

CLIMATE NORMAL PERIOD  1981 TO  2015
CLIMATE RECORD PERIOD  1939 TO  2015

WEATHER ITEM   OBSERVED TIME    RECORD YEAR NORMAL DEPARTURE LAST
               VALUE    (LST)   VALUE       VALUE  FROM      YEAR
                                                   NORMAL
...................................................................
TEMPERATURE
YESTERDAY
 MAXIMUM            54  0101 PM    76  1949     59      -5     58
 MINIMUM            40  0703 AM    28  1984     41      -1     32
 AVERAGE            47                          50      -3     45

PRECIPITATION
(INCHES)
 YESTERDAY        0.23           0.78  1987   0.09    0.14   0.00
 MONTH TO DATE    0.23                        0.27   -0.04   0.45
 SINCE SEP 1      0.23                        0.27   -0.04   0.45
 SINCE JAN 1      9.25                       11.64   -2.39   9.02

SNOWFALL
(INCHES)
 YESTERDAY         0.0              T  1983    0.0     0.0    0.0
 MONTH TO DATE     0.0                         0.0     0.0    0.0
 SINCE SEP 1       0.0                         0.0     0.0    0.0
 SINCE JUL 1       0.0                         0.0     0.0    0.0
 SNOW DEPTH (IN)     0                                          0

DEGREE DAYS
 HEATING
  YESTERDAY         18                          15       3     20
  MONTH TO DATE     56                          44      12     59
  SINCE SEP 1       56                          44      12     59
  SINCE JUL 1     1151                         541     610    482

 COOLING
  YESTERDAY          0                           0       0      0
  MONTH TO DATE      0                           0       0      0
  SINCE SEP 1        0                           0       0      0
  SINCE JAN 1       MM                          16      MM     11
...................................................................

WIND (MPH)
 HIGHEST WIND SPEED     8     HIGHEST WIND DIRECTION     80
 HIGHEST GUST SPEED    10     HIGHEST GUST DIRECTION     80
 AVERAGE WIND SPEED   1.5

WEATHER CONDITIONS
 THE FOLLOWING WEATHER WAS RECORDED YESTERDAY.
  RAIN

...................................................................

THE MCGRATH CLIMATE NORMALS FOR TODAY
                           NORMAL    RECORD   YEAR
 MAXIMUM TEMPERATURE (F)     59        74     1996
 MINIMUM TEMPERATURE (F)     41        26     1962

SUNRISE AND SUNSET
 SEP 4 2015..........SUNRISE  7:18 AM      SUNSET  9:25 PM
 SEP 5 2015..........SUNRISE  7:20 AM      SUNSET  9:21 PM

-  INDICATES NEGATIVE NUMBERS.
R  INDICATES RECORD HAS BEEN SET OR TIED.
MM INDICATES DATA IS MISSING.
T  INDICATES TRACE OF PRECIPITATION.

&&
-------------------------------------------------------------------

AMOUNT OF DAYLIGHT TODAY  (HOUR:MIN)........14 HOURS 7 MINUTES
GAIN/LOSS SINCE YESTERDAY (HOUR:MIN:SEC)....-0:06:07

$$
TR SEP 15
