000
CDAK49 PAMC 220938
CLIMCG

CLIMATE REPORT
NATIONAL WEATHER SERVICE MCGRATH, AK
139 AM AKDT MON SEP 22 2014

...................................
...THE MCGRATH AIRPORT CLIMATE SUMMARY FOR SEPTEMBER 21 2014...

CLIMATE NORMAL PERIOD  1981 TO  2010
CLIMATE RECORD PERIOD  1940 TO  2014

WEATHER ITEM   OBSERVED TIME    RECORD YEAR NORMAL DEPARTURE LAST
               VALUE    (LST)   VALUE       VALUE  FROM      YEAR
                                                   NORMAL
...................................................................
TEMPERATURE
YESTERDAY
 MAXIMUM            46  0119 PM    67  1995     51      -5     39
 MINIMUM            31  1107 PM    17  1941     34      -3     24
 AVERAGE            39                          42      -3     32

PRECIPITATION
(INCHES)
 YESTERDAY        0.00           1.73  2000   0.08   -0.08   0.00
 MONTH TO DATE    0.83                        1.79   -0.96   2.95
 SINCE SEP 1      0.83                        1.79   -0.96   2.95
 SINCE JAN 1      9.40                       13.16   -3.76  12.18

SNOWFALL
(INCHES)
 YESTERDAY         0.0            0.5  1980    0.0     0.0    0.0
 MONTH TO DATE     0.0                         0.5    -0.5      T
 SINCE SEP 1       0.0                         0.5    -0.5    0.0
 SINCE JUL 1       0.0                         0.5    -0.5      T
 SNOW DEPTH (IN)     0                                          0

DEGREE DAYS
 HEATING
  YESTERDAY         26                          23       3     33
  MONTH TO DATE    343                         382     -39    415
  SINCE SEP 1      343                         382     -39    415
  SINCE JUL 1      766                         879    -113    833

 COOLING
  YESTERDAY          0                           0       0      0
  MONTH TO DATE      0                           0       0      0
  SINCE SEP 1        0                           0       0      0
  SINCE JAN 1       11                          16      -5     78
...................................................................

WIND (MPH)
 HIGHEST WIND SPEED    16     HIGHEST WIND DIRECTION    340
 HIGHEST GUST SPEED    23     HIGHEST GUST DIRECTION    330
 AVERAGE WIND SPEED   6.6

WEATHER CONDITIONS
 THE FOLLOWING WEATHER WAS RECORDED YESTERDAY.
 NO SIGNIFICANT WEATHER WAS OBSERVED.

...................................................................

THE MCGRATH CLIMATE NORMALS FOR TODAY
                           NORMAL    RECORD   YEAR
 MAXIMUM TEMPERATURE (F)     50        63     1942
 MINIMUM TEMPERATURE (F)     34        14     1992

SUNRISE AND SUNSET
 SEP 22 2014..........SUNRISE  8:07 AM      SUNSET  8:23 PM
 SEP 23 2014..........SUNRISE  8:10 AM      SUNSET  8:19 PM

-  INDICATES NEGATIVE NUMBERS.
R  INDICATES RECORD HAS BEEN SET OR TIED.
MM INDICATES DATA IS MISSING.
T  INDICATES TRACE OF PRECIPITATION.

&&
-------------------------------------------------------------------

AMOUNT OF DAYLIGHT TODAY  (HOUR:MIN)........12 HOURS 16 MINUTES
LOSS SINCE YESTERDAY (HOUR:MIN:SEC)....-0:06:06

$$
JMC SEP 14
