000
CDAK49 PAFG 160945
CLIMCG

CLIMATE REPORT
NATIONAL WEATHER SERVICE FAIRBANKS AK
1245 AM AKST MON JAN 16 2017


...................................

...THE MCGRATH AK CLIMATE SUMMARY FOR JANUARY 15 2017...

CLIMATE NORMAL PERIOD 1981 TO 2010
CLIMATE RECORD PERIOD 1946 TO 2017


WEATHER ITEM   OBSERVED TIME   RECORD YEAR NORMAL DEPARTURE LAST
                VALUE   (LST)  VALUE       VALUE  FROM      YEAR
                                                  NORMAL
..................................................................
TEMPERATURE (F)
 YESTERDAY
  MAXIMUM        -10   1221 AM  42    2009   1    -11       MM
  MINIMUM        -38   1100 PM -60    1991 -16    -22       MM
  AVERAGE        -24                        -7    -17       MM

PRECIPITATION (IN)
  YESTERDAY        0.00          0.64 1948   0.04  -0.04    MM
  MONTH TO DATE    0.36                      0.57  -0.21    MM
  SINCE DEC 1      1.33                      1.86  -0.53    MM
  SINCE JAN 1      0.36                      0.57  -0.21    MM

SNOWFALL (IN)
  YESTERDAY        0.0           8.0  1948   0.5   -0.5     MM
  MONTH TO DATE    4.9                       8.1   -3.2     MM
  SINCE DEC 1     18.8                      28.3   -9.5     MM
  SINCE JUL 1     27.1                      59.3  -32.2     MM
  SNOW DEPTH      13

DEGREE DAYS
 HEATING
  YESTERDAY       89                        72     17       MM
  MONTH TO DATE 1002                      1079    -77       MM
  SINCE DEC 1   3024                      3193   -169       MM
  SINCE JUL 1   6770                      7316   -546       MM

 COOLING
  YESTERDAY        0                         0      0       MM
  MONTH TO DATE    0                         0      0       MM
  SINCE DEC 1      0                         0      0       MM
  SINCE JAN 1      0                         0      0       MM
..................................................................


WIND (MPH)
  HIGHEST GUST SPEED     9   HIGHEST GUST DIRECTION    SE (140)


SKY COVER
  AVERAGE SKY COVER 0.1


WEATHER CONDITIONS
 THE FOLLOWING WEATHER WAS RECORDED YESTERDAY.
  NO SIGNIFICANT WEATHER WAS OBSERVED.


RELATIVE HUMIDITY (PERCENT)
 HIGHEST    78
 LOWEST     69
 AVERAGE    74

..........................................................


THE MCGRATH AK CLIMATE NORMALS FOR TODAY
                         NORMAL    RECORD    YEAR
 MAXIMUM TEMPERATURE (F)    1        50      2009
 MINIMUM TEMPERATURE (F)  -16       -60      1947


SUNRISE AND SUNSET
JANUARY 16 2017.......SUNRISE  1033 AM AKST  SUNSET   433 PM AKST
JANUARY 17 2017.......SUNRISE  1031 AM AKST  SUNSET   436 PM AKST

-  INDICATES NEGATIVE NUMBERS.
R  INDICATES RECORD WAS SET OR TIED.
MM INDICATES DATA IS MISSING.
T  INDICATES TRACE AMOUNT.

&&

SNOW DEPTH IS MEASURED AT 3AM AKST/4AM AKDT.

----------------------------
AVAILABLE DAYLIGHT

AMOUNT OF DAYLIGHT TODAY  (HOUR:MIN)........5:59
GAIN/LOSS SINCE YESTERDAY (HOUR:MIN:SEC)....+0:04:54

$$
JAN 17
