139
CDAK49 PAFG 070939
CLIMCG

CLIMATE REPORT
NATIONAL WEATHER SERVICE FAIRBANKS AK
1239 AM AKST WED DEC 7 2016


...................................

...THE MCGRATH AK CLIMATE SUMMARY FOR DECEMBER 6 2016...

CLIMATE NORMAL PERIOD 1981 TO 2010
CLIMATE RECORD PERIOD 1946 TO 2016


WEATHER ITEM   OBSERVED TIME   RECORD YEAR NORMAL DEPARTURE LAST
                VALUE   (LST)  VALUE       VALUE  FROM      YEAR
                                                  NORMAL
..................................................................
TEMPERATURE (F)
 YESTERDAY
  MAXIMUM        -12   1121 PM  37    2002   7    -19       MM
  MINIMUM        -31    509 AM -54    1975 -10    -21       MM
  AVERAGE        -21                        -1    -20       MM

PRECIPITATION (IN)
  YESTERDAY        0.00          0.41 2007   0.04  -0.04    MM
  MONTH TO DATE    T                         0.24  -0.24    MM
  SINCE DEC 1      T                         0.24  -0.24    MM
  SINCE JAN 1     18.53                     16.95   1.58    MM

SNOWFALL (IN)
  YESTERDAY        0.0           4.3  1990   0.6   -0.6     MM
  MONTH TO DATE    0.1                       3.7   -3.6     MM
  SINCE DEC 1      0.1                       3.7   -3.6     MM
  SINCE JUL 1      8.4                      34.7  -26.3     MM
  SNOW DEPTH       5

DEGREE DAYS
 HEATING
  YESTERDAY       86                        66     20       MM
  MONTH TO DATE  514                       393    121       MM
  SINCE DEC 1    514                       393    121       MM
  SINCE JUL 1   4260                      4516   -256       MM

 COOLING
  YESTERDAY        0                         0      0       MM
  MONTH TO DATE    0                         0      0       MM
  SINCE DEC 1      0                         0      0       MM
  SINCE JAN 1     29                        20      9       MM
..................................................................


WIND (MPH)
  HIGHEST GUST SPEED     9   HIGHEST GUST DIRECTION     W (280)


SKY COVER
  AVERAGE SKY COVER 0.1


WEATHER CONDITIONS
 THE FOLLOWING WEATHER WAS RECORDED YESTERDAY.
  NO SIGNIFICANT WEATHER WAS OBSERVED.


RELATIVE HUMIDITY (PERCENT)
 HIGHEST    77
 LOWEST     61
 AVERAGE    69

..........................................................


THE MCGRATH AK CLIMATE NORMALS FOR TODAY
                         NORMAL    RECORD    YEAR
 MAXIMUM TEMPERATURE (F)    7        34      1960
 MINIMUM TEMPERATURE (F)  -10       -58      1975


SUNRISE AND SUNSET
DECEMBER 07 2016......SUNRISE  1042 AM AKST  SUNSET   347 PM AKST
DECEMBER 08 2016......SUNRISE  1044 AM AKST  SUNSET   346 PM AKST

-  INDICATES NEGATIVE NUMBERS.
R  INDICATES RECORD WAS SET OR TIED.
MM INDICATES DATA IS MISSING.
T  INDICATES TRACE AMOUNT.

&&

SNOW DEPTH IS MEASURED AT 3AM AKST/4AM AKDT.

----------------------------
AVAILABLE DAYLIGHT

AMOUNT OF DAYLIGHT TODAY  (HOUR:MIN)........5:06
GAIN/LOSS SINCE YESTERDAY (HOUR:MIN:SEC)....-0:03:10

$$
SDB DEC 16
