000
CDAK49 PAFG 120055
CLIMCG

CLIMATE REPORT
NATIONAL WEATHER SERVICE FAIRBANKS AK
355 PM AKST MON DEC 11 2017


...................................

...THE MCGRATH AK CLIMATE SUMMARY FOR DECEMBER 11 2017...
VALID TODAY AS OF 0300 PM LOCAL TIME.

CLIMATE NORMAL PERIOD 1981 TO 2010
CLIMATE RECORD PERIOD 1946 TO 2017


WEATHER ITEM   OBSERVED TIME   RECORD YEAR NORMAL DEPARTURE LAST
                VALUE   (LST)  VALUE       VALUE  FROM      YEAR
                                                  NORMAL
..................................................................
TEMPERATURE (F)
 TODAY
  MAXIMUM         28    210 PM  41    1961   6     22      -17
  MINIMUM         17    444 AM -55    1964 -11     28      -26
  AVERAGE         23                        -2     25      -21

PRECIPITATION (IN)
  TODAY            0.02          0.61 1994   0.04  -0.02     0.00
  MONTH TO DATE    0.76                      0.43   0.33      T
  SINCE DEC 1      0.76                      0.43   0.33      T
  SINCE JAN 1     17.61                     17.14   0.47    18.53

SNOWFALL (IN)
  TODAY            0.3           9.0  1994   0.6   -0.3      0.0
  MONTH TO DATE    8.1                       7.0    1.1      0.1
  SINCE DEC 1      8.1                       7.0    1.1      0.1
  SINCE JUL 1     34.9                      38.0   -3.1      8.4
  SNOW DEPTH      14

DEGREE DAYS
 HEATING
  TODAY           42                        67    -25       86
  MONTH TO DATE  504                       727   -223      917
  SINCE DEC 1    504                       727   -223      917
  SINCE JUL 1   3929                      4850   -921     4663

 COOLING
  TODAY            0                         0      0        0
  MONTH TO DATE    0                         0      0        0
  SINCE DEC 1      0                         0      0        0
  SINCE JAN 1     37                        20     17       29
..................................................................


WIND (MPH)
  HIGHEST GUST SPEED    13   HIGHEST GUST DIRECTION    SE (130)


SKY COVER
  AVERAGE SKY COVER 0.6


WEATHER CONDITIONS
 THE FOLLOWING WEATHER WAS RECORDED TODAY.
  LT FREEZING RAIN
  LIGHT SNOW
  FOG


RELATIVE HUMIDITY (PERCENT)
 HIGHEST    92
 LOWEST     81
 AVERAGE    87

..........................................................


THE MCGRATH AK CLIMATE NORMALS FOR TOMORROW
                         NORMAL    RECORD    YEAR
 MAXIMUM TEMPERATURE (F)    6        39      1986
 MINIMUM TEMPERATURE (F)  -11       -52      1964


SUNRISE AND SUNSET
DECEMBER 11 2017......SUNRISE  1049 AM AKST  SUNSET   344 PM AKST
DECEMBER 12 2017......SUNRISE  1050 AM AKST  SUNSET   343 PM AKST

-  INDICATES NEGATIVE NUMBERS.
R  INDICATES RECORD WAS SET OR TIED.
MM INDICATES DATA IS MISSING.
T  INDICATES TRACE AMOUNT.

&&

SNOW DEPTH IS MEASURED AT 3AM AKST/4AM AKDT.

----------------------------
AVAILABLE DAYLIGHT

AMOUNT OF DAYLIGHT TODAY  (HOUR:MIN)........4:56
GAIN/LOSS SINCE YESTERDAY (HOUR:MIN:SEC)....-0:02:25

$$
DEC 17
