000
CDAK49 PAFG 211003
CLIMCG

CLIMATE REPORT
NATIONAL WEATHER SERVICE FAIRBANKS AK
103 AM AKST WED FEB 21 2018


...................................

...THE MCGRATH AK CLIMATE SUMMARY FOR FEBRUARY 20 2018...

CLIMATE NORMAL PERIOD 1981 TO 2010
CLIMATE RECORD PERIOD 1946 TO 2018


WEATHER ITEM   OBSERVED TIME   RECORD YEAR NORMAL DEPARTURE LAST
                VALUE   (LST)  VALUE       VALUE  FROM      YEAR
                                                  NORMAL
..................................................................
TEMPERATURE (F)
 YESTERDAY
  MAXIMUM         34    455 PM  44    2010  15     19      -10
  MINIMUM         17   1118 PM -51    1984  -8     25      -42
  AVERAGE         26                         4     22      -26

PRECIPITATION (IN)
  YESTERDAY       MM             0.52 1942   0.04  MM        0.00
  MONTH TO DATE    0.89                      0.68   0.21     0.29
  SINCE DEC 1      2.12                      3.06  -0.94     1.80
  SINCE JAN 1      0.99                      1.77  -0.78     0.83

SNOWFALL (IN)
  YESTERDAY       MM             6.3  1951   0.5   MM        0.0
  MONTH TO DATE   13.3                       9.3    4.0      6.7
  SINCE DEC 1     23.7                      45.2  -21.5     35.3
  SINCE JUL 1     50.5                      76.2  -25.7     43.6
  SNOW DEPTH      MM

DEGREE DAYS
 HEATING
  YESTERDAY       39                        61    -22       91
  MONTH TO DATE 1140                      1299   -159     1382
  SINCE DEC 1   4682                      5629   -947     5622
  SINCE JUL 1   8107                      9752  -1645     9368

 COOLING
  YESTERDAY        0                         0      0        0
  MONTH TO DATE    0                         0      0        0
  SINCE DEC 1      0                         0      0        0
  SINCE JAN 1      0                         0      0        0
..................................................................


WIND (MPH)
  HIGHEST GUST SPEED    23   HIGHEST GUST DIRECTION    SW (210)


SKY COVER
  AVERAGE SKY COVER 0.2


WEATHER CONDITIONS
 THE FOLLOWING WEATHER WAS RECORDED YESTERDAY.
  LIGHT SNOW
  FOG
  HAZE


RELATIVE HUMIDITY (PERCENT)
 HIGHEST    92
 LOWEST     75
 AVERAGE    84

..........................................................


THE MCGRATH AK CLIMATE NORMALS FOR TODAY
                         NORMAL    RECORD    YEAR
 MAXIMUM TEMPERATURE (F)   16        41      2015
                                             1942
 MINIMUM TEMPERATURE (F)   -8       -49      1990


SUNRISE AND SUNSET
FEBRUARY 21 2018......SUNRISE   853 AM AKST  SUNSET   621 PM AKST
FEBRUARY 22 2018......SUNRISE   849 AM AKST  SUNSET   624 PM AKST

-  INDICATES NEGATIVE NUMBERS.
R  INDICATES RECORD WAS SET OR TIED.
MM INDICATES DATA IS MISSING.
T  INDICATES TRACE AMOUNT.

&&

SNOW DEPTH IS MEASURED AT 3AM AKST/4AM AKDT.

----------------------------
AVAILABLE DAYLIGHT

AMOUNT OF DAYLIGHT TODAY  (HOUR:MIN)........9:29
GAIN/LOSS SINCE YESTERDAY (HOUR:MIN:SEC)....+0:06:11

$$
FEB 18
