000
CDAK49 PAFG 170941
CLIMCG

CLIMATE REPORT
NATIONAL WEATHER SERVICE FAIRBANKS AK
141 AM AKDT TUE OCT 17 2017


...................................

...THE MCGRATH AK CLIMATE SUMMARY FOR OCTOBER 16 2017...

CLIMATE NORMAL PERIOD 1981 TO 2010
CLIMATE RECORD PERIOD 1946 TO 2017


WEATHER ITEM   OBSERVED TIME   RECORD YEAR NORMAL DEPARTURE LAST
                VALUE   (LST)  VALUE       VALUE  FROM      YEAR
                                                  NORMAL
..................................................................
TEMPERATURE (F)
 YESTERDAY
  MAXIMUM         37    503 PM  52    2013  32      5       30
                                      1972
  MINIMUM         32   1025 AM -13    1965  19     13       22
  AVERAGE         35                        25     10       26

PRECIPITATION (IN)
  YESTERDAY        0.00          0.92 1982   0.04  -0.04     0.00
  MONTH TO DATE    2.18                      0.86   1.32     0.05
  SINCE SEP 1      3.83                      3.35   0.48     5.13
  SINCE JAN 1     14.20                     14.72  -0.52    17.96

SNOWFALL (IN)
  YESTERDAY        0.0           7.0  1961   0.3   -0.3      0.0
  MONTH TO DATE    0.2                       3.9   -3.7      0.0
  SINCE SEP 1      0.2                       5.4   -5.2      0.0
  SINCE JUL 1      0.2                       5.4   -5.2      0.0
  SNOW DEPTH       0

DEGREE DAYS
 HEATING
  YESTERDAY       30                        40    -10       39
  MONTH TO DATE  392                       549   -157      454
  SINCE SEP 1    915                      1161   -246      997
  SINCE JUL 1   1268                      1652   -384     1273

 COOLING
  YESTERDAY        0                         0      0        0
  MONTH TO DATE    0                         0      0        0
  SINCE SEP 1      0                         0      0        0
  SINCE JAN 1     37                        20     17       29
..................................................................


WIND (MPH)
  HIGHEST GUST SPEED     9   HIGHEST GUST DIRECTION     S (180)


SKY COVER
  AVERAGE SKY COVER 1.0


WEATHER CONDITIONS
 THE FOLLOWING WEATHER WAS RECORDED YESTERDAY.
  NO SIGNIFICANT WEATHER WAS OBSERVED.


RELATIVE HUMIDITY (PERCENT)
 HIGHEST    89
 LOWEST     52
 AVERAGE    71

..........................................................


THE MCGRATH AK CLIMATE NORMALS FOR TODAY
                         NORMAL    RECORD    YEAR
 MAXIMUM TEMPERATURE (F)   31        59      1969
 MINIMUM TEMPERATURE (F)   18       -10      1955


SUNRISE AND SUNSET
OCTOBER 17 2017.......SUNRISE   917 AM AKDT  SUNSET   658 PM AKDT
OCTOBER 18 2017.......SUNRISE   920 AM AKDT  SUNSET   655 PM AKDT

-  INDICATES NEGATIVE NUMBERS.
R  INDICATES RECORD WAS SET OR TIED.
MM INDICATES DATA IS MISSING.
T  INDICATES TRACE AMOUNT.

&&

SNOW DEPTH IS MEASURED AT 3AM AKST/4AM AKDT.

----------------------------
AVAILABLE DAYLIGHT

AMOUNT OF DAYLIGHT TODAY  (HOUR:MIN)........9:41
GAIN/LOSS SINCE YESTERDAY (HOUR:MIN:SEC)....-0:06:07

$$
OCT 17
