359
CDUS43 KEAX 230032
CLIMCI

CLIMATE REPORT
NATIONAL WEATHER SERVICE KANSAS CITY/PLEASANT HILL MO
632 PM CST MON JAN 22 2018


...................................

...THE KANSAS CITY INTERNATIONAL MO CLIMATE SUMMARY FOR JANUARY 22 2018...
VALID TODAY AS OF 0600 PM LOCAL TIME.

CLIMATE NORMAL PERIOD 1981 TO 2010
CLIMATE RECORD PERIOD 1888 TO 2018


WEATHER ITEM   OBSERVED TIME   RECORD YEAR NORMAL DEPARTURE LAST
                VALUE   (LST)  VALUE       VALUE  FROM      YEAR
                                                  NORMAL
..................................................................
TEMPERATURE (F)
 TODAY
  MAXIMUM         54   1214 AM  70    1967  38     16       46
  MINIMUM         32    559 PM -10    1930  19     13       32
  AVERAGE         43                        29     14       39

PRECIPITATION (IN)
  TODAY            0.20          0.91 1965   0.04   0.16     0.00
  MONTH TO DATE    1.19                      0.71   0.48     1.34
  SINCE DEC 1      1.38                      2.24  -0.86     2.53
  SINCE JAN 1      1.19                      0.71   0.48     1.34

SNOWFALL (IN)
  TODAY            T             6.8  1898   0.2   -0.2      0.0
  MONTH TO DATE    2.5                       3.1   -0.6      2.2
  SINCE DEC 1      4.7                       7.9   -3.2      4.5
  SINCE JUL 1      4.7                       9.3   -4.6      4.5
  SNOW DEPTH       0

DEGREE DAYS
 HEATING
  TODAY           22                        36    -14       26
  MONTH TO DATE  877                       792     85      757
  SINCE DEC 1   1888                      1832     56     1830
  SINCE JUL 1   2768                      2834    -66     2414

 COOLING
  TODAY            0                         0      0        0
  MONTH TO DATE    0                         0      0        0
  SINCE DEC 1      0                         0      0        0
  SINCE JAN 1      0                         0      0        0
..................................................................


WIND (MPH)
  HIGHEST WIND SPEED    21   HIGHEST WIND DIRECTION     S (180)
  HIGHEST GUST SPEED    26   HIGHEST GUST DIRECTION     W (280)
  AVERAGE WIND SPEED    12.9


SKY COVER
  POSSIBLE SUNSHINE  MM
  AVERAGE SKY COVER 0.9


WEATHER CONDITIONS
 THE FOLLOWING WEATHER WAS RECORDED TODAY.
  THUNDERSTORM
  RAIN
  LIGHT RAIN
  LT FREEZING RAIN
  SNOW
  LIGHT SNOW
  SLEET
  FOG
  FOG W/VISIBILITY <= 1/4 MILE


RELATIVE HUMIDITY (PERCENT)
 HIGHEST   100           200 AM
 LOWEST     85          1200 PM
 AVERAGE    93

..........................................................


THE KANSAS CITY INTERNATIONAL MO CLIMATE NORMALS FOR TOMORROW
                         NORMAL    RECORD    YEAR
 MAXIMUM TEMPERATURE (F)   38        73      1967
 MINIMUM TEMPERATURE (F)   20        -9      2003
                                             1963


SUNRISE AND SUNSET
JANUARY 22 2018.......SUNRISE   733 AM CST   SUNSET   528 PM CST
JANUARY 23 2018.......SUNRISE   733 AM CST   SUNSET   529 PM CST


-  INDICATES NEGATIVE NUMBERS.
R  INDICATES RECORD WAS SET OR TIED.
MM INDICATES DATA IS MISSING.
T  INDICATES TRACE AMOUNT.


&&

...MISCELLANEOUS CLIMATE DATA FROM TODAY...

LOCATION                HIGH    LOW      PRECIP
ST. JOSEPH               49      33       0.14
DOWNTOWN KANSAS CITY     58      33       0.10
OLATHE NEW CENTURY       49      31       0.04
OLATHE JO CO EXEC        54      30       0.03
LEES SUMMIT              56      32       0.03
KIRKSVILLE               55      33       0.15
CHILLICOTHE              57      36       0.03
SEDALIA                  58      36       0.02
NWS PLEASANT HILL MO     56      32       0.05


THIS PRODUCT...ALONG WITH OTHER WEATHER...HYDROLOGICAL AND CLIMATE
INFORMATION...IS AVAILABLE ON THE WEB AT HTTP://WWW.WEATHER.GOV/EAX
OR AT HTTP://WEATHER.GOV

$$
