000
CDUS43 KEAX 280632
CLIMCI

CLIMATE REPORT
NATIONAL WEATHER SERVICE KANSAS CITY/PLEASANT HILL MO
132 AM CDT SUN MAY 28 2017


...................................

...THE KANSAS CITY INTERNATIONAL MO CLIMATE SUMMARY FOR MAY 27 2017...

CLIMATE NORMAL PERIOD 1981 TO 2010
CLIMATE RECORD PERIOD 1888 TO 2017


WEATHER ITEM   OBSERVED TIME   RECORD YEAR NORMAL DEPARTURE LAST
                VALUE   (LST)  VALUE       VALUE  FROM      YEAR
                                                  NORMAL
..................................................................
TEMPERATURE (F)
 YESTERDAY
  MAXIMUM         75    307 PM  94    2006  78     -3       77
  MINIMUM         60    752 AM  38    1992  58      2       59
  AVERAGE         68                        68      0       68

PRECIPITATION (IN)
  YESTERDAY        0.39          2.26 2013   0.17   0.22     0.82
  MONTH TO DATE    5.37                      4.56   0.81     9.42
  SINCE MAR 1     14.82                     10.63   4.19    19.29
  SINCE JAN 1     16.27                     13.16   3.11    20.45

SNOWFALL (IN)
  YESTERDAY        0.0           0.0    MM   0.0    0.0      0.0
  MONTH TO DATE    0.0                       0.0    0.0      0.0
  SINCE MAR 1      0.4                       2.6   -2.2      0.6
  SINCE JUL 1      4.9                      18.8  -13.9      5.9
  SNOW DEPTH       0

DEGREE DAYS
 HEATING
  YESTERDAY        0                         2     -2        0
  MONTH TO DATE  109                        99     10      120
  SINCE MAR 1    892                      1074   -182      805
  SINCE JUL 1   4146                      5119   -973     4162

 COOLING
  YESTERDAY        3                         4     -1        3
  MONTH TO DATE   67                        67      0       36
  SINCE MAR 1    100                        95      5       50
  SINCE JAN 1    100                        95      5       50
..................................................................


WIND (MPH)
  HIGHEST WIND SPEED    26   HIGHEST WIND DIRECTION     E (100)
  HIGHEST GUST SPEED    38   HIGHEST GUST DIRECTION    NW (310)
  AVERAGE WIND SPEED     8.1


SKY COVER
  POSSIBLE SUNSHINE  MM
  AVERAGE SKY COVER 0.6


WEATHER CONDITIONS
 THE FOLLOWING WEATHER WAS RECORDED YESTERDAY.
  THUNDERSTORM
  HEAVY RAIN
  RAIN
  LIGHT RAIN
  FOG


RELATIVE HUMIDITY (PERCENT)
 HIGHEST    93          1100 AM
 LOWEST     64           300 PM
 AVERAGE    79

..........................................................


THE KANSAS CITY INTERNATIONAL MO CLIMATE NORMALS FOR TODAY
                         NORMAL    RECORD    YEAR
 MAXIMUM TEMPERATURE (F)   78        93      2006
 MINIMUM TEMPERATURE (F)   58        38      1947


SUNRISE AND SUNSET
MAY 28 2017...........SUNRISE   556 AM CDT   SUNSET   837 PM CDT
MAY 29 2017...........SUNRISE   555 AM CDT   SUNSET   838 PM CDT


-  INDICATES NEGATIVE NUMBERS.
R  INDICATES RECORD WAS SET OR TIED.
MM INDICATES DATA IS MISSING.
T  INDICATES TRACE AMOUNT.


&&

...MISCELLANEOUS CLIMATE DATA FROM YESTERDAY...

LOCATION                HIGH    LOW      PRECIP
ST. JOSEPH               77      61       0.40
DOWNTOWN KANSAS CITY     77      65       0.08
OLATHE NEW CENTURY       75      61       0.99
OLATHE JO CO EXEC        75      61       0.73
LEES SUMMIT              74      63       0.30
KIRKSVILLE               79      56       0.00
CHILLICOTHE              78      62       0.17
SEDALIA                  83      62       0.51
NWS PLEASANT HILL MO     77      62       0.61


THIS PRODUCT...ALONG WITH OTHER WEATHER...HYDROLOGICAL AND CLIMATE
INFORMATION...IS AVAILABLE ON THE WEB AT HTTP://WWW.WEATHER.GOV/EAX
OR AT HTTP://WEATHER.GOV

$$

CUTTER
