000
CDUS43 KGLD 200739 RRA
CLIMCK

CLIMATE REPORT
NATIONAL WEATHER SERVICE GOODLAND
137 AM MDT SAT SEP 20 2014

...................................

...THE MCCOOK NE CLIMATE SUMMARY FOR SEPTEMBER 19 2014...

CLIMATE NORMAL PERIOD 1981 TO 2010
CLIMATE RECORD PERIOD 1896 TO 2014

WEATHER ITEM   OBSERVED TIME   RECORD YEAR NORMAL DEPARTURE LAST
                VALUE   (LST)  VALUE       VALUE  FROM      YEAR
                                                  NORMAL
..................................................................
TEMPERATURE (F)
 YESTERDAY
  MAXIMUM         93    342 PM  99    1972  78     15       73
  MINIMUM         53    704 AM  31    2003  48      5       48
                                      1971
  AVERAGE         73                        63     10       61

PRECIPITATION (IN)
  YESTERDAY        0.00                      0.05  -0.05     0.03
  MONTH TO DATE    1.11                      0.92   0.19     1.07
  SINCE SEP 1      1.11                      0.92   0.19     1.07
  SINCE JAN 1     22.06                     18.63   3.43    10.24

..................................................................

THE MCCOOK NE CLIMATE NORMALS FOR TODAY
                         NORMAL    RECORD    YEAR
 MAXIMUM TEMPERATURE (F)   78        98      1937
 MINIMUM TEMPERATURE (F)   47        29      1983

-  INDICATES NEGATIVE NUMBERS.
R  INDICATES RECORD WAS SET OR TIED.
MM INDICATES DATA IS MISSING.
T  INDICATES TRACE AMOUNT.

$$
