000
CDUS43 KGLD 290751
CLIMCK

CLIMATE REPORT
NATIONAL WEATHER SERVICE GOODLAND
148 AM MDT THU SEP 29 2016

...................................

...THE MCCOOK NE CLIMATE SUMMARY FOR SEPTEMBER 28 2016...

CLIMATE NORMAL PERIOD 1981 TO 2010
CLIMATE RECORD PERIOD 1896 TO 2016

WEATHER ITEM   OBSERVED TIME   RECORD YEAR NORMAL DEPARTURE LAST
                VALUE   (LST)  VALUE       VALUE  FROM      YEAR
                                                  NORMAL
..................................................................
TEMPERATURE (F)
 YESTERDAY
  MAXIMUM         82    305 PM  96    1953  74      8       89
  MINIMUM         43    622 AM  29    1951  43      0       54
  AVERAGE         63                        59      4       72

PRECIPITATION (IN)
  YESTERDAY        0.00                      0.05  -0.05     0.04
  MONTH TO DATE    5.63                      1.35   4.28     1.10
  SINCE SEP 1      5.63                      1.35   4.28     1.10
  SINCE JAN 1     23.76                     19.06   4.70    16.18

..................................................................

THE MCCOOK NE CLIMATE NORMALS FOR TODAY
                         NORMAL    RECORD    YEAR
 MAXIMUM TEMPERATURE (F)   73        95      1931
 MINIMUM TEMPERATURE (F)   43        23      1984

-  INDICATES NEGATIVE NUMBERS.
R  INDICATES RECORD WAS SET OR TIED.
MM INDICATES DATA IS MISSING.
T  INDICATES TRACE AMOUNT.

$$
