000
CDUS42 KFFC 282133
CLIMCN


CLIMATE REPORT
NATIONAL WEATHER SERVICE PEACHTREE CITY GA
433 PM EST SUN DEC 28 2014


...................................

...THE MACON CLIMATE SUMMARY FOR DECEMBER 28 2014...
VALID TODAY AS OF 0400 PM LOCAL TIME.

CLIMATE NORMAL PERIOD 1981 TO 2010
CLIMATE RECORD PERIOD 1899 TO 2014


WEATHER ITEM   OBSERVED TIME   RECORD YEAR NORMAL DEPARTURE LAST
                VALUE   (LST)  VALUE       VALUE  FROM      YEAR
                                                  NORMAL
..................................................................
TEMPERATURE (F)
 TODAY
  MAXIMUM         70    313 PM  76    2008  57     13       48
                                      2007
  MINIMUM         54    704 AM  11    1925  35     19       31
  AVERAGE         62                        46     16       40

PRECIPITATION (IN)
  TODAY            T             2.61 1982   0.13  -0.13     1.47
  MONTH TO DATE    4.84                      3.66   1.18     7.97
  SINCE DEC 1      4.84                      3.66   1.18     7.97
  SINCE JAN 1     47.44                     45.30   2.14    71.84

SNOWFALL (IN)
  TODAY            0.0           0.0  2001   0.0    0.0      0.0
  MONTH TO DATE    0.0                       0.1   -0.1      0.0
  SINCE DEC 1      0.0                       0.1   -0.1      0.0
  SINCE JUL 1      0.0                       0.1   -0.1      0.0
  SNOW DEPTH       0

DEGREE DAYS
 HEATING
  TODAY            3                        19    -16       25
  MONTH TO DATE  386                       474    -88      402
  SINCE DEC 1    386                       474    -88      402
  SINCE JUL 1    946                       869     77      851

 COOLING
  TODAY            0                         0      0        0
  MONTH TO DATE    0                         0      0       10
  SINCE DEC 1      0                         0      0       10
  SINCE JAN 1   2048                      2163   -115     1859
..................................................................


WIND (MPH)
  RESULTANT WIND SPEED   1   RESULTANT WIND DIRECTION  SW (220)
  HIGHEST WIND SPEED    12   HIGHEST WIND DIRECTION     W (250)
  HIGHEST GUST SPEED    16   HIGHEST GUST DIRECTION     W (250)
  AVERAGE WIND SPEED     3.9


SKY COVER
  AVERAGE SKY COVER 0.9


WEATHER CONDITIONS
 THE FOLLOWING WEATHER WAS RECORDED TODAY.
  LIGHT RAIN
  FOG


RELATIVE HUMIDITY (PERCENT)
 HIGHEST   100           100 AM
 LOWEST     84           300 PM
 AVERAGE    92

..........................................................


THE MACON CLIMATE NORMALS FOR TOMORROW
                         NORMAL    RECORD    YEAR
 MAXIMUM TEMPERATURE (F)   57        80      1984
 MINIMUM TEMPERATURE (F)   35        17      1925


SUNRISE AND SUNSET
DECEMBER 28 2014......SUNRISE   736 AM EST   SUNSET   537 PM EST
DECEMBER 29 2014......SUNRISE   736 AM EST   SUNSET   537 PM EST


-  INDICATES NEGATIVE NUMBERS.
R  INDICATES RECORD WAS SET OR TIED.
MM INDICATES DATA IS MISSING.
T  INDICATES TRACE AMOUNT.




$$
