000
CDUS42 KFFC 200819
CLIMCN


CLIMATE REPORT
NATIONAL WEATHER SERVICE PEACHTREE CITY GA
419 AM EDT WED AUG 20 2014


...................................

...THE MACON CLIMATE SUMMARY FOR AUGUST 19 2014...

CLIMATE NORMAL PERIOD 1981 TO 2010
CLIMATE RECORD PERIOD 1899 TO 2014


WEATHER ITEM   OBSERVED TIME   RECORD YEAR NORMAL DEPARTURE LAST
                VALUE   (LST)  VALUE       VALUE  FROM      YEAR
                                                  NORMAL
..................................................................
TEMPERATURE (F)
 YESTERDAY
  MAXIMUM         93    121 PM 101    1983  91      2       88
                                      1925
  MINIMUM         69    418 AM  64    2006  70     -1       71
                                      1976
  AVERAGE         81                        81      0       80

PRECIPITATION (IN)
  YESTERDAY        0.73          1.51 2003   0.12   0.61     0.72
  MONTH TO DATE    0.90                      2.48  -1.58     7.86
  SINCE JUN 1     11.59                     11.49   0.10    27.10
  SINCE JAN 1     33.78                     30.32   3.46    55.79

DEGREE DAYS
 HEATING
  YESTERDAY        0                         0      0        0
  MONTH TO DATE    0                         0      0        0
  SINCE JUN 1      0                         0      0        0
  SINCE JUL 1      0                         0      0        0

 COOLING
  YESTERDAY       16                        16      0       15
  MONTH TO DATE  276                       313    -37      267
  SINCE JUN 1   1130                      1253   -123     1112
  SINCE JAN 1   1408                      1566   -158     1322
..................................................................


WIND (MPH)
  RESULTANT WIND SPEED   5   RESULTANT WIND DIRECTION   W (270)
  HIGHEST WIND SPEED    23   HIGHEST WIND DIRECTION     W (290)
  HIGHEST GUST SPEED    31   HIGHEST GUST DIRECTION     W (290)
  AVERAGE WIND SPEED     6.2


SKY COVER
  AVERAGE SKY COVER 0.3


WEATHER CONDITIONS
 THE FOLLOWING WEATHER WAS RECORDED YESTERDAY.
  THUNDERSTORM
  HEAVY RAIN
  RAIN
  FOG


RELATIVE HUMIDITY (PERCENT)
 HIGHEST   100           400 AM
 LOWEST     52          1200 PM
 AVERAGE    76

..........................................................


THE MACON CLIMATE NORMALS FOR TODAY
                         NORMAL    RECORD    YEAR
 MAXIMUM TEMPERATURE (F)   91       105      1925
 MINIMUM TEMPERATURE (F)   70        62      1943


SUNRISE AND SUNSET
AUGUST 20 2014........SUNRISE   701 AM EDT   SUNSET   814 PM EDT
AUGUST 21 2014........SUNRISE   702 AM EDT   SUNSET   813 PM EDT


-  INDICATES NEGATIVE NUMBERS.
R  INDICATES RECORD WAS SET OR TIED.
MM INDICATES DATA IS MISSING.
T  INDICATES TRACE AMOUNT.




$$
