000
CDUS42 KFFC 200819
CLIMCN


CLIMATE REPORT
NATIONAL WEATHER SERVICE PEACHTREE CITY GA
419 AM EDT THU JUL 20 2017


...................................

...THE MACON CLIMATE SUMMARY FOR JULY 19 2017...

CLIMATE NORMAL PERIOD 1981 TO 2010
CLIMATE RECORD PERIOD 1899 TO 2017


WEATHER ITEM   OBSERVED TIME   RECORD YEAR NORMAL DEPARTURE LAST
                VALUE   (LST)  VALUE       VALUE  FROM      YEAR
                                                  NORMAL
..................................................................
TEMPERATURE (F)
 YESTERDAY
  MAXIMUM         96    204 PM 104    1986  93      3       MM
                                      1913
  MINIMUM         72    548 AM  58    2009  71      1       MM
  AVERAGE         84                        82      2       MM

PRECIPITATION (IN)
  YESTERDAY        T             3.43 1922   0.17  -0.17     0.46
  MONTH TO DATE    2.82                      3.11  -0.29     1.18
  SINCE JUN 1      8.08                      7.17   0.91     3.07
  SINCE JAN 1     31.81                     26.00   5.81    21.03

DEGREE DAYS
 HEATING
  YESTERDAY        0                         0      0       MM
  MONTH TO DATE    0                         0      0        0
  SINCE JUN 1      0                         0      0        0
  SINCE JUL 1      0                         0      0        0

 COOLING
  YESTERDAY       19                        17      2       MM
  MONTH TO DATE  334                       317     17      367
  SINCE JUN 1    728                       736     -8      862
  SINCE JAN 1   1173                      1049    124     1214
..................................................................


WIND (MPH)
  RESULTANT WIND SPEED   1   RESULTANT WIND DIRECTION   W (270)
  HIGHEST WIND SPEED    13   HIGHEST WIND DIRECTION     W (290)
  HIGHEST GUST SPEED    16   HIGHEST GUST DIRECTION     W (280)
  AVERAGE WIND SPEED     3.5


SKY COVER
  AVERAGE SKY COVER 0.1


WEATHER CONDITIONS
 THE FOLLOWING WEATHER WAS RECORDED YESTERDAY.
  THUNDERSTORM


RELATIVE HUMIDITY (PERCENT)
 HIGHEST    94           700 AM
 LOWEST     41           200 PM
 AVERAGE    68

..........................................................


THE MACON CLIMATE NORMALS FOR TODAY
                         NORMAL    RECORD    YEAR
 MAXIMUM TEMPERATURE (F)   93       106      1986
 MINIMUM TEMPERATURE (F)   71        61      2009


SUNRISE AND SUNSET
JULY 20 2017..........SUNRISE   641 AM EDT   SUNSET   841 PM EDT
JULY 21 2017..........SUNRISE   641 AM EDT   SUNSET   840 PM EDT


-  INDICATES NEGATIVE NUMBERS.
R  INDICATES RECORD WAS SET OR TIED.
MM INDICATES DATA IS MISSING.
T  INDICATES TRACE AMOUNT.




$$
