000
CDUS42 KFFC 250819
CLIMCN


CLIMATE REPORT
NATIONAL WEATHER SERVICE PEACHTREE CITY GA
419 AM EDT FRI JUL 25 2014


...................................

...THE MACON CLIMATE SUMMARY FOR JULY 24 2014...

CLIMATE NORMAL PERIOD 1981 TO 2010
CLIMATE RECORD PERIOD 1899 TO 2014


WEATHER ITEM   OBSERVED TIME   RECORD YEAR NORMAL DEPARTURE LAST
                VALUE   (LST)  VALUE       VALUE  FROM      YEAR
                                                  NORMAL
..................................................................
TEMPERATURE (F)
 YESTERDAY
  MAXIMUM         90    302 PM 105    1952  93     -3       90
  MINIMUM         72    633 AM  63    1947  71      1       70
  AVERAGE         81                        82     -1       80

PRECIPITATION (IN)
  YESTERDAY        0.00          2.03 1939   0.16  -0.16     0.00
  MONTH TO DATE    5.04                      3.89   1.15     5.84
  SINCE JUN 1     10.69                      7.95   2.74    18.09
  SINCE JAN 1     32.88                     26.78   6.10    46.78

DEGREE DAYS
 HEATING
  YESTERDAY        0                         0      0        0
  MONTH TO DATE    0                         0      0        0
  SINCE JUN 1      0                         0      0        0
  SINCE JUL 1      0                         0      0        0

 COOLING
  YESTERDAY       16                        17     -1       15
  MONTH TO DATE  341                       402    -61      348
  SINCE JUN 1    756                       821    -65      744
  SINCE JAN 1   1034                      1134   -100      954
..................................................................


WIND (MPH)
  RESULTANT WIND SPEED   5   RESULTANT WIND DIRECTION  SW (240)
  HIGHEST WIND SPEED    14   HIGHEST WIND DIRECTION    SW (240)
  HIGHEST GUST SPEED    20   HIGHEST GUST DIRECTION    SW (230)
  AVERAGE WIND SPEED     5.4


SKY COVER
  AVERAGE SKY COVER 0.2


WEATHER CONDITIONS
 THE FOLLOWING WEATHER WAS RECORDED YESTERDAY.
  HAZE


RELATIVE HUMIDITY (PERCENT)
 HIGHEST   100           200 AM
 LOWEST     52           300 PM
 AVERAGE    76

..........................................................


THE MACON CLIMATE NORMALS FOR TODAY
                         NORMAL    RECORD    YEAR
 MAXIMUM TEMPERATURE (F)   93       103      1952
 MINIMUM TEMPERATURE (F)   71        64      2009
                                             1909
                                             1902


SUNRISE AND SUNSET
JULY 25 2014..........SUNRISE   644 AM EDT   SUNSET   838 PM EDT
JULY 26 2014..........SUNRISE   645 AM EDT   SUNSET   837 PM EDT


-  INDICATES NEGATIVE NUMBERS.
R  INDICATES RECORD WAS SET OR TIED.
MM INDICATES DATA IS MISSING.
T  INDICATES TRACE AMOUNT.




$$
