000
CDUS42 KFFC 312038
CLIMCN


CLIMATE REPORT
NATIONAL WEATHER SERVICE PEACHTREE CITY GA
438 PM EDT TUE MAY 31 2016


...................................

...THE MACON CLIMATE SUMMARY FOR MAY 31 2016...
VALID TODAY AS OF 0400 PM LOCAL TIME.

CLIMATE NORMAL PERIOD 1981 TO 2010
CLIMATE RECORD PERIOD 1899 TO 2016


WEATHER ITEM   OBSERVED TIME   RECORD YEAR NORMAL DEPARTURE LAST
                VALUE   (LST)  VALUE       VALUE  FROM      YEAR
                                                  NORMAL
..................................................................
TEMPERATURE (F)
 TODAY
  MAXIMUM         95    154 PM  99    1953  88      7       93
                                      1898
  MINIMUM         65    559 AM  48    1984  64      1       66
  AVERAGE         80                        76      4       80

PRECIPITATION (IN)
  TODAY            0.00          2.88 1962   0.12  -0.12      T
  MONTH TO DATE    1.96                      2.72  -0.76     1.15
  SINCE MAR 1     12.23                     10.23   2.00     9.70
  SINCE JAN 1     17.96                     18.83  -0.87    16.50

DEGREE DAYS
 HEATING
  TODAY            0                         0      0        0
  MONTH TO DATE   11                        11      0        6
  SINCE MAR 1    268                       397   -129      258
  SINCE JUL 1   1798                      2322   -524     2471

 COOLING
  TODAY           15                        11      4       15
  MONTH TO DATE  232                       229      3      261
  SINCE MAR 1    351                       310     41      385
  SINCE JAN 1    352                       313     39      385
..................................................................


WIND (MPH)
  RESULTANT WIND SPEED   2   RESULTANT WIND DIRECTION   E (70)
  HIGHEST WIND SPEED    16   HIGHEST WIND DIRECTION    SW (210)
  HIGHEST GUST SPEED    19   HIGHEST GUST DIRECTION    SW (210)
  AVERAGE WIND SPEED     3.8


SKY COVER
  AVERAGE SKY COVER 0.1


WEATHER CONDITIONS
 THE FOLLOWING WEATHER WAS RECORDED TODAY.
  NO SIGNIFICANT WEATHER WAS OBSERVED.


RELATIVE HUMIDITY (PERCENT)
 HIGHEST    93           200 AM
 LOWEST     33           300 PM
 AVERAGE    63

..........................................................


THE MACON CLIMATE NORMALS FOR TOMORROW
                         NORMAL    RECORD    YEAR
 MAXIMUM TEMPERATURE (F)   88       100      2011
                                             1953
                                             1945
 MINIMUM TEMPERATURE (F)   64        47      1972


SUNRISE AND SUNSET
MAY 31 2016...........SUNRISE   628 AM EDT   SUNSET   837 PM EDT
JUNE  1 2016..........SUNRISE   628 AM EDT   SUNSET   838 PM EDT


-  INDICATES NEGATIVE NUMBERS.
R  INDICATES RECORD WAS SET OR TIED.
MM INDICATES DATA IS MISSING.
T  INDICATES TRACE AMOUNT.




$$
