000
CDUS42 KFFC 302040
CLIMCN


CLIMATE REPORT
NATIONAL WEATHER SERVICE PEACHTREE CITY GA
440 PM EDT SAT MAY 30 2015


...................................

...THE MACON CLIMATE SUMMARY FOR MAY 30 2015...
VALID TODAY AS OF 0400 PM LOCAL TIME.

CLIMATE NORMAL PERIOD 1981 TO 2010
CLIMATE RECORD PERIOD 1899 TO 2015


WEATHER ITEM   OBSERVED TIME   RECORD YEAR NORMAL DEPARTURE LAST
                VALUE   (LST)  VALUE       VALUE  FROM      YEAR
                                                  NORMAL
..................................................................
TEMPERATURE (F)
 TODAY
  MAXIMUM         90    320 PM  98    1898  88      2       88
  MINIMUM         63    601 AM  49    1984  64     -1       66
  AVERAGE         77                        76      1       77

PRECIPITATION (IN)
  TODAY            0.00          1.49 1950   0.11  -0.11     0.00
  MONTH TO DATE    1.15                      2.60  -1.45     2.94
  SINCE MAR 1      9.70                     10.11  -0.41    14.33
  SINCE JAN 1     16.50                     18.71  -2.21    22.16

DEGREE DAYS
 HEATING
  TODAY            0                         0      0        0
  MONTH TO DATE    6                        11     -5       18
  SINCE MAR 1    258                       393   -135      493
  SINCE JUL 1   2471                      2318    153     2626

 COOLING
  TODAY           12                        11      1       12
  MONTH TO DATE  246                       217     29      212
  SINCE MAR 1    370                       298     72      264
  SINCE JAN 1    370                       301     69      265
..................................................................


WIND (MPH)
  RESULTANT WIND SPEED   3   RESULTANT WIND DIRECTION   E (100)
  HIGHEST WIND SPEED    12   HIGHEST WIND DIRECTION     E (100)
  HIGHEST GUST SPEED    22   HIGHEST GUST DIRECTION     S (170)
  AVERAGE WIND SPEED     3.3


SKY COVER
  AVERAGE SKY COVER 0.4


WEATHER CONDITIONS
 THE FOLLOWING WEATHER WAS RECORDED TODAY.
  FOG


RELATIVE HUMIDITY (PERCENT)
 HIGHEST    93           200 AM
 LOWEST     43           200 PM
 AVERAGE    68

..........................................................


THE MACON CLIMATE NORMALS FOR TOMORROW
                         NORMAL    RECORD    YEAR
 MAXIMUM TEMPERATURE (F)   88        99      1953
                                             1898
 MINIMUM TEMPERATURE (F)   64        48      1984


SUNRISE AND SUNSET
MAY 30 2015...........SUNRISE   628 AM EDT   SUNSET   836 PM EDT
MAY 31 2015...........SUNRISE   628 AM EDT   SUNSET   837 PM EDT


-  INDICATES NEGATIVE NUMBERS.
R  INDICATES RECORD WAS SET OR TIED.
MM INDICATES DATA IS MISSING.
T  INDICATES TRACE AMOUNT.




$$
