923
CDUS42 KFFC 230920
CLIMCN


CLIMATE REPORT
NATIONAL WEATHER SERVICE PEACHTREE CITY GA
419 AM EST TUE JAN 23 2018


...................................

...THE MACON CLIMATE SUMMARY FOR JANUARY 22 2018...

CLIMATE NORMAL PERIOD 1981 TO 2010
CLIMATE RECORD PERIOD 1899 TO 2018


WEATHER ITEM   OBSERVED TIME   RECORD YEAR NORMAL DEPARTURE LAST
                VALUE   (LST)  VALUE       VALUE  FROM      YEAR
                                                  NORMAL
..................................................................
TEMPERATURE (F)
 YESTERDAY
  MAXIMUM         69    338 PM  78    1999  58     11       65
  MINIMUM         40    407 AM  13    1985  35      5       51
  AVERAGE         55                        46      9       58

PRECIPITATION (IN)
  YESTERDAY        0.01          2.34 1906   0.15  -0.14     1.72
  MONTH TO DATE    0.91                      2.94  -2.03    10.98
  SINCE DEC 1      4.17                      6.98  -2.81    16.93
  SINCE JAN 1      0.91                      2.94  -2.03    10.98

SNOWFALL (IN)
  YESTERDAY        0.0           0.0  2002   0.0    0.0      0.0
  MONTH TO DATE    1.0                       0.3    0.7      0.0
  SINCE DEC 1      1.0                       0.4    0.6      0.0
  SINCE JUL 1      1.0                       0.4    0.6      0.0
  SNOW DEPTH       0

DEGREE DAYS
 HEATING
  YESTERDAY       10                        19     -9        7
  MONTH TO DATE  516                       418     98      217
  SINCE DEC 1    972                       948     24      608
  SINCE JUL 1   1330                      1343    -13      850

 COOLING
  YESTERDAY        0                         0      0        0
  MONTH TO DATE    0                         0      0        4
  SINCE DEC 1      2                         3     -1        6
  SINCE JAN 1      0                         0      0        4
..................................................................


WIND (MPH)
  RESULTANT WIND SPEED   4   RESULTANT WIND DIRECTION   S (170)
  HIGHEST WIND SPEED    17   HIGHEST WIND DIRECTION     S (200)
  HIGHEST GUST SPEED    22   HIGHEST GUST DIRECTION     S (200)
  AVERAGE WIND SPEED     5.5


SKY COVER
  AVERAGE SKY COVER 0.6


WEATHER CONDITIONS
 THE FOLLOWING WEATHER WAS RECORDED YESTERDAY.
  NO SIGNIFICANT WEATHER WAS OBSERVED.


RELATIVE HUMIDITY (PERCENT)
 HIGHEST   100           400 AM
 LOWEST     73           400 PM
 AVERAGE    87

..........................................................


THE MACON CLIMATE NORMALS FOR TODAY
                         NORMAL    RECORD    YEAR
 MAXIMUM TEMPERATURE (F)   58        79      1937
 MINIMUM TEMPERATURE (F)   35        15      1960


SUNRISE AND SUNSET
JANUARY 23 2018.......SUNRISE   734 AM EST   SUNSET   559 PM EST
JANUARY 24 2018.......SUNRISE   734 AM EST   SUNSET   600 PM EST


-  INDICATES NEGATIVE NUMBERS.
R  INDICATES RECORD WAS SET OR TIED.
MM INDICATES DATA IS MISSING.
T  INDICATES TRACE AMOUNT.




$$
