000
CDUS42 KFFC 022033
CLIMCN


CLIMATE REPORT
NATIONAL WEATHER SERVICE PEACHTREE CITY GA
433 PM EDT WED SEP 2 2015


...................................

...THE MACON CLIMATE SUMMARY FOR SEPTEMBER 2 2015...
VALID TODAY AS OF 0400 PM LOCAL TIME.

CLIMATE NORMAL PERIOD 1981 TO 2010
CLIMATE RECORD PERIOD 1899 TO 2015


WEATHER ITEM   OBSERVED TIME   RECORD YEAR NORMAL DEPARTURE LAST
                VALUE   (LST)  VALUE       VALUE  FROM      YEAR
                                                  NORMAL
..................................................................
TEMPERATURE (F)
 TODAY
  MAXIMUM         90    328 PM 102    1957  89      1       96
  MINIMUM         69    638 AM  57    1999  68      1       71
                                      1934
  AVERAGE         80                        79      1       84

PRECIPITATION (IN)
  TODAY            0.00          1.60 1924   0.14  -0.14     0.43
  MONTH TO DATE    0.00                      0.27  -0.27     0.50
  SINCE SEP 1      0.00                      0.27  -0.27     0.50
  SINCE JAN 1     26.91                     32.21  -5.30    34.43

DEGREE DAYS
 HEATING
  TODAY            0                         0      0        0
  MONTH TO DATE    0                         0      0        0
  SINCE SEP 1      0                         0      0        0
  SINCE JUL 1      0                         0      0        0

 COOLING
  TODAY           15                        14      1       19
  MONTH TO DATE   29                        28      1       38
  SINCE SEP 1     29                        28      1       38
  SINCE JAN 1   1975                      1772    203     1636
..................................................................


WIND (MPH)
  RESULTANT WIND SPEED   1   RESULTANT WIND DIRECTION  SE (120)
  HIGHEST WIND SPEED    10   HIGHEST WIND DIRECTION    SE (130)
  HIGHEST GUST SPEED    13   HIGHEST GUST DIRECTION    SE (130)
  AVERAGE WIND SPEED     1.2


SKY COVER
  AVERAGE SKY COVER 0.2


WEATHER CONDITIONS
 THE FOLLOWING WEATHER WAS RECORDED TODAY.
  FOG


RELATIVE HUMIDITY (PERCENT)
 HIGHEST   100           300 AM
 LOWEST     59           300 PM
 AVERAGE    80

..........................................................


THE MACON CLIMATE NORMALS FOR TOMORROW
                         NORMAL    RECORD    YEAR
 MAXIMUM TEMPERATURE (F)   89       101      1925
 MINIMUM TEMPERATURE (F)   68        57      1934


SUNRISE AND SUNSET
SEPTEMBER  2 2015.....SUNRISE   710 AM EDT   SUNSET   758 PM EDT
SEPTEMBER  3 2015.....SUNRISE   710 AM EDT   SUNSET   757 PM EDT


-  INDICATES NEGATIVE NUMBERS.
R  INDICATES RECORD WAS SET OR TIED.
MM INDICATES DATA IS MISSING.
T  INDICATES TRACE AMOUNT.




$$
