000
CDUS42 KMLB 030643
CLIMCO


CLIMATE REPORT
NATIONAL WEATHER SERVICE MELBOURNE FL
142 AM EST TUE MAR 3 2015


...................................

...THE ORLANDO  CLIMATE SUMMARY FOR MARCH 2 2015...

CLIMATE NORMAL PERIOD 1981 TO 2010
CLIMATE RECORD PERIOD 1892 TO 2015


WEATHER ITEM   OBSERVED TIME   RECORD YEAR NORMAL DEPARTURE LAST
                VALUE   (LST)  VALUE       VALUE  FROM      YEAR
                                                  NORMAL
..................................................................
TEMPERATURE (F)
 YESTERDAY
  MAXIMUM         84    355 PM  90    1918  76      8       81
  MINIMUM         64    740 AM  28    1920  54     10       55
  AVERAGE         74                        65      9       68

PRECIPITATION (IN)
  YESTERDAY        0.00          1.89 1958   0.10  -0.10     0.00
  MONTH TO DATE    0.35                      0.20   0.15     0.00
  SINCE MAR 1      0.35                      0.20   0.15     0.00
  SINCE JAN 1      8.45                      4.93   3.52     5.04

SNOWFALL (IN)
  YESTERDAY        0.0
  MONTH TO DATE    0.0
  SINCE MAR 1      0.0
  SINCE JUL 1      0.0

DEGREE DAYS
 HEATING
  YESTERDAY        0                         3     -3        0
  MONTH TO DATE    0                         6     -6        1
  SINCE MAR 1      0                         6     -6        1
  SINCE JUL 1    470                       505    -35      365

 COOLING
  YESTERDAY        9                         3      6        3
  MONTH TO DATE   16                         6     10        3
  SINCE MAR 1     16                         6     10        3
  SINCE JAN 1     90                       110    -20      153
..................................................................


WIND (MPH)
  HIGHEST WIND SPEED    12   HIGHEST WIND DIRECTION    NE (60)
  HIGHEST GUST SPEED    18   HIGHEST GUST DIRECTION     E (80)
  AVERAGE WIND SPEED     4.1


SKY COVER
  AVERAGE SKY COVER 0.7


WEATHER CONDITIONS
 THE FOLLOWING WEATHER WAS RECORDED YESTERDAY.
  FOG
  FOG W/VISIBILITY <= 1/4 MILE


RELATIVE HUMIDITY (PERCENT)
 HIGHEST   100           400 AM
 LOWEST     55           400 PM
 AVERAGE    78

..........................................................


THE ORLANDO  CLIMATE NORMALS FOR TODAY
                         NORMAL    RECORD    YEAR
 MAXIMUM TEMPERATURE (F)   76        90      2012
                                             1916
 MINIMUM TEMPERATURE (F)   54        25      1980


SUNRISE AND SUNSET
MARCH  3 2015.........SUNRISE   648 AM EST   SUNSET   626 PM EST
MARCH  4 2015.........SUNRISE   647 AM EST   SUNSET   627 PM EST


-  INDICATES NEGATIVE NUMBERS.
R  INDICATES RECORD WAS SET OR TIED.
MM INDICATES DATA IS MISSING.
T  INDICATES TRACE AMOUNT.




$$
