487
CDUS42 KMLB 250627
CLIMCO


CLIMATE REPORT
NATIONAL WEATHER SERVICE MELBOURNE FL
127 AM EST SUN FEB 25 2018


...................................

...THE ORLANDO INTL CLIMATE SUMMARY FOR FEBRUARY 24 2018...

CLIMATE NORMAL PERIOD 1981 TO 2010
CLIMATE RECORD PERIOD 1892 TO 2018


WEATHER ITEM   OBSERVED TIME   RECORD YEAR NORMAL DEPARTURE LAST
                VALUE   (LST)  VALUE       VALUE  FROM      YEAR
                                                  NORMAL
..................................................................
TEMPERATURE (F)
 YESTERDAY
  MAXIMUM         85    158 PM  90    1962  75     10       84
  MINIMUM         63    614 AM  29    1911  53     10       65
  AVERAGE         74                        64     10       75

PRECIPITATION (IN)
  YESTERDAY        0.00          2.47 2004   0.09  -0.09     0.00
  MONTH TO DATE    0.36                      2.02  -1.66     0.95
  SINCE DEC 1      2.81                      6.95  -4.14     5.45
  SINCE JAN 1      2.46                      4.37  -1.91     2.93

SNOWFALL (IN)
  YESTERDAY        0.0
  MONTH TO DATE    0.0
  SINCE JUL 1      0.0

DEGREE DAYS
 HEATING
  YESTERDAY        0                         3     -3        0
  MONTH TO DATE    6                       103    -97       16
  SINCE DEC 1    360                       440    -80      146
  SINCE JUL 1    384                       487   -103      169

 COOLING
  YESTERDAY        9                         3      6       10
  MONTH TO DATE  164                        49    115       85
  SINCE DEC 1    300                       164    136      336
  SINCE JAN 1    208                        94    114      177
..................................................................


WIND (MPH)
  HIGHEST WIND SPEED    17   HIGHEST WIND DIRECTION     E (110)
  HIGHEST GUST SPEED    24   HIGHEST GUST DIRECTION    SE (120)
  AVERAGE WIND SPEED     7.3


SKY COVER
  AVERAGE SKY COVER 0.4


WEATHER CONDITIONS
 THE FOLLOWING WEATHER WAS RECORDED YESTERDAY.
  FOG


RELATIVE HUMIDITY (PERCENT)
 HIGHEST   100           400 AM
 LOWEST     48           200 PM
 AVERAGE    74

..........................................................


THE ORLANDO INTL CLIMATE NORMALS FOR TODAY
                         NORMAL    RECORD    YEAR
 MAXIMUM TEMPERATURE (F)   75        90      1962
 MINIMUM TEMPERATURE (F)   54        30      1989
                                             1911


SUNRISE AND SUNSET
FEBRUARY 25 2018......SUNRISE   654 AM EST   SUNSET   623 PM EST
FEBRUARY 26 2018......SUNRISE   653 AM EST   SUNSET   623 PM EST


-  INDICATES NEGATIVE NUMBERS.
R  INDICATES RECORD WAS SET OR TIED.
MM INDICATES DATA IS MISSING.
T  INDICATES TRACE AMOUNT.




$$
