689
CDUS42 KMLB 100730
CLIMCO


CLIMATE REPORT
NATIONAL WEATHER SERVICE MELBOURNE FL
229 AM EST WED FEB 10 2016


...................................

...THE ORLANDO  CLIMATE SUMMARY FOR FEBRUARY 9 2016...

CLIMATE NORMAL PERIOD 1981 TO 2010
CLIMATE RECORD PERIOD 1892 TO 2016


WEATHER ITEM   OBSERVED TIME   RECORD YEAR NORMAL DEPARTURE LAST
                VALUE   (LST)  VALUE       VALUE  FROM      YEAR
                                                  NORMAL
..................................................................
TEMPERATURE (F)
 YESTERDAY
  MAXIMUM         60    349 PM  87    1921  73    -13       73
  MINIMUM         49    805 AM  28    1912  51     -2       53
  AVERAGE         55                        62     -7       63

PRECIPITATION (IN)
  YESTERDAY        0.00          1.75 1962   0.08  -0.08     0.69
  MONTH TO DATE    0.67                      0.74  -0.07     2.34
  SINCE DEC 1      7.04                      5.67   1.37     7.45
  SINCE JAN 1      6.32                      3.09   3.23     5.86

SNOWFALL (IN)
  YESTERDAY        0.0
  MONTH TO DATE    0.0
  SINCE DEC 1      0.0
  SINCE JUL 1      0.0

DEGREE DAYS
 HEATING
  YESTERDAY       10                         5      5        2
  MONTH TO DATE   55                        45     10       36
  SINCE DEC 1    255                       382   -127      271
  SINCE JUL 1    264                       429   -165      353

 COOLING
  YESTERDAY        0                         2     -2        0
  MONTH TO DATE   30                        18     12        0
  SINCE DEC 1    268                       133    135      156
  SINCE JAN 1     45                        63    -18       52
..................................................................


WIND (MPH)
  HIGHEST WIND SPEED    26   HIGHEST WIND DIRECTION     W (250)
  HIGHEST GUST SPEED    35   HIGHEST GUST DIRECTION    NW (310)
  AVERAGE WIND SPEED    16.1


SKY COVER
  AVERAGE SKY COVER 0.7


WEATHER CONDITIONS
 THE FOLLOWING WEATHER WAS RECORDED YESTERDAY.
  LIGHT RAIN


RELATIVE HUMIDITY (PERCENT)
 HIGHEST    67          1200 AM
 LOWEST     35           900 AM
 AVERAGE    51

..........................................................


THE ORLANDO  CLIMATE NORMALS FOR TODAY
                         NORMAL    RECORD    YEAR
 MAXIMUM TEMPERATURE (F)   73        87      1921
 MINIMUM TEMPERATURE (F)   52        31      1947


SUNRISE AND SUNSET
FEBRUARY 10 2016......SUNRISE   708 AM EST   SUNSET   612 PM EST
FEBRUARY 11 2016......SUNRISE   707 AM EST   SUNSET   612 PM EST


-  INDICATES NEGATIVE NUMBERS.
R  INDICATES RECORD WAS SET OR TIED.
MM INDICATES DATA IS MISSING.
T  INDICATES TRACE AMOUNT.




$$
