000
CDUS42 KMLB 210629
CLIMCO


CLIMATE REPORT
NATIONAL WEATHER SERVICE MELBOURNE FL
129 AM EST TUE NOV 21 2017


...................................

...THE ORLANDO INTL CLIMATE SUMMARY FOR NOVEMBER 20 2017...

CLIMATE NORMAL PERIOD 1981 TO 2010
CLIMATE RECORD PERIOD 1892 TO 2017


WEATHER ITEM   OBSERVED TIME   RECORD YEAR NORMAL DEPARTURE LAST
                VALUE   (LST)  VALUE       VALUE  FROM      YEAR
                                                  NORMAL
..................................................................
TEMPERATURE (F)
 YESTERDAY
  MAXIMUM         78    133 PM  87    1988  78      0       68
                                      1921
  MINIMUM         49    641 AM  38    1932  58     -9       50
                                      1926
                                      1916
  AVERAGE         64                        68     -4       59

PRECIPITATION (IN)
  YESTERDAY        0.00          1.09 1983   0.06  -0.06     0.00
  MONTH TO DATE    0.06                      1.44  -1.38     0.02
  SINCE SEP 1     17.74                     10.81   6.93    10.05
  SINCE JAN 1     46.16                     47.42  -1.26    51.74

SNOWFALL (IN)
  YESTERDAY        0.0
  MONTH TO DATE    0.0
  SINCE JUL 1      0.0

DEGREE DAYS
 HEATING
  YESTERDAY        1                         2     -1        6
  MONTH TO DATE    1                        23    -22        6
  SINCE SEP 1     19                        28     -9        6
  SINCE JUL 1     19                        28     -9        6

 COOLING
  YESTERDAY        0                         4     -4        0
  MONTH TO DATE  121                       111     10       95
  SINCE SEP 1    965                       925     40      984
  SINCE JAN 1   3563                      3318    245     3657
..................................................................


WIND (MPH)
  HIGHEST WIND SPEED    21   HIGHEST WIND DIRECTION     E (70)
  HIGHEST GUST SPEED    24   HIGHEST GUST DIRECTION     E (70)
  AVERAGE WIND SPEED    10.3


SKY COVER
  AVERAGE SKY COVER 0.3


WEATHER CONDITIONS
 THE FOLLOWING WEATHER WAS RECORDED YESTERDAY.
  NO SIGNIFICANT WEATHER WAS OBSERVED.


RELATIVE HUMIDITY (PERCENT)
 HIGHEST    86           700 AM
 LOWEST     50           100 PM
 AVERAGE    68

..........................................................


THE ORLANDO INTL CLIMATE NORMALS FOR TODAY
                         NORMAL    RECORD    YEAR
 MAXIMUM TEMPERATURE (F)   77        89      1922
 MINIMUM TEMPERATURE (F)   57        30      1937
                                             1914


SUNRISE AND SUNSET
NOVEMBER 21 2017......SUNRISE   653 AM EST   SUNSET   530 PM EST
NOVEMBER 22 2017......SUNRISE   653 AM EST   SUNSET   529 PM EST


-  INDICATES NEGATIVE NUMBERS.
R  INDICATES RECORD WAS SET OR TIED.
MM INDICATES DATA IS MISSING.
T  INDICATES TRACE AMOUNT.




$$
