000
CDUS42 KMLB 290635
CLIMCO


CLIMATE REPORT
NATIONAL WEATHER SERVICE MELBOURNE FL
235 AM EDT TUE JUL 29 2014


...................................

...THE ORLANDO  CLIMATE SUMMARY FOR JULY 28 2014...

CLIMATE NORMAL PERIOD 1981 TO 2010
CLIMATE RECORD PERIOD 1892 TO 2014


WEATHER ITEM   OBSERVED TIME   RECORD YEAR NORMAL DEPARTURE LAST
                VALUE   (LST)  VALUE       VALUE  FROM      YEAR
                                                  NORMAL
..................................................................
TEMPERATURE (F)
 YESTERDAY
  MAXIMUM         93    302 PM 101    1936  92      1       91
  MINIMUM         77    524 AM  66    1893  74      3       73
  AVERAGE         85                        83      2       82

PRECIPITATION (IN)
  YESTERDAY        T             2.78 1958   0.24  -0.24     1.12
  MONTH TO DATE    8.33                      6.57   1.76     8.53
  SINCE JUN 1     12.97                     14.15  -1.18    18.63
  SINCE JAN 1     30.32                     28.78   1.54    29.50

SNOWFALL (IN)
  YESTERDAY        0.0
  MONTH TO DATE    0.0
  SINCE JUN 1      0.0
  SINCE JUL 1      0.0

DEGREE DAYS
 HEATING
  YESTERDAY        0                         0      0        0
  MONTH TO DATE    0                         0      0        0
  SINCE JUN 1      0                         0      0        0
  SINCE JUL 1      0                         0      0        0

 COOLING
  YESTERDAY       20                        18      2       17
  MONTH TO DATE  513                       496     17      473
  SINCE JUN 1   1016                       986     30      982
  SINCE JAN 1   1950                      1787    163     1854
..................................................................


WIND (MPH)
  HIGHEST WIND SPEED    24   HIGHEST WIND DIRECTION     W (270)
  HIGHEST GUST SPEED    32   HIGHEST GUST DIRECTION     W (260)
  AVERAGE WIND SPEED     9.2


SKY COVER
  AVERAGE SKY COVER 0.6


WEATHER CONDITIONS
 THE FOLLOWING WEATHER WAS RECORDED YESTERDAY.
  THUNDERSTORM


RELATIVE HUMIDITY (PERCENT)
 HIGHEST    94           300 AM
 LOWEST     52           200 PM
 AVERAGE    73

..........................................................


THE ORLANDO  CLIMATE NORMALS FOR TODAY
                         NORMAL    RECORD    YEAR
 MAXIMUM TEMPERATURE (F)   92        99      1949
 MINIMUM TEMPERATURE (F)   74        66      1893


SUNRISE AND SUNSET
JULY 29 2014..........SUNRISE   645 AM EDT   SUNSET   818 PM EDT
JULY 30 2014..........SUNRISE   646 AM EDT   SUNSET   817 PM EDT


-  INDICATES NEGATIVE NUMBERS.
R  INDICATES RECORD WAS SET OR TIED.
MM INDICATES DATA IS MISSING.
T  INDICATES TRACE AMOUNT.




$$
