000
CDUS42 KMLB 180635
CLIMCO


CLIMATE REPORT
NATIONAL WEATHER SERVICE MELBOURNE FL
235 AM EDT THU SEP 18 2014


...................................

...THE ORLANDO  CLIMATE SUMMARY FOR SEPTEMBER 17 2014...

CLIMATE NORMAL PERIOD 1981 TO 2010
CLIMATE RECORD PERIOD 1892 TO 2014


WEATHER ITEM   OBSERVED TIME   RECORD YEAR NORMAL DEPARTURE LAST
                VALUE   (LST)  VALUE       VALUE  FROM      YEAR
                                                  NORMAL
..................................................................
TEMPERATURE (F)
 YESTERDAY
  MAXIMUM         82   1242 PM  98    1988  90     -8       90
  MINIMUM         72    617 AM  61    1932  73     -1       74
  AVERAGE         77                        81     -4       82

PRECIPITATION (IN)
  YESTERDAY        0.46          4.15 1961   0.20   0.26      T
  MONTH TO DATE    2.77                      3.60  -0.83     2.87
  SINCE SEP 1      2.77                      3.60  -0.83     2.87
  SINCE JAN 1     40.56                     40.21   0.35    38.46

SNOWFALL (IN)
  YESTERDAY        0.0
  MONTH TO DATE    0.0
  SINCE SEP 1      0.0
  SINCE JUL 1      0.0

DEGREE DAYS
 HEATING
  YESTERDAY        0                         0      0        0
  MONTH TO DATE    0                         0      0        0
  SINCE SEP 1      0                         0      0        0
  SINCE JUL 1      0                         0      0        0

 COOLING
  YESTERDAY       12                        16     -4       17
  MONTH TO DATE  293                       285      8      299
  SINCE SEP 1    293                       285      8      299
  SINCE JAN 1   2891                      2678    213     2790
..................................................................


WIND (MPH)
  HIGHEST WIND SPEED    15   HIGHEST WIND DIRECTION     W (270)
  HIGHEST GUST SPEED    20   HIGHEST GUST DIRECTION    NW (310)
  AVERAGE WIND SPEED     6.3


SKY COVER
  AVERAGE SKY COVER 0.7


WEATHER CONDITIONS
 THE FOLLOWING WEATHER WAS RECORDED YESTERDAY.
  HEAVY RAIN
  LIGHT RAIN
  FOG
  HAZE


RELATIVE HUMIDITY (PERCENT)
 HIGHEST   100           400 AM
 LOWEST     74          1100 AM
 AVERAGE    87

..........................................................


THE ORLANDO  CLIMATE NORMALS FOR TODAY
                         NORMAL    RECORD    YEAR
 MAXIMUM TEMPERATURE (F)   89        98      1933
 MINIMUM TEMPERATURE (F)   73        63      1962


SUNRISE AND SUNSET
SEPTEMBER 18 2014.....SUNRISE   712 AM EDT   SUNSET   727 PM EDT
SEPTEMBER 19 2014.....SUNRISE   712 AM EDT   SUNSET   725 PM EDT


-  INDICATES NEGATIVE NUMBERS.
R  INDICATES RECORD WAS SET OR TIED.
MM INDICATES DATA IS MISSING.
T  INDICATES TRACE AMOUNT.




$$
