000
CDUS43 KDMX 250720
CLIMCW

CLIMATE REPORT
NATIONAL WEATHER SERVICE DES MOINES IA
214 AM CDT SUN JUN 25 2017

...................................

...THE MASON CITY IA CLIMATE SUMMARY FOR JUNE 24 2017...

CLIMATE NORMAL PERIOD 1981 TO 2010
CLIMATE RECORD PERIOD 1893 TO 2017

WEATHER ITEM   OBSERVED TIME   RECORD YEAR NORMAL DEPARTURE LAST
                VALUE   (LST)  VALUE       VALUE  FROM      YEAR
                                                  NORMAL
..................................................................
TEMPERATURE (F)
 YESTERDAY
  MAXIMUM         73    200 PM  97    1988  82     -9       82
  MINIMUM         49   1159 PM  40    1972  59    -10       62
  AVERAGE         61                        71    -10       72

PRECIPITATION (IN)
  YESTERDAY        0.01          3.43 1949   0.16  -0.15     0.00
  MONTH TO DATE    2.59                      4.15  -1.56     5.90
  SINCE JUN 1      2.59                      4.15  -1.56     5.90
  SINCE JAN 1     16.74                     16.63   0.11    17.11

SNOWFALL (IN)
  YESTERDAY       MM            MM      MM   0.0   MM        0.0
  MONTH TO DATE    0.0                       0.0    0.0      0.0
  SINCE JUN 1      0.0                       0.0    0.0      0.0
  SINCE JUL 1     47.9                      41.2    6.7     50.9
  SNOW DEPTH       0

DEGREE DAYS
 HEATING
  YESTERDAY        4                         1      3        0
  MONTH TO DATE    8                        43    -35        8
  SINCE JUN 1      8                        43    -35        8
  SINCE JUL 1   6679                      7678   -999     6633

 COOLING
  YESTERDAY        0                         6     -6        7
  MONTH TO DATE  165                        99     66      150
  SINCE JUN 1    165                        99     66      150
  SINCE JAN 1    190                       134     56      191
..................................................................

WIND (MPH)
  HIGHEST WIND SPEED    32   HIGHEST WIND DIRECTION    NW (300)
  HIGHEST GUST SPEED    41   HIGHEST GUST DIRECTION    NW (300)
  AVERAGE WIND SPEED    15.0

SKY COVER
  POSSIBLE SUNSHINE  MM
  AVERAGE SKY COVER 0.2

WEATHER CONDITIONS
 THE FOLLOWING WEATHER WAS RECORDED YESTERDAY.
  THUNDERSTORM

RELATIVE HUMIDITY (PERCENT)
 HIGHEST    83           100 AM
 LOWEST     35           100 PM
 AVERAGE    59
..........................................................

THE MASON CITY IA CLIMATE NORMALS FOR TODAY
                         NORMAL    RECORD    YEAR
 MAXIMUM TEMPERATURE (F)   82        99      1934
 MINIMUM TEMPERATURE (F)   59        43      2004
                                             1958

SUNRISE AND SUNSET
JUNE 25 2017..........SUNRISE   535 AM CDT   SUNSET   857 PM CDT
JUNE 26 2017..........SUNRISE   535 AM CDT   SUNSET   857 PM CDT

-  INDICATES NEGATIVE NUMBERS.
R  INDICATES RECORD WAS SET OR TIED.
MM INDICATES DATA IS MISSING.
T  INDICATES TRACE AMOUNT.

$$

FAB
