000
CDUS43 KDMX 190629
CLIMCW

CLIMATE REPORT
NATIONAL WEATHER SERVICE DES MOINES IA
126 AM CDT SAT APR 19 2014


...................................

...THE MASON CITY IA CLIMATE SUMMARY FOR APRIL 18 2014...

CLIMATE NORMAL PERIOD 1981 TO 2010
CLIMATE RECORD PERIOD 1893 TO 2014


WEATHER ITEM   OBSERVED TIME   RECORD YEAR NORMAL DEPARTURE LAST
                VALUE   (LST)  VALUE       VALUE  FROM      YEAR
                                                  NORMAL
..................................................................
TEMPERATURE (F)
 YESTERDAY
  MAXIMUM         59    406 PM  93    1985  60     -1       37
  MINIMUM         22    121 AM  18    1953  36    -14       31
  AVERAGE         41                        48     -7       34

PRECIPITATION (IN)
  YESTERDAY        0.00          1.24 1978   0.13  -0.13     0.36
  MONTH TO DATE    1.75                      2.11  -0.36     6.46
  SINCE MAR 1      2.96                      4.34  -1.38     9.84
  SINCE JAN 1      5.98                      6.16  -0.18    11.55

SNOWFALL (IN)
  YESTERDAY        0.0           2.0  1939   0.1   -0.1      0.3
  MONTH TO DATE    5.0                       2.1    2.9      1.0
  SINCE MAR 1     11.9                       8.1    3.8     24.8
  SINCE JUL 1     58.0                      40.6   17.4     46.8
  SNOW DEPTH       0

DEGREE DAYS
 HEATING
  YESTERDAY       24                        17      7       31
  MONTH TO DATE  427                       380     47      485
  SINCE MAR 1   1621                      1374    247     1722
  SINCE JUL 1   8167                      7225    942     7283

 COOLING
  YESTERDAY        0                         0      0        0
  MONTH TO DATE    0                         0      0        0
  SINCE MAR 1      0                         0      0        0
  SINCE JAN 1      0                         0      0        0
..................................................................


WIND (MPH)
  HIGHEST WIND SPEED    18   HIGHEST WIND DIRECTION    SE (120)
  HIGHEST GUST SPEED    24   HIGHEST GUST DIRECTION    SE (140)
  AVERAGE WIND SPEED     9.5


SKY COVER
  POSSIBLE SUNSHINE  MM
  AVERAGE SKY COVER 0.3


WEATHER CONDITIONS
 THE FOLLOWING WEATHER WAS RECORDED YESTERDAY.
  FOG
  FOG W/VISIBILITY <= 1/4 MILE
  HAZE


RELATIVE HUMIDITY (PERCENT)
 HIGHEST   100           100 AM
 LOWEST     36           200 PM
 AVERAGE    68

..........................................................


THE MASON CITY IA CLIMATE NORMALS FOR TODAY
                         NORMAL    RECORD    YEAR
 MAXIMUM TEMPERATURE (F)   60        87      1985
 MINIMUM TEMPERATURE (F)   36        18      1988


SUNRISE AND SUNSET
APRIL 19 2014.........SUNRISE   625 AM CDT   SUNSET   801 PM CDT
APRIL 20 2014.........SUNRISE   623 AM CDT   SUNSET   802 PM CDT


-  INDICATES NEGATIVE NUMBERS.
R  INDICATES RECORD WAS SET OR TIED.
MM INDICATES DATA IS MISSING.
T  INDICATES TRACE AMOUNT.

$$
