000
CDUS43 KDMX 200641
CLIMCW

CLIMATE REPORT
NATIONAL WEATHER SERVICE DES MOINES IA
130 AM CDT MON OCT 20 2014

...................................

...THE MASON CITY IA CLIMATE SUMMARY FOR OCTOBER 19 2014...

CLIMATE NORMAL PERIOD 1981 TO 2010
CLIMATE RECORD PERIOD 1893 TO 2014

WEATHER ITEM   OBSERVED TIME   RECORD YEAR NORMAL DEPARTURE LAST
                VALUE   (LST)  VALUE       VALUE  FROM      YEAR
                                                  NORMAL
..................................................................
TEMPERATURE (F)
 YESTERDAY
  MAXIMUM         67    355 PM  84    2003  59      8       53
  MINIMUM         33   1257 AM  12    1972  36     -3       26
  AVERAGE         50                        47      3       40

PRECIPITATION (IN)
  YESTERDAY        0.00          1.41 1982   0.07  -0.07     0.02
  MONTH TO DATE    1.79                      1.61   0.18     1.84
  SINCE SEP 1      4.38                      4.88  -0.50     2.99
  SINCE JAN 1     33.03                     31.24   1.79    36.37

SNOWFALL (IN)
  YESTERDAY        0.0           3.0  1916   0.0    0.0      0.0
  MONTH TO DATE    0.0                       0.1   -0.1      0.0
  SINCE SEP 1      0.0                       0.1   -0.1      0.0
  SINCE JUL 1      0.0                       0.1   -0.1      0.0
  SNOW DEPTH       0

DEGREE DAYS
 HEATING
  YESTERDAY       15                        18     -3       25
  MONTH TO DATE  315                       278     37      215
  SINCE SEP 1    489                       455     34      335
  SINCE JUL 1    510                       491     19      373

 COOLING
  YESTERDAY        0                         0      0        0
  MONTH TO DATE    0                         2     -2        6
  SINCE SEP 1     33                        56    -23      126
  SINCE JAN 1    544                       612    -68      718
..................................................................

WIND (MPH)
  HIGHEST WIND SPEED    25   HIGHEST WIND DIRECTION    SW (210)
  HIGHEST GUST SPEED    33   HIGHEST GUST DIRECTION    SW (220)
  AVERAGE WIND SPEED    12.8

SKY COVER
  POSSIBLE SUNSHINE  MM
  AVERAGE SKY COVER 0.0

WEATHER CONDITIONS
 THE FOLLOWING WEATHER WAS RECORDED YESTERDAY.
  NO SIGNIFICANT WEATHER WAS OBSERVED.

RELATIVE HUMIDITY (PERCENT)
 HIGHEST   100           100 AM
 LOWEST     45           300 PM
 AVERAGE    73
..........................................................

THE MASON CITY IA CLIMATE NORMALS FOR TODAY
                         NORMAL    RECORD    YEAR
 MAXIMUM TEMPERATURE (F)   58        88      1947
 MINIMUM TEMPERATURE (F)   35        15      1960

SUNRISE AND SUNSET
OCTOBER 20 2014.......SUNRISE   733 AM CDT   SUNSET   622 PM CDT
OCTOBER 21 2014.......SUNRISE   734 AM CDT   SUNSET   621 PM CDT

-  INDICATES NEGATIVE NUMBERS.
R  INDICATES RECORD WAS SET OR TIED.
MM INDICATES DATA IS MISSING.
T  INDICATES TRACE AMOUNT.

$$

FAB
