000
CDUS43 KDMX 290640
CLIMCW

CLIMATE REPORT
NATIONAL WEATHER SERVICE DES MOINES IA
136 AM CDT MON AUG 29 2016


...................................

...THE MASON CITY IA CLIMATE SUMMARY FOR AUGUST 28 2016...

CLIMATE NORMAL PERIOD 1981 TO 2010
CLIMATE RECORD PERIOD 1893 TO 2016


WEATHER ITEM   OBSERVED TIME   RECORD YEAR NORMAL DEPARTURE LAST
                VALUE   (LST)  VALUE       VALUE  FROM      YEAR
                                                  NORMAL
..................................................................
TEMPERATURE (F)
 YESTERDAY
  MAXIMUM         83    512 PM  97    1894  79      4       63
  MINIMUM         56    303 AM  36    1935  56      0       58
  AVERAGE         70                        68      2       61

PRECIPITATION (IN)
  YESTERDAY        0.00          3.12 1995   0.12  -0.12     1.94
  MONTH TO DATE    6.62                      3.66   2.96     5.14
  SINCE JUN 1     20.02                     13.50   6.52    16.81
  SINCE JAN 1     31.24                     25.98   5.26    27.81

SNOWFALL (IN)
  YESTERDAY        0.0          MM      MM   0.0    0.0      0.0
  MONTH TO DATE    0.0                       0.0    0.0      0.0
  SINCE JUN 1      0.0                       0.0    0.0      0.0
  SINCE JUL 1      0.0                       0.0    0.0      0.0
  SNOW DEPTH       0

DEGREE DAYS
 HEATING
  YESTERDAY        0                         1     -1        4
  MONTH TO DATE    8                        23    -15       36
  SINCE JUN 1     26                        76    -50       69
  SINCE JUL 1     18                        32    -14       57

 COOLING
  YESTERDAY        5                         4      1        0
  MONTH TO DATE  151                       150      1      125
  SINCE JUN 1    554                       509     45      478
  SINCE JAN 1    595                       544     51      508
..................................................................


WIND (MPH)
  HIGHEST WIND SPEED    14   HIGHEST WIND DIRECTION    SE (150)
  HIGHEST GUST SPEED    19   HIGHEST GUST DIRECTION    SE (150)
  AVERAGE WIND SPEED     5.6


SKY COVER
  POSSIBLE SUNSHINE  MM
  AVERAGE SKY COVER 0.4


WEATHER CONDITIONS
 THE FOLLOWING WEATHER WAS RECORDED YESTERDAY.
  FOG
  FOG W/VISIBILITY <= 1/4 MILE


RELATIVE HUMIDITY (PERCENT)
 HIGHEST   100          1200 AM
 LOWEST     69           200 PM
 AVERAGE    85

..........................................................


THE MASON CITY IA CLIMATE NORMALS FOR TODAY
                         NORMAL    RECORD    YEAR
 MAXIMUM TEMPERATURE (F)   79        97      2012
 MINIMUM TEMPERATURE (F)   56        34      1893


SUNRISE AND SUNSET
AUGUST 29 2016........SUNRISE   635 AM CDT   SUNSET   752 PM CDT
AUGUST 30 2016........SUNRISE   636 AM CDT   SUNSET   751 PM CDT


-  INDICATES NEGATIVE NUMBERS.
R  INDICATES RECORD WAS SET OR TIED.
MM INDICATES DATA IS MISSING.
T  INDICATES TRACE AMOUNT.




$$
