000
CDUS41 KCTP 080613
CLIMDT


CLIMATE REPORT
NATIONAL WEATHER SERVICE STATE COLLEGE PA
213 AM EDT WED JUL 8 2015


...................................

...THE HARRISBURG PA CLIMATE SUMMARY FOR JULY 7 2015...

CLIMATE NORMAL PERIOD 1981 TO 2010
CLIMATE RECORD PERIOD 1888 TO 2015


WEATHER ITEM   OBSERVED TIME   RECORD YEAR NORMAL DEPARTURE LAST
                VALUE   (LST)  VALUE       VALUE  FROM      YEAR
                                                  NORMAL
..................................................................
TEMPERATURE (F)
 YESTERDAY
  MAXIMUM         87    425 PM 101    2012  86      1       92
                                      1988
  MINIMUM         71    133 AM  52    1983  66      5       75
                                      1980
                                      1979
  AVERAGE         79                        76      3       84

PRECIPITATION (IN)
  YESTERDAY        0.06          0.86 1904   0.14  -0.08      T
  MONTH TO DATE    0.35                      0.99  -0.64     0.18
  SINCE JUN 1      7.19                      4.59   2.60     3.96
  SINCE JAN 1     19.93                     20.12  -0.19    25.60

DEGREE DAYS
 HEATING
  YESTERDAY        0                         0      0        0
  MONTH TO DATE    0                         0      0        0
  SINCE JUN 1     13                        18     -5        1
  SINCE JUL 1      0                         0      0        0

 COOLING
  YESTERDAY       14                        11      3       19
  MONTH TO DATE   57                        75    -18       99
  SINCE JUN 1    318                       288     30      346
  SINCE JAN 1    492                       353    139      406
..................................................................


WIND (MPH)
  HIGHEST WIND SPEED    14   HIGHEST WIND DIRECTION    SW (220)
  HIGHEST GUST SPEED    19   HIGHEST GUST DIRECTION    SW (230)
  AVERAGE WIND SPEED     4.3


SKY COVER
  POSSIBLE SUNSHINE  MM
  AVERAGE SKY COVER 0.6


WEATHER CONDITIONS
 THE FOLLOWING WEATHER WAS RECORDED YESTERDAY.
  LIGHT RAIN
  FOG
  HAZE


RELATIVE HUMIDITY (PERCENT)
 HIGHEST    93           100 AM
 LOWEST     50           400 PM
 AVERAGE    72

..........................................................


THE HARRISBURG PA CLIMATE NORMALS FOR TODAY
                         NORMAL    RECORD    YEAR
 MAXIMUM TEMPERATURE (F)   86       101      1988
 MINIMUM TEMPERATURE (F)   66        53      1983


SUNRISE AND SUNSET
JULY  8 2015..........SUNRISE   545 AM EDT   SUNSET   839 PM EDT
JULY  9 2015..........SUNRISE   546 AM EDT   SUNSET   838 PM EDT


-  INDICATES NEGATIVE NUMBERS.
R  INDICATES RECORD WAS SET OR TIED.
MM INDICATES DATA IS MISSING.
T  INDICATES TRACE AMOUNT.




$$
