000
CDUS41 KCTP 310647
CLIMDT


CLIMATE REPORT
NATIONAL WEATHER SERVICE STATE COLLEGE PA
247 AM EDT FRI JUL 31 2015


...................................

...THE HARRISBURG PA CLIMATE SUMMARY FOR JULY 30 2015...

CLIMATE NORMAL PERIOD 1981 TO 2010
CLIMATE RECORD PERIOD 1888 TO 2015


WEATHER ITEM   OBSERVED TIME   RECORD YEAR NORMAL DEPARTURE LAST
                VALUE   (LST)  VALUE       VALUE  FROM      YEAR
                                                  NORMAL
..................................................................
TEMPERATURE (F)
 YESTERDAY
  MAXIMUM         88    408 PM  98    1940  85      3       79
  MINIMUM         73    904 PM  53    1956  66      7       56
  AVERAGE         81                        76      5       68

PRECIPITATION (IN)
  YESTERDAY        0.09          2.13 1891   0.15  -0.06     0.05
  MONTH TO DATE    2.69                      4.47  -1.78     4.34
  SINCE JUN 1      9.53                      8.07   1.46     8.12
  SINCE JAN 1     22.27                     23.60  -1.33    29.76

DEGREE DAYS
 HEATING
  YESTERDAY        0                         0      0        0
  MONTH TO DATE    0                         0      0        0
  SINCE JUN 1     13                        18     -5        1
  SINCE JUL 1      0                         0      0        0

 COOLING
  YESTERDAY       16                        11      5        3
  MONTH TO DATE  335                       328      7      342
  SINCE JUN 1    596                       541     55      589
  SINCE JAN 1    770                       606    164      649
..................................................................


WIND (MPH)
  HIGHEST WIND SPEED    22   HIGHEST WIND DIRECTION    SW (220)
  HIGHEST GUST SPEED    27   HIGHEST GUST DIRECTION    SW (220)
  AVERAGE WIND SPEED     5.4


SKY COVER
  POSSIBLE SUNSHINE  MM
  AVERAGE SKY COVER 0.7


WEATHER CONDITIONS
 THE FOLLOWING WEATHER WAS RECORDED YESTERDAY.
  THUNDERSTORM
  HEAVY RAIN
  RAIN
  LIGHT RAIN
  FOG
  HAZE


RELATIVE HUMIDITY (PERCENT)
 HIGHEST    87           300 AM
 LOWEST     42           600 PM
 AVERAGE    65

..........................................................


THE HARRISBURG PA CLIMATE NORMALS FOR TODAY
                         NORMAL    RECORD    YEAR
 MAXIMUM TEMPERATURE (F)   85       100      1954
                                             1917
 MINIMUM TEMPERATURE (F)   66        53      1895


SUNRISE AND SUNSET
JULY 31 2015..........SUNRISE   604 AM EDT   SUNSET   823 PM EDT
AUGUST  1 2015........SUNRISE   605 AM EDT   SUNSET   821 PM EDT


-  INDICATES NEGATIVE NUMBERS.
R  INDICATES RECORD WAS SET OR TIED.
MM INDICATES DATA IS MISSING.
T  INDICATES TRACE AMOUNT.




$$
