000
CDUS41 KCTP 112119
CLIMDT


CLIMATE REPORT
NATIONAL WEATHER SERVICE STATE COLLEGE PA
518 PM EDT FRI JUL 11 2014


...................................

...THE HARRISBURG PA CLIMATE SUMMARY FOR JULY 11 2014...
VALID TODAY AS OF 0500 PM LOCAL TIME.

CLIMATE NORMAL PERIOD 1981 TO 2010
CLIMATE RECORD PERIOD 1888 TO 2014


WEATHER ITEM   OBSERVED TIME   RECORD YEAR NORMAL DEPARTURE LAST
                VALUE   (LST)  VALUE       VALUE  FROM      YEAR
                                                  NORMAL
..................................................................
TEMPERATURE (F)
 TODAY
  MAXIMUM         88    358 PM 100    1936  86      2       85
  MINIMUM         66    247 AM  53    1983  66      0       72
                                      1898
  AVERAGE         77                        76      1       79

PRECIPITATION (IN)
  TODAY            0.00          1.40 1920   0.15  -0.15     0.00
  MONTH TO DATE    0.47                      1.61  -1.14     1.40
  SINCE JUN 1      4.25                      5.21  -0.96     5.17
  SINCE JAN 1     25.89                     20.74   5.15    17.33

DEGREE DAYS
 HEATING
  TODAY            0                         0      0        0
  MONTH TO DATE    0                         0      0        0
  SINCE JUN 1      1                        18    -17        2
  SINCE JUL 1      0                         0      0        0

 COOLING
  TODAY           12                        11      1       14
  MONTH TO DATE  154                       119     35      155
  SINCE JUN 1    401                       332     69      379
  SINCE JAN 1    461                       397     64      462
..................................................................


WIND (MPH)
  HIGHEST WIND SPEED     8   HIGHEST WIND DIRECTION    NW (320)
  HIGHEST GUST SPEED    11   HIGHEST GUST DIRECTION     E (80)
  AVERAGE WIND SPEED     3.6


SKY COVER
  POSSIBLE SUNSHINE  MM
  AVERAGE SKY COVER 0.4


WEATHER CONDITIONS
 THE FOLLOWING WEATHER WAS RECORDED TODAY.
  FOG


RELATIVE HUMIDITY (PERCENT)
 HIGHEST    93           300 AM
 LOWEST     40           300 PM
 AVERAGE    67

..........................................................


THE HARRISBURG PA CLIMATE NORMALS FOR TOMORROW
                         NORMAL    RECORD    YEAR
 MAXIMUM TEMPERATURE (F)   86        97      1966
                                             1908
 MINIMUM TEMPERATURE (F)   67        49      1945


SUNRISE AND SUNSET
JULY 11 2014..........SUNRISE   547 AM EDT   SUNSET   838 PM EDT
JULY 12 2014..........SUNRISE   548 AM EDT   SUNSET   837 PM EDT


-  INDICATES NEGATIVE NUMBERS.
R  INDICATES RECORD WAS SET OR TIED.
MM INDICATES DATA IS MISSING.
T  INDICATES TRACE AMOUNT.




$$
