000
CDUS41 KCTP 050614
CLIMDT


CLIMATE REPORT
NATIONAL WEATHER SERVICE STATE COLLEGE PA
113 AM EST THU MAR 5 2015


...................................

...THE HARRISBURG PA CLIMATE SUMMARY FOR MARCH 4 2015...

CLIMATE NORMAL PERIOD 1981 TO 2010
CLIMATE RECORD PERIOD 1888 TO 2015


WEATHER ITEM   OBSERVED TIME   RECORD YEAR NORMAL DEPARTURE LAST
                VALUE   (LST)  VALUE       VALUE  FROM      YEAR
                                                  NORMAL
..................................................................
TEMPERATURE (F)
 YESTERDAY
  MAXIMUM         43    255 PM  79    1974  46     -3       30
  MINIMUM         32    545 AM   8    1943  30      2       12
  AVERAGE         38                        38      0       21

PRECIPITATION (IN)
  YESTERDAY        0.32          2.13 1889   0.09   0.23     0.00
  MONTH TO DATE    0.83                      0.36   0.47     0.11
  SINCE MAR 1      0.83                      0.36   0.47     0.11
  SINCE JAN 1      4.42                      5.63  -1.21     6.82

SNOWFALL (IN)
  YESTERDAY        0.1           6.3  1917   0.2   -0.1      0.0
  MONTH TO DATE    3.4                       1.0    2.4      0.3
  SINCE MAR 1      3.4                       1.0    2.4      0.3
  SINCE JUL 1     30.8                      26.0    4.8     42.9
  SNOW DEPTH       T

DEGREE DAYS
 HEATING
  YESTERDAY       27                        27      0       44
  MONTH TO DATE  146                       111     35      158
  SINCE MAR 1    146                       111     35      158
  SINCE JUL 1   4449                      4099    350     4502

 COOLING
  YESTERDAY        0                         0      0        0
  MONTH TO DATE    0                         0      0        0
  SINCE MAR 1      0                         0      0        0
  SINCE JAN 1      0                         0      0        0
..................................................................


WIND (MPH)
  HIGHEST WIND SPEED    16   HIGHEST WIND DIRECTION    NW (310)
  HIGHEST GUST SPEED    18   HIGHEST GUST DIRECTION    NW (330)
  AVERAGE WIND SPEED     2.7


SKY COVER
  POSSIBLE SUNSHINE  MM
  AVERAGE SKY COVER 1.0


WEATHER CONDITIONS
 THE FOLLOWING WEATHER WAS RECORDED YESTERDAY.
  RAIN
  LIGHT RAIN
  LT FREEZING RAIN
  SNOW
  SLEET
  FOG


RELATIVE HUMIDITY (PERCENT)
 HIGHEST   100           700 PM
 LOWEST     85          1200 AM
 AVERAGE    93

..........................................................


THE HARRISBURG PA CLIMATE NORMALS FOR TODAY
                         NORMAL    RECORD    YEAR
 MAXIMUM TEMPERATURE (F)   46        74      1946
 MINIMUM TEMPERATURE (F)   30        10      1978


SUNRISE AND SUNSET
MARCH  5 2015.........SUNRISE   635 AM EST   SUNSET   603 PM EST
MARCH  6 2015.........SUNRISE   633 AM EST   SUNSET   604 PM EST


-  INDICATES NEGATIVE NUMBERS.
R  INDICATES RECORD WAS SET OR TIED.
MM INDICATES DATA IS MISSING.
T  INDICATES TRACE AMOUNT.




$$
