000
CDUS41 KCTP 302116
CLIMDT


CLIMATE REPORT
NATIONAL WEATHER SERVICE STATE COLLEGE PA
516 PM EDT SUN APR 30 2017


...................................

...THE HARRISBURG PA CLIMATE SUMMARY FOR APRIL 30 2017...
VALID TODAY AS OF 0500 PM LOCAL TIME.

CLIMATE NORMAL PERIOD 1981 TO 2010
CLIMATE RECORD PERIOD 1888 TO 2017


WEATHER ITEM   OBSERVED TIME   RECORD YEAR NORMAL DEPARTURE LAST
                VALUE   (LST)  VALUE       VALUE  FROM      YEAR
                                                  NORMAL
..................................................................
TEMPERATURE (F)
 TODAY
  MAXIMUM         77    325 PM  92    1942  68      9       60
  MINIMUM         62    712 AM  35    2012  47     15       45
                                      1977
                                      1931
  AVERAGE         70                        57     13       53

PRECIPITATION (IN)
  TODAY            0.00          2.58 2014   0.10  -0.10     0.01
  MONTH TO DATE    3.42                      3.10   0.32     2.51
  SINCE MAR 1      8.14                      6.47   1.67     3.81
  SINCE JAN 1     12.52                     11.74   0.78    13.73

SNOWFALL (IN)
  TODAY            0.0           T    1925   0.0    0.0      0.0
  MONTH TO DATE    0.0                       0.4   -0.4      1.2
  SINCE MAR 1     18.4                       5.6   12.8      1.4
  SINCE JUL 1     23.9                      30.6   -6.7     39.1
  SNOW DEPTH       0

DEGREE DAYS
 HEATING
  TODAY            0                         8     -8       12
  MONTH TO DATE  216                       392   -176      391
  SINCE MAR 1    978                      1115   -137      911
  SINCE JUL 1   4216                      5103   -887     4283

 COOLING
  TODAY            5                         0      5        0
  MONTH TO DATE   29                         6     23       11
  SINCE MAR 1     29                         7     22       12
  SINCE JAN 1     29                         7     22       12
..................................................................


WIND (MPH)
  HIGHEST WIND SPEED    16   HIGHEST WIND DIRECTION    SE (120)
  HIGHEST GUST SPEED    19   HIGHEST GUST DIRECTION     E (70)
  AVERAGE WIND SPEED     8.1


SKY COVER
  POSSIBLE SUNSHINE  MM
  AVERAGE SKY COVER 0.8


WEATHER CONDITIONS
 THE FOLLOWING WEATHER WAS RECORDED TODAY.
  NO SIGNIFICANT WEATHER WAS OBSERVED.


RELATIVE HUMIDITY (PERCENT)
 HIGHEST    78           200 AM
 LOWEST     57          1100 AM
 AVERAGE    68

..........................................................


THE HARRISBURG PA CLIMATE NORMALS FOR TOMORROW
                         NORMAL    RECORD    YEAR
 MAXIMUM TEMPERATURE (F)   68        97      1942
 MINIMUM TEMPERATURE (F)   47        35      1978


SUNRISE AND SUNSET
APRIL 30 2017.........SUNRISE   608 AM EDT   SUNSET   801 PM EDT
MAY  1 2017...........SUNRISE   606 AM EDT   SUNSET   802 PM EDT


-  INDICATES NEGATIVE NUMBERS.
R  INDICATES RECORD WAS SET OR TIED.
MM INDICATES DATA IS MISSING.
T  INDICATES TRACE AMOUNT.




$$
