000
CDUS41 KCTP 280637
CLIMDT


CLIMATE REPORT
NATIONAL WEATHER SERVICE STATE COLLEGE PA
237 AM EDT WED JUN 28 2017


...................................

...THE HARRISBURG PA CLIMATE SUMMARY FOR JUNE 27 2017...

CLIMATE NORMAL PERIOD 1981 TO 2010
CLIMATE RECORD PERIOD 1888 TO 2017


WEATHER ITEM   OBSERVED TIME   RECORD YEAR NORMAL DEPARTURE LAST
                VALUE   (LST)  VALUE       VALUE  FROM      YEAR
                                                  NORMAL
..................................................................
TEMPERATURE (F)
 YESTERDAY
  MAXIMUM         78    318 PM 100    1966  84     -6       83
  MINIMUM         61    624 AM  54    1981  65     -4       65
                                      1967
                                      1927
  AVERAGE         70                        75     -5       74

PRECIPITATION (IN)
  YESTERDAY        0.00          2.40 1975   0.12  -0.12     0.06
  MONTH TO DATE    3.55                      3.24   0.31     3.12
  SINCE JUN 1      3.55                      3.24   0.31     3.12
  SINCE JAN 1     20.00                     18.77   1.23    20.31

DEGREE DAYS
 HEATING
  YESTERDAY        0                         0      0        0
  MONTH TO DATE    7                        17    -10        5
  SINCE JUN 1      7                        17    -10        5
  SINCE JUL 1   4370                      5268   -898     4461

 COOLING
  YESTERDAY        5                        10     -5        9
  MONTH TO DATE  234                       183     51      236
  SINCE JUN 1    234                       183     51      236
  SINCE JAN 1    311                       248     63      333
..................................................................


WIND (MPH)
  HIGHEST WIND SPEED    22   HIGHEST WIND DIRECTION    NW (310)
  HIGHEST GUST SPEED    29   HIGHEST GUST DIRECTION     W (250)
  AVERAGE WIND SPEED     9.3


SKY COVER
  POSSIBLE SUNSHINE  MM
  AVERAGE SKY COVER 0.5


WEATHER CONDITIONS
 THE FOLLOWING WEATHER WAS RECORDED YESTERDAY.
  NO SIGNIFICANT WEATHER WAS OBSERVED.


RELATIVE HUMIDITY (PERCENT)
 HIGHEST   100           500 AM
 LOWEST     36           300 PM
 AVERAGE    68

..........................................................


THE HARRISBURG PA CLIMATE NORMALS FOR TODAY
                         NORMAL    RECORD    YEAR
 MAXIMUM TEMPERATURE (F)   85        98      1969
 MINIMUM TEMPERATURE (F)   65        52      1988
                                             1940


SUNRISE AND SUNSET
JUNE 28 2017..........SUNRISE   540 AM EDT   SUNSET   841 PM EDT
JUNE 29 2017..........SUNRISE   541 AM EDT   SUNSET   841 PM EDT


-  INDICATES NEGATIVE NUMBERS.
R  INDICATES RECORD WAS SET OR TIED.
MM INDICATES DATA IS MISSING.
T  INDICATES TRACE AMOUNT.




$$
