000
CDUS41 KCTP 210625
CLIMDT


CLIMATE REPORT
NATIONAL WEATHER SERVICE STATE COLLEGE PA
125 AM EST WED FEB 21 2018


...................................

...THE HARRISBURG PA CLIMATE SUMMARY FOR FEBRUARY 20 2018...

CLIMATE NORMAL PERIOD 1981 TO 2010
CLIMATE RECORD PERIOD 1888 TO 2018


WEATHER ITEM   OBSERVED TIME   RECORD YEAR NORMAL DEPARTURE LAST
                VALUE   (LST)  VALUE       VALUE  FROM      YEAR
                                                  NORMAL
..................................................................
TEMPERATURE (F)
 YESTERDAY
  MAXIMUM         77R   337 PM  72    1930  42     35       59
  MINIMUM         41    837 AM   0    2015  26     15       39
                                      1979
                                      1978
  AVERAGE         59                        34     25       49

PRECIPITATION (IN)
  YESTERDAY        0.00          1.50 1921   0.08  -0.08     0.00
  MONTH TO DATE    4.16                      1.66   2.50     1.21
  SINCE DEC 1      9.34                      7.77   1.57     6.20
  SINCE JAN 1      8.16                      4.54   3.62     3.84

SNOWFALL (IN)
  YESTERDAY        0.0          15.0  1921   0.4   -0.4      0.0
  MONTH TO DATE    6.7                       7.9   -1.2      3.6
  SINCE DEC 1     18.1                      21.8   -3.7      5.5
  SINCE JUL 1     18.1                      22.4   -4.3      5.5
  SNOW DEPTH       0

DEGREE DAYS
 HEATING
  YESTERDAY        6                        31    -25       16
  MONTH TO DATE  585                       662    -77      529
  SINCE DEC 1   2706                      2712     -6     2322
  SINCE JUL 1   3561                      3751   -190     3108

 COOLING
  YESTERDAY        0                         0      0        0
  MONTH TO DATE    0                         0      0        0
  SINCE DEC 1      0                         0      0        0
  SINCE JAN 1      0                         0      0        0
..................................................................


WIND (MPH)
  HIGHEST WIND SPEED    12   HIGHEST WIND DIRECTION     S (190)
  HIGHEST GUST SPEED    20   HIGHEST GUST DIRECTION    SW (220)
  AVERAGE WIND SPEED     1.8


SKY COVER
  POSSIBLE SUNSHINE  MM
  AVERAGE SKY COVER 0.8


WEATHER CONDITIONS
 THE FOLLOWING WEATHER WAS RECORDED YESTERDAY.
  FOG
  FOG W/VISIBILITY <= 1/4 MILE
  HAZE


RELATIVE HUMIDITY (PERCENT)
 HIGHEST   100           900 AM
 LOWEST     53           300 PM
 AVERAGE    77

..........................................................


THE HARRISBURG PA CLIMATE NORMALS FOR TODAY
                         NORMAL    RECORD    YEAR
 MAXIMUM TEMPERATURE (F)   42        71      1997
 MINIMUM TEMPERATURE (F)   26         4      2015


SUNRISE AND SUNSET
FEBRUARY 21 2018......SUNRISE   652 AM EST   SUNSET   550 PM EST
FEBRUARY 22 2018......SUNRISE   651 AM EST   SUNSET   551 PM EST


-  INDICATES NEGATIVE NUMBERS.
R  INDICATES RECORD WAS SET OR TIED.
MM INDICATES DATA IS MISSING.
T  INDICATES TRACE AMOUNT.




$$
