000
CDUS43 KLOT 040649
CLIMDW


CLIMATE REPORT
NATIONAL WEATHER SERVICE CHICAGO IL
1249 AM CST WED MAR 4 2015


...................................

...THE CHICAGO-MIDWAY CLIMATE SUMMARY FOR MARCH 3 2015...

CLIMATE NORMAL PERIOD 1981 TO 2010
CLIMATE RECORD PERIOD 1928 TO 2015


WEATHER ITEM   OBSERVED TIME   RECORD YEAR NORMAL DEPARTURE LAST
                VALUE   (LST)  VALUE       VALUE  FROM      YEAR
                                                  NORMAL
..................................................................
TEMPERATURE (F)
 YESTERDAY
  MAXIMUM         37    400 PM  80    1974  42     -5       20
  MINIMUM         27    617 AM  -6    1873  27      0        1
  AVERAGE         32                        34     -2       11

PRECIPITATION (IN)
  YESTERDAY        0.10          1.21 1966   0.09   0.01      T
  MONTH TO DATE    0.11                      0.26  -0.15      T
  SINCE MAR 1      0.11                      0.26  -0.15      T
  SINCE JAN 1      1.45                      4.26  -2.81     2.49

DEGREE DAYS
 HEATING
  YESTERDAY       33                        31      2       54
  MONTH TO DATE  115                        94     21      151
  SINCE MAR 1    115                        94     21      151
  SINCE JUL 1   4837                      4605    232     5353

 COOLING
  YESTERDAY        0                         0      0        0
  MONTH TO DATE    0                         0      0        0
  SINCE MAR 1      0                         0      0        0
  SINCE JAN 1      0                         0      0        0
..................................................................


WIND (MPH)
  RESULTANT WIND SPEED   7   RESULTANT WIND DIRECTION   W (250)
  HIGHEST WIND SPEED    23   HIGHEST WIND DIRECTION     W (260)
  HIGHEST GUST SPEED    31   HIGHEST GUST DIRECTION     W (280)
  AVERAGE WIND SPEED    12.6



WEATHER CONDITIONS
 THE FOLLOWING WEATHER WAS RECORDED YESTERDAY.
  LIGHT RAIN
  LT FREEZING RAIN
  SNOW
  LIGHT SNOW
  SLEET
  FOG


..........................................................


THE CHICAGO-MIDWAY CLIMATE NORMALS FOR TODAY
                         NORMAL    RECORD    YEAR
 MAXIMUM TEMPERATURE (F)   42        74      1983
 MINIMUM TEMPERATURE (F)   27        -4      2002


SUNRISE AND SUNSET
MARCH  4 2015.........SUNRISE   621 AM CST   SUNSET   545 PM CST
MARCH  5 2015.........SUNRISE   620 AM CST   SUNSET   546 PM CST


-  INDICATES NEGATIVE NUMBERS.
R  INDICATES RECORD WAS SET OR TIED.
MM INDICATES DATA IS MISSING.
T  INDICATES TRACE AMOUNT.




$$
