881
CDUS43 KLOT 100635
CLIMDW


CLIMATE REPORT
NATIONAL WEATHER SERVICE CHICAGO IL
1234 AM CST WED FEB 10 2016


...................................

...THE CHICAGO-MIDWAY CLIMATE SUMMARY FOR FEBRUARY 9 2016...

CLIMATE NORMAL PERIOD 1981 TO 2010
CLIMATE RECORD PERIOD 1928 TO 2016


WEATHER ITEM   OBSERVED TIME   RECORD YEAR NORMAL DEPARTURE LAST
                VALUE   (LST)  VALUE       VALUE  FROM      YEAR
                                                  NORMAL
..................................................................
TEMPERATURE (F)
 YESTERDAY
  MAXIMUM         23   1210 AM  57    1999  34    -11       31
  MINIMUM         15   1134 PM -20    1933  20     -5       26
  AVERAGE         19                        27     -8       29

PRECIPITATION (IN)
  YESTERDAY        T             0.77 1959   0.06  -0.06      T
  MONTH TO DATE    T                         0.52  -0.52     0.05
  SINCE DEC 1      6.05                      5.15   0.90     2.06
  SINCE JAN 1      0.65                      2.58  -1.93     1.28

DEGREE DAYS
 HEATING
  YESTERDAY       46                        38      8       36
  MONTH TO DATE  294                       349    -55      367
  SINCE DEC 1   2187                      2710   -523     2527
  SINCE JUL 1   2997                      3845   -848     3784

 COOLING
  YESTERDAY        0                         0      0        0
  MONTH TO DATE    0                         0      0        0
  SINCE DEC 1      0                         0      0        0
  SINCE JAN 1      0                         0      0        0
..................................................................


WIND (MPH)
  RESULTANT WIND SPEED  13   RESULTANT WIND DIRECTION  NW (310)
  HIGHEST WIND SPEED    21   HIGHEST WIND DIRECTION     W (290)
  HIGHEST GUST SPEED    27   HIGHEST GUST DIRECTION     W (290)
  AVERAGE WIND SPEED    13.5



WEATHER CONDITIONS
 THE FOLLOWING WEATHER WAS RECORDED YESTERDAY.
  LIGHT SNOW
  FOG


..........................................................


THE CHICAGO-MIDWAY CLIMATE NORMALS FOR TODAY
                         NORMAL    RECORD    YEAR
 MAXIMUM TEMPERATURE (F)   34        62      2009
 MINIMUM TEMPERATURE (F)   20       -12      1982


SUNRISE AND SUNSET
FEBRUARY 10 2016......SUNRISE   654 AM CST   SUNSET   517 PM CST
FEBRUARY 11 2016......SUNRISE   652 AM CST   SUNSET   519 PM CST


-  INDICATES NEGATIVE NUMBERS.
R  INDICATES RECORD WAS SET OR TIED.
MM INDICATES DATA IS MISSING.
T  INDICATES TRACE AMOUNT.




$$
