000
CDUS43 KLOT 030643
CLIMDW


CLIMATE REPORT
NATIONAL WEATHER SERVICE CHICAGO IL
143 AM CDT FRI JUL 3 2015


...................................

...THE CHICAGO-MIDWAY CLIMATE SUMMARY FOR JULY 2 2015...

CLIMATE NORMAL PERIOD 1981 TO 2010
CLIMATE RECORD PERIOD 1928 TO 2015


WEATHER ITEM   OBSERVED TIME   RECORD YEAR NORMAL DEPARTURE LAST
                VALUE   (LST)  VALUE       VALUE  FROM      YEAR
                                                  NORMAL
..................................................................
TEMPERATURE (F)
 YESTERDAY
  MAXIMUM         71    227 PM  99    1970  84    -13       74
  MINIMUM         56    412 AM  48    1930  67    -11       58
  AVERAGE         64                        75    -11       66

PRECIPITATION (IN)
  YESTERDAY        0.00          2.50 1933   0.10  -0.10     0.12
  MONTH TO DATE    0.00                      0.21  -0.21     0.16
  SINCE JUN 1      2.96                      4.27  -1.31     7.88
  SINCE JAN 1     11.85                     18.76  -6.91    19.17

DEGREE DAYS
 HEATING
  YESTERDAY        1                         0      1        0
  MONTH TO DATE    3                         0      3        0
  SINCE JUN 1     23                        31     -8        2
  SINCE JUL 1      3                         0      3        0

 COOLING
  YESTERDAY        0                        10    -10        1
  MONTH TO DATE    0                        20    -20       12
  SINCE JUN 1    182                       230    -48      263
  SINCE JAN 1    288                       304    -16      374
..................................................................


WIND (MPH)
  RESULTANT WIND SPEED  11   RESULTANT WIND DIRECTION  NE (30)
  HIGHEST WIND SPEED    17   HIGHEST WIND DIRECTION    NE (50)
  HIGHEST GUST SPEED    23   HIGHEST GUST DIRECTION    NE (30)
  AVERAGE WIND SPEED    11.1



WEATHER CONDITIONS
 THE FOLLOWING WEATHER WAS RECORDED YESTERDAY.
  FOG


..........................................................


THE CHICAGO-MIDWAY CLIMATE NORMALS FOR TODAY
                         NORMAL    RECORD    YEAR
 MAXIMUM TEMPERATURE (F)   84       102      1949
 MINIMUM TEMPERATURE (F)   67        50      1940
                                             1930


SUNRISE AND SUNSET
JULY  3 2015..........SUNRISE   521 AM CDT   SUNSET   829 PM CDT
JULY  4 2015..........SUNRISE   521 AM CDT   SUNSET   829 PM CDT


-  INDICATES NEGATIVE NUMBERS.
R  INDICATES RECORD WAS SET OR TIED.
MM INDICATES DATA IS MISSING.
T  INDICATES TRACE AMOUNT.




$$
