000
CDUS43 KLOT 230635
CLIMDW


CLIMATE REPORT
NATIONAL WEATHER SERVICE CHICAGO IL
133 AM CDT WED APR 23 2014


...................................

...THE CHICAGO-MIDWAY CLIMATE SUMMARY FOR APRIL 22 2014...

CLIMATE NORMAL PERIOD 1981 TO 2010
CLIMATE RECORD PERIOD 1928 TO 2014


WEATHER ITEM   OBSERVED TIME   RECORD YEAR NORMAL DEPARTURE LAST
                VALUE   (LST)  VALUE       VALUE  FROM      YEAR
                                                  NORMAL
..................................................................
TEMPERATURE (F)
 YESTERDAY
  MAXIMUM         60    116 AM  91    1980  62     -2       67
  MINIMUM         40   1159 PM  25    1936  44     -4       42
  AVERAGE         50                        53     -3       55

PRECIPITATION (IN)
  YESTERDAY        0.00          1.50 1999   0.12  -0.12     0.00
  MONTH TO DATE    2.23                      2.64  -0.41     5.84
  SINCE MAR 1      3.32                      5.36  -2.04     7.10
  SINCE JAN 1      5.81                      9.36  -3.55    11.35

DEGREE DAYS
 HEATING
  YESTERDAY       15                        13      2       10
  MONTH TO DATE  346                       361    -15      429
  SINCE MAR 1   1343                      1173    170     1392
  SINCE JUL 1   6545                      5684    861     5544

 COOLING
  YESTERDAY        0                         1     -1        0
  MONTH TO DATE    5                         4      1        0
  SINCE MAR 1      5                         5      0        0
  SINCE JAN 1      5                         5      0        0
..................................................................


WIND (MPH)
  RESULTANT WIND SPEED   9   RESULTANT WIND DIRECTION   N (10)
  HIGHEST WIND SPEED    24   HIGHEST WIND DIRECTION    NE (30)
  HIGHEST GUST SPEED    29   HIGHEST GUST DIRECTION     N (340)
  AVERAGE WIND SPEED    12.6



WEATHER CONDITIONS
 THE FOLLOWING WEATHER WAS RECORDED YESTERDAY.
  FOG


..........................................................


THE CHICAGO-MIDWAY CLIMATE NORMALS FOR TODAY
                         NORMAL    RECORD    YEAR
 MAXIMUM TEMPERATURE (F)   62        88      1960
 MINIMUM TEMPERATURE (F)   44        28      1936


SUNRISE AND SUNSET
APRIL 23 2014.........SUNRISE   559 AM CDT   SUNSET   741 PM CDT
APRIL 24 2014.........SUNRISE   557 AM CDT   SUNSET   742 PM CDT


-  INDICATES NEGATIVE NUMBERS.
R  INDICATES RECORD WAS SET OR TIED.
MM INDICATES DATA IS MISSING.
T  INDICATES TRACE AMOUNT.




$$
