000
CDUS43 KLOT 242237
CLIMDW


CLIMATE REPORT
NATIONAL WEATHER SERVICE CHICAGO IL
436 PM CST FRI NOV 24 2017


...................................

...THE CHICAGO-MIDWAY CLIMATE SUMMARY FOR NOVEMBER 24 2017...
VALID TODAY AS OF 0400 PM LOCAL TIME.

CLIMATE NORMAL PERIOD 1981 TO 2010
CLIMATE RECORD PERIOD 1928 TO 2017


WEATHER ITEM   OBSERVED TIME   RECORD YEAR NORMAL DEPARTURE
                VALUE   (LST)  VALUE       VALUE  FROM
                                                  NORMAL
...............................................................
TEMPERATURE (F)
 TODAY
  MAXIMUM         62    242 PM  69    1966  44     18
  MINIMUM         34    406 AM  -2    1950  31      3
  AVERAGE         48                        37     11

PRECIPITATION (IN)
  TODAY            0.00          0.75 2004   0.12  -0.12
  MONTH TO DATE    2.33                      2.77  -0.44
  SINCE SEP 1     13.23                      9.32   3.91
  SINCE JAN 1     41.28                     35.87   5.41

DEGREE DAYS
 HEATING
  TODAY           17                        28    -11
  MONTH TO DATE  604                       530     74
  SINCE SEP 1    863                       956    -93
  SINCE JUL 1    868                       961    -93

 COOLING
  TODAY            0                         0      0
  MONTH TO DATE    0                         0      0
  SINCE SEP 1    245                       135    110
  SINCE JAN 1   1151                      1045    106
...............................................................


WIND (MPH)
  RESULTANT WIND SPEED  12   RESULTANT WIND DIRECTION   S (200)
  HIGHEST WIND SPEED    24   HIGHEST WIND DIRECTION     S (190)
  HIGHEST GUST SPEED    30   HIGHEST GUST DIRECTION     S (180)
  AVERAGE WIND SPEED    12.4


SKY COVER
  POSSIBLE SUNSHINE  MM
  AVERAGE SKY COVER 0.2


WEATHER CONDITIONS
 THE FOLLOWING WEATHER WAS RECORDED TODAY.
  NO SIGNIFICANT WEATHER WAS OBSERVED.


..........................................................


THE CHICAGO-MIDWAY CLIMATE NORMALS FOR TOMORROW
                         NORMAL    RECORD    YEAR
 MAXIMUM TEMPERATURE (F)   43        61      2006
 MINIMUM TEMPERATURE (F)   30         0      1950


SUNRISE AND SUNSET
NOVEMBER 24 2017......SUNRISE   651 AM CST   SUNSET   424 PM CST
NOVEMBER 25 2017......SUNRISE   652 AM CST   SUNSET   423 PM CST


-  INDICATES NEGATIVE NUMBERS.
R  INDICATES RECORD WAS SET OR TIED.
MM INDICATES DATA IS MISSING.
T  INDICATES TRACE AMOUNT.




$$
