000
CDUS44 KMEG 250644
CLIMEG


CLIMATE REPORT...CORRECTED
NATIONAL WEATHER SERVICE MEMPHIS TN
138 AM CDT MON MAY 25 2015


...................................

...THE MEMPHIS/GERMANTOWN WFO CLIMATE SUMMARY FOR MAY 24 2015...

CLIMATE NORMAL PERIOD 1981 TO 2010
CLIMATE RECORD PERIOD 1988 TO 2015


WEATHER ITEM   OBSERVED TIME   RECORD YEAR NORMAL DEPARTURE LAST
                VALUE   (LST)  VALUE       VALUE  FROM      YEAR
                                                  NORMAL
..................................................................
TEMPERATURE (F)
 YESTERDAY
  MAXIMUM         86    300 PM  93    2006  83      3       90
  MINIMUM         57   1150 PM  48    1990  62     -5       66
  AVERAGE         72                        72      0       78

PRECIPITATION (IN)
  YESTERDAY        0.66          1.73 2010   0.16   0.50     0.00
  MONTH TO DATE    4.26                      4.54  -0.28     3.64
  SINCE MAR 1     14.34                     14.81  -0.47    15.74
  SINCE JAN 1     20.42                     23.44  -3.02    24.36

SNOWFALL (IN)
  YESTERDAY        0.0          MM      MM   0.0    0.0      0.0
  MONTH TO DATE    0.0                       0.0    0.0      0.0
  SINCE MAR 1      4.1                       0.8    3.3      0.3
  SINCE JUL 1      6.3                       2.4    3.9      0.8
  SNOW DEPTH       0

DEGREE DAYS
 HEATING
  YESTERDAY        0                         1     -1        0
  MONTH TO DATE   25                        38    -13       57
  SINCE MAR 1    552                       665   -113      739
  SINCE JUL 1   3459                      3411     48     3743

 COOLING
  YESTERDAY        7                         8     -1       13
  MONTH TO DATE  154                       125     29      169
  SINCE MAR 1    231                       190     41      217
  SINCE JAN 1    231                       191     40      217
..................................................................







THE MEMPHIS/GERMANTOWN WFO CLIMATE NORMALS FOR TODAY
                         NORMAL    RECORD    YEAR
 MAXIMUM TEMPERATURE (F)   83        93      2012
                                             2006
 MINIMUM TEMPERATURE (F)   62        48      2001


SUNRISE AND SUNSET
MAY 25 2015...........SUNRISE   549 AM CDT   SUNSET   803 PM CDT
MAY 26 2015...........SUNRISE   549 AM CDT   SUNSET   804 PM CDT


-  INDICATES NEGATIVE NUMBERS.
R  INDICATES RECORD WAS SET OR TIED.
MM INDICATES DATA IS MISSING.
T  INDICATES TRACE AMOUNT.




$$
