000
CDUS44 KMEG 280635
CLIMEG


CLIMATE REPORT
NATIONAL WEATHER SERVICE MEMPHIS TN
134 AM CDT THU JUL 28 2016


...................................

...THE MEMPHIS/GERMANTOWN WFO CLIMATE SUMMARY FOR JULY 27 2016...

CLIMATE NORMAL PERIOD 1981 TO 2010
CLIMATE RECORD PERIOD 1988 TO 2016


WEATHER ITEM   OBSERVED TIME   RECORD YEAR NORMAL DEPARTURE LAST
                VALUE   (LST)  VALUE       VALUE  FROM      YEAR
                                                  NORMAL
..................................................................
TEMPERATURE (F)
 YESTERDAY
  MAXIMUM         94    252 PM 100    2011  91      3       98
                                      1997
  MINIMUM         75   1159 PM  61    2004  71      4       76
  AVERAGE         85                        81      4       87

PRECIPITATION (IN)
  YESTERDAY        0.96R         0.64 1994   0.14   0.82     0.00
  MONTH TO DATE    4.11                      4.01   0.10     4.83
  SINCE JUN 1      8.22                      7.69   0.53     7.77
  SINCE JAN 1     44.67                     32.18  12.49    29.45

SNOWFALL (IN)
  YESTERDAY        0.0          MM      MM   0.0    0.0      0.0
  MONTH TO DATE    0.0                       0.0    0.0      0.0
  SINCE JUN 1      0.0                       0.0    0.0      0.0
  SINCE JUL 1      0.0                       0.0    0.0      0.0
  SNOW DEPTH       0

DEGREE DAYS
 HEATING
  YESTERDAY        0                         0      0        0
  MONTH TO DATE    0                         0      0        0
  SINCE JUN 1      0                         2     -2        0
  SINCE JUL 1      0                         0      0        0

 COOLING
  YESTERDAY       20                        16      4       22
  MONTH TO DATE  508                       430     78      490
  SINCE JUN 1    983                       811    172      942
  SINCE JAN 1   1228                      1062    166     1242
..................................................................







THE MEMPHIS/GERMANTOWN WFO CLIMATE NORMALS FOR TODAY
                         NORMAL    RECORD    YEAR
 MAXIMUM TEMPERATURE (F)   91        99      1997
 MINIMUM TEMPERATURE (F)   71        60      2004


SUNRISE AND SUNSET
JULY 28 2016..........SUNRISE   606 AM CDT   SUNSET   805 PM CDT
JULY 29 2016..........SUNRISE   606 AM CDT   SUNSET   804 PM CDT


-  INDICATES NEGATIVE NUMBERS.
R  INDICATES RECORD WAS SET OR TIED.
MM INDICATES DATA IS MISSING.
T  INDICATES TRACE AMOUNT.




$$
