000
CDUS44 KMEG 010733
CLIMEG


CLIMATE REPORT
NATIONAL WEATHER SERVICE MEMPHIS TN
132 AM CST SUN FEB 1 2015


...................................

...THE MEMPHIS/GERMANTOWN WFO CLIMATE SUMMARY FOR JANUARY 31 2015...

CLIMATE NORMAL PERIOD 1981 TO 2010
CLIMATE RECORD PERIOD 1988 TO 2015


WEATHER ITEM   OBSERVED TIME   RECORD YEAR NORMAL DEPARTURE LAST
                VALUE   (LST)  VALUE       VALUE  FROM      YEAR
                                                  NORMAL
..................................................................
TEMPERATURE (F)
 YESTERDAY
  MAXIMUM         49   1150 PM  77    2002  50     -1       57
  MINIMUM         30   1200 AM  12    1996  30      0       39
  AVERAGE         40                        40      0       48

PRECIPITATION (IN)
  YESTERDAY        0.00          0.90 2008   0.13  -0.13      T
  MONTH TO DATE    1.34                      3.96  -2.62     3.23
  SINCE DEC 1      3.91                      9.90  -5.99     8.79
  SINCE JAN 1      1.34                      3.96  -2.62     3.23

SNOWFALL (IN)
  YESTERDAY        0.0           T    2013   0.0    0.0      0.0
                                      2008
                                      2007
  MONTH TO DATE    T                         0.3   -0.3       T
  SINCE DEC 1      T                         0.4   -0.4       T
  SINCE JUL 1      0.3                       0.4   -0.1       T
  SNOW DEPTH       0

DEGREE DAYS
 HEATING
  YESTERDAY       25                        25      0       17
  MONTH TO DATE  783                       801    -18      928
  SINCE DEC 1   1394                      1530   -136     1649
  SINCE JUL 1   2073                      2129    -56     2309

 COOLING
  YESTERDAY        0                         0      0        0
  MONTH TO DATE    0                         0      0        0
  SINCE DEC 1      0                         1     -1        1
  SINCE JAN 1      0                         0      0        0
..................................................................







THE MEMPHIS/GERMANTOWN WFO CLIMATE NORMALS FOR TODAY
                         NORMAL    RECORD    YEAR
 MAXIMUM TEMPERATURE (F)   50        68      2014
                                             2012
                                             1989
 MINIMUM TEMPERATURE (F)   30        17      1994


SUNRISE AND SUNSET
FEBRUARY  1 2015......SUNRISE   658 AM CST   SUNSET   528 PM CST
FEBRUARY  2 2015......SUNRISE   658 AM CST   SUNSET   529 PM CST


-  INDICATES NEGATIVE NUMBERS.
R  INDICATES RECORD WAS SET OR TIED.
MM INDICATES DATA IS MISSING.
T  INDICATES TRACE AMOUNT.




$$
