000
CDUS44 KMEG 030638
CLIMEG


CLIMATE REPORT
NATIONAL WEATHER SERVICE MEMPHIS TN
137 AM CDT FRI JUL 3 2015


...................................

...THE MEMPHIS/GERMANTOWN WFO CLIMATE SUMMARY FOR JULY 2 2015...

CLIMATE NORMAL PERIOD 1981 TO 2010
CLIMATE RECORD PERIOD 1988 TO 2015


WEATHER ITEM   OBSERVED TIME   RECORD YEAR NORMAL DEPARTURE LAST
                VALUE   (LST)  VALUE       VALUE  FROM      YEAR
                                                  NORMAL
..................................................................
TEMPERATURE (F)
 YESTERDAY
  MAXIMUM         86    400 PM  98    2006  90     -4       88
  MINIMUM         71   1145 PM  60    1995  71      0       68
  AVERAGE         79                        80     -1       78

PRECIPITATION (IN)
  YESTERDAY        0.04          3.66 1989   0.14  -0.10     0.06
  MONTH TO DATE    0.04                      0.27  -0.23     0.12
  SINCE JUN 1      2.98                      3.95  -0.97    13.21
  SINCE JAN 1     24.66                     28.44  -3.78    38.79

SNOWFALL (IN)
  YESTERDAY        0.0          MM      MM   0.0    0.0      0.0
  MONTH TO DATE    0.0                       0.0    0.0      0.0
  SINCE JUN 1      0.0                       0.0    0.0      0.0
  SINCE JUL 1      0.0                       0.0    0.0      0.0
  SNOW DEPTH       0

DEGREE DAYS
 HEATING
  YESTERDAY        0                         0      0        0
  MONTH TO DATE    0                         0      0        0
  SINCE JUN 1      0                         2     -2        0
  SINCE JUL 1      0                         0      0        0

 COOLING
  YESTERDAY       14                        15     -1       13
  MONTH TO DATE   30                        30      0       29
  SINCE JUN 1    482                       411     71      446
  SINCE JAN 1    782                       662    120      745
..................................................................







THE MEMPHIS/GERMANTOWN WFO CLIMATE NORMALS FOR TODAY
                         NORMAL    RECORD    YEAR
 MAXIMUM TEMPERATURE (F)   91        97      2012
                                             1991
 MINIMUM TEMPERATURE (F)   71        61      2000


SUNRISE AND SUNSET
JULY  3 2015..........SUNRISE   549 AM CDT   SUNSET   817 PM CDT
JULY  4 2015..........SUNRISE   550 AM CDT   SUNSET   817 PM CDT


-  INDICATES NEGATIVE NUMBERS.
R  INDICATES RECORD WAS SET OR TIED.
MM INDICATES DATA IS MISSING.
T  INDICATES TRACE AMOUNT.




$$
