000
CDUS44 KMEG 210643
CLIMEG


CLIMATE REPORT
NATIONAL WEATHER SERVICE MEMPHIS TN
143 AM CDT THU SEP 21 2017


...................................

...THE MEMPHIS/GERMANTOWN WFO CLIMATE SUMMARY FOR SEPTEMBER 20 2017...

CLIMATE NORMAL PERIOD 1981 TO 2010
CLIMATE RECORD PERIOD 1988 TO 2017


WEATHER ITEM   OBSERVED TIME   RECORD YEAR NORMAL DEPARTURE LAST
                VALUE   (LST)  VALUE       VALUE  FROM      YEAR
                                                  NORMAL
..................................................................
TEMPERATURE (F)
 YESTERDAY
  MAXIMUM         93    148 PM  98    2010  83     10       91
  MINIMUM         72    545 AM  45    1991  60     12       64
  AVERAGE         83                        71     12       78

PRECIPITATION (IN)
  YESTERDAY        0.00          2.70 2009   0.10  -0.10     0.00
  MONTH TO DATE    1.37                      2.10  -0.73     0.56
  SINCE SEP 1      1.37                      2.10  -0.73     0.56
  SINCE JAN 1     40.56                     38.11   2.45    51.80

SNOWFALL (IN)
  YESTERDAY        0.0          MM      MM                   0.0
  MONTH TO DATE    0.0                                       0.0
  SINCE SEP 1      0.0                                       0.0
  SINCE JUL 1      0.0                                       0.0
  SNOW DEPTH       0

DEGREE DAYS
 HEATING
  YESTERDAY        0                         1     -1        0
  MONTH TO DATE    4                         3      1        0
  SINCE SEP 1      4                         3      1        0
  SINCE JUL 1      4                         3      1        0

 COOLING
  YESTERDAY       18                         7     11       13
  MONTH TO DATE  158                       202    -44      299
  SINCE SEP 1    158                       202    -44      299
  SINCE JAN 1   1850                      1797     53     2135
..................................................................



THE MEMPHIS/GERMANTOWN WFO CLIMATE NORMALS FOR TODAY
                         NORMAL    RECORD    YEAR
 MAXIMUM TEMPERATURE (F)   83        98      2010
 MINIMUM TEMPERATURE (F)   59        44      1991


SUNRISE AND SUNSET
SEPTEMBER 21 2017.....SUNRISE   647 AM CDT   SUNSET   657 PM CDT
SEPTEMBER 22 2017.....SUNRISE   647 AM CDT   SUNSET   656 PM CDT


-  INDICATES NEGATIVE NUMBERS.
R  INDICATES RECORD WAS SET OR TIED.
MM INDICATES DATA IS MISSING.
T  INDICATES TRACE AMOUNT.


$$
