000
CDUS44 KMEG 290643
CLIMEG


CLIMATE REPORT
NATIONAL WEATHER SERVICE MEMPHIS TN
142 AM CDT WED MAR 29 2017


...................................

...THE MEMPHIS/GERMANTOWN WFO CLIMATE SUMMARY FOR MARCH 28 2017...

CLIMATE NORMAL PERIOD 1981 TO 2010
CLIMATE RECORD PERIOD 1988 TO 2017


WEATHER ITEM   OBSERVED TIME   RECORD YEAR NORMAL DEPARTURE LAST
                VALUE   (LST)  VALUE       VALUE  FROM      YEAR
                                                  NORMAL
..................................................................
TEMPERATURE (F)
 YESTERDAY
  MAXIMUM         79    216 PM  84    2012  67     12       67
  MINIMUM         56    410 AM  29    1990  43     13       41
  AVERAGE         68                        55     13       54

PRECIPITATION (IN)
  YESTERDAY        0.00          1.79 1994   0.16  -0.16     0.00
  MONTH TO DATE    3.97                      4.43  -0.46    13.60
  SINCE MAR 1      3.97                      4.43  -0.46    13.60
  SINCE JAN 1      9.18                     13.06  -3.88    22.55

SNOWFALL (IN)
  YESTERDAY        0.0           T    2015                   0.0
  MONTH TO DATE    0.4                                        T
  SINCE MAR 1      0.4                                        T
  SINCE JUL 1      1.4                                       0.9
  SNOW DEPTH       0

DEGREE DAYS
 HEATING
  YESTERDAY        0                        11    -11       11
  MONTH TO DATE  301                       405   -104      245
  SINCE MAR 1    301                       405   -104      245
  SINCE JUL 1   2142                      3151  -1009     2332

 COOLING
  YESTERDAY        3                         1      2        0
  MONTH TO DATE   26                         5     21        9
  SINCE MAR 1     26                         5     21        9
  SINCE JAN 1     40                         6     34        9
..................................................................







THE MEMPHIS/GERMANTOWN WFO CLIMATE NORMALS FOR TODAY
                         NORMAL    RECORD    YEAR
 MAXIMUM TEMPERATURE (F)   67        89      2007
 MINIMUM TEMPERATURE (F)   44        31      2015
                                             1994


SUNRISE AND SUNSET
MARCH 29 2017.........SUNRISE   650 AM CDT   SUNSET   718 PM CDT
MARCH 30 2017.........SUNRISE   648 AM CDT   SUNSET   719 PM CDT


-  INDICATES NEGATIVE NUMBERS.
R  INDICATES RECORD WAS SET OR TIED.
MM INDICATES DATA IS MISSING.
T  INDICATES TRACE AMOUNT.


$$
