000
CDUS44 KJAN 012117
CLIMEI


CLIMATE REPORT
NATIONAL WEATHER SERVICE JACKSON MS
413 PM CDT SAT OCT 1 2016


...................................

...THE MERIDIAN CLIMATE SUMMARY FOR OCTOBER 1 2016...
VALID TODAY AS OF 0400 PM LOCAL TIME.

CLIMATE NORMAL PERIOD 1981 TO 2010
CLIMATE RECORD PERIOD 1889 TO 2016


WEATHER ITEM   OBSERVED TIME   RECORD YEAR NORMAL DEPARTURE LAST
                VALUE   (LST)  VALUE       VALUE  FROM      YEAR
                                                  NORMAL
..................................................................
TEMPERATURE (F)
 TODAY
  MAXIMUM         88    209 PM  95    2006  82      6       79
                                      1954
  MINIMUM         54    621 AM  40    1967  57     -3       62
                                      1924
  AVERAGE         71                        70      1       71

PRECIPITATION (IN)
  TODAY            0.00          1.07 1988   0.11  -0.11     0.00
  MONTH TO DATE    0.00                      0.11  -0.11     0.00
  SINCE SEP 1      0.57                      3.54  -2.97     3.60
  SINCE JAN 1     37.90                     42.50  -4.60    39.30

SNOWFALL (IN)
  TODAY            0.0           0.0  2002   0.0    0.0      0.0
                                      2001
  MONTH TO DATE    0.0                       0.0    0.0      0.0
  SINCE SEP 1      0.0                       0.0    0.0      0.0
  SINCE JUL 1      0.0                       0.0    0.0      0.0

DEGREE DAYS
 HEATING
  TODAY            0                         1     -1        0
  MONTH TO DATE    0                         1     -1        0
  SINCE SEP 1      0                         8     -8        1
  SINCE JUL 1      0                         8     -8        1

 COOLING
  TODAY            6                         6      0        6
  MONTH TO DATE    6                         6      0        6
  SINCE SEP 1    518                       309    209      338
  SINCE JAN 1   2629                      1929    700     2163
..................................................................


WIND (MPH)
  HIGHEST WIND SPEED    13   HIGHEST WIND DIRECTION     N (20)
  HIGHEST GUST SPEED    17   HIGHEST GUST DIRECTION     N (20)
  AVERAGE WIND SPEED     1.9


SKY COVER
  POSSIBLE SUNSHINE  MM
  AVERAGE SKY COVER 0.1


WEATHER CONDITIONS
 THE FOLLOWING WEATHER WAS RECORDED TODAY.
  NO SIGNIFICANT WEATHER WAS OBSERVED.


RELATIVE HUMIDITY (PERCENT)
 HIGHEST    89           600 AM
 LOWEST     32           100 PM
 AVERAGE    61

..........................................................


THE MERIDIAN CLIMATE NORMALS FOR TOMORROW
                         NORMAL    RECORD    YEAR
 MAXIMUM TEMPERATURE (F)   82        96      1990
 MINIMUM TEMPERATURE (F)   57        36      1984


SUNRISE AND SUNSET
OCTOBER  1 2016.......SUNRISE   649 AM CDT   SUNSET   639 PM CDT
OCTOBER  2 2016.......SUNRISE   650 AM CDT   SUNSET   638 PM CDT


-  INDICATES NEGATIVE NUMBERS.
R  INDICATES RECORD WAS SET OR TIED.
MM INDICATES DATA IS MISSING.
T  INDICATES TRACE AMOUNT.




$$
