000
CDUS44 KJAN 282241
CLIMEI


CLIMATE REPORT
NATIONAL WEATHER SERVICE JACKSON MS
541 PM CDT THU MAY 28 2015


...................................

...THE MERIDIAN CLIMATE SUMMARY FOR MAY 28 2015...
VALID TODAY AS OF 0500 PM LOCAL TIME.

CLIMATE NORMAL PERIOD 1981 TO 2010
CLIMATE RECORD PERIOD 1889 TO 2015


WEATHER ITEM   OBSERVED TIME   RECORD YEAR NORMAL DEPARTURE LAST
                VALUE   (LST)  VALUE       VALUE  FROM      YEAR
                                                  NORMAL
..................................................................
TEMPERATURE (F)
 TODAY
  MAXIMUM         85    256 PM  96    1962  86     -1       78
  MINIMUM         68    533 AM  42    1961  62      6       68
  AVERAGE         77                        74      3       73

PRECIPITATION (IN)
  TODAY            T             3.05 1996   0.14  -0.14     0.58
  MONTH TO DATE    1.47                      4.06  -2.59     2.05
  SINCE MAR 1     11.53                     14.26  -2.73    21.82
  SINCE JAN 1     22.37                     24.99  -2.62    31.17

SNOWFALL (IN)
  TODAY            0.0           0.0    MM   0.0    0.0      0.0
  MONTH TO DATE    0.0                       0.0    0.0      0.0
  SINCE MAR 1      T                         0.3   -0.3      0.0
  SINCE JUL 1      T                         0.6   -0.6      2.5

DEGREE DAYS
 HEATING
  TODAY            0                         0      0        0
  MONTH TO DATE    6                        16    -10       21
  SINCE MAR 1    263                       453   -190      489
  SINCE JUL 1   2504                      2550    -46     2865

 COOLING
  TODAY           12                         9      3        8
  MONTH TO DATE  194                       172     22      171
  SINCE MAR 1    334                       248     86      232
  SINCE JAN 1    334                       255     79      239
..................................................................


WIND (MPH)
  HIGHEST WIND SPEED    13   HIGHEST WIND DIRECTION    SE (140)
  HIGHEST GUST SPEED    15   HIGHEST GUST DIRECTION    SE (140)
  AVERAGE WIND SPEED     3.0


SKY COVER
  POSSIBLE SUNSHINE  MM
  AVERAGE SKY COVER 0.9


WEATHER CONDITIONS
 THE FOLLOWING WEATHER WAS RECORDED TODAY.
  THUNDERSTORM
  LIGHT RAIN
  FOG


RELATIVE HUMIDITY (PERCENT)
 HIGHEST    97           200 AM
 LOWEST     61           300 PM
 AVERAGE    79

..........................................................


THE MERIDIAN CLIMATE NORMALS FOR TOMORROW
                         NORMAL    RECORD    YEAR
 MAXIMUM TEMPERATURE (F)   86        98      1911
 MINIMUM TEMPERATURE (F)   62        48      1984
                                             1901


SUNRISE AND SUNSET
MAY 28 2015...........SUNRISE   550 AM CDT   SUNSET   755 PM CDT
MAY 29 2015...........SUNRISE   550 AM CDT   SUNSET   755 PM CDT


-  INDICATES NEGATIVE NUMBERS.
R  INDICATES RECORD WAS SET OR TIED.
MM INDICATES DATA IS MISSING.
T  INDICATES TRACE AMOUNT.




$$
