227
CDUS44 KJAN 112212
CLIMEI


CLIMATE REPORT
NATIONAL WEATHER SERVICE JACKSON MS
410 PM CST THU FEB 11 2016


...................................

...THE MERIDIAN CLIMATE SUMMARY FOR FEBRUARY 11 2016...
VALID TODAY AS OF 0400 PM LOCAL TIME.

CLIMATE NORMAL PERIOD 1981 TO 2010
CLIMATE RECORD PERIOD 1889 TO 2016


WEATHER ITEM   OBSERVED TIME   RECORD YEAR NORMAL DEPARTURE LAST
                VALUE   (LST)  VALUE       VALUE  FROM      YEAR
                                                  NORMAL
..................................................................
TEMPERATURE (F)
 TODAY
  MAXIMUM         75    334 PM  82    1999  60     15       68
  MINIMUM         31    229 AM  14    2011  36     -5       28
  AVERAGE         53                        48      5       48

PRECIPITATION (IN)
  TODAY            0.00          1.94 1965   0.19  -0.19     0.00
  MONTH TO DATE    0.70                      2.24  -1.54     0.39
  SINCE DEC 1     10.02                     12.43  -2.41    15.78
  SINCE JAN 1      3.94                      7.37  -3.43     7.10

SNOWFALL (IN)
  TODAY            0.0           1.0  1963   0.0    0.0      0.0
  MONTH TO DATE    0.0                       0.0    0.0      0.0
  SINCE DEC 1      T                         0.3   -0.3      0.0
  SINCE JUL 1      T                         0.3   -0.3      0.0

DEGREE DAYS
 HEATING
  TODAY           12                        17     -5       17
  MONTH TO DATE  193                       202     -9      210
  SINCE DEC 1   1099                      1389   -290     1285
  SINCE JUL 1   1350                      1839   -489     1834

 COOLING
  TODAY            0                         0      0        0
  MONTH TO DATE    4                         0      4        0
  SINCE DEC 1     47                         9     38        0
  SINCE JAN 1      4                         3      1        0
..................................................................


WIND (MPH)
  HIGHEST WIND SPEED    17   HIGHEST WIND DIRECTION     W (270)
  HIGHEST GUST SPEED    25   HIGHEST GUST DIRECTION     W (250)
  AVERAGE WIND SPEED     8.1


SKY COVER
  POSSIBLE SUNSHINE  MM
  AVERAGE SKY COVER 0.0


WEATHER CONDITIONS
 THE FOLLOWING WEATHER WAS RECORDED TODAY.
  NO SIGNIFICANT WEATHER WAS OBSERVED.


RELATIVE HUMIDITY (PERCENT)
 HIGHEST    85          1200 AM
 LOWEST     29           300 PM
 AVERAGE    57

..........................................................


THE MERIDIAN CLIMATE NORMALS FOR TOMORROW
                         NORMAL    RECORD    YEAR
 MAXIMUM TEMPERATURE (F)   60        82      1922
 MINIMUM TEMPERATURE (F)   36         0      1899


SUNRISE AND SUNSET
FEBRUARY 11 2016......SUNRISE   642 AM CST   SUNSET   537 PM CST
FEBRUARY 12 2016......SUNRISE   641 AM CST   SUNSET   538 PM CST


-  INDICATES NEGATIVE NUMBERS.
R  INDICATES RECORD WAS SET OR TIED.
MM INDICATES DATA IS MISSING.
T  INDICATES TRACE AMOUNT.




$$
