123
CDUS44 KJAN 220649
CLIMEI


CLIMATE REPORT
NATIONAL WEATHER SERVICE JACKSON MS
146 AM CDT THU JUN 22 2017


...................................

...THE MERIDIAN CLIMATE SUMMARY FOR JUNE 21 2017...

CLIMATE NORMAL PERIOD 1981 TO 2010
CLIMATE RECORD PERIOD 1889 TO 2017


WEATHER ITEM   OBSERVED TIME   RECORD YEAR NORMAL DEPARTURE LAST
                VALUE   (LST)  VALUE       VALUE  FROM      YEAR
                                                  NORMAL
..................................................................
TEMPERATURE (F)
 YESTERDAY
  MAXIMUM         79    440 PM 101    1964  90    -11       95
                                      1944
  MINIMUM         72    756 AM  56    1976  67      5       68
  AVERAGE         76                        79     -3       82

PRECIPITATION (IN)
  YESTERDAY        2.60          2.61 2004   0.15   2.45     0.00
  MONTH TO DATE    8.65                      3.00   5.65     3.51
  SINCE JUN 1      8.65                      3.00   5.65     3.51
  SINCE JAN 1     37.29                     28.43   8.86    28.50

SNOWFALL (IN)
  YESTERDAY        0.0           0.0    MM   0.0    0.0      0.0
  MONTH TO DATE    0.0                       0.0    0.0      0.0
  SINCE JUN 1      0.0                       0.0    0.0      0.0
  SINCE JUL 1      0.8                       0.6    0.2       T

DEGREE DAYS
 HEATING
  YESTERDAY        0                         0      0        0
  MONTH TO DATE    0                         0      0        0
  SINCE JUN 1      0                         0      0        0
  SINCE JUL 1   1362                      2553  -1191     1815

 COOLING
  YESTERDAY       11                        14     -3       17
  MONTH TO DATE  275                       251     24      364
  SINCE JUN 1    275                       251     24      364
  SINCE JAN 1    768                       534    234      676
..................................................................


WIND (MPH)
  HIGHEST WIND SPEED    20   HIGHEST WIND DIRECTION     E (70)
  HIGHEST GUST SPEED    27   HIGHEST GUST DIRECTION     E (100)
  AVERAGE WIND SPEED     9.9


SKY COVER
  POSSIBLE SUNSHINE  MM
  AVERAGE SKY COVER 0.9


WEATHER CONDITIONS
 THE FOLLOWING WEATHER WAS RECORDED YESTERDAY.
  HEAVY RAIN
  RAIN
  LIGHT RAIN
  FOG


RELATIVE HUMIDITY (PERCENT)
 HIGHEST   100           300 AM
 LOWEST     87          1200 AM
 AVERAGE    94

..........................................................


THE MERIDIAN CLIMATE NORMALS FOR TODAY
                         NORMAL    RECORD    YEAR
 MAXIMUM TEMPERATURE (F)   90       103      1944
 MINIMUM TEMPERATURE (F)   67        54      1976


SUNRISE AND SUNSET
JUNE 22 2017..........SUNRISE   549 AM CDT   SUNSET   805 PM CDT
JUNE 23 2017..........SUNRISE   549 AM CDT   SUNSET   805 PM CDT


-  INDICATES NEGATIVE NUMBERS.
R  INDICATES RECORD WAS SET OR TIED.
MM INDICATES DATA IS MISSING.
T  INDICATES TRACE AMOUNT.




$$
