000
CDUS44 KJAN 170846
CLIMEI


CLIMATE REPORT
NATIONAL WEATHER SERVICE JACKSON MS
245 AM CST WED DEC 17 2014


...................................

...THE MERIDIAN CLIMATE SUMMARY FOR DECEMBER 16 2014...

CLIMATE NORMAL PERIOD 1981 TO 2010
CLIMATE RECORD PERIOD 1889 TO 2014


WEATHER ITEM   OBSERVED TIME   RECORD YEAR NORMAL DEPARTURE LAST
                VALUE   (LST)  VALUE       VALUE  FROM      YEAR
                                                  NORMAL
..................................................................
TEMPERATURE (F)
 YESTERDAY
  MAXIMUM         64   1221 AM  81    1971  58      6       60
  MINIMUM         33   1159 PM  11    1901  36     -3       25
  AVERAGE         49                        47      2       43

PRECIPITATION (IN)
  YESTERDAY        0.00          1.19 1996   0.16  -0.16     0.00
  MONTH TO DATE    0.22                      2.80  -2.58     4.70
  SINCE DEC 1      0.22                      2.80  -2.58     4.70
  SINCE JAN 1     45.74                     53.90  -8.16    64.62

SNOWFALL (IN)
  YESTERDAY        0.0           0.0  2001   0.0    0.0      0.0
  MONTH TO DATE    0.0                       0.0    0.0      0.0
  SINCE DEC 1      0.0                       0.0    0.0      0.0
  SINCE JUL 1      0.0                       0.0    0.0      0.0

DEGREE DAYS
 HEATING
  YESTERDAY       16                        18     -2       22
  MONTH TO DATE  192                       267    -75      276
  SINCE DEC 1    192                       267    -75      276
  SINCE JUL 1    741                       717     24      777

 COOLING
  YESTERDAY        0                         0      0        0
  MONTH TO DATE    0                         0      0       16
  SINCE DEC 1      0                         0      0       16
  SINCE JAN 1   2085                      2029     56     2057
..................................................................


WIND (MPH)
  HIGHEST WIND SPEED    17   HIGHEST WIND DIRECTION    NW (310)
  HIGHEST GUST SPEED    25   HIGHEST GUST DIRECTION     W (280)
  AVERAGE WIND SPEED     5.9


SKY COVER
  POSSIBLE SUNSHINE  MM
  AVERAGE SKY COVER 0.1


WEATHER CONDITIONS
 THE FOLLOWING WEATHER WAS RECORDED YESTERDAY.
  NO SIGNIFICANT WEATHER WAS OBSERVED.


RELATIVE HUMIDITY (PERCENT)
 HIGHEST    93          1200 AM
 LOWEST     43           200 PM
 AVERAGE    68

..........................................................


THE MERIDIAN CLIMATE NORMALS FOR TODAY
                         NORMAL    RECORD    YEAR
 MAXIMUM TEMPERATURE (F)   58        77      1990
                                             1956
 MINIMUM TEMPERATURE (F)   35        16      1963
                                             1960
                                             1945


SUNRISE AND SUNSET
DECEMBER 17 2014......SUNRISE   650 AM CST   SUNSET   452 PM CST
DECEMBER 18 2014......SUNRISE   651 AM CST   SUNSET   453 PM CST


-  INDICATES NEGATIVE NUMBERS.
R  INDICATES RECORD WAS SET OR TIED.
MM INDICATES DATA IS MISSING.
T  INDICATES TRACE AMOUNT.




$$
