000
CDUS44 KJAN 252212
CLIMEI


CLIMATE REPORT
NATIONAL WEATHER SERVICE JACKSON MS
411 PM CST SUN JAN 25 2015


...................................

...THE MERIDIAN CLIMATE SUMMARY FOR JANUARY 25 2015...
VALID TODAY AS OF 0400 PM LOCAL TIME.

CLIMATE NORMAL PERIOD 1981 TO 2010
CLIMATE RECORD PERIOD 1889 TO 2015


WEATHER ITEM   OBSERVED TIME   RECORD YEAR NORMAL DEPARTURE LAST
                VALUE   (LST)  VALUE       VALUE  FROM      YEAR
                                                  NORMAL
..................................................................
TEMPERATURE (F)
 TODAY
  MAXIMUM         65    331 PM  81    1950  57      8       57
  MINIMUM         30    257 AM  11    1963  33     -3       18
  AVERAGE         48                        45      3       38

PRECIPITATION (IN)
  TODAY            0.00          1.55 1976   0.18  -0.18     0.00
  MONTH TO DATE    6.71                      4.00   2.71     2.22
  SINCE DEC 1     15.39                      9.06   6.33     9.57
  SINCE JAN 1      6.71                      4.00   2.71     2.22

SNOWFALL (IN)
  TODAY            0.0           T    2008   0.0    0.0      0.0
                                      1961
  MONTH TO DATE    0.0                       0.2   -0.2      0.0
  SINCE DEC 1      0.0                       0.3   -0.3      0.0
  SINCE JUL 1      0.0                       0.3   -0.3      0.0

DEGREE DAYS
 HEATING
  TODAY           17                        20     -3       27
  MONTH TO DATE  528                       511     17      640
  SINCE DEC 1    972                      1069    -97     1184
  SINCE JUL 1   1521                      1519      2     1685

 COOLING
  TODAY            0                         0      0        0
  MONTH TO DATE    0                         0      0        0
  SINCE DEC 1      0                         6     -6       25
  SINCE JAN 1      0                         0      0        0
..................................................................


WIND (MPH)
  HIGHEST WIND SPEED    23   HIGHEST WIND DIRECTION     S (200)
  HIGHEST GUST SPEED    30   HIGHEST GUST DIRECTION     S (200)
  AVERAGE WIND SPEED     9.0


SKY COVER
  POSSIBLE SUNSHINE  MM
  AVERAGE SKY COVER 0.0


WEATHER CONDITIONS
 THE FOLLOWING WEATHER WAS RECORDED TODAY.
  NO SIGNIFICANT WEATHER WAS OBSERVED.


RELATIVE HUMIDITY (PERCENT)
 HIGHEST    92          1200 AM
 LOWEST     39           100 PM
 AVERAGE    66

..........................................................


THE MERIDIAN CLIMATE NORMALS FOR TOMORROW
                         NORMAL    RECORD    YEAR
 MAXIMUM TEMPERATURE (F)   57        83      1950
 MINIMUM TEMPERATURE (F)   33         7      1940


SUNRISE AND SUNSET
JANUARY 25 2015.......SUNRISE   653 AM CST   SUNSET   522 PM CST
JANUARY 26 2015.......SUNRISE   653 AM CST   SUNSET   523 PM CST


-  INDICATES NEGATIVE NUMBERS.
R  INDICATES RECORD WAS SET OR TIED.
MM INDICATES DATA IS MISSING.
T  INDICATES TRACE AMOUNT.




$$
