000
CDUS44 KJAN 220803
CLIMEI


CLIMATE REPORT
NATIONAL WEATHER SERVICE JACKSON MS
301 AM CDT MON MAY 22 2017


...................................

...THE MERIDIAN CLIMATE SUMMARY FOR MAY 21 2017...

CLIMATE NORMAL PERIOD 1981 TO 2010
CLIMATE RECORD PERIOD 1889 TO 2017


WEATHER ITEM   OBSERVED TIME   RECORD YEAR NORMAL DEPARTURE LAST
                VALUE   (LST)  VALUE       VALUE  FROM      YEAR
                                                  NORMAL
..................................................................
TEMPERATURE (F)
 YESTERDAY
  MAXIMUM         83    333 PM  95    1962  84     -1       85
  MINIMUM         69   1159 PM  42    1894  60      9       63
  AVERAGE         76                        72      4       74

PRECIPITATION (IN)
  YESTERDAY        T             3.56 1916   0.14  -0.14     0.00
  MONTH TO DATE    2.01                      3.04  -1.03     0.96
  SINCE MAR 1     17.71                     13.24   4.47    17.49
  SINCE JAN 1     27.28                     23.97   3.31    24.98

SNOWFALL (IN)
  YESTERDAY        0.0           0.0         0.0    0.0      0.0
  MONTH TO DATE    0.0                       0.0    0.0      0.0
  SINCE MAR 1      0.0                       0.3   -0.3      0.0
  SINCE JUL 1      0.8                       0.6    0.2       T

DEGREE DAYS
 HEATING
  YESTERDAY        0                         0      0        0
  MONTH TO DATE   13                        16     -3        8
  SINCE MAR 1    234                       453   -219      253
  SINCE JUL 1   1362                      2550  -1188     1815

 COOLING
  YESTERDAY       11                         8      3        9
  MONTH TO DATE  139                       113     26       93
  SINCE MAR 1    356                       189    167      189
  SINCE JAN 1    402                       196    206      194
..................................................................


WIND (MPH)
  HIGHEST WIND SPEED    18   HIGHEST WIND DIRECTION    NW (310)
  HIGHEST GUST SPEED    24   HIGHEST GUST DIRECTION    NW (330)
  AVERAGE WIND SPEED     5.3


SKY COVER
  POSSIBLE SUNSHINE  MM
  AVERAGE SKY COVER 0.7


WEATHER CONDITIONS
 THE FOLLOWING WEATHER WAS RECORDED YESTERDAY.
  LIGHT RAIN
  FOG


RELATIVE HUMIDITY (PERCENT)
 HIGHEST   100           100 AM
 LOWEST     69           100 PM
 AVERAGE    85

..........................................................


THE MERIDIAN CLIMATE NORMALS FOR TODAY
                         NORMAL    RECORD    YEAR
 MAXIMUM TEMPERATURE (F)   85        95      1956
 MINIMUM TEMPERATURE (F)   60        43      2002


SUNRISE AND SUNSET
MAY 22 2017...........SUNRISE   553 AM CDT   SUNSET   751 PM CDT
MAY 23 2017...........SUNRISE   552 AM CDT   SUNSET   752 PM CDT


-  INDICATES NEGATIVE NUMBERS.
R  INDICATES RECORD WAS SET OR TIED.
MM INDICATES DATA IS MISSING.
T  INDICATES TRACE AMOUNT.




$$
