000
CDUS44 KJAN 060645
CLIMEI


CLIMATE REPORT
NATIONAL WEATHER SERVICE JACKSON MS
134 AM CDT MON JUL 6 2015


...................................

...THE MERIDIAN CLIMATE SUMMARY FOR JULY 5 2015...

CLIMATE NORMAL PERIOD 1981 TO 2010
CLIMATE RECORD PERIOD 1889 TO 2015


WEATHER ITEM   OBSERVED TIME   RECORD YEAR NORMAL DEPARTURE LAST
                VALUE   (LST)  VALUE       VALUE  FROM      YEAR
                                                  NORMAL
..................................................................
TEMPERATURE (F)
 YESTERDAY
  MAXIMUM         74    715 AM 101    1977  92    -18       90
  MINIMUM         66   1147 PM  59    2014  69     -3       59
                                      1924
  AVERAGE         70                        80    -10       75

PRECIPITATION (IN)
  YESTERDAY        1.28          2.98 1920   0.16   1.12     0.00
  MONTH TO DATE    2.00                      0.83   1.17     0.02
  SINCE JUN 1      6.97                      5.23   1.74     2.56
  SINCE JAN 1     30.03                     30.66  -0.63    34.28

SNOWFALL (IN)
  YESTERDAY        0.0           0.0    MM   0.0    0.0      0.0
  MONTH TO DATE    0.0                       0.0    0.0      0.0
  SINCE JUN 1      0.0                       0.0    0.0      0.0
  SINCE JUL 1      0.0                       0.0    0.0      0.0

DEGREE DAYS
 HEATING
  YESTERDAY        0                         0      0        0
  MONTH TO DATE    0                         0      0        0
  SINCE JUN 1      0                         0      0        0
  SINCE JUL 1      0                         0      0        0

 COOLING
  YESTERDAY        5                        15    -10       10
  MONTH TO DATE   65                        75    -10       69
  SINCE JUN 1    481                       455     26      479
  SINCE JAN 1    846                       738    108      749
..................................................................


WIND (MPH)
  HIGHEST WIND SPEED    18   HIGHEST WIND DIRECTION     W (270)
  HIGHEST GUST SPEED    24   HIGHEST GUST DIRECTION     W (290)
  AVERAGE WIND SPEED     4.9


SKY COVER
  POSSIBLE SUNSHINE  MM
  AVERAGE SKY COVER 0.6


WEATHER CONDITIONS
 THE FOLLOWING WEATHER WAS RECORDED YESTERDAY.
  THUNDERSTORM
  HEAVY RAIN
  RAIN
  LIGHT RAIN
  FOG


RELATIVE HUMIDITY (PERCENT)
 HIGHEST   100          1200 AM
 LOWEST     87           900 AM
 AVERAGE    94

..........................................................


THE MERIDIAN CLIMATE NORMALS FOR TODAY
                         NORMAL    RECORD    YEAR
 MAXIMUM TEMPERATURE (F)   92       101      1977
 MINIMUM TEMPERATURE (F)   69        60      1970
                                             1922


SUNRISE AND SUNSET
JULY  6 2015..........SUNRISE   554 AM CDT   SUNSET   805 PM CDT
JULY  7 2015..........SUNRISE   554 AM CDT   SUNSET   805 PM CDT


-  INDICATES NEGATIVE NUMBERS.
R  INDICATES RECORD WAS SET OR TIED.
MM INDICATES DATA IS MISSING.
T  INDICATES TRACE AMOUNT.




$$
