000
CDUS44 KJAN 152213
CLIMEI


CLIMATE REPORT
NATIONAL WEATHER SERVICE JACKSON MS
412 PM CST FRI DEC 15 2017


...................................

...THE MERIDIAN CLIMATE SUMMARY FOR DECEMBER 15 2017...
VALID TODAY AS OF 0400 PM LOCAL TIME.

CLIMATE NORMAL PERIOD 1981 TO 2010
CLIMATE RECORD PERIOD 1889 TO 2017


WEATHER ITEM   OBSERVED TIME   RECORD YEAR NORMAL DEPARTURE LAST
                VALUE   (LST)  VALUE       VALUE  FROM      YEAR
                                                  NORMAL
..................................................................
TEMPERATURE (F)
 TODAY
  MAXIMUM         45   1205 PM  80    1948  59    -14       50
  MINIMUM         36    543 AM  11    1901  36      0       31
  AVERAGE         41                        47     -6       41

PRECIPITATION (IN)
  TODAY            0.00          2.66 1891   0.16  -0.16     0.00
  MONTH TO DATE    1.81                      2.64  -0.83     2.39
  SINCE DEC 1      1.81                      2.64  -0.83     2.39
  SINCE JAN 1     59.58                     53.74   5.84    44.22

SNOWFALL (IN)
  TODAY            0.0           0.0  2001   0.0    0.0      0.0
  MONTH TO DATE    5.0                       0.0    5.0      0.0
  SINCE DEC 1      5.0                       0.0    5.0      0.0
  SINCE JUL 1      5.0                       0.0    5.0      0.0

DEGREE DAYS
 HEATING
  TODAY           24                        18      6       24
  MONTH TO DATE  267                       249     18      227
  SINCE DEC 1    267                       249     18      227
  SINCE JUL 1    608                       699    -91      436

 COOLING
  TODAY            0                         0      0        0
  MONTH TO DATE    0                         0      0        0
  SINCE DEC 1      0                         0      0        0
  SINCE JAN 1   2542                      2029    513     2856
..................................................................


WIND (MPH)
  HIGHEST WIND SPEED    13   HIGHEST WIND DIRECTION     N (360)
  HIGHEST GUST SPEED    15   HIGHEST GUST DIRECTION     N (340)
  AVERAGE WIND SPEED     6.6


SKY COVER
  POSSIBLE SUNSHINE  MM
  AVERAGE SKY COVER 0.0


WEATHER CONDITIONS
 THE FOLLOWING WEATHER WAS RECORDED TODAY.
  NO SIGNIFICANT WEATHER WAS OBSERVED.


RELATIVE HUMIDITY (PERCENT)
 HIGHEST    92          1200 AM
 LOWEST     53          1100 AM
 AVERAGE    73

..........................................................


THE MERIDIAN CLIMATE NORMALS FOR TOMORROW
                         NORMAL    RECORD    YEAR
 MAXIMUM TEMPERATURE (F)   58        81      1971
 MINIMUM TEMPERATURE (F)   36        11      1901


SUNRISE AND SUNSET
DECEMBER 15 2017......SUNRISE   649 AM CST   SUNSET   452 PM CST
DECEMBER 16 2017......SUNRISE   650 AM CST   SUNSET   452 PM CST


-  INDICATES NEGATIVE NUMBERS.
R  INDICATES RECORD WAS SET OR TIED.
MM INDICATES DATA IS MISSING.
T  INDICATES TRACE AMOUNT.




$$
