000
CDUS44 KJAN 190753
CLIMEI


CLIMATE REPORT
NATIONAL WEATHER SERVICE JACKSON MS
250 AM CDT THU OCT 19 2017


...................................

...THE MERIDIAN CLIMATE SUMMARY FOR OCTOBER 18 2017...

CLIMATE NORMAL PERIOD 1981 TO 2010
CLIMATE RECORD PERIOD 1889 TO 2017


WEATHER ITEM   OBSERVED TIME   RECORD YEAR NORMAL DEPARTURE LAST
                VALUE   (LST)  VALUE       VALUE  FROM      YEAR
                                                  NORMAL
..................................................................
TEMPERATURE (F)
 YESTERDAY
  MAXIMUM         76    322 PM  91    2016  77     -1       91
  MINIMUM         44    522 AM  33    1948  50     -6       66
  AVERAGE         60                        63     -3       79

PRECIPITATION (IN)
  YESTERDAY        0.00          1.98 2012   0.12  -0.12     0.00
  MONTH TO DATE    1.36                      2.10  -0.74     0.00
  SINCE SEP 1      2.41                      5.53  -3.12     0.57
  SINCE JAN 1     55.29                     44.49  10.80    37.90

SNOWFALL (IN)
  YESTERDAY        0.0           0.0  2002   0.0    0.0      0.0
                                      2001
  MONTH TO DATE    0.0                       0.0    0.0      0.0
  SINCE SEP 1      0.0                       0.0    0.0      0.0
  SINCE JUL 1      0.0                       0.0    0.0      0.0

DEGREE DAYS
 HEATING
  YESTERDAY        5                         4      1        0
  MONTH TO DATE   10                        43    -33        0
  SINCE SEP 1     13                        50    -37        0
  SINCE JUL 1     13                        50    -37        0

 COOLING
  YESTERDAY        0                         2     -2       14
  MONTH TO DATE  176                        68    108      150
  SINCE SEP 1    516                       371    145      662
  SINCE JAN 1   2480                      1991    489     2773
..................................................................


WIND (MPH)
  HIGHEST WIND SPEED    13   HIGHEST WIND DIRECTION     E (100)
  HIGHEST GUST SPEED    20   HIGHEST GUST DIRECTION     S (160)
  AVERAGE WIND SPEED     3.5


SKY COVER
  POSSIBLE SUNSHINE  MM
  AVERAGE SKY COVER 0.0


WEATHER CONDITIONS
 THE FOLLOWING WEATHER WAS RECORDED YESTERDAY.
  NO SIGNIFICANT WEATHER WAS OBSERVED.


RELATIVE HUMIDITY (PERCENT)
 HIGHEST   100          1200 AM
 LOWEST     33           200 PM
 AVERAGE    67

..........................................................


THE MERIDIAN CLIMATE NORMALS FOR TODAY
                         NORMAL    RECORD    YEAR
 MAXIMUM TEMPERATURE (F)   76        92      2016
 MINIMUM TEMPERATURE (F)   50        30      1948


SUNRISE AND SUNSET
OCTOBER 19 2017.......SUNRISE   702 AM CDT   SUNSET   617 PM CDT
OCTOBER 20 2017.......SUNRISE   703 AM CDT   SUNSET   616 PM CDT


-  INDICATES NEGATIVE NUMBERS.
R  INDICATES RECORD WAS SET OR TIED.
MM INDICATES DATA IS MISSING.
T  INDICATES TRACE AMOUNT.




$$
