000
CDUS44 KJAN 230659
CLIMEI


CLIMATE REPORT
NATIONAL WEATHER SERVICE JACKSON MS
158 AM CDT WED AUG 23 2017


...................................

...THE MERIDIAN CLIMATE SUMMARY FOR AUGUST 22 2017...

CLIMATE NORMAL PERIOD 1981 TO 2010
CLIMATE RECORD PERIOD 1889 TO 2017


WEATHER ITEM   OBSERVED TIME   RECORD YEAR NORMAL DEPARTURE LAST
                VALUE   (LST)  VALUE       VALUE  FROM      YEAR
                                                  NORMAL
..................................................................
TEMPERATURE (F)
 YESTERDAY
  MAXIMUM         92    517 PM 101    2007  91      1       95
  MINIMUM         73    551 AM  53    1956  69      4       75
  AVERAGE         83                        80      3       85

PRECIPITATION (IN)
  YESTERDAY        0.00          2.37 1926   0.12  -0.12     0.60
  MONTH TO DATE    7.70                      2.98   4.72     4.94
  SINCE JUN 1     23.98                     12.52  11.46    12.25
  SINCE JAN 1     52.62                     37.95  14.67    37.24

SNOWFALL (IN)
  YESTERDAY        0.0           0.0  2002   0.0    0.0      0.0
                                      2001
  MONTH TO DATE    0.0                       0.0    0.0      0.0
  SINCE JUN 1      0.0                       0.0    0.0      0.0
  SINCE JUL 1      0.0                       0.0    0.0      0.0

DEGREE DAYS
 HEATING
  YESTERDAY        0                         0      0        0
  MONTH TO DATE    0                         0      0        0
  SINCE JUN 1      0                         0      0        0
  SINCE JUL 1      0                         0      0        0

 COOLING
  YESTERDAY       18                        15      3       20
  MONTH TO DATE  389                       344     45      445
  SINCE JUN 1   1348                      1208    140     1619
  SINCE JAN 1   1841                      1491    350     1931
..................................................................


WIND (MPH)
  HIGHEST WIND SPEED     8   HIGHEST WIND DIRECTION     S (170)
  HIGHEST GUST SPEED    10   HIGHEST GUST DIRECTION    SW (240)
  AVERAGE WIND SPEED     2.9


SKY COVER
  POSSIBLE SUNSHINE  MM
  AVERAGE SKY COVER 0.0


WEATHER CONDITIONS
 THE FOLLOWING WEATHER WAS RECORDED YESTERDAY.
  FOG


RELATIVE HUMIDITY (PERCENT)
 HIGHEST   100           100 AM
 LOWEST     49           300 PM
 AVERAGE    75

..........................................................


THE MERIDIAN CLIMATE NORMALS FOR TODAY
                         NORMAL    RECORD    YEAR
 MAXIMUM TEMPERATURE (F)   91       105      2007
 MINIMUM TEMPERATURE (F)   69        54      1956


SUNRISE AND SUNSET
AUGUST 23 2017........SUNRISE   624 AM CDT   SUNSET   730 PM CDT
AUGUST 24 2017........SUNRISE   625 AM CDT   SUNSET   729 PM CDT


-  INDICATES NEGATIVE NUMBERS.
R  INDICATES RECORD WAS SET OR TIED.
MM INDICATES DATA IS MISSING.
T  INDICATES TRACE AMOUNT.




$$
