000
CDUS44 KJAN 200917
CLIMEI


CLIMATE REPORT
NATIONAL WEATHER SERVICE JACKSON MS
410 AM CDT SAT SEP 20 2014


...................................

...THE MERIDIAN CLIMATE SUMMARY FOR SEPTEMBER 19 2014...

CLIMATE NORMAL PERIOD 1981 TO 2010
CLIMATE RECORD PERIOD 1889 TO 2014


WEATHER ITEM   OBSERVED TIME   RECORD YEAR NORMAL DEPARTURE LAST
                VALUE   (LST)  VALUE       VALUE  FROM      YEAR
                                                  NORMAL
..................................................................
TEMPERATURE (F)
 YESTERDAY
  MAXIMUM         90    414 PM  99    1925  86      4       90
  MINIMUM         68    543 AM  42    1981  62      6       68
                                      1903
  AVERAGE         79                        74      5       79

PRECIPITATION (IN)
  YESTERDAY        0.00          2.46 1969   0.11  -0.11     0.00
  MONTH TO DATE    1.69                      2.16  -0.47      T
  SINCE SEP 1      1.69                      2.16  -0.47      T
  SINCE JAN 1     40.05                     41.12  -1.07    49.52

SNOWFALL (IN)
  YESTERDAY        0.0           0.0  2002   0.0    0.0      0.0
                                      2001
  MONTH TO DATE    0.0                       0.0    0.0      0.0
  SINCE SEP 1      0.0                       0.0    0.0      0.0
  SINCE JUL 1      0.0                       0.0    0.0      0.0

DEGREE DAYS
 HEATING
  YESTERDAY        0                         0      0        0
  MONTH TO DATE    0                         0      0        0
  SINCE SEP 1      0                         0      0        0
  SINCE JUL 1      0                         0      0        0

 COOLING
  YESTERDAY       14                         9      5       14
  MONTH TO DATE  279                       223     56      268
  SINCE SEP 1    279                       223     56      268
  SINCE JAN 1   1872                      1843     29     1848
..................................................................


WIND (MPH)
  HIGHEST WIND SPEED    12   HIGHEST WIND DIRECTION     E (90)
  HIGHEST GUST SPEED    14   HIGHEST GUST DIRECTION    SE (140)
  AVERAGE WIND SPEED     3.3


SKY COVER
  POSSIBLE SUNSHINE  MM
  AVERAGE SKY COVER 0.2


WEATHER CONDITIONS
 THE FOLLOWING WEATHER WAS RECORDED YESTERDAY.
  FOG


RELATIVE HUMIDITY (PERCENT)
 HIGHEST    97           100 AM
 LOWEST     38           200 PM
 AVERAGE    68

..........................................................


THE MERIDIAN CLIMATE NORMALS FOR TODAY
                         NORMAL    RECORD    YEAR
 MAXIMUM TEMPERATURE (F)   86        99      1925
 MINIMUM TEMPERATURE (F)   62        42      1889


SUNRISE AND SUNSET
SEPTEMBER 20 2014.....SUNRISE   642 AM CDT   SUNSET   654 PM CDT
SEPTEMBER 21 2014.....SUNRISE   643 AM CDT   SUNSET   653 PM CDT


-  INDICATES NEGATIVE NUMBERS.
R  INDICATES RECORD WAS SET OR TIED.
MM INDICATES DATA IS MISSING.
T  INDICATES TRACE AMOUNT.




$$
