000
CDUS44 KJAN 280700
CLIMEI


CLIMATE REPORT
NATIONAL WEATHER SERVICE JACKSON MS
158 AM CDT THU AUG 28 2014


...................................

...THE MERIDIAN CLIMATE SUMMARY FOR AUGUST 27 2014...

CLIMATE NORMAL PERIOD 1981 TO 2010
CLIMATE RECORD PERIOD 1889 TO 2014


WEATHER ITEM   OBSERVED TIME   RECORD YEAR NORMAL DEPARTURE LAST
                VALUE   (LST)  VALUE       VALUE  FROM      YEAR
                                                  NORMAL
..................................................................
TEMPERATURE (F)
 YESTERDAY
  MAXIMUM         95    309 PM 105    1943  91      4       85
  MINIMUM         63    515 AM  55    1917  68     -5       60
  AVERAGE         79                        80     -1       73

PRECIPITATION (IN)
  YESTERDAY        0.00          4.19 1992   0.11  -0.11     0.00
  MONTH TO DATE    1.69                      3.56  -1.87     3.69
  SINCE JUN 1      6.03                     13.10  -7.07    14.89
  SINCE JAN 1     37.75                     38.53  -0.78    49.52

SNOWFALL (IN)
  YESTERDAY        0.0           0.0  2002   0.0    0.0      0.0
                                      2001
  MONTH TO DATE    0.0                       0.0    0.0      0.0
  SINCE JUN 1      0.0                       0.0    0.0      0.0
  SINCE JUL 1      0.0                       0.0    0.0      0.0

DEGREE DAYS
 HEATING
  YESTERDAY        0                         0      0        0
  MONTH TO DATE    0                         0      0        0
  SINCE JUN 1      0                         0      0        0
  SINCE JUL 1      0                         0      0        0

 COOLING
  YESTERDAY       14                        15     -1        8
  MONTH TO DATE  423                       419      4      400
  SINCE JUN 1   1258                      1283    -25     1264
  SINCE JAN 1   1528                      1566    -38     1524
..................................................................


WIND (MPH)
  HIGHEST WIND SPEED    15   HIGHEST WIND DIRECTION     N (10)
  HIGHEST GUST SPEED    21   HIGHEST GUST DIRECTION     N (20)
  AVERAGE WIND SPEED     3.8


SKY COVER
  POSSIBLE SUNSHINE  MM
  AVERAGE SKY COVER 0.1


WEATHER CONDITIONS
 THE FOLLOWING WEATHER WAS RECORDED YESTERDAY.
  NO SIGNIFICANT WEATHER WAS OBSERVED.


RELATIVE HUMIDITY (PERCENT)
 HIGHEST    93           100 AM
 LOWEST     26           200 PM
 AVERAGE    60

..........................................................


THE MERIDIAN CLIMATE NORMALS FOR TODAY
                         NORMAL    RECORD    YEAR
 MAXIMUM TEMPERATURE (F)   91       103      2000
 MINIMUM TEMPERATURE (F)   68        56      1952


SUNRISE AND SUNSET
AUGUST 28 2014........SUNRISE   627 AM CDT   SUNSET   724 PM CDT
AUGUST 29 2014........SUNRISE   628 AM CDT   SUNSET   723 PM CDT


-  INDICATES NEGATIVE NUMBERS.
R  INDICATES RECORD WAS SET OR TIED.
MM INDICATES DATA IS MISSING.
T  INDICATES TRACE AMOUNT.




$$
