000
CDUS44 KMEG 270636
CLIMEM


CLIMATE REPORT
NATIONAL WEATHER SERVICE MEMPHIS TN
134 AM CDT MON MAR 27 2017


...................................

...THE MEMPHIS CLIMATE SUMMARY FOR MARCH 26 2017...

CLIMATE NORMAL PERIOD 1981 TO 2010
CLIMATE RECORD PERIOD 1872 TO 2017


WEATHER ITEM   OBSERVED TIME   RECORD YEAR NORMAL DEPARTURE LAST
                VALUE   (LST)  VALUE       VALUE  FROM      YEAR
                                                  NORMAL
..................................................................
TEMPERATURE (F)
 YESTERDAY
  MAXIMUM         75    332 PM  86    1907  67      8       75
  MINIMUM         58   1228 AM  18    1955  47     11       42
  AVERAGE         67                        57     10       59

PRECIPITATION (IN)
  YESTERDAY        0.00          1.96 1904   0.17  -0.17     0.00
  MONTH TO DATE    3.54                      4.26  -0.72    12.01
  SINCE MAR 1      3.54                      4.26  -0.72    12.01
  SINCE JAN 1      9.20                     12.63  -3.43    19.86

SNOWFALL (IN)
  YESTERDAY        0.0           T    1955   0.0    0.0      0.0
  MONTH TO DATE    T                         0.4   -0.4      0.0
  SINCE MAR 1      T                         0.4   -0.4      0.0
  SINCE JUL 1      2.0                       3.8   -1.8      0.3
  SNOW DEPTH       0

DEGREE DAYS
 HEATING
  YESTERDAY        0                         9     -9        6
  MONTH TO DATE  275                       317    -42      194
  SINCE MAR 1    275                       317    -42      194
  SINCE JUL 1   1974                      2767   -793     2065

 COOLING
  YESTERDAY        2                         1      1        0
  MONTH TO DATE   21                        11     10       12
  SINCE MAR 1     21                        11     10       12
  SINCE JAN 1     43                        14     29       15
..................................................................


WIND (MPH)
  HIGHEST WIND SPEED    17   HIGHEST WIND DIRECTION    SW (240)
  HIGHEST GUST SPEED    24   HIGHEST GUST DIRECTION     W (270)
  AVERAGE WIND SPEED     7.9


SKY COVER
  POSSIBLE SUNSHINE  MM
  AVERAGE SKY COVER 0.5


WEATHER CONDITIONS
 THE FOLLOWING WEATHER WAS RECORDED YESTERDAY.
  NO SIGNIFICANT WEATHER WAS OBSERVED.


RELATIVE HUMIDITY (PERCENT)
 HIGHEST   100          1200 AM
 LOWEST     46           300 PM
 AVERAGE    73

..........................................................


THE MEMPHIS CLIMATE NORMALS FOR TODAY
                         NORMAL    RECORD    YEAR
 MAXIMUM TEMPERATURE (F)   67        85      1910
 MINIMUM TEMPERATURE (F)   47        22      1955


SUNRISE AND SUNSET
MARCH 27 2017.........SUNRISE   653 AM CDT   SUNSET   718 PM CDT
MARCH 28 2017.........SUNRISE   652 AM CDT   SUNSET   718 PM CDT


-  INDICATES NEGATIVE NUMBERS.
R  INDICATES RECORD WAS SET OR TIED.
MM INDICATES DATA IS MISSING.
T  INDICATES TRACE AMOUNT.




$$
