000
CDUS44 KMEG 262157
CLIMEM


CLIMATE REPORT
NATIONAL WEATHER SERVICE MEMPHIS TN
456 PM CDT THU MAR 26 2015


...................................

...THE MEMPHIS CLIMATE SUMMARY FOR MARCH 26 2015...
VALID TODAY AS OF 0400 PM LOCAL TIME.

CLIMATE NORMAL PERIOD 1981 TO 2010
CLIMATE RECORD PERIOD 1872 TO 2015


WEATHER ITEM   OBSERVED TIME   RECORD YEAR NORMAL DEPARTURE LAST
                VALUE   (LST)  VALUE       VALUE  FROM      YEAR
                                                  NORMAL
..................................................................
TEMPERATURE (F)
 TODAY
  MAXIMUM         69   1212 AM  86    1907  67      2       58
  MINIMUM         48    247 PM  18    1955  47      1       31
  AVERAGE         59                        57      2       45

PRECIPITATION (IN)
  TODAY            0.03          1.96 1904   0.17  -0.14      T
  MONTH TO DATE    5.36                      4.26   1.10     3.04
  SINCE MAR 1      5.36                      4.26   1.10     3.04
  SINCE JAN 1     11.01                     12.63  -1.62    11.16

SNOWFALL (IN)
  TODAY            0.0

DEGREE DAYS
 HEATING
  TODAY            6                         9     -3       20
  MONTH TO DATE  314                       317     -3      438
  SINCE MAR 1    314                       317     -3      438
  SINCE JUL 1   3037                      2767    270     3264

 COOLING
  TODAY            0                         1     -1        0
  MONTH TO DATE    4                        11     -7        0
  SINCE MAR 1      4                        11     -7        0
  SINCE JAN 1      4                        14    -10        0
..................................................................


WIND (MPH)
  HIGHEST WIND SPEED    25   HIGHEST WIND DIRECTION     N (360)
  HIGHEST GUST SPEED    33   HIGHEST GUST DIRECTION     N (10)
  AVERAGE WIND SPEED     7.5


SKY COVER
  POSSIBLE SUNSHINE  MM
  AVERAGE SKY COVER 1.0


WEATHER CONDITIONS
 THE FOLLOWING WEATHER WAS RECORDED TODAY.
  LIGHT RAIN
  FOG


RELATIVE HUMIDITY (PERCENT)
 HIGHEST    89          1000 AM
 LOWEST     59          1200 AM
 AVERAGE    74

..........................................................


THE MEMPHIS CLIMATE NORMALS FOR TOMORROW
                         NORMAL    RECORD    YEAR
 MAXIMUM TEMPERATURE (F)   67        85      1910
 MINIMUM TEMPERATURE (F)   47        22      1955


SUNRISE AND SUNSET
MARCH 26 2015.........SUNRISE   656 AM CDT   SUNSET   716 PM CDT
MARCH 27 2015.........SUNRISE   654 AM CDT   SUNSET   717 PM CDT


-  INDICATES NEGATIVE NUMBERS.
R  INDICATES RECORD WAS SET OR TIED.
MM INDICATES DATA IS MISSING.
T  INDICATES TRACE AMOUNT.




$$
