000
CDUS44 KMEG 242152
CLIMEM


CLIMATE REPORT
NATIONAL WEATHER SERVICE MEMPHIS TN
452 PM CDT MON APR 24 2017


...................................

...THE MEMPHIS CLIMATE SUMMARY FOR APRIL 24 2017...
VALID TODAY AS OF 0400 PM LOCAL TIME.

CLIMATE NORMAL PERIOD 1981 TO 2010
CLIMATE RECORD PERIOD 1872 TO 2017


WEATHER ITEM   OBSERVED TIME   RECORD YEAR NORMAL DEPARTURE LAST
                VALUE   (LST)  VALUE       VALUE  FROM      YEAR
                                                  NORMAL
..................................................................
TEMPERATURE (F)
 TODAY
  MAXIMUM         75    327 PM  88    1990  75      0       82
                                      1989
                                      1965
  MINIMUM         48    333 AM  32    1910  56     -8       58
  AVERAGE         62                        66     -4       70

PRECIPITATION (IN)
  TODAY            0.00          2.94 2010   0.19  -0.19     0.00
  MONTH TO DATE    2.91                      4.39  -1.48     3.80
  SINCE MAR 1      6.52                      9.55  -3.03    20.00
  SINCE JAN 1     12.18                     17.92  -5.74    27.85

SNOWFALL (IN)
  TODAY            0.0

DEGREE DAYS
 HEATING
  TODAY            3                         3      0        0
  MONTH TO DATE   52                       124    -72       80
  SINCE MAR 1    332                       482   -150      293
  SINCE JUL 1   2031                      2932   -901     2164

 COOLING
  TODAY            0                         3     -3        5
  MONTH TO DATE   84                        54     30       38
  SINCE MAR 1    122                        71     51       59
  SINCE JAN 1    144                        74     70       62
..................................................................


WIND (MPH)
  HIGHEST WIND SPEED    14   HIGHEST WIND DIRECTION    NW (330)
  HIGHEST GUST SPEED    18   HIGHEST GUST DIRECTION    NW (310)
  AVERAGE WIND SPEED     6.0


SKY COVER
  POSSIBLE SUNSHINE  MM
  AVERAGE SKY COVER 0.1


WEATHER CONDITIONS
 THE FOLLOWING WEATHER WAS RECORDED TODAY.
  NO SIGNIFICANT WEATHER WAS OBSERVED.


RELATIVE HUMIDITY (PERCENT)
 HIGHEST    93           200 AM
 LOWEST     49           100 PM
 AVERAGE    71

..........................................................


THE MEMPHIS CLIMATE NORMALS FOR TOMORROW
                         NORMAL    RECORD    YEAR
 MAXIMUM TEMPERATURE (F)   76        87      1915
 MINIMUM TEMPERATURE (F)   56        32      1910


SUNRISE AND SUNSET
APRIL 24 2017.........SUNRISE   617 AM CDT   SUNSET   740 PM CDT
APRIL 25 2017.........SUNRISE   615 AM CDT   SUNSET   741 PM CDT


-  INDICATES NEGATIVE NUMBERS.
R  INDICATES RECORD WAS SET OR TIED.
MM INDICATES DATA IS MISSING.
T  INDICATES TRACE AMOUNT.




$$
