000
CDUS44 KMEG 170739
CLIMEM


CLIMATE REPORT
NATIONAL WEATHER SERVICE MEMPHIS TN
138 AM CST TUE JAN 17 2017


...................................

...THE MEMPHIS CLIMATE SUMMARY FOR JANUARY 16 2017...

CLIMATE NORMAL PERIOD 1981 TO 2010
CLIMATE RECORD PERIOD 1872 TO 2017


WEATHER ITEM   OBSERVED TIME   RECORD YEAR NORMAL DEPARTURE LAST
                VALUE   (LST)  VALUE       VALUE  FROM      YEAR
                                                  NORMAL
..................................................................
TEMPERATURE (F)
 YESTERDAY
  MAXIMUM         69   1131 PM  77    1943  50     19       45
  MINIMUM         50    410 AM   3    1982  32     18       33
  AVERAGE         60                        41     19       39

PRECIPITATION (IN)
  YESTERDAY        0.07          2.97 1882   0.12  -0.05     0.00
  MONTH TO DATE    2.50                      2.07   0.43     1.47
  SINCE DEC 1      9.83                      7.81   2.02     6.24
  SINCE JAN 1      2.50                      2.07   0.43     1.47

SNOWFALL (IN)
  YESTERDAY        0.0           4.5  1888   0.1   -0.1      0.0
  MONTH TO DATE    2.0                       1.0    1.0      0.0
  SINCE DEC 1      2.0                       1.2    0.8      0.0
  SINCE JUL 1      2.0                       1.2    0.8      0.0
  SNOW DEPTH       0

DEGREE DAYS
 HEATING
  YESTERDAY        5                        24    -19       26
  MONTH TO DATE  313                       384    -71      373
  SINCE DEC 1    943                      1049   -106      721
  SINCE JUL 1   1213                      1548   -335     1022

 COOLING
  YESTERDAY        0                         0      0        0
  MONTH TO DATE    1                         0      1        0
  SINCE DEC 1      4                         2      2       19
  SINCE JAN 1      1                         0      1        0
..................................................................


WIND (MPH)
  HIGHEST WIND SPEED    24   HIGHEST WIND DIRECTION     S (180)
  HIGHEST GUST SPEED    32   HIGHEST GUST DIRECTION    SW (220)
  AVERAGE WIND SPEED    11.5


SKY COVER
  POSSIBLE SUNSHINE  MM
  AVERAGE SKY COVER 0.9


WEATHER CONDITIONS
 THE FOLLOWING WEATHER WAS RECORDED YESTERDAY.
  RAIN
  LIGHT RAIN
  FOG


RELATIVE HUMIDITY (PERCENT)
 HIGHEST   100          1200 AM
 LOWEST     76          1000 PM
 AVERAGE    88

..........................................................


THE MEMPHIS CLIMATE NORMALS FOR TODAY
                         NORMAL    RECORD    YEAR
 MAXIMUM TEMPERATURE (F)   50        72      2012
                                             1894
 MINIMUM TEMPERATURE (F)   32         0      1982


SUNRISE AND SUNSET
JANUARY 17 2017.......SUNRISE   707 AM CST   SUNSET   514 PM CST
JANUARY 18 2017.......SUNRISE   707 AM CST   SUNSET   515 PM CST


-  INDICATES NEGATIVE NUMBERS.
R  INDICATES RECORD WAS SET OR TIED.
MM INDICATES DATA IS MISSING.
T  INDICATES TRACE AMOUNT.


$$
