628
CDUS44 KMEG 120739
CLIMEM


CLIMATE REPORT
NATIONAL WEATHER SERVICE MEMPHIS TN
138 AM CST FRI FEB 12 2016


...................................

...THE MEMPHIS CLIMATE SUMMARY FOR FEBRUARY 11 2016...

CLIMATE NORMAL PERIOD 1981 TO 2010
CLIMATE RECORD PERIOD 1872 TO 2016


WEATHER ITEM   OBSERVED TIME   RECORD YEAR NORMAL DEPARTURE LAST
                VALUE   (LST)  VALUE       VALUE  FROM      YEAR
                                                  NORMAL
..................................................................
TEMPERATURE (F)
 YESTERDAY
  MAXIMUM         54    337 PM  76    1999  54      0       58
  MINIMUM         30    658 AM   8    1899  35     -5       32
  AVERAGE         42                        44     -2       45

PRECIPITATION (IN)
  YESTERDAY        0.00          3.03 1880   0.15  -0.15     0.00
  MONTH TO DATE    1.74                      1.67   0.07     0.72
  SINCE DEC 1      8.78                     11.39  -2.61     4.62
  SINCE JAN 1      4.01                      5.65  -1.64     2.02

SNOWFALL (IN)
  YESTERDAY        0.0           3.7  1985   0.0    0.0      0.0
  MONTH TO DATE    0.0                       0.6   -0.6      0.0
  SINCE DEC 1      0.3                       2.7   -2.4      0.0
  SINCE JUL 1      0.3                       2.7   -2.4      0.2
  SNOW DEPTH       0

DEGREE DAYS
 HEATING
  YESTERDAY       23                        21      2       20
  MONTH TO DATE  222                       239    -17      238
  SINCE DEC 1   1306                      1642   -336     1550
  SINCE JUL 1   1607                      2141   -534     2159

 COOLING
  YESTERDAY        0                         0      0        0
  MONTH TO DATE    1                         0      1        0
  SINCE DEC 1     22                         3     19        0
  SINCE JAN 1      3                         1      2        0
..................................................................


WIND (MPH)
  HIGHEST WIND SPEED    15   HIGHEST WIND DIRECTION     N (20)
  HIGHEST GUST SPEED    20   HIGHEST GUST DIRECTION    NE (50)
  AVERAGE WIND SPEED     8.6


SKY COVER
  POSSIBLE SUNSHINE  MM
  AVERAGE SKY COVER 0.3


WEATHER CONDITIONS
 THE FOLLOWING WEATHER WAS RECORDED YESTERDAY.
  NO SIGNIFICANT WEATHER WAS OBSERVED.


RELATIVE HUMIDITY (PERCENT)
 HIGHEST    49           500 AM
 LOWEST     28           200 PM
 AVERAGE    39

..........................................................


THE MEMPHIS CLIMATE NORMALS FOR TODAY
                         NORMAL    RECORD    YEAR
 MAXIMUM TEMPERATURE (F)   54        76      1990
                                             1962
 MINIMUM TEMPERATURE (F)   36        -9      1899


SUNRISE AND SUNSET
FEBRUARY 12 2016......SUNRISE   650 AM CST   SUNSET   539 PM CST
FEBRUARY 13 2016......SUNRISE   649 AM CST   SUNSET   540 PM CST


-  INDICATES NEGATIVE NUMBERS.
R  INDICATES RECORD WAS SET OR TIED.
MM INDICATES DATA IS MISSING.
T  INDICATES TRACE AMOUNT.




$$
