000
CDUS44 KMEG 240737
CLIMEM


CLIMATE REPORT
NATIONAL WEATHER SERVICE MEMPHIS TN
136 AM CST SAT FEB 24 2018


...................................

...THE MEMPHIS CLIMATE SUMMARY FOR FEBRUARY 23 2018...

CLIMATE NORMAL PERIOD 1981 TO 2010
CLIMATE RECORD PERIOD 1872 TO 2018


WEATHER ITEM   OBSERVED TIME   RECORD YEAR NORMAL DEPARTURE LAST
                VALUE   (LST)  VALUE       VALUE  FROM      YEAR
                                                  NORMAL
..................................................................
TEMPERATURE (F)
 YESTERDAY
  MAXIMUM         71    108 PM  79    2012  57     14       77
  MINIMUM         52    107 AM  17    1989  38     14       54
  AVERAGE         62                        48     14       66

PRECIPITATION (IN)
  YESTERDAY        0.03          2.05 1909   0.17  -0.14     0.00
  MONTH TO DATE    8.76                      3.58   5.18     1.14
  SINCE DEC 1     20.04                     13.30   6.74    12.73
  SINCE JAN 1     12.78                      7.56   5.22     5.40

SNOWFALL (IN)
  YESTERDAY        0.0           T    1999   0.1   -0.1      0.0
                                      1975
                                      1966
  MONTH TO DATE    0.0                       1.2   -1.2      0.0
  SINCE DEC 1      2.5                       3.3   -0.8      2.0
  SINCE JUL 1      2.5                       3.3   -0.8      2.0
  SNOW DEPTH       0

DEGREE DAYS
 HEATING
  YESTERDAY        3                        17    -14        0
  MONTH TO DATE  398                       465    -67      242
  SINCE DEC 1   1938                      1868     70     1375
  SINCE JUL 1   2384                      2367     17     1645

 COOLING
  YESTERDAY        0                         0      0        1
  MONTH TO DATE   14                         0     14       18
  SINCE DEC 1     14                         3     11       23
  SINCE JAN 1     14                         1     13       20
..................................................................


WIND (MPH)
  HIGHEST WIND SPEED    17   HIGHEST WIND DIRECTION     W (290)
  HIGHEST GUST SPEED    21   HIGHEST GUST DIRECTION     W (290)
  AVERAGE WIND SPEED     5.9


SKY COVER
  POSSIBLE SUNSHINE  MM
  AVERAGE SKY COVER 0.9


WEATHER CONDITIONS
 THE FOLLOWING WEATHER WAS RECORDED YESTERDAY.
  RAIN
  LIGHT RAIN
  FOG


RELATIVE HUMIDITY (PERCENT)
 HIGHEST   100          1200 AM
 LOWEST     73           200 PM
 AVERAGE    87

..........................................................


THE MEMPHIS CLIMATE NORMALS FOR TODAY
                         NORMAL    RECORD    YEAR
 MAXIMUM TEMPERATURE (F)   57        79      1890
 MINIMUM TEMPERATURE (F)   39        17      1914
                                             1910
                                             1889


SUNRISE AND SUNSET
FEBRUARY 24 2018......SUNRISE   636 AM CST   SUNSET   551 PM CST
FEBRUARY 25 2018......SUNRISE   634 AM CST   SUNSET   552 PM CST


-  INDICATES NEGATIVE NUMBERS.
R  INDICATES RECORD WAS SET OR TIED.
MM INDICATES DATA IS MISSING.
T  INDICATES TRACE AMOUNT.




$$
