000
CDUS44 KMEG 230634
CLIMEM


CLIMATE REPORT
NATIONAL WEATHER SERVICE MEMPHIS TN
134 AM CDT SAT MAY 23 2015


...................................

...THE MEMPHIS CLIMATE SUMMARY FOR MAY 22 2015...

CLIMATE NORMAL PERIOD 1981 TO 2010
CLIMATE RECORD PERIOD 1872 TO 2015


WEATHER ITEM   OBSERVED TIME   RECORD YEAR NORMAL DEPARTURE LAST
                VALUE   (LST)  VALUE       VALUE  FROM      YEAR
                                                  NORMAL
..................................................................
TEMPERATURE (F)
 YESTERDAY
  MAXIMUM         76    411 PM  96    1987  83     -7       88
  MINIMUM         48    425 AM  41    1883  64    -16       66
  AVERAGE         62                        73    -11       77

PRECIPITATION (IN)
  YESTERDAY        0.00          1.98 1980   0.15  -0.15     0.00
  MONTH TO DATE    3.44                      3.85  -0.41     2.59
  SINCE MAR 1     11.99                     14.51  -2.52    16.11
  SINCE JAN 1     17.64                     22.88  -5.24    24.23

SNOWFALL (IN)
  YESTERDAY        0.0          MM      MM   0.0    0.0      0.0
  MONTH TO DATE    0.0                       0.0    0.0      0.0
  SINCE MAR 1      3.6                       0.4    3.2      0.5
  SINCE JUL 1      6.1                       3.8    2.3      0.8
  SNOW DEPTH       0

DEGREE DAYS
 HEATING
  YESTERDAY        3                         0      3        0
  MONTH TO DATE   13                        17     -4       49
  SINCE MAR 1    461                       512    -51      658
  SINCE JUL 1   3184                      2962    222     3484

 COOLING
  YESTERDAY        0                         9     -9       12
  MONTH TO DATE  165                       137     28      144
  SINCE MAR 1    255                       229     26      200
  SINCE JAN 1    255                       232     23      200
..................................................................


WIND (MPH)
  HIGHEST WIND SPEED    13   HIGHEST WIND DIRECTION    NE (60)
  HIGHEST GUST SPEED    16   HIGHEST GUST DIRECTION    NE (40)
  AVERAGE WIND SPEED     5.6


SKY COVER
  POSSIBLE SUNSHINE  MM
  AVERAGE SKY COVER 0.4


WEATHER CONDITIONS
 THE FOLLOWING WEATHER WAS RECORDED YESTERDAY.
  NO SIGNIFICANT WEATHER WAS OBSERVED.


RELATIVE HUMIDITY (PERCENT)
 HIGHEST    86           400 AM
 LOWEST     33           200 PM
 AVERAGE    60

..........................................................


THE MEMPHIS CLIMATE NORMALS FOR TODAY
                         NORMAL    RECORD    YEAR
 MAXIMUM TEMPERATURE (F)   83        92      1996
 MINIMUM TEMPERATURE (F)   64        44      1963


SUNRISE AND SUNSET
MAY 23 2015...........SUNRISE   551 AM CDT   SUNSET   803 PM CDT
MAY 24 2015...........SUNRISE   551 AM CDT   SUNSET   803 PM CDT


-  INDICATES NEGATIVE NUMBERS.
R  INDICATES RECORD WAS SET OR TIED.
MM INDICATES DATA IS MISSING.
T  INDICATES TRACE AMOUNT.




$$
