000
CDUS44 KMEG 090737
CLIMEM


CLIMATE REPORT
NATIONAL WEATHER SERVICE MEMPHIS TN
136 AM CST FRI DEC 9 2016


...................................

...THE MEMPHIS CLIMATE SUMMARY FOR DECEMBER 8 2016...

CLIMATE NORMAL PERIOD 1981 TO 2010
CLIMATE RECORD PERIOD 1872 TO 2016


WEATHER ITEM   OBSERVED TIME   RECORD YEAR NORMAL DEPARTURE LAST
                VALUE   (LST)  VALUE       VALUE  FROM      YEAR
                                                  NORMAL
..................................................................
TEMPERATURE (F)
 YESTERDAY
  MAXIMUM         41   1212 AM  76    2007  54    -13       66
  MINIMUM         29   1159 PM   6    1917  37     -8       38
  AVERAGE         35                        45    -10       52

PRECIPITATION (IN)
  YESTERDAY        0.00          2.95 1972   0.20  -0.20     0.00
  MONTH TO DATE    2.32                      1.57   0.75     0.07
  SINCE DEC 1      2.32                      1.57   0.75     0.07
  SINCE JAN 1     56.58                     49.51   7.07    47.96

SNOWFALL (IN)
  YESTERDAY        0.0           1.2  1937   0.0    0.0      0.0
  MONTH TO DATE    0.0                       0.0    0.0      0.0
  SINCE DEC 1      0.0                       0.0    0.0      0.0
  SINCE JUL 1      0.0                       T      0.0      0.0
  SNOW DEPTH       0

DEGREE DAYS
 HEATING
  YESTERDAY       30                        20     10       13
  MONTH TO DATE  162                       152     10      132
  SINCE DEC 1    162                       152     10      132
  SINCE JUL 1    432                       651   -219      433

 COOLING
  YESTERDAY        0                         0      0        0
  MONTH TO DATE    0                         0      0        0
  SINCE DEC 1      0                         0      0        0
  SINCE JAN 1   2804                      2256    548     2460
..................................................................


WIND (MPH)
  HIGHEST WIND SPEED    18   HIGHEST WIND DIRECTION     N (360)
  HIGHEST GUST SPEED    23   HIGHEST GUST DIRECTION     N (360)
  AVERAGE WIND SPEED     9.1


SKY COVER
  POSSIBLE SUNSHINE  MM
  AVERAGE SKY COVER 0.8


WEATHER CONDITIONS
 THE FOLLOWING WEATHER WAS RECORDED YESTERDAY.
  NO SIGNIFICANT WEATHER WAS OBSERVED.


RELATIVE HUMIDITY (PERCENT)
 HIGHEST    70           700 AM
 LOWEST     44          1100 AM
 AVERAGE    57

..........................................................


THE MEMPHIS CLIMATE NORMALS FOR TODAY
                         NORMAL    RECORD    YEAR
 MAXIMUM TEMPERATURE (F)   53        77      2007
 MINIMUM TEMPERATURE (F)   36         2      1917


SUNRISE AND SUNSET
DECEMBER  9 2016......SUNRISE   657 AM CST   SUNSET   448 PM CST
DECEMBER 10 2016......SUNRISE   657 AM CST   SUNSET   448 PM CST


-  INDICATES NEGATIVE NUMBERS.
R  INDICATES RECORD WAS SET OR TIED.
MM INDICATES DATA IS MISSING.
T  INDICATES TRACE AMOUNT.




$$
