000
CDUS44 KMEG 260631
CLIMEM


CLIMATE REPORT
NATIONAL WEATHER SERVICE MEMPHIS TN
131 AM CDT SAT JUL 26 2014


...................................

...THE MEMPHIS CLIMATE SUMMARY FOR JULY 25 2014...

CLIMATE NORMAL PERIOD 1981 TO 2010
CLIMATE RECORD PERIOD 1872 TO 2014


WEATHER ITEM   OBSERVED TIME   RECORD YEAR NORMAL DEPARTURE LAST
                VALUE   (LST)  VALUE       VALUE  FROM      YEAR
                                                  NORMAL
..................................................................
TEMPERATURE (F)
 YESTERDAY
  MAXIMUM         87    512 PM 101    1952  92     -5       84
  MINIMUM         66    458 AM  62    1911  74     -8       68
  AVERAGE         77                        83     -6       76

PRECIPITATION (IN)
  YESTERDAY        0.00          1.94 1977   0.16  -0.16     0.00
  MONTH TO DATE    2.55                      3.73  -1.18     3.39
  SINCE JUN 1     15.95                      7.36   8.59     8.86
  SINCE JAN 1     41.91                     31.64  10.27    43.44

SNOWFALL (IN)
  YESTERDAY        0.0          MM      MM   0.0    0.0      0.0
  MONTH TO DATE    0.0                       0.0    0.0      0.0
  SINCE JUN 1      0.0                       0.0    0.0      0.0
  SINCE JUL 1      0.0                       0.0    0.0      0.0
  SNOW DEPTH       0

DEGREE DAYS
 HEATING
  YESTERDAY        0                         0      0        0
  MONTH TO DATE    0                         0      0        0
  SINCE JUN 1      0                         0      0        0
  SINCE JUL 1      0                         0      0        0

 COOLING
  YESTERDAY       12                        18     -6       11
  MONTH TO DATE  325                       446   -121      401
  SINCE JUN 1    762                       884   -122      851
  SINCE JAN 1   1073                      1205   -132     1136
..................................................................


WIND (MPH)
  HIGHEST WIND SPEED    10   HIGHEST WIND DIRECTION    SE (150)
  HIGHEST GUST SPEED    18   HIGHEST GUST DIRECTION     N (10)
  AVERAGE WIND SPEED     4.0


SKY COVER
  POSSIBLE SUNSHINE  MM
  AVERAGE SKY COVER 0.3


WEATHER CONDITIONS
 THE FOLLOWING WEATHER WAS RECORDED YESTERDAY.
  NO SIGNIFICANT WEATHER WAS OBSERVED.


RELATIVE HUMIDITY (PERCENT)
 HIGHEST    81           400 AM
 LOWEST     40           500 PM
 AVERAGE    61

..........................................................


THE MEMPHIS CLIMATE NORMALS FOR TODAY
                         NORMAL    RECORD    YEAR
 MAXIMUM TEMPERATURE (F)   92       102      1986
                                             1952
 MINIMUM TEMPERATURE (F)   74        66      2004
                                             1996
                                             1962


SUNRISE AND SUNSET
JULY 26 2014..........SUNRISE   605 AM CDT   SUNSET   808 PM CDT
JULY 27 2014..........SUNRISE   606 AM CDT   SUNSET   807 PM CDT


-  INDICATES NEGATIVE NUMBERS.
R  INDICATES RECORD WAS SET OR TIED.
MM INDICATES DATA IS MISSING.
T  INDICATES TRACE AMOUNT.




$$
