000
CDUS41 KCLE 170526
CLIMFD


CLIMATE REPORT
NATIONAL WEATHER SERVICE CLEVELAND OH
1226 AM EST WED JAN 17 2018


...................................

...THE MANSFIELD OH CLIMATE SUMMARY FOR JANUARY 16 2018...

CLIMATE NORMAL PERIOD 1981 TO 2010
CLIMATE RECORD PERIOD 1916 TO 2018


WEATHER ITEM   OBSERVED TIME   RECORD YEAR NORMAL DEPARTURE LAST
                VALUE   (LST)  VALUE       VALUE  FROM      YEAR
                                                  NORMAL
..................................................................
TEMPERATURE (F)
 YESTERDAY
  MAXIMUM         23    205 AM  55    1953  33    -10       42
  MINIMUM         -1   1159 PM -18    1982  18    -19       26
  AVERAGE         11                        25    -14       34

PRECIPITATION (IN)
  YESTERDAY        T                         0.09  -0.09     0.03
  MONTH TO DATE    1.69                      1.56   0.13     3.11
  SINCE DEC 1      3.54                      4.85  -1.31     6.25
  SINCE JAN 1      1.69                      1.56   0.13     3.11

SNOWFALL (IN)
  YESTERDAY        T                         0.4   -0.4      0.0
  MONTH TO DATE    7.6                       6.9    0.7      2.3
  SINCE DEC 1     20.6                      17.4    3.2     13.3
  SINCE JUL 1     20.7                      20.1    0.6     13.5
  SNOW DEPTH       2

DEGREE DAYS
 HEATING
  YESTERDAY       54                        40     14       31
  MONTH TO DATE  747                       632    115      589
  SINCE DEC 1   1910                      1728    182     1697
  SINCE JUL 1   2992                      3009    -17     2574

 COOLING
  YESTERDAY        0                         0      0        0
  MONTH TO DATE    0                         0      0        0
  SINCE DEC 1      0                         0      0        0
  SINCE JAN 1      0                         0      0        0
..................................................................


WIND (MPH)
  HIGHEST WIND SPEED    14   HIGHEST WIND DIRECTION    SW (210)
  HIGHEST GUST SPEED    19   HIGHEST GUST DIRECTION    SW (230)
  AVERAGE WIND SPEED     9.1


SKY COVER
  POSSIBLE SUNSHINE  MM
  AVERAGE SKY COVER 0.6


WEATHER CONDITIONS
 THE FOLLOWING WEATHER WAS RECORDED YESTERDAY.
  LIGHT SNOW
  FOG
  HAZE


RELATIVE HUMIDITY (PERCENT)
 HIGHEST    88          1200 AM
 LOWEST     69           300 PM
 AVERAGE    79

..........................................................


THE MANSFIELD OH CLIMATE NORMALS FOR TODAY
                         NORMAL    RECORD    YEAR
 MAXIMUM TEMPERATURE (F)   33        59      1952
 MINIMUM TEMPERATURE (F)   18       -21      1982


SUNRISE AND SUNSET
JANUARY 17 2018.......SUNRISE   751 AM EST   SUNSET   529 PM EST
JANUARY 18 2018.......SUNRISE   751 AM EST   SUNSET   531 PM EST


-  INDICATES NEGATIVE NUMBERS.
R  INDICATES RECORD WAS SET OR TIED.
MM INDICATES DATA IS MISSING.
T  INDICATES TRACE AMOUNT.




$$
