000
CDUS41 KCLE 260537
CLIMFD


CLIMATE REPORT
NATIONAL WEATHER SERVICE CLEVELAND OH
126 AM EDT MON JUN 26 2017


...................................

...THE MANSFIELD OH CLIMATE SUMMARY FOR JUNE 25 2017...

CLIMATE NORMAL PERIOD 1981 TO 2010
CLIMATE RECORD PERIOD 1916 TO 2017


WEATHER ITEM   OBSERVED TIME   RECORD YEAR NORMAL DEPARTURE LAST
                VALUE   (LST)  VALUE       VALUE  FROM      YEAR
                                                  NORMAL
..................................................................
TEMPERATURE (F)
 YESTERDAY
  MAXIMUM         72    224 PM 101    1988  81     -9       86
  MINIMUM         54    535 AM  42    1979  60     -6       55
  AVERAGE         63                        70     -7       71

PRECIPITATION (IN)
  YESTERDAY        0.00                      0.15  -0.15     0.00
  MONTH TO DATE    5.48                      4.00   1.48     1.85
  SINCE JUN 1      5.48                      4.00   1.48     1.85
  SINCE JAN 1     26.63                     21.33   5.30    18.25

SNOWFALL (IN)
  YESTERDAY        0.0                       0.0    0.0      0.0
  MONTH TO DATE    0.0                       0.0    0.0      0.0
  SINCE JUN 1      0.0                       0.0    0.0      0.0
  SINCE JUL 1     36.6                      48.3  -11.7     27.6
  SNOW DEPTH       0

DEGREE DAYS
 HEATING
  YESTERDAY        2                         1      1        0
  MONTH TO DATE   26                        50    -24       13
  SINCE JUN 1     26                        50    -24       13
  SINCE JUL 1   5022                      6267  -1245     5175

 COOLING
  YESTERDAY        0                         6     -6        6
  MONTH TO DATE  153                       105     48      152
  SINCE JUN 1    153                       105     48      152
  SINCE JAN 1    210                       151     59      214
..................................................................


WIND (MPH)
  HIGHEST WIND SPEED    23   HIGHEST WIND DIRECTION    SW (230)
  HIGHEST GUST SPEED    33   HIGHEST GUST DIRECTION     W (270)
  AVERAGE WIND SPEED     9.5


SKY COVER
  POSSIBLE SUNSHINE  MM
  AVERAGE SKY COVER 0.4


WEATHER CONDITIONS
 THE FOLLOWING WEATHER WAS RECORDED YESTERDAY.
  NO SIGNIFICANT WEATHER WAS OBSERVED.


RELATIVE HUMIDITY (PERCENT)
 HIGHEST    93           300 AM
 LOWEST     37           300 PM
 AVERAGE    65

..........................................................


THE MANSFIELD OH CLIMATE NORMALS FOR TODAY
                         NORMAL    RECORD    YEAR
 MAXIMUM TEMPERATURE (F)   81        97      1952
 MINIMUM TEMPERATURE (F)   60        46      2012
                                             2004


SUNRISE AND SUNSET
JUNE 26 2017..........SUNRISE   600 AM EDT   SUNSET   906 PM EDT
JUNE 27 2017..........SUNRISE   601 AM EDT   SUNSET   906 PM EDT


-  INDICATES NEGATIVE NUMBERS.
R  INDICATES RECORD WAS SET OR TIED.
MM INDICATES DATA IS MISSING.
T  INDICATES TRACE AMOUNT.




$$
