648
CDUS41 KCLE 140528
CLIMFD


CLIMATE REPORT
NATIONAL WEATHER SERVICE CLEVELAND OH
1228 AM EST SUN FEB 14 2016


...................................

...THE MANSFIELD OH CLIMATE SUMMARY FOR FEBRUARY 13 2016...

CLIMATE NORMAL PERIOD 1981 TO 2010
CLIMATE RECORD PERIOD 1916 TO 2016


WEATHER ITEM   OBSERVED TIME   RECORD YEAR NORMAL DEPARTURE LAST
                VALUE   (LST)  VALUE       VALUE  FROM      YEAR
                                                  NORMAL
..................................................................
TEMPERATURE (F)
 YESTERDAY
  MAXIMUM         14    256 PM  67    1938  36    -22       24
  MINIMUM          1    813 AM -10    1917  20    -19        0
  AVERAGE          8                        28    -20       12

PRECIPITATION (IN)
  YESTERDAY        0.03                      0.08  -0.05      T
  MONTH TO DATE    1.33                      1.10   0.23     0.96
  SINCE DEC 1      7.03                      7.26  -0.23     6.28
  SINCE JAN 1      2.87                      3.97  -1.10     4.42

SNOWFALL (IN)
  YESTERDAY        1.1                       0.4    0.7       T
  MONTH TO DATE    7.4                       5.2    2.2      9.1
  SINCE DEC 1     16.3                      29.0  -12.7     34.3
  SINCE JUL 1     16.3                      31.7  -15.4     40.2
  SNOW DEPTH       2

DEGREE DAYS
 HEATING
  YESTERDAY       57                        37     20       53
  MONTH TO DATE  477                       496    -19      546
  SINCE DEC 1   2349                      2815   -466     2829
  SINCE JUL 1   3289                      4096   -807     4217

 COOLING
  YESTERDAY        0                         0      0        0
  MONTH TO DATE    0                         0      0        0
  SINCE DEC 1      0                         0      0        0
  SINCE JAN 1      0                         0      0        0
..................................................................


WIND (MPH)
  HIGHEST WIND SPEED    26   HIGHEST WIND DIRECTION    NW (320)
  HIGHEST GUST SPEED    32   HIGHEST GUST DIRECTION    NW (320)
  AVERAGE WIND SPEED     9.4


SKY COVER
  POSSIBLE SUNSHINE  MM
  AVERAGE SKY COVER 0.6


WEATHER CONDITIONS
 THE FOLLOWING WEATHER WAS RECORDED YESTERDAY.
  LIGHT SNOW
  FOG
  HAZE


RELATIVE HUMIDITY (PERCENT)
 HIGHEST    83           900 PM
 LOWEST     55           300 PM
 AVERAGE    69

..........................................................


THE MANSFIELD OH CLIMATE NORMALS FOR TODAY
                         NORMAL    RECORD    YEAR
 MAXIMUM TEMPERATURE (F)   36        62      1950
                                             1938
 MINIMUM TEMPERATURE (F)   20        -2      1943


SUNRISE AND SUNSET
FEBRUARY 14 2016......SUNRISE   726 AM EST   SUNSET   603 PM EST
FEBRUARY 15 2016......SUNRISE   725 AM EST   SUNSET   604 PM EST


-  INDICATES NEGATIVE NUMBERS.
R  INDICATES RECORD WAS SET OR TIED.
MM INDICATES DATA IS MISSING.
T  INDICATES TRACE AMOUNT.




$$
