000
CDUS41 KCLE 150545
CLIMFD


CLIMATE REPORT
NATIONAL WEATHER SERVICE CLEVELAND OH
145 AM EDT MON SEP 15 2014


...................................

...THE MANSFIELD OH CLIMATE SUMMARY FOR SEPTEMBER 14 2014...

CLIMATE NORMAL PERIOD 1981 TO 2010
CLIMATE RECORD PERIOD 1916 TO 2014


WEATHER ITEM   OBSERVED TIME   RECORD YEAR NORMAL DEPARTURE LAST
                VALUE   (LST)  VALUE       VALUE  FROM      YEAR
                                                  NORMAL
..................................................................
TEMPERATURE (F)
 YESTERDAY
  MAXIMUM         66    453 PM  96    1939  74     -8       67
  MINIMUM         40    539 AM  34    1923  53    -13       42
  AVERAGE         53                        64    -11       55

PRECIPITATION (IN)
  YESTERDAY        0.00                      0.11  -0.11     0.00
  MONTH TO DATE    0.71                      1.61  -0.90     1.24
  SINCE SEP 1      0.71                      1.61  -0.90     1.24
  SINCE JAN 1     29.93                     32.44  -2.51    30.16

SNOWFALL (IN)
  YESTERDAY        0.0                       0.0    0.0      0.0
  MONTH TO DATE    0.0                       0.0    0.0      0.0
  SINCE SEP 1      0.0                       0.0    0.0      0.0
  SINCE JUL 1      0.0                       0.0    0.0      0.0
  SNOW DEPTH       0

DEGREE DAYS
 HEATING
  YESTERDAY       12                         3      9       10
  MONTH TO DATE   34                        29      5       32
  SINCE SEP 1     34                        29      5       32
  SINCE JUL 1     61                        54      7       60

 COOLING
  YESTERDAY        0                         2     -2        0
  MONTH TO DATE   59                        42     17       63
  SINCE SEP 1     59                        42     17       63
  SINCE JAN 1    613                       604      9      705
..................................................................


WIND (MPH)
  HIGHEST WIND SPEED     9   HIGHEST WIND DIRECTION    SW (210)
  HIGHEST GUST SPEED    30   HIGHEST GUST DIRECTION    NW (330)
  AVERAGE WIND SPEED     2.2


SKY COVER
  POSSIBLE SUNSHINE  MM
  AVERAGE SKY COVER 0.1


WEATHER CONDITIONS
 THE FOLLOWING WEATHER WAS RECORDED YESTERDAY.
  FOG


RELATIVE HUMIDITY (PERCENT)
 HIGHEST   100           100 AM
 LOWEST     42           500 PM
 AVERAGE    71

..........................................................


THE MANSFIELD OH CLIMATE NORMALS FOR TODAY
                         NORMAL    RECORD    YEAR
 MAXIMUM TEMPERATURE (F)   74        96      1939
 MINIMUM TEMPERATURE (F)   53        32      1923


SUNRISE AND SUNSET
SEPTEMBER 15 2014.....SUNRISE   711 AM EDT   SUNSET   739 PM EDT
SEPTEMBER 16 2014.....SUNRISE   712 AM EDT   SUNSET   737 PM EDT


-  INDICATES NEGATIVE NUMBERS.
R  INDICATES RECORD WAS SET OR TIED.
MM INDICATES DATA IS MISSING.
T  INDICATES TRACE AMOUNT.




$$
