743
CDUS44 KBRO 180725
CLIMFE


CLIMATE REPORT
NATIONAL WEATHER SERVICE BROWNSVILLE TX
125 AM CST WED JAN 18 2017


...................................

...THE MCALLEN CLIMATE SUMMARY FOR JANUARY 17 2017...

CLIMATE NORMAL PERIOD 1981 TO 2010
CLIMATE RECORD PERIOD 1961 TO 2017


WEATHER ITEM   OBSERVED TIME   RECORD YEAR NORMAL DEPARTURE LAST
                VALUE   (LST)  VALUE       VALUE  FROM      YEAR
                                                  NORMAL
..................................................................
TEMPERATURE (F)
 YESTERDAY
  MAXIMUM         87    211 PM  89    2012  71     16       67
                                      1999
  MINIMUM         70    603 AM  29    1964  51     19       41
  AVERAGE         79                        61     18

PRECIPITATION (IN)
  YESTERDAY        0.00          0.78 1978   0.03  -0.03     0.00
  MONTH TO DATE    0.16                      0.56  -0.40     0.40
  SINCE DEC 1      0.79                      1.75  -0.96     0.44
  SINCE JAN 1      0.16                      0.56  -0.40     0.40

SNOWFALL (IN)
  YESTERDAY        0.0
  MONTH TO DATE    0.0
  SINCE DEC 1      0.0
  SINCE JUL 1      0.0

DEGREE DAYS
 HEATING
  YESTERDAY        0                         6     -6       11
  MONTH TO DATE   60                       113    -53      119
  SINCE DEC 1    146                       290   -144      188
  SINCE JUL 1    153                       350   -197      222

 COOLING
  YESTERDAY       14                         2     12        0
  MONTH TO DATE  128                        34     94       12
  SINCE DEC 1    311                       117    194      156
  SINCE JAN 1    128                        34     94       12
..................................................................


WIND (MPH)
  HIGHEST WIND SPEED    25   HIGHEST WIND DIRECTION    SE (130)
  HIGHEST GUST SPEED    30   HIGHEST GUST DIRECTION    SE (140)
  AVERAGE WIND SPEED    12.4



WEATHER CONDITIONS
 THE FOLLOWING WEATHER WAS RECORDED YESTERDAY.
  FOG
  HAZE


RELATIVE HUMIDITY (PERCENT)
 HIGHEST    97
 LOWEST     51
 AVERAGE    74

..........................................................


THE MCALLEN CLIMATE NORMALS FOR TODAY
                         NORMAL    RECORD    YEAR
 MAXIMUM TEMPERATURE (F)   71        89      2011
 MINIMUM TEMPERATURE (F)   51        34      1977


SUNRISE AND SUNSET
JANUARY 18 2017.......SUNRISE   722 AM CST   SUNSET   606 PM CST
JANUARY 19 2017.......SUNRISE   721 AM CST   SUNSET   606 PM CST


-  INDICATES NEGATIVE NUMBERS.
R  INDICATES RECORD WAS SET OR TIED.
MM INDICATES DATA IS MISSING.
T  INDICATES TRACE AMOUNT.




$$
