000
CDUS44 KBRO 222132
CLIMFE


CLIMATE REPORT
NATIONAL WEATHER SERVICE BROWNSVILLE TX
431 PM CDT FRI SEP 22 2017


...................................

...THE MCALLEN CLIMATE SUMMARY FOR SEPTEMBER 22 2017...
VALID TODAY AS OF 0400 PM LOCAL TIME.

CLIMATE NORMAL PERIOD 1981 TO 2010
CLIMATE RECORD PERIOD 1961 TO 2017


WEATHER ITEM   OBSERVED TIME   RECORD YEAR NORMAL DEPARTURE LAST
                VALUE   (LST)  VALUE       VALUE  FROM      YEAR
                                                  NORMAL
..................................................................
TEMPERATURE (F)
 TODAY
  MAXIMUM         97   1224 PM 101    2009  92      5       99
  MINIMUM         80    644 AM  57    1995  72      8       78
  AVERAGE         89                        82      7       89

PRECIPITATION (IN)
  TODAY            0.37          4.31 1995   0.14   0.23      T
  MONTH TO DATE    0.84                      3.49  -2.65     0.68
  SINCE SEP 1      0.84                      3.49  -2.65     0.68
  SINCE JAN 1      7.63                     17.06  -9.43     9.98

SNOWFALL (IN)
  TODAY            0.0
  MONTH TO DATE    0.0
  SINCE SEP 1      0.0
  SINCE JUL 1      0.0
  SNOW DEPTH       0

DEGREE DAYS
 HEATING
  TODAY            0                         0      0        0
  MONTH TO DATE    0                         0      0        0
  SINCE SEP 1      0                         0      0        0
  SINCE JUL 1      0                         0      0        0

 COOLING
  TODAY           24                        17      7       24
  MONTH TO DATE  483                       420     63      552
  SINCE SEP 1    483                       420     63      552
  SINCE JAN 1   4749                      3671   1078     4454
..................................................................


WIND (MPH)
  HIGHEST WIND SPEED    20   HIGHEST WIND DIRECTION    SE (120)
  HIGHEST GUST SPEED    27   HIGHEST GUST DIRECTION    SE (120)
  AVERAGE WIND SPEED    12.2



WEATHER CONDITIONS
 THE FOLLOWING WEATHER WAS RECORDED TODAY.
  HEAVY RAIN
  RAIN
  LIGHT RAIN


..........................................................


THE MCALLEN CLIMATE NORMALS FOR TOMORROW
                         NORMAL    RECORD    YEAR
 MAXIMUM TEMPERATURE (F)   92       105      2005
 MINIMUM TEMPERATURE (F)   72        56      1975
                                             1995


SUNRISE AND SUNSET
SEPTEMBER 22 2017.....SUNRISE   722 AM CDT   SUNSET   729 PM CDT
SEPTEMBER 23 2017.....SUNRISE   722 AM CDT   SUNSET   728 PM CDT


-  INDICATES NEGATIVE NUMBERS.
R  INDICATES RECORD WAS SET OR TIED.
MM INDICATES DATA IS MISSING.
T  INDICATES TRACE AMOUNT.




$$
