138
CDUS44 KBRO 250733
CLIMFE


CLIMATE REPORT
NATIONAL WEATHER SERVICE BROWNSVILLE TX
131 AM CST SAT FEB 25 2017


...................................

...THE MCALLEN CLIMATE SUMMARY FOR FEBRUARY 24 2017...

CLIMATE NORMAL PERIOD 1981 TO 2010
CLIMATE RECORD PERIOD 1961 TO 2017


WEATHER ITEM   OBSERVED TIME   RECORD YEAR NORMAL DEPARTURE LAST
                VALUE   (LST)  VALUE       VALUE  FROM      YEAR
                                                  NORMAL
..................................................................
TEMPERATURE (F)
 YESTERDAY
  MAXIMUM         95    404 PM  97    2011  77     18       76
  MINIMUM         69   1103 PM  33    1968  56     13       49
  AVERAGE         82                        66     16

PRECIPITATION (IN)
  YESTERDAY        0.00          0.99 1985   0.03  -0.03     0.00
  MONTH TO DATE    0.65                      0.97  -0.32     0.00
  SINCE DEC 1      2.26                      3.21  -0.95     0.44
  SINCE JAN 1      1.63                      2.02  -0.39     0.40

DEGREE DAYS
 HEATING
  YESTERDAY        0                         3     -3        2
  MONTH TO DATE    8                        97    -89       40
  SINCE DEC 1    181                       464   -283      275
  SINCE JUL 1    188                       524   -336      309

 COOLING
  YESTERDAY       17                         4     13        0
  MONTH TO DATE  248                        78    170      139
  SINCE DEC 1    610                       223    387      328
  SINCE JAN 1    427                       140    287      184
..................................................................


WIND (MPH)
  HIGHEST WIND SPEED    25   HIGHEST WIND DIRECTION     N (350)
  HIGHEST GUST SPEED    32   HIGHEST GUST DIRECTION     N (350)
  AVERAGE WIND SPEED    11.8



WEATHER CONDITIONS
 THE FOLLOWING WEATHER WAS RECORDED YESTERDAY.
  FOG


RELATIVE HUMIDITY (PERCENT)
 HIGHEST    97
 LOWEST     13
 AVERAGE    55

..........................................................


THE MCALLEN CLIMATE NORMALS FOR TODAY
                         NORMAL    RECORD    YEAR
 MAXIMUM TEMPERATURE (F)   77        97      2008
 MINIMUM TEMPERATURE (F)   56        30      1961


SUNRISE AND SUNSET
FEBRUARY 25 2017......SUNRISE   700 AM CST   SUNSET   632 PM CST
FEBRUARY 26 2017......SUNRISE   659 AM CST   SUNSET   633 PM CST


-  INDICATES NEGATIVE NUMBERS.
R  INDICATES RECORD WAS SET OR TIED.
MM INDICATES DATA IS MISSING.
T  INDICATES TRACE AMOUNT.

$$
