000
CDUS44 KBRO 232126
CLIMFE


CLIMATE REPORT
NATIONAL WEATHER SERVICE BROWNSVILLE TX
426 PM CDT SUN JUL 23 2017


...................................

...THE MCALLEN CLIMATE SUMMARY FOR JULY 23 2017...
VALID TODAY AS OF 0400 PM LOCAL TIME.

CLIMATE NORMAL PERIOD 1981 TO 2010
CLIMATE RECORD PERIOD 1961 TO 2017


WEATHER ITEM   OBSERVED TIME   RECORD YEAR NORMAL DEPARTURE LAST
                VALUE   (LST)  VALUE       VALUE  FROM      YEAR
                                                  NORMAL
..................................................................
TEMPERATURE (F)
 TODAY
  MAXIMUM        102    259 PM 106    2009  98      4      104
  MINIMUM         78    434 AM  70    1989  76      2       78
  AVERAGE         90                        87      3       91

PRECIPITATION (IN)
  TODAY            0.00          7.78 2008   0.06  -0.06     0.00
  MONTH TO DATE    0.16                      1.61  -1.45     0.25
  SINCE JUN 1      0.34                      4.19  -3.85     0.49
  SINCE JAN 1      6.21                     10.97  -4.76     8.46

SNOWFALL (IN)
  TODAY            0.0
  MONTH TO DATE    0.0
  SINCE JUN 1      0.0
  SINCE JUL 1      0.0
  SNOW DEPTH       0

DEGREE DAYS
 HEATING
  TODAY            0                         0      0        0
  MONTH TO DATE    0                         0      0        0
  SINCE JUN 1      0                         0      0        0
  SINCE JUL 1      0                         0      0        0

 COOLING
  TODAY           25                        22      3       26
  MONTH TO DATE  569                       496     73      606
  SINCE JUN 1   1316                      1124    192     1263
  SINCE JAN 1   3255                      2379    876     2881
..................................................................


WIND (MPH)
  HIGHEST WIND SPEED    28   HIGHEST WIND DIRECTION    SE (130)
  HIGHEST GUST SPEED    35   HIGHEST GUST DIRECTION    SE (130)
  AVERAGE WIND SPEED    15.2



WEATHER CONDITIONS
 THE FOLLOWING WEATHER WAS RECORDED TODAY.
  NO SIGNIFICANT WEATHER WAS OBSERVED.


..........................................................


THE MCALLEN CLIMATE NORMALS FOR TOMORROW
                         NORMAL    RECORD    YEAR
 MAXIMUM TEMPERATURE (F)   98       105      2009
 MINIMUM TEMPERATURE (F)   77        70      1976


SUNRISE AND SUNSET
JULY 23 2017..........SUNRISE   654 AM CDT   SUNSET   824 PM CDT
JULY 24 2017..........SUNRISE   655 AM CDT   SUNSET   824 PM CDT


-  INDICATES NEGATIVE NUMBERS.
R  INDICATES RECORD WAS SET OR TIED.
MM INDICATES DATA IS MISSING.
T  INDICATES TRACE AMOUNT.




$$
