000
CDUS44 KBRO 060638
CLIMFE


CLIMATE REPORT
NATIONAL WEATHER SERVICE BROWNSVILLE TX
138 AM CDT MON JUL 6 2015


...................................

...THE MCALLEN CLIMATE SUMMARY FOR JULY 5 2015...

CLIMATE NORMAL PERIOD 1981 TO 2010
CLIMATE RECORD PERIOD 1941 TO 2015


WEATHER ITEM   OBSERVED TIME   RECORD YEAR NORMAL DEPARTURE LAST
                VALUE   (LST)  VALUE       VALUE  FROM      YEAR
                                                  NORMAL
..................................................................
TEMPERATURE (F)
 YESTERDAY
  MAXIMUM         95    326 PM 105    2009  97     -2       93
  MINIMUM         78    406 AM  70    1941  76      2       75
                                      1974
                                      1975
  AVERAGE         87                        86      1

PRECIPITATION (IN)
  YESTERDAY        0.00          2.75 1974   0.08  -0.08     0.28
  MONTH TO DATE    0.25                      0.38  -0.13     0.32
  SINCE JUN 1      5.64                      2.96   2.68     0.62
  SINCE JAN 1     17.11                      9.74   7.37     3.50

SNOWFALL (IN)
  YESTERDAY        0.0
  MONTH TO DATE    0.0
  SINCE JUN 1      0.0
  SINCE JUL 1      0.0

DEGREE DAYS
 HEATING
  YESTERDAY        0                         0      0        0
  MONTH TO DATE    0                         0      0        0
  SINCE JUN 1      0                         0      0        0
  SINCE JUL 1      0                         0      0        0

 COOLING
  YESTERDAY       22                        21      1       19
  MONTH TO DATE   98                       105     -7      106
  SINCE JUN 1    739                       733      6      776
  SINCE JAN 1   1984                      1988     -4     1832
..................................................................


WIND (MPH)
  HIGHEST WIND SPEED    26   HIGHEST WIND DIRECTION    SE (140)
  HIGHEST GUST SPEED    36   HIGHEST GUST DIRECTION    SE (150)
  AVERAGE WIND SPEED    15.5



WEATHER CONDITIONS
 THE FOLLOWING WEATHER WAS RECORDED YESTERDAY.
  FOG
  HAZE


RELATIVE HUMIDITY (PERCENT)
 HIGHEST    91
 LOWEST     52
 AVERAGE    72

..........................................................


THE MCALLEN CLIMATE NORMALS FOR TODAY
                         NORMAL    RECORD    YEAR
 MAXIMUM TEMPERATURE (F)   97       108      2009
 MINIMUM TEMPERATURE (F)   76        69      1975


SUNRISE AND SUNSET
JULY  6 2015..........SUNRISE   646 AM CDT   SUNSET   829 PM CDT
JULY  7 2015..........SUNRISE   646 AM CDT   SUNSET   829 PM CDT


-  INDICATES NEGATIVE NUMBERS.
R  INDICATES RECORD WAS SET OR TIED.
MM INDICATES DATA IS MISSING.
T  INDICATES TRACE AMOUNT.




$$
