000
CDUS44 KBRO 010745
CLIMFE


CLIMATE REPORT
NATIONAL WEATHER SERVICE BROWNSVILLE TX
145 AM CST SUN MAR 1 2015


...................................

...THE MCALLEN CLIMATE SUMMARY FOR FEBRUARY 28 2015...

CLIMATE NORMAL PERIOD 1981 TO 2010
CLIMATE RECORD PERIOD 1941 TO 2015


WEATHER ITEM   OBSERVED TIME   RECORD YEAR NORMAL DEPARTURE LAST
                VALUE   (LST)  VALUE       VALUE  FROM      YEAR
                                                  NORMAL
..................................................................
TEMPERATURE (F)
 YESTERDAY
  MAXIMUM         50   1004 PM  95    1951  78    -28       88
  MINIMUM         42    851 AM  38    1942  57    -15       48
  AVERAGE         46                        67    -21

PRECIPITATION (IN)
  YESTERDAY        T             0.53 1993   0.04  -0.04     0.00
  MONTH TO DATE    0.42                      1.11  -0.69     0.22
  SINCE DEC 1      1.44                      3.35  -1.91     3.91
  SINCE JAN 1      0.59                      2.16  -1.57     0.88

SNOWFALL (IN)
  YESTERDAY       MM
  MONTH TO DATE    0.0
  SINCE DEC 1      0.0
  SINCE JUL 1      0.0

DEGREE DAYS
 HEATING
  YESTERDAY       19                         2     17        0
  MONTH TO DATE  155                       106     49      175
  SINCE DEC 1    561                       473     88      650
  SINCE JUL 1    690                       533    157      776

 COOLING
  YESTERDAY        0                         5     -5        3
  MONTH TO DATE   68                        97    -29      112
  SINCE DEC 1    168                       242    -74      174
  SINCE JAN 1     85                       159    -74      128
..................................................................


WIND (MPH)
  HIGHEST WIND SPEED    15   HIGHEST WIND DIRECTION     W (290)
  HIGHEST GUST SPEED    19   HIGHEST GUST DIRECTION    NW (300)
  AVERAGE WIND SPEED     9.3



WEATHER CONDITIONS
 THE FOLLOWING WEATHER WAS RECORDED YESTERDAY.
  LIGHT RAIN
  FOG


RELATIVE HUMIDITY (PERCENT)
 HIGHEST   100
 LOWEST     86
 AVERAGE    93

..........................................................


THE MCALLEN CLIMATE NORMALS FOR TODAY
                         NORMAL    RECORD    YEAR
 MAXIMUM TEMPERATURE (F)   78        94      1953
                                             1997
 MINIMUM TEMPERATURE (F)   57        38      1960
                                             1962


SUNRISE AND SUNSET
MARCH  1 2015.........SUNRISE   657 AM CST   SUNSET   634 PM CST
MARCH  2 2015.........SUNRISE   656 AM CST   SUNSET   635 PM CST


-  INDICATES NEGATIVE NUMBERS.
R  INDICATES RECORD WAS SET OR TIED.
MM INDICATES DATA IS MISSING.
T  INDICATES TRACE AMOUNT.




$$
