000
CDUS44 KBRO 280631
CLIMFE


CLIMATE REPORT
NATIONAL WEATHER SERVICE BROWNSVILLE TX
130 AM CDT SAT MAY 28 2016


...................................

...THE MCALLEN CLIMATE SUMMARY FOR MAY 27 2016...

CLIMATE NORMAL PERIOD 1981 TO 2010
CLIMATE RECORD PERIOD 1961 TO 2016


WEATHER ITEM   OBSERVED TIME   RECORD YEAR NORMAL DEPARTURE LAST
                VALUE   (LST)  VALUE       VALUE  FROM      YEAR
                                                  NORMAL
..................................................................
TEMPERATURE (F)
 YESTERDAY
  MAXIMUM         97    241 PM 107    1973  94      3       94
  MINIMUM         80   1159 PM  58    1967  74      6       79
  AVERAGE         89                        84      5

PRECIPITATION (IN)
  YESTERDAY        0.00          1.00 1992   0.07  -0.07     0.00
  MONTH TO DATE    4.98                      1.93   3.05     3.76
  SINCE MAR 1      5.60                      4.30   1.30     9.74
  SINCE JAN 1      6.00                      6.46  -0.46    10.33

SNOWFALL (IN)
  YESTERDAY        0.0
  MONTH TO DATE    0.0
  SINCE MAR 1      0.0
  SINCE JUL 1      0.0

DEGREE DAYS
 HEATING
  YESTERDAY        0                         0      0        0
  MONTH TO DATE    0                         0      0        0
  SINCE MAR 1      7                        46    -39       66
  SINCE JUL 1    318                       579   -261      756

 COOLING
  YESTERDAY       24                        19      5       22
  MONTH TO DATE  507                       447     60      495
  SINCE MAR 1   1329                      1019    310     1091
  SINCE JAN 1   1534                      1178    356     1176
..................................................................


WIND (MPH)
  HIGHEST WIND SPEED    33   HIGHEST WIND DIRECTION    SE (140)
  HIGHEST GUST SPEED    43   HIGHEST GUST DIRECTION    SE (140)
  AVERAGE WIND SPEED    14.1



WEATHER CONDITIONS
 THE FOLLOWING WEATHER WAS RECORDED YESTERDAY.
  NO SIGNIFICANT WEATHER WAS OBSERVED.


RELATIVE HUMIDITY (PERCENT)
 HIGHEST    85
 LOWEST     55
 AVERAGE    70

..........................................................


THE MCALLEN CLIMATE NORMALS FOR TODAY
                         NORMAL    RECORD    YEAR
 MAXIMUM TEMPERATURE (F)   94        98      2011
                                             2001
                                             1996
 MINIMUM TEMPERATURE (F)   74        65      1976


SUNRISE AND SUNSET
MAY 28 2016...........SUNRISE   641 AM CDT   SUNSET   819 PM CDT
MAY 29 2016...........SUNRISE   641 AM CDT   SUNSET   820 PM CDT


-  INDICATES NEGATIVE NUMBERS.
R  INDICATES RECORD WAS SET OR TIED.
MM INDICATES DATA IS MISSING.
T  INDICATES TRACE AMOUNT.




$$
