000
CDUS44 KBRO 230630
CLIMFE


CLIMATE REPORT
NATIONAL WEATHER SERVICE BROWNSVILLE TX
129 AM CDT THU OCT 23 2014


...................................

...THE MCALLEN CLIMATE SUMMARY FOR OCTOBER 22 2014...

CLIMATE NORMAL PERIOD 1981 TO 2010
CLIMATE RECORD PERIOD 1941 TO 2014


WEATHER ITEM   OBSERVED TIME   RECORD YEAR NORMAL DEPARTURE LAST
                VALUE   (LST)  VALUE       VALUE  FROM      YEAR
                                                  NORMAL
..................................................................
TEMPERATURE (F)
 YESTERDAY
  MAXIMUM         85   1158 AM  95    1950  87     -2       81
                                      1957
  MINIMUM         71    722 AM  46    1976  66      5       68
  AVERAGE         78                        76      2

PRECIPITATION (IN)
  YESTERDAY        T             1.56 1958   0.07  -0.07     0.00
  MONTH TO DATE    0.62                      1.57  -0.95     0.14
  SINCE SEP 1     11.85                      6.04   5.81     6.36
  SINCE JAN 1     18.71                     19.61  -0.90    12.30

SNOWFALL (IN)
  YESTERDAY        0.0
  MONTH TO DATE    0.0
  SINCE SEP 1      0.0
  SINCE JUL 1      0.0

DEGREE DAYS
 HEATING
  YESTERDAY        0                         0      0        0
  MONTH TO DATE    0                         0      0        0
  SINCE SEP 1      0                         0      0        0
  SINCE JUL 1      0                         0      0        0

 COOLING
  YESTERDAY       13                        11      2       10
  MONTH TO DATE  334                       291     43      312
  SINCE SEP 1    861                       839     22      857
  SINCE JAN 1   4056                      4090    -34     4244
..................................................................


WIND (MPH)
  HIGHEST WIND SPEED    14   HIGHEST WIND DIRECTION    NE (60)
  HIGHEST GUST SPEED    21   HIGHEST GUST DIRECTION     E (70)
  AVERAGE WIND SPEED     6.8



WEATHER CONDITIONS
 THE FOLLOWING WEATHER WAS RECORDED YESTERDAY.
  LIGHT RAIN


RELATIVE HUMIDITY (PERCENT)
 HIGHEST    93
 LOWEST     58
 AVERAGE    76

..........................................................


THE MCALLEN CLIMATE NORMALS FOR TODAY
                         NORMAL    RECORD    YEAR
 MAXIMUM TEMPERATURE (F)   86        96      1942
                                             1950
 MINIMUM TEMPERATURE (F)   65        46      2007


SUNRISE AND SUNSET
OCTOBER 23 2014.......SUNRISE   736 AM CDT   SUNSET   658 PM CDT
OCTOBER 24 2014.......SUNRISE   737 AM CDT   SUNSET   657 PM CDT


-  INDICATES NEGATIVE NUMBERS.
R  INDICATES RECORD WAS SET OR TIED.
MM INDICATES DATA IS MISSING.
T  INDICATES TRACE AMOUNT.




$$
