000
CDUS44 KBRO 182254
CLIMFE


CLIMATE REPORT
NATIONAL WEATHER SERVICE BROWNSVILLE TX
454 PM CST THU JAN 18 2018


...................................

...THE MCALLEN CLIMATE SUMMARY FOR JANUARY 18 2018...
VALID TODAY AS OF 0400 PM LOCAL TIME.

CLIMATE NORMAL PERIOD 1981 TO 2010
CLIMATE RECORD PERIOD 1961 TO 2018


WEATHER ITEM   OBSERVED TIME   RECORD YEAR NORMAL DEPARTURE LAST
                VALUE   (LST)  VALUE       VALUE  FROM      YEAR
                                                  NORMAL
..................................................................
TEMPERATURE (F)
 TODAY
  MAXIMUM         40    359 PM  89    2011  71    -31       76
  MINIMUM         34R  1002 AM  34    1977  51    -17       60
  AVERAGE         37                        61    -24       68

PRECIPITATION (IN)
  TODAY            0.04          2.53 1978   0.03   0.01     0.11
  MONTH TO DATE    0.19                      0.59  -0.40     0.27
  SINCE DEC 1      1.42                      1.78  -0.36     0.90
  SINCE JAN 1      0.19                      0.59  -0.40     0.27

SNOWFALL (IN)
  TODAY           MM
  MONTH TO DATE    T
  SINCE DEC 1      0.3
  SINCE JUL 1      0.3
  SNOW DEPTH       0

DEGREE DAYS
 HEATING
  TODAY           28                         6     22        0
  MONTH TO DATE  198                       119     79       60
  SINCE DEC 1    410                       296    114      146
  SINCE JUL 1    439                       356     83      153

 COOLING
  TODAY            0                         2     -2        3
  MONTH TO DATE   13                        36    -23      131
  SINCE DEC 1    101                       119    -18      314
  SINCE JAN 1     13                        36    -23      131
..................................................................


WIND (MPH)
  HIGHEST WIND SPEED    14   HIGHEST WIND DIRECTION    NW (330)
  HIGHEST GUST SPEED    19   HIGHEST GUST DIRECTION    NW (320)
  AVERAGE WIND SPEED    10.8



WEATHER CONDITIONS
 THE FOLLOWING WEATHER WAS RECORDED TODAY.
  LIGHT RAIN
  FOG
  HAZE


..........................................................


THE MCALLEN CLIMATE NORMALS FOR TOMORROW
                         NORMAL    RECORD    YEAR
 MAXIMUM TEMPERATURE (F)   71        89      1990
 MINIMUM TEMPERATURE (F)   51        29      1977


SUNRISE AND SUNSET
JANUARY 18 2018.......SUNRISE   722 AM CST   SUNSET   605 PM CST
JANUARY 19 2018.......SUNRISE   721 AM CST   SUNSET   606 PM CST


-  INDICATES NEGATIVE NUMBERS.
R  INDICATES RECORD WAS SET OR TIED.
MM INDICATES DATA IS MISSING.
T  INDICATES TRACE AMOUNT.




$$
