000
CDUS44 KBRO 170726
CLIMFE


CLIMATE REPORT
NATIONAL WEATHER SERVICE BROWNSVILLE TX
126 AM CST FRI NOV 17 2017


...................................

...THE MCALLEN CLIMATE SUMMARY FOR NOVEMBER 16 2017...

CLIMATE NORMAL PERIOD 1981 TO 2010
CLIMATE RECORD PERIOD 1961 TO 2017


WEATHER ITEM   OBSERVED TIME   RECORD YEAR NORMAL DEPARTURE LAST
                VALUE   (LST)  VALUE       VALUE  FROM      YEAR
                                                  NORMAL
..................................................................
TEMPERATURE (F)
 YESTERDAY
  MAXIMUM         87    403 PM  93    2011  80      7       88
  MINIMUM         71   1159 PM  34    1970  59     12       58
  AVERAGE         79                        69     10

PRECIPITATION (IN)
  YESTERDAY        0.00          4.08 2001   0.02  -0.02     0.00
  MONTH TO DATE    2.99                      0.53   2.46     1.86
  SINCE SEP 1     11.57                      7.08   4.49     3.70
  SINCE JAN 1     18.36                     20.65  -2.29    13.00

SNOWFALL (IN)
  YESTERDAY        0.0
  MONTH TO DATE    0.0
  SINCE SEP 1      0.0
  SINCE JUL 1      0.0

DEGREE DAYS
 HEATING
  YESTERDAY        0                         2     -2        0
  MONTH TO DATE    9                        18     -9        0
  SINCE SEP 1     19                        23     -4        0
  SINCE JUL 1     19                        23     -4        0

 COOLING
  YESTERDAY       14                         6      8        8
  MONTH TO DATE  200                       121     79      195
  SINCE SEP 1   1259                      1052    207     1477
  SINCE JAN 1   5525                      4303   1222     5379
..................................................................


WIND (MPH)
  HIGHEST WIND SPEED    12   HIGHEST WIND DIRECTION    SE (130)
  HIGHEST GUST SPEED    17   HIGHEST GUST DIRECTION    SE (130)
  AVERAGE WIND SPEED     5.5



WEATHER CONDITIONS
 THE FOLLOWING WEATHER WAS RECORDED YESTERDAY.
  FOG
  FOG W/VISIBILITY <= 1/4 MILE


RELATIVE HUMIDITY (PERCENT)
 HIGHEST   100
 LOWEST     55
 AVERAGE    78

..........................................................


THE MCALLEN CLIMATE NORMALS FOR TODAY
                         NORMAL    RECORD    YEAR
 MAXIMUM TEMPERATURE (F)   80        91      2013
 MINIMUM TEMPERATURE (F)   59        40      2014
                                             2008


SUNRISE AND SUNSET
NOVEMBER 17 2017......SUNRISE   653 AM CST   SUNSET   543 PM CST
NOVEMBER 18 2017......SUNRISE   654 AM CST   SUNSET   542 PM CST


-  INDICATES NEGATIVE NUMBERS.
R  INDICATES RECORD WAS SET OR TIED.
MM INDICATES DATA IS MISSING.
T  INDICATES TRACE AMOUNT.




$$
