000
CDUS44 KBRO 150641
CLIMFE


CLIMATE REPORT
NATIONAL WEATHER SERVICE BROWNSVILLE TX
141 AM CDT MON SEP 15 2014


...................................

...THE MCALLEN CLIMATE SUMMARY FOR SEPTEMBER 14 2014...

CLIMATE NORMAL PERIOD 1981 TO 2010
CLIMATE RECORD PERIOD 1941 TO 2014


WEATHER ITEM   OBSERVED TIME   RECORD YEAR NORMAL DEPARTURE LAST
                VALUE   (LST)  VALUE       VALUE  FROM      YEAR
                                                  NORMAL
..................................................................
TEMPERATURE (F)
 YESTERDAY
  MAXIMUM         83    322 PM 101    2011  93    -10       90
  MINIMUM         71    858 AM  60    1945  74     -3       76
  AVERAGE         77                        84     -7

PRECIPITATION (IN)
  YESTERDAY        0.51          3.19 1951   0.17   0.34     0.05
  MONTH TO DATE    6.22                      2.29   3.93     2.53
  SINCE SEP 1      6.22                      2.29   3.93     2.53
  SINCE JAN 1     13.08                     15.86  -2.78     8.47

SNOWFALL (IN)
  YESTERDAY        0.0
  MONTH TO DATE    0.0
  SINCE SEP 1      0.0
  SINCE JUL 1      0.0

DEGREE DAYS
 HEATING
  YESTERDAY        0                         0      0        0
  MONTH TO DATE    0                         0      0        0
  SINCE SEP 1      0                         0      0        0
  SINCE JUL 1      0                         0      0        0

 COOLING
  YESTERDAY       12                        19     -7       18
  MONTH TO DATE  261                       279    -18      267
  SINCE SEP 1    261                       279    -18      267
  SINCE JAN 1   3456                      3530    -74     3654
..................................................................


WIND (MPH)
  HIGHEST WIND SPEED    14   HIGHEST WIND DIRECTION     N (10)
  HIGHEST GUST SPEED    18   HIGHEST GUST DIRECTION     N (360)
  AVERAGE WIND SPEED     7.4



WEATHER CONDITIONS
 THE FOLLOWING WEATHER WAS RECORDED YESTERDAY.
  HEAVY RAIN
  RAIN
  LIGHT RAIN
  FOG
  HAZE


RELATIVE HUMIDITY (PERCENT)
 HIGHEST   100
 LOWEST     79
 AVERAGE    90

..........................................................


THE MCALLEN CLIMATE NORMALS FOR TODAY
                         NORMAL    RECORD    YEAR
 MAXIMUM TEMPERATURE (F)   93       103      2009
 MINIMUM TEMPERATURE (F)   74        59      1945


SUNRISE AND SUNSET
SEPTEMBER 15 2014.....SUNRISE   719 AM CDT   SUNSET   737 PM CDT
SEPTEMBER 16 2014.....SUNRISE   719 AM CDT   SUNSET   736 PM CDT


-  INDICATES NEGATIVE NUMBERS.
R  INDICATES RECORD WAS SET OR TIED.
MM INDICATES DATA IS MISSING.
T  INDICATES TRACE AMOUNT.




$$
