000
CDUS46 KMFR 031235
CLIMFR

CLIMATE REPORT
NATIONAL WEATHER SERVICE MEDFORD, OR
434 AM PST TUE MAR 3 2015


...................................

...THE MEDFORD OR CLIMATE SUMMARY FOR MARCH 2 2015...

CLIMATE NORMAL PERIOD 1981 TO 2010
CLIMATE RECORD PERIOD 1911 TO 2015


WEATHER ITEM   OBSERVED TIME   RECORD YEAR NORMAL DEPARTURE LAST
                VALUE   (LST)  VALUE       VALUE  FROM      YEAR
                                                  NORMAL
..................................................................
TEMPERATURE (F)
 YESTERDAY
  MAXIMUM         57    339 PM  73    1936  58     -1       61
  MINIMUM         39    646 AM  16    1917  35      4       47
  AVERAGE         48                        46      2       54

PRECIPITATION (IN)
  YESTERDAY        0.00          0.81 1972   0.07  -0.07     0.01
  MONTH TO DATE    0.00                      0.14  -0.14     0.05
  SINCE OCT 1     11.30                     12.22  -0.92     7.06
  SINCE JAN 1      4.45                      4.58  -0.13     5.38

SNOWFALL (IN)
  YESTERDAY        0.0                       0.1   -0.1      0.0
  MONTH TO DATE    0.0                       0.1   -0.1      0.0
  SINCE JUL 1      T                         3.7   -3.7      3.4
  SNOW DEPTH       0

DEGREE DAYS
 HEATING
  YESTERDAY       17                        19     -2       11
  MONTH TO DATE   39                        38      1       22
  SINCE MAR 1     39                        38      1       22
  SINCE JUL 1   2479                      3152   -673     3392

 COOLING
  YESTERDAY        0                         0      0        0
  MONTH TO DATE    0                         0      0        0
  SINCE MAR 1      0                         0      0        0
  SINCE JAN 1      0                         0      0        0
..................................................................


WIND (MPH)
  HIGHEST WIND SPEED    16   HIGHEST WIND DIRECTION    NW (320)
  HIGHEST GUST SPEED    22   HIGHEST GUST DIRECTION    NW (330)
  AVERAGE WIND SPEED     3.2


SKY COVER
  POSSIBLE SUNSHINE  MM
  AVERAGE SKY COVER 0.5


WEATHER CONDITIONS
 THE FOLLOWING WEATHER WAS RECORDED YESTERDAY.
  NO SIGNIFICANT WEATHER WAS OBSERVED.


RELATIVE HUMIDITY (PERCENT)
 HIGHEST    79           600 AM
 LOWEST     35           200 PM
 AVERAGE    57

..........................................................


THE MEDFORD OR CLIMATE NORMALS FOR TODAY
                         NORMAL    RECORD    YEAR
 MAXIMUM TEMPERATURE (F)   58        74      1986
 MINIMUM TEMPERATURE (F)   36        18      1923


SUNRISE AND SUNSET
MARCH  3 2015.........SUNRISE   644 AM PST   SUNSET   604 PM PST
MARCH  4 2015.........SUNRISE   642 AM PST   SUNSET   605 PM PST


-  INDICATES NEGATIVE NUMBERS.
R  INDICATES RECORD WAS SET OR TIED.
MM INDICATES DATA IS MISSING.
T  INDICATES TRACE AMOUNT.



&&

LOW TEMPERATURE THIS MORNING....39
24-HOUR PRECIPITATION.........NONE

$$
