000
CDUS46 KMFR 120037
CLIMFR


CLIMATE REPORT
NATIONAL WEATHER SERVICE MEDFORD, OR
436 PM PST THU FEB 11 2016


...................................

...THE MEDFORD OR CLIMATE SUMMARY FOR FEBRUARY 11 2016...
VALID TODAY AS OF 0400 PM LOCAL TIME.

CLIMATE NORMAL PERIOD 1981 TO 2010
CLIMATE RECORD PERIOD 1911 TO 2016


WEATHER ITEM   OBSERVED TIME   RECORD YEAR NORMAL DEPARTURE LAST
                VALUE   (LST)  VALUE       VALUE  FROM      YEAR
                                                  NORMAL
..................................................................
TEMPERATURE (F)
 TODAY
  MAXIMUM         67    355 PM  69    1996  54     13       58
  MINIMUM         44    335 AM  19    1976  34     10       38
                                      1929
  AVERAGE         56                        44     12       48

PRECIPITATION (IN)
  TODAY            T             0.86 1941   0.07  -0.07     0.00
  MONTH TO DATE    0.25                      0.79  -0.54     2.68
  SINCE OCT 1     14.23                     10.86   3.37    10.78
  SINCE JAN 1      4.47                      3.22   1.25     3.93

SNOWFALL (IN)
  TODAY           MM                         0.1   MM        0.0
  MONTH TO DATE    1.2                       0.3    0.9      0.0
  SINCE JUL 1      1.9                       3.3   -1.4       T
  SNOW DEPTH       0

DEGREE DAYS
 HEATING
  TODAY            9                        21    -12       17
  MONTH TO DATE  192                       242    -50      163
  SINCE DEC 1   1565                      1805   -240     1458
  SINCE JUL 1   2369                      2774   -405     2132

 COOLING
  TODAY            0                         0      0        0
  MONTH TO DATE    0                         0      0        0
  SINCE DEC 1      0                         0      0        0
  SINCE JAN 1      0                         0      0        0
..................................................................


WIND (MPH)
  HIGHEST WIND SPEED     6   HIGHEST WIND DIRECTION    NW (320)
  HIGHEST GUST SPEED     7   HIGHEST GUST DIRECTION    NW (320)
  AVERAGE WIND SPEED     1.5


SKY COVER
  POSSIBLE SUNSHINE  MM
  AVERAGE SKY COVER 0.3


WEATHER CONDITIONS
 THE FOLLOWING WEATHER WAS RECORDED TODAY.
  LIGHT RAIN


RELATIVE HUMIDITY (PERCENT)
 HIGHEST    86           200 AM
 LOWEST     40           300 PM
 AVERAGE    63

..........................................................


THE MEDFORD OR CLIMATE NORMALS FOR TOMORROW
                         NORMAL    RECORD    YEAR
 MAXIMUM TEMPERATURE (F)   54        70      1996
 MINIMUM TEMPERATURE (F)   34        18      1948
                                             1929


SUNRISE AND SUNSET
FEBRUARY 11 2016......SUNRISE   714 AM PST   SUNSET   538 PM PST
FEBRUARY 12 2016......SUNRISE   712 AM PST   SUNSET   539 PM PST


-  INDICATES NEGATIVE NUMBERS.
R  INDICATES RECORD WAS SET OR TIED.
MM INDICATES DATA IS MISSING.
T  INDICATES TRACE AMOUNT.




$$
