000
CDUS46 KMFR 051205
CLIMFR

CLIMATE REPORT
NATIONAL WEATHER SERVICE MEDFORD, OR
505 AM PDT SAT SEP 5 2015


...................................

...THE MEDFORD OR CLIMATE SUMMARY FOR SEPTEMBER 4 2015...

CLIMATE NORMAL PERIOD 1981 TO 2010
CLIMATE RECORD PERIOD 1911 TO 2015


WEATHER ITEM   OBSERVED TIME   RECORD YEAR NORMAL DEPARTURE LAST
                VALUE   (LST)  VALUE       VALUE  FROM      YEAR
                                                  NORMAL
..................................................................
TEMPERATURE (F)
 YESTERDAY
  MAXIMUM         69    325 PM 107    1955  87    -18       93
  MINIMUM         45    616 AM  39    1921  53     -8       47
  AVERAGE         57                        70    -13       70

PRECIPITATION (IN)
  YESTERDAY        0.11          0.33 1952   0.02   0.09     0.00
                                      1937
  MONTH TO DATE    0.11                      0.06   0.05     0.00
  SINCE OCT 1     14.43                     17.84  -3.41    13.07
  SINCE JAN 1      7.58                     10.20  -2.62    11.39

SNOWFALL (IN)
  YESTERDAY       MM                         0.0   MM        0.0
  MONTH TO DATE    0.0                       0.0    0.0      0.0
  SINCE JUL 1      0.0                       0.0    0.0      0.0
  SNOW DEPTH       0

DEGREE DAYS
 HEATING
  YESTERDAY        8                         1      7        0
  MONTH TO DATE    9                         4      5        0
  SINCE SEP 1      9                         4      5        0
  SINCE JUL 1      9                        14     -5        0

 COOLING
  YESTERDAY        0                         6     -6        5
  MONTH TO DATE    7                        24    -17       27
  SINCE SEP 1      7                        24    -17       27
  SINCE JAN 1   1137                       731    406     1041
..................................................................


WIND (MPH)
  HIGHEST WIND SPEED    22   HIGHEST WIND DIRECTION    NW (330)
  HIGHEST GUST SPEED    29   HIGHEST GUST DIRECTION     N (340)
  AVERAGE WIND SPEED     4.0


SKY COVER
  POSSIBLE SUNSHINE  MM
  AVERAGE SKY COVER 0.5


WEATHER CONDITIONS
 THE FOLLOWING WEATHER WAS RECORDED YESTERDAY.
  THUNDERSTORM
  HEAVY RAIN
  RAIN
  LIGHT RAIN


RELATIVE HUMIDITY (PERCENT)
 HIGHEST    71           400 AM
 LOWEST     44           100 PM
 AVERAGE    58

..........................................................


THE MEDFORD OR CLIMATE NORMALS FOR TODAY
                         NORMAL    RECORD    YEAR
 MAXIMUM TEMPERATURE (F)   86       103      1975
                                             1944
 MINIMUM TEMPERATURE (F)   53        40      1954


SUNRISE AND SUNSET
SEPTEMBER  5 2015.....SUNRISE   641 AM PDT   SUNSET   739 PM PDT
SEPTEMBER  6 2015.....SUNRISE   642 AM PDT   SUNSET   737 PM PDT


-  INDICATES NEGATIVE NUMBERS.
R  INDICATES RECORD WAS SET OR TIED.
MM INDICATES DATA IS MISSING.
T  INDICATES TRACE AMOUNT.

&&

LOW TEMPERATURE THIS MORNING...48 DEGREES
24-HOUR PRECIPITATION..........0

$$
