000
CDUS46 KMFR 020837
CLIMFR


CLIMATE REPORT
NATIONAL WEATHER SERVICE MEDFORD, OR
137 AM PDT MON MAY 2 2016


...................................

...THE MEDFORD OR CLIMATE SUMMARY FOR MAY 1 2016...

CLIMATE NORMAL PERIOD 1981 TO 2010
CLIMATE RECORD PERIOD 1911 TO 2016


WEATHER ITEM   OBSERVED TIME   RECORD YEAR NORMAL DEPARTURE LAST
                VALUE   (LST)  VALUE       VALUE  FROM      YEAR
                                                  NORMAL
..................................................................
TEMPERATURE (F)
 YESTERDAY
  MAXIMUM         82    622 PM  92    1946  69     13       87
  MINIMUM         40    444 AM  28    1954  43     -3       45
  AVERAGE         61                        56      5       66

PRECIPITATION (IN)
  YESTERDAY        0.00          0.58 1912   0.04  -0.04     0.00
  MONTH TO DATE    0.00                      0.04  -0.04     0.00
  SINCE OCT 1     18.42                     15.21   3.21    13.35
  SINCE JAN 1      8.66                      7.57   1.09     6.50

SNOWFALL (IN)
  YESTERDAY        0.0                       0.0    0.0      0.0
  MONTH TO DATE    0.0                       0.0    0.0      0.0
  SINCE JUL 1      1.9                       4.1   -2.2       T
  SNOW DEPTH       0

DEGREE DAYS
 HEATING
  YESTERDAY        4                         9     -5        0
  MONTH TO DATE    4                         9     -5        0
  SINCE MAR 1    659                       894   -235      689
  SINCE JUL 1   3333                      4008   -675     3129

 COOLING
  YESTERDAY        0                         0      0        1
  MONTH TO DATE    0                         0      0        1
  SINCE MAR 1     17                         3     14        1
  SINCE JAN 1     17                         3     14        1
..................................................................


WIND (MPH)
  HIGHEST WIND SPEED    23   HIGHEST WIND DIRECTION    SE (150)
  HIGHEST GUST SPEED    28   HIGHEST GUST DIRECTION    SE (130)
  AVERAGE WIND SPEED     4.4


SKY COVER
  POSSIBLE SUNSHINE  MM
  AVERAGE SKY COVER 0.0


WEATHER CONDITIONS
 THE FOLLOWING WEATHER WAS RECORDED YESTERDAY.
  FOG


RELATIVE HUMIDITY (PERCENT)
 HIGHEST    92           400 AM
 LOWEST     17           400 PM
 AVERAGE    55

..........................................................


THE MEDFORD OR CLIMATE NORMALS FOR TODAY
                         NORMAL    RECORD    YEAR
 MAXIMUM TEMPERATURE (F)   69        91      1946
                                             1945
 MINIMUM TEMPERATURE (F)   43        28      1913


SUNRISE AND SUNSET
MAY  2 2016...........SUNRISE   605 AM PDT   SUNSET   813 PM PDT
MAY  3 2016...........SUNRISE   603 AM PDT   SUNSET   814 PM PDT


-  INDICATES NEGATIVE NUMBERS.
R  INDICATES RECORD WAS SET OR TIED.
MM INDICATES DATA IS MISSING.
T  INDICATES TRACE AMOUNT.




$$
