000
CDUS46 KMFR 011901
CLIMFR

CLIMATE REPORT
NATIONAL WEATHER SERVICE MEDFORD, OR
1200 PM PDT WED JUL 1 2015


...................................

...THE MEDFORD OR CLIMATE SUMMARY FOR JUNE 30 2015...

CLIMATE NORMAL PERIOD 1981 TO 2010
CLIMATE RECORD PERIOD 1911 TO 2015


WEATHER ITEM   OBSERVED TIME   RECORD YEAR NORMAL DEPARTURE LAST
                VALUE   (LST)  VALUE       VALUE  FROM      YEAR
                                                  NORMAL
..................................................................
TEMPERATURE (F)
 YESTERDAY
  MAXIMUM        103    427 PM 105    1942  86     17       99
  MINIMUM         67    512 AM  40    1919  55     12       55
  AVERAGE         85                        71     14       77

PRECIPITATION (IN)
  YESTERDAY        0.00          0.98 1992   0.01  -0.01     0.00
  MONTH TO DATE    0.31                      0.62  -0.31     0.54
  SINCE OCT 1     13.99                     17.10  -3.11    12.34
  SINCE JAN 1      7.14                      9.46  -2.32    10.66

SNOWFALL (IN)
  YESTERDAY        0.0                       0.0    0.0      0.0
  MONTH TO DATE    0.0                       0.0    0.0      0.0
  SINCE JUL 1      T                         4.1   -4.1      3.4
  SNOW DEPTH       0

DEGREE DAYS
 HEATING
  YESTERDAY        0                         1     -1        0
  MONTH TO DATE   10                        55    -45       22
  SINCE JUN 1     10                        54    -44       22
  SINCE JUL 1   3246                      4251  -1005     4179

 COOLING
  YESTERDAY       20                         6     14       12
  MONTH TO DATE  311                       108    203      111
  SINCE JUN 1    311                       108    203      111
  SINCE JAN 1    356                       146    210      167
..................................................................


WIND (MPH)
  HIGHEST WIND SPEED    17   HIGHEST WIND DIRECTION     N (350)
  HIGHEST GUST SPEED    23   HIGHEST GUST DIRECTION     N (350)
  AVERAGE WIND SPEED     3.5


SKY COVER
  POSSIBLE SUNSHINE  MM
  AVERAGE SKY COVER 0.0


WEATHER CONDITIONS
 THE FOLLOWING WEATHER WAS RECORDED YESTERDAY.
  NO SIGNIFICANT WEATHER WAS OBSERVED.


RELATIVE HUMIDITY (PERCENT)
 HIGHEST    73           500 AM
 LOWEST     19           400 PM
 AVERAGE    46

..........................................................


THE MEDFORD OR CLIMATE NORMALS FOR TODAY
                         NORMAL    RECORD    YEAR
 MAXIMUM TEMPERATURE (F)   87       108      1942
 MINIMUM TEMPERATURE (F)   55        38      1976


SUNRISE AND SUNSET
JULY  1 2015..........SUNRISE   538 AM PDT   SUNSET   852 PM PDT
JULY  2 2015..........SUNRISE   539 AM PDT   SUNSET   852 PM PDT


-  INDICATES NEGATIVE NUMBERS.
R  INDICATES RECORD WAS SET OR TIED.
MM INDICATES DATA IS MISSING.
T  INDICATES TRACE AMOUNT.

&&

LOW TEMPERATURE THIS MORNING...67 DEGREES
24 HOUR PRECIPITATION..........0

$$
