000
CDUS44 KBMX 060720
CLIMGM


CLIMATE REPORT
NATIONAL WEATHER SERVICE BIRMINGHAM, AL
118 AM CST FRI MAR 6 2015


...................................

...THE MONTGOMERY CLIMATE SUMMARY FOR MARCH 5 2015...

CLIMATE NORMAL PERIOD 1981 TO 2010
CLIMATE RECORD PERIOD 1994 TO 2015


WEATHER ITEM   OBSERVED TIME   RECORD YEAR NORMAL DEPARTURE LAST
                VALUE   (LST)  VALUE       VALUE  FROM      YEAR
                                                  NORMAL
..................................................................
TEMPERATURE (F)
 YESTERDAY
  MAXIMUM         72    105 AM  85    1989  67      5       64
                                      1880
  MINIMUM         31   1159 PM  20    2002  43    -12       41
  AVERAGE         52                        55     -3       53

PRECIPITATION (IN)
  YESTERDAY        T             2.37 1983   0.19  -0.19     0.00
  MONTH TO DATE    0.18                      0.96  -0.78     0.34
  SINCE MAR 1      0.18                      0.96  -0.78     0.34
  SINCE JAN 1      7.84                     10.89  -3.05     8.01

SNOWFALL (IN)
  YESTERDAY        0.0                       0.1   -0.1      0.0
  MONTH TO DATE    0.0                       0.1   -0.1      0.0
  SINCE MAR 1      0.0                       0.1   -0.1      0.0
  SINCE JUL 1      0.0                       0.2   -0.2      0.5
  SNOW DEPTH       0

DEGREE DAYS
 HEATING
  YESTERDAY       13                        10      3       12
  MONTH TO DATE   36                        54    -18       60
  SINCE MAR 1     36                        54    -18       60
  SINCE JUL 1   2006                      1926     80     2018

 COOLING
  YESTERDAY        0                         0      0        0
  MONTH TO DATE   12                         0     12        0
  SINCE MAR 1     12                         0     12        0
  SINCE JAN 1     12                         6      6        7
..................................................................


WIND (MPH)
  HIGHEST WIND SPEED    24   HIGHEST WIND DIRECTION    NW (330)
  HIGHEST GUST SPEED    31   HIGHEST GUST DIRECTION    NW (320)
  AVERAGE WIND SPEED    13.4


SKY COVER
  AVERAGE SKY COVER 0.9


WEATHER CONDITIONS
 THE FOLLOWING WEATHER WAS RECORDED YESTERDAY.
  LIGHT RAIN
  FOG


RELATIVE HUMIDITY (PERCENT)
 HIGHEST    90           500 AM
 LOWEST     69           900 PM
 AVERAGE    80

..........................................................


THE MONTGOMERY CLIMATE NORMALS FOR TODAY
                         NORMAL    RECORD    YEAR
 MAXIMUM TEMPERATURE (F)   67        85      1956
 MINIMUM TEMPERATURE (F)   43        22      1960


SUNRISE AND SUNSET
MARCH  6 2015.........SUNRISE   607 AM CST   SUNSET   547 PM CST
MARCH  7 2015.........SUNRISE   606 AM CST   SUNSET   548 PM CST


-  INDICATES NEGATIVE NUMBERS.
R  INDICATES RECORD WAS SET OR TIED.
MM INDICATES DATA IS MISSING.
T  INDICATES TRACE AMOUNT.




$$
