235
CDUS44 KBMX 220834
CLIMGM


CLIMATE REPORT
NATIONAL WEATHER SERVICE BIRMINGHAM, AL
233 AM CST MON JAN 22 2018


...................................

...THE MONTGOMERY CLIMATE SUMMARY FOR JANUARY 21 2018...

CLIMATE NORMAL PERIOD 1981 TO 2010
CLIMATE RECORD PERIOD 1872 TO 2018


WEATHER ITEM   OBSERVED TIME   RECORD YEAR NORMAL DEPARTURE LAST
                VALUE   (LST)  VALUE       VALUE  FROM      YEAR
                                                  NORMAL
..................................................................
TEMPERATURE (F)
 YESTERDAY
  MAXIMUM         72    329 PM  81    1999  58     14       72
  MINIMUM         35    509 AM   0    1985  36     -1       61
  AVERAGE         54                        47      7       67

PRECIPITATION (IN)
  YESTERDAY        0.00          2.06 2017   0.16  -0.16     2.06
  MONTH TO DATE    0.87                      2.97  -2.10    10.11
  SINCE DEC 1      3.48                      7.83  -4.35    14.22
  SINCE JAN 1      0.87                      2.97  -2.10    10.11

SNOWFALL (IN)
  YESTERDAY        0.0                       0.0    0.0      0.0
  MONTH TO DATE    0.0                       0.0    0.0      0.0
  SINCE DEC 1      T                         0.1   -0.1      0.0
  SINCE JUL 1      T                         0.1   -0.1      0.0
  SNOW DEPTH       0

DEGREE DAYS
 HEATING
  YESTERDAY       11                        18     -7        0
  MONTH TO DATE  531                       398    133      181
  SINCE DEC 1   1043                       915    128      530
  SINCE JUL 1   1378                      1286     92      705
..................................................................


WIND (MPH)
  HIGHEST WIND SPEED    12   HIGHEST WIND DIRECTION     E (110)
  HIGHEST GUST SPEED    15   HIGHEST GUST DIRECTION    SE (130)
  AVERAGE WIND SPEED     4.7


SKY COVER
  AVERAGE SKY COVER 0.0


WEATHER CONDITIONS
 THE FOLLOWING WEATHER WAS RECORDED YESTERDAY.
  NO SIGNIFICANT WEATHER WAS OBSERVED.


RELATIVE HUMIDITY (PERCENT)
 HIGHEST    92           700 AM
 LOWEST     35           200 PM
 AVERAGE    64

..........................................................


THE MONTGOMERY CLIMATE NORMALS FOR TODAY
                         NORMAL    RECORD    YEAR
 MAXIMUM TEMPERATURE (F)   58        81      1937
 MINIMUM TEMPERATURE (F)   36        12      1985


SUNRISE AND SUNSET
JANUARY 22 2018.......SUNRISE   645 AM CST   SUNSET   510 PM CST
JANUARY 23 2018.......SUNRISE   645 AM CST   SUNSET   511 PM CST


-  INDICATES NEGATIVE NUMBERS.
R  INDICATES RECORD WAS SET OR TIED.
MM INDICATES DATA IS MISSING.
T  INDICATES TRACE AMOUNT.




$$
