000
CDUS44 KBMX 260022
CLIMGM


CLIMATE REPORT
NATIONAL WEATHER SERVICE BIRMINGHAM, AL
721 PM CDT FRI JUL 25 2014


...................................

...THE MONTGOMERY CLIMATE SUMMARY FOR JULY 25 2014...
VALID TODAY AS OF 0700 PM LOCAL TIME.

CLIMATE NORMAL PERIOD 1981 TO 2010
CLIMATE RECORD PERIOD 1872 TO 2014


WEATHER ITEM   OBSERVED TIME   RECORD YEAR NORMAL DEPARTURE LAST
                VALUE   (LST)  VALUE       VALUE  FROM      YEAR
                                                  NORMAL
..................................................................
TEMPERATURE (F)
 TODAY
  MAXIMUM         93    328 PM 105    1952  92      1       90
  MINIMUM         75    546 AM  64    1882  72      3       71
  AVERAGE         84                        82      2       81

PRECIPITATION (IN)
  TODAY            T             2.39 1975   0.15  -0.15     0.00
  MONTH TO DATE    2.28                      4.36  -2.08     8.26
  SINCE JUN 1      7.45                      8.43  -0.98    12.11
  SINCE JAN 1     36.34                     31.87   4.47    37.82

DEGREE DAYS
 COOLING
  TODAY           19                        17      2       16
  MONTH TO DATE  414                       419     -5      379
  SINCE JUN 1    886                       838     48      870
  SINCE JAN 1   1252                      1177     75     1229
..................................................................


WIND (MPH)
  HIGHEST WIND SPEED     9   HIGHEST WIND DIRECTION    SW (210)
  HIGHEST GUST SPEED    21   HIGHEST GUST DIRECTION     S (200)
  AVERAGE WIND SPEED     2.7


SKY COVER
  AVERAGE SKY COVER 0.5


WEATHER CONDITIONS
 THE FOLLOWING WEATHER WAS RECORDED TODAY.
  FOG
  HAZE


RELATIVE HUMIDITY (PERCENT)
 HIGHEST    94           600 AM
 LOWEST     49           200 PM
 AVERAGE    72

..........................................................


THE MONTGOMERY CLIMATE NORMALS FOR TOMORROW
                         NORMAL    RECORD    YEAR
 MAXIMUM TEMPERATURE (F)   92       100      1987
 MINIMUM TEMPERATURE (F)   72        63      1911


SUNRISE AND SUNSET
JULY 25 2014..........SUNRISE   556 AM CDT   SUNSET   748 PM CDT
JULY 26 2014..........SUNRISE   556 AM CDT   SUNSET   747 PM CDT


-  INDICATES NEGATIVE NUMBERS.
R  INDICATES RECORD WAS SET OR TIED.
MM INDICATES DATA IS MISSING.
T  INDICATES TRACE AMOUNT.




$$
