000
CDUS44 KBMX 300948
CLIMGM


CLIMATE REPORT
NATIONAL WEATHER SERVICE BIRMINGHAM, AL
447 AM CDT THU OCT 30 2014


...................................

...THE MONTGOMERY CLIMATE SUMMARY FOR OCTOBER 29 2014...

CLIMATE NORMAL PERIOD 1981 TO 2010
CLIMATE RECORD PERIOD 1872 TO 2014


WEATHER ITEM   OBSERVED TIME   RECORD YEAR NORMAL DEPARTURE LAST
                VALUE   (LST)  VALUE       VALUE  FROM      YEAR
                                                  NORMAL
..................................................................
TEMPERATURE (F)
 YESTERDAY
  MAXIMUM         79    117 PM  87    2004  75      4       84
                                      1984
  MINIMUM         55   1159 PM  31    2008  49      6       52
  AVERAGE         67                        62      5       68

PRECIPITATION (IN)
  YESTERDAY        0.01          3.07 1993   0.10  -0.09     0.00
  MONTH TO DATE    2.13                      2.72  -0.59     0.43
  SINCE SEP 1      2.75                      6.69  -3.94     1.91
  SINCE JAN 1     42.50                     43.40  -0.90    44.92

SNOWFALL (IN)
  YESTERDAY        0.0                       0.0    0.0      0.0
  MONTH TO DATE    0.0                       0.0    0.0      0.0
  SINCE SEP 1      0.0                       0.0    0.0      0.0
  SINCE JUL 1      0.0                       0.0    0.0      0.0
  SNOW DEPTH       0

DEGREE DAYS
 HEATING
  YESTERDAY        0                         5     -5        0
  MONTH TO DATE   33                        77    -44       60
  SINCE SEP 1     33                        81    -48       60
  SINCE JUL 1     33                        81    -48       60

 COOLING
  YESTERDAY        2                         2      0        3
  MONTH TO DATE  147                       112     35      146
  SINCE SEP 1    592                       453    139      548
  SINCE JAN 1   2491                      2242    249     2370
..................................................................


WIND (MPH)
  HIGHEST WIND SPEED    17   HIGHEST WIND DIRECTION    NW (320)
  HIGHEST GUST SPEED    20   HIGHEST GUST DIRECTION    NW (320)
  AVERAGE WIND SPEED     4.1


SKY COVER
  AVERAGE SKY COVER 0.5


WEATHER CONDITIONS
 THE FOLLOWING WEATHER WAS RECORDED YESTERDAY.
  RAIN
  FOG
  HAZE


RELATIVE HUMIDITY (PERCENT)
 HIGHEST    93           500 AM
 LOWEST     60           300 PM
 AVERAGE    77

..........................................................


THE MONTGOMERY CLIMATE NORMALS FOR TODAY
                         NORMAL    RECORD    YEAR
 MAXIMUM TEMPERATURE (F)   74        88      1984
 MINIMUM TEMPERATURE (F)   49        26      1952


SUNRISE AND SUNSET
OCTOBER 30 2014.......SUNRISE   701 AM CDT   SUNSET   557 PM CDT
OCTOBER 31 2014.......SUNRISE   702 AM CDT   SUNSET   556 PM CDT


-  INDICATES NEGATIVE NUMBERS.
R  INDICATES RECORD WAS SET OR TIED.
MM INDICATES DATA IS MISSING.
T  INDICATES TRACE AMOUNT.




$$
