000
CDUS44 KBMX 271042
CLIMGM


CLIMATE REPORT
NATIONAL WEATHER SERVICE BIRMINGHAM, AL
541 AM CDT WED AUG 27 2014


...................................

...THE MONTGOMERY CLIMATE SUMMARY FOR AUGUST 26 2014...

CLIMATE NORMAL PERIOD 1981 TO 2010
CLIMATE RECORD PERIOD 1872 TO 2014


WEATHER ITEM   OBSERVED TIME   RECORD YEAR NORMAL DEPARTURE LAST
                VALUE   (LST)  VALUE       VALUE  FROM      YEAR
                                                  NORMAL
..................................................................
TEMPERATURE (F)
 YESTERDAY
  MAXIMUM         92    300 PM 102    2011  91      1       87
                                      1943
  MINIMUM         68    347 AM  60    1966  70     -2       64
  AVERAGE         80                        81     -1       76

PRECIPITATION (IN)
  YESTERDAY        0.00          2.05 1985   0.12  -0.12     0.00
  MONTH TO DATE    3.29                      3.33  -0.04     2.78
  SINCE JUN 1     10.74                     12.64  -1.90    15.99
  SINCE JAN 1     39.63                     36.08   3.55    41.70

DEGREE DAYS
 COOLING
  YESTERDAY       15                        16     -1       11
  MONTH TO DATE  468                       434     34      419
  SINCE JUN 1   1448                      1374     74     1386
  SINCE JAN 1   1814                      1713    101     1745
..................................................................


WIND (MPH)
  HIGHEST WIND SPEED    15   HIGHEST WIND DIRECTION     E (80)
  HIGHEST GUST SPEED    20   HIGHEST GUST DIRECTION     E (80)
  AVERAGE WIND SPEED     5.8


SKY COVER
  AVERAGE SKY COVER 0.1


WEATHER CONDITIONS
 THE FOLLOWING WEATHER WAS RECORDED YESTERDAY.
  NO SIGNIFICANT WEATHER WAS OBSERVED.


RELATIVE HUMIDITY (PERCENT)
 HIGHEST    79          1200 AM
 LOWEST     37           600 PM
 AVERAGE    58

..........................................................


THE MONTGOMERY CLIMATE NORMALS FOR TODAY
                         NORMAL    RECORD    YEAR
 MAXIMUM TEMPERATURE (F)   91       101      1954
                                             1938
 MINIMUM TEMPERATURE (F)   70        59      1952


SUNRISE AND SUNSET
AUGUST 27 2014........SUNRISE   617 AM CDT   SUNSET   716 PM CDT
AUGUST 28 2014........SUNRISE   618 AM CDT   SUNSET   715 PM CDT


-  INDICATES NEGATIVE NUMBERS.
R  INDICATES RECORD WAS SET OR TIED.
MM INDICATES DATA IS MISSING.
T  INDICATES TRACE AMOUNT.




$$
