000
CDUS44 KBMX 171008
CLIMGM


CLIMATE REPORT
NATIONAL WEATHER SERVICE BIRMINGHAM, AL
502 AM CDT WED SEP 17 2014


...................................

...THE MONTGOMERY CLIMATE SUMMARY FOR SEPTEMBER 16 2014...

CLIMATE NORMAL PERIOD 1981 TO 2010
CLIMATE RECORD PERIOD 1872 TO 2014


WEATHER ITEM   OBSERVED TIME   RECORD YEAR NORMAL DEPARTURE LAST
                VALUE   (LST)  VALUE       VALUE  FROM      YEAR
                                                  NORMAL
..................................................................
TEMPERATURE (F)
 YESTERDAY
  MAXIMUM         92   1200 PM 101    1927  87      5       94
  MINIMUM         73    610 AM  51    1961  65      8       70
  AVERAGE         83                        76      7       82

PRECIPITATION (IN)
  YESTERDAY        0.00          5.07 2004   0.13  -0.13     0.00
  MONTH TO DATE    0.51                      2.21  -1.70     0.10
  SINCE SEP 1      0.51                      2.21  -1.70     0.10
  SINCE JAN 1     40.26                     38.92   1.34    43.11

DEGREE DAYS
 HEATING
  YESTERDAY        0                         0      0        0
  MONTH TO DATE    0                         0      0        0
  SINCE SEP 1      0                         0      0        0
  SINCE JUL 1      0                         0      0        0

 COOLING
  YESTERDAY       18                        11      7       17
  MONTH TO DATE  290                       214     76      259
  SINCE SEP 1    290                       214     76      259
  SINCE JAN 1   2189                      2003    186     2081
..................................................................


WIND (MPH)
  HIGHEST WIND SPEED    12   HIGHEST WIND DIRECTION     S (170)
  HIGHEST GUST SPEED    16   HIGHEST GUST DIRECTION     S (170)
  AVERAGE WIND SPEED     4.2


SKY COVER
  AVERAGE SKY COVER 0.2


WEATHER CONDITIONS
 THE FOLLOWING WEATHER WAS RECORDED YESTERDAY.
  FOG


RELATIVE HUMIDITY (PERCENT)
 HIGHEST    93          1200 AM
 LOWEST     49           300 PM
 AVERAGE    71

..........................................................


THE MONTGOMERY CLIMATE NORMALS FOR TODAY
                         NORMAL    RECORD    YEAR
 MAXIMUM TEMPERATURE (F)   87       102      1927
 MINIMUM TEMPERATURE (F)   65        52      1999
                                             1961


SUNRISE AND SUNSET
SEPTEMBER 17 2014.....SUNRISE   631 AM CDT   SUNSET   649 PM CDT
SEPTEMBER 18 2014.....SUNRISE   631 AM CDT   SUNSET   648 PM CDT


-  INDICATES NEGATIVE NUMBERS.
R  INDICATES RECORD WAS SET OR TIED.
MM INDICATES DATA IS MISSING.
T  INDICATES TRACE AMOUNT.




$$
