000
CDUS44 KBMX 020738
CLIMGM


CLIMATE REPORT
NATIONAL WEATHER SERVICE BIRMINGHAM, AL
237 AM CDT SAT JUL 2 2016


...................................

...THE MONTGOMERY CLIMATE SUMMARY FOR JULY 1 2016...

CLIMATE NORMAL PERIOD 1981 TO 2010
CLIMATE RECORD PERIOD 1872 TO 2016


WEATHER ITEM   OBSERVED TIME   RECORD YEAR NORMAL DEPARTURE LAST
                VALUE   (LST)  VALUE       VALUE  FROM      YEAR
                                                  NORMAL
..................................................................
TEMPERATURE (F)
 YESTERDAY
  MAXIMUM         98    320 PM 101    2012  92      6       91
  MINIMUM         72    504 AM  60    1950  71      1       72
  AVERAGE         85                        81      4       82

PRECIPITATION (IN)
  YESTERDAY        0.00          2.96 2003   0.18  -0.18     0.00
  MONTH TO DATE    0.00                      0.18  -0.18     0.00
  SINCE JUN 1      2.73                      4.25  -1.52     3.99
  SINCE JAN 1     24.96                     27.69  -2.73    24.49

DEGREE DAYS
 COOLING
  YESTERDAY       20                        16      4       17
  MONTH TO DATE   20                        16      4       17
  SINCE JUN 1    538                       435    103      514
  SINCE JAN 1    999                       774    225     1052
..................................................................


WIND (MPH)
  HIGHEST WIND SPEED    13   HIGHEST WIND DIRECTION    NW (300)
  HIGHEST GUST SPEED    16   HIGHEST GUST DIRECTION    NW (300)
  AVERAGE WIND SPEED     3.0


SKY COVER
  AVERAGE SKY COVER 0.2


WEATHER CONDITIONS
 THE FOLLOWING WEATHER WAS RECORDED YESTERDAY.
  FOG
  FOG W/VISIBILITY <= 1/4 MILE
  HAZE


RELATIVE HUMIDITY (PERCENT)
 HIGHEST    93           300 AM
 LOWEST     27           300 PM
 AVERAGE    60

..........................................................


THE MONTGOMERY CLIMATE NORMALS FOR TODAY
                         NORMAL    RECORD    YEAR
 MAXIMUM TEMPERATURE (F)   92       101      1969
 MINIMUM TEMPERATURE (F)   71        61      2008


SUNRISE AND SUNSET
JULY  2 2016..........SUNRISE   543 AM CDT   SUNSET   756 PM CDT
JULY  3 2016..........SUNRISE   544 AM CDT   SUNSET   756 PM CDT


-  INDICATES NEGATIVE NUMBERS.
R  INDICATES RECORD WAS SET OR TIED.
MM INDICATES DATA IS MISSING.
T  INDICATES TRACE AMOUNT.




$$
