000
CDUS44 KBMX 020709
CLIMGM


CLIMATE REPORT
NATIONAL WEATHER SERVICE BIRMINGHAM, AL
209 AM CDT THU JUL 2 2015


...................................

...THE MONTGOMERY CLIMATE SUMMARY FOR JULY 1 2015...

CLIMATE NORMAL PERIOD 1981 TO 2010
CLIMATE RECORD PERIOD 1994 TO 2015


WEATHER ITEM   OBSERVED TIME   RECORD YEAR NORMAL DEPARTURE LAST
                VALUE   (LST)  VALUE       VALUE  FROM      YEAR
                                                  NORMAL
..................................................................
TEMPERATURE (F)
 YESTERDAY
  MAXIMUM         91    313 PM 101    2012  92     -1       95
  MINIMUM         72    513 AM  60    1950  71      1       72
  AVERAGE         82                        81      1       84

PRECIPITATION (IN)
  YESTERDAY        0.00          2.96 2003   0.18  -0.18     0.00
  MONTH TO DATE    0.00                      0.18  -0.18     0.00
  SINCE JUN 1      3.99                      4.25  -0.26     5.17
  SINCE JAN 1     24.49                     27.69  -3.20    34.06

DEGREE DAYS
 COOLING
  YESTERDAY       17                        16      1       19
  MONTH TO DATE   17                        16      1       19
  SINCE JUN 1    514                       435     79      491
  SINCE JAN 1   1052                       774    278      857
..................................................................


WIND (MPH)
  HIGHEST WIND SPEED    18   HIGHEST WIND DIRECTION     N (10)
  HIGHEST GUST SPEED    25   HIGHEST GUST DIRECTION     W (260)
  AVERAGE WIND SPEED     6.4


SKY COVER
  AVERAGE SKY COVER 0.2


WEATHER CONDITIONS
 THE FOLLOWING WEATHER WAS RECORDED YESTERDAY.
  NO SIGNIFICANT WEATHER WAS OBSERVED.


RELATIVE HUMIDITY (PERCENT)
 HIGHEST    87          1200 AM
 LOWEST     44           300 PM
 AVERAGE    66

..........................................................


THE MONTGOMERY CLIMATE NORMALS FOR TODAY
                         NORMAL    RECORD    YEAR
 MAXIMUM TEMPERATURE (F)   92       101      1969
 MINIMUM TEMPERATURE (F)   71        61      2008


SUNRISE AND SUNSET
JULY  2 2015..........SUNRISE   543 AM CDT   SUNSET   756 PM CDT
JULY  3 2015..........SUNRISE   543 AM CDT   SUNSET   756 PM CDT


-  INDICATES NEGATIVE NUMBERS.
R  INDICATES RECORD WAS SET OR TIED.
MM INDICATES DATA IS MISSING.
T  INDICATES TRACE AMOUNT.




$$
