000
CDUS44 KBMX 120951
CLIMGM


CLIMATE REPORT
NATIONAL WEATHER SERVICE BIRMINGHAM, AL
451 AM CDT SAT JUL 12 2014


...................................

...THE MONTGOMERY CLIMATE SUMMARY FOR JULY 11 2014...

CLIMATE NORMAL PERIOD 1981 TO 2010
CLIMATE RECORD PERIOD 1872 TO 2014


WEATHER ITEM   OBSERVED TIME   RECORD YEAR NORMAL DEPARTURE LAST
                VALUE   (LST)  VALUE       VALUE  FROM      YEAR
                                                  NORMAL
..................................................................
TEMPERATURE (F)
 YESTERDAY
  MAXIMUM         94    435 PM 104    1930  92      2       83
  MINIMUM         72    502 AM  63    1963  72      0       74
  AVERAGE         83                        82      1       79

PRECIPITATION (IN)
  YESTERDAY        0.00          3.41 2002   0.18  -0.18     0.46
  MONTH TO DATE    0.01                      1.96  -1.95     2.66
  SINCE JUN 1      5.18                      6.03  -0.85     6.51
  SINCE JAN 1     34.07                     29.47   4.60    32.22

DEGREE DAYS
 COOLING
  YESTERDAY       18                        17      1       14
  MONTH TO DATE  184                       181      3      151
  SINCE JUN 1    656                       600     56      642
  SINCE JAN 1   1022                       939     83     1001
..................................................................


WIND (MPH)
  HIGHEST WIND SPEED     8   HIGHEST WIND DIRECTION     N (340)
  HIGHEST GUST SPEED    14   HIGHEST GUST DIRECTION    SW (230)
  AVERAGE WIND SPEED     2.3


SKY COVER
  AVERAGE SKY COVER 0.2


WEATHER CONDITIONS
 THE FOLLOWING WEATHER WAS RECORDED YESTERDAY.
  FOG


RELATIVE HUMIDITY (PERCENT)
 HIGHEST    93           200 AM
 LOWEST     39           300 PM
 AVERAGE    66

..........................................................


THE MONTGOMERY CLIMATE NORMALS FOR TODAY
                         NORMAL    RECORD    YEAR
 MAXIMUM TEMPERATURE (F)   92       105      1901
 MINIMUM TEMPERATURE (F)   72        63      1953
                                             1898


SUNRISE AND SUNSET
JULY 12 2014..........SUNRISE   548 AM CDT   SUNSET   754 PM CDT
JULY 13 2014..........SUNRISE   548 AM CDT   SUNSET   754 PM CDT


-  INDICATES NEGATIVE NUMBERS.
R  INDICATES RECORD WAS SET OR TIED.
MM INDICATES DATA IS MISSING.
T  INDICATES TRACE AMOUNT.




$$
