000
CDUS44 KBMX 010914
CLIMGM


CLIMATE REPORT
NATIONAL WEATHER SERVICE BIRMINGHAM, AL
410 AM CDT TUE SEP 1 2015


...................................

...THE MONTGOMERY CLIMATE SUMMARY FOR AUGUST 31 2015...

CLIMATE NORMAL PERIOD 1981 TO 2010
CLIMATE RECORD PERIOD 1994 TO 2015


WEATHER ITEM   OBSERVED TIME   RECORD YEAR NORMAL DEPARTURE LAST
                VALUE   (LST)  VALUE       VALUE  FROM      YEAR
                                                  NORMAL
..................................................................
TEMPERATURE (F)
 YESTERDAY
  MAXIMUM         94    318 PM  98    1951  91      3       96
                                      1948
                                      1907
  MINIMUM         69    156 AM  59    1887  70     -1       73
  AVERAGE         82                        80      2       85

PRECIPITATION (IN)
  YESTERDAY        0.00          4.93 1961   0.12  -0.12     0.00
  MONTH TO DATE    1.64                      3.96  -2.32     3.41
  SINCE JUN 1     10.60                     13.27  -2.67    10.86
  SINCE JAN 1     31.10                     36.71  -5.61    39.75

DEGREE DAYS
 COOLING
  YESTERDAY       17                        15      2       20
  MONTH TO DATE  568                       510     58      553
  SINCE JUN 1   1683                      1450    233     1533
  SINCE JAN 1   2221                      1789    432     1899
..................................................................


WIND (MPH)
  HIGHEST WIND SPEED    12   HIGHEST WIND DIRECTION     N (350)
  HIGHEST GUST SPEED    17   HIGHEST GUST DIRECTION    NW (310)
  AVERAGE WIND SPEED     4.0


SKY COVER
  AVERAGE SKY COVER 0.3


WEATHER CONDITIONS
 THE FOLLOWING WEATHER WAS RECORDED YESTERDAY.
  FOG


RELATIVE HUMIDITY (PERCENT)
 HIGHEST    93          1200 AM
 LOWEST     41           400 PM
 AVERAGE    67

..........................................................


THE MONTGOMERY CLIMATE NORMALS FOR TODAY
                         NORMAL    RECORD    YEAR
 MAXIMUM TEMPERATURE (F)   91        99      2011
 MINIMUM TEMPERATURE (F)   69        60      1919


SUNRISE AND SUNSET
SEPTEMBER  1 2015.....SUNRISE   621 AM CDT   SUNSET   710 PM CDT
SEPTEMBER  2 2015.....SUNRISE   621 AM CDT   SUNSET   709 PM CDT


-  INDICATES NEGATIVE NUMBERS.
R  INDICATES RECORD WAS SET OR TIED.
MM INDICATES DATA IS MISSING.
T  INDICATES TRACE AMOUNT.




$$
