000
CDUS44 KBMX 310054
CLIMGM


CLIMATE REPORT
NATIONAL WEATHER SERVICE BIRMINGHAM, AL
754 PM CDT SAT JUL 30 2016


...................................

...THE MONTGOMERY CLIMATE SUMMARY FOR JULY 30 2016...
VALID TODAY AS OF 0700 PM LOCAL TIME.

CLIMATE NORMAL PERIOD 1981 TO 2010
CLIMATE RECORD PERIOD 1872 TO 2016


WEATHER ITEM   OBSERVED TIME   RECORD YEAR NORMAL DEPARTURE LAST
                VALUE   (LST)  VALUE       VALUE  FROM      YEAR
                                                  NORMAL
..................................................................
TEMPERATURE (F)
 TODAY
  MAXIMUM         98    248 PM 102    2012  92      6      100
  MINIMUM         75    513 AM  59    2014  72      3       77
  AVERAGE         87                        82      5       89

PRECIPITATION (IN)
  TODAY            0.00          3.30 1972   0.15  -0.15     0.12
  MONTH TO DATE    5.61                      5.10   0.51     4.97
  SINCE JUN 1      8.34                      9.17  -0.83     8.96
  SINCE JAN 1     30.57                     32.61  -2.04    29.46

DEGREE DAYS
 COOLING
  TODAY           22                        17      5       24
  MONTH TO DATE  601                       504     97      597
  SINCE JUN 1   1119                       923    196     1094
  SINCE JAN 1   1580                      1262    318     1632
..................................................................


WIND (MPH)
  HIGHEST WIND SPEED    21   HIGHEST WIND DIRECTION    NE (30)
  HIGHEST GUST SPEED    30   HIGHEST GUST DIRECTION    NE (30)
  AVERAGE WIND SPEED     6.1


SKY COVER
  AVERAGE SKY COVER 0.1


WEATHER CONDITIONS
 THE FOLLOWING WEATHER WAS RECORDED TODAY.
  THUNDERSTORM


RELATIVE HUMIDITY (PERCENT)
 HIGHEST    87           300 AM
 LOWEST     42           300 PM
 AVERAGE    65

..........................................................


THE MONTGOMERY CLIMATE NORMALS FOR TOMORROW
                         NORMAL    RECORD    YEAR
 MAXIMUM TEMPERATURE (F)   92       101      1896
 MINIMUM TEMPERATURE (F)   72        62      1936


SUNRISE AND SUNSET
JULY 30 2016..........SUNRISE   559 AM CDT   SUNSET   744 PM CDT
JULY 31 2016..........SUNRISE   600 AM CDT   SUNSET   743 PM CDT


-  INDICATES NEGATIVE NUMBERS.
R  INDICATES RECORD WAS SET OR TIED.
MM INDICATES DATA IS MISSING.
T  INDICATES TRACE AMOUNT.




$$
