000
CDUS44 KBMX 190046
CLIMGM


CLIMATE REPORT
NATIONAL WEATHER SERVICE BIRMINGHAM, AL
746 PM CDT SAT APR 18 2015


...................................

...THE MONTGOMERY CLIMATE SUMMARY FOR APRIL 18 2015...
VALID TODAY AS OF 0700 PM LOCAL TIME.

CLIMATE NORMAL PERIOD 1981 TO 2010
CLIMATE RECORD PERIOD 1994 TO 2015


WEATHER ITEM   OBSERVED TIME   RECORD YEAR NORMAL DEPARTURE LAST
                VALUE   (LST)  VALUE       VALUE  FROM      YEAR
                                                  NORMAL
..................................................................
TEMPERATURE (F)
 TODAY
  MAXIMUM         74    450 PM  91    2006  77     -3       62
  MINIMUM         64    627 AM  34    1997  52     12       54
  AVERAGE         69                        65      4       58

PRECIPITATION (IN)
  TODAY            0.00          3.31 1901   0.13  -0.13     1.85
  MONTH TO DATE    5.50                      2.65   2.85     7.85
  SINCE MAR 1      7.50                      8.60  -1.10    13.37
  SINCE JAN 1     15.16                     18.53  -3.37    21.04

SNOWFALL (IN)
  TODAY            0.0                       0.0    0.0      0.0
  MONTH TO DATE    0.0                       0.0    0.0      0.0
  SINCE MAR 1      0.0                       0.3   -0.3      0.0
  SINCE JUL 1      0.0                       0.4   -0.4      0.5
  SNOW DEPTH       0

DEGREE DAYS

 COOLING
  TODAY            4                         2      2        0
  MONTH TO DATE  103                        32     71       27
  SINCE MAR 1    174                        55    119       30
  SINCE JAN 1    174                        61    113       37
..................................................................


WIND (MPH)
  HIGHEST WIND SPEED     7   HIGHEST WIND DIRECTION     S (200)
  HIGHEST GUST SPEED    10   HIGHEST GUST DIRECTION     S (190)
  AVERAGE WIND SPEED     2.4


SKY COVER
  AVERAGE SKY COVER 0.9


WEATHER CONDITIONS
 THE FOLLOWING WEATHER WAS RECORDED TODAY.
  FOG
  FOG W/VISIBILITY <= 1/4 MILE


RELATIVE HUMIDITY (PERCENT)
 HIGHEST    93          1200 AM
 LOWEST     73          1000 AM
 AVERAGE    83

..........................................................


THE MONTGOMERY CLIMATE NORMALS FOR TOMORROW
                         NORMAL    RECORD    YEAR
 MAXIMUM TEMPERATURE (F)   77        89      2006
 MINIMUM TEMPERATURE (F)   52        34      1983


SUNRISE AND SUNSET
APRIL 18 2015.........SUNRISE   613 AM CDT   SUNSET   717 PM CDT
APRIL 19 2015.........SUNRISE   612 AM CDT   SUNSET   718 PM CDT


-  INDICATES NEGATIVE NUMBERS.
R  INDICATES RECORD WAS SET OR TIED.
MM INDICATES DATA IS MISSING.
T  INDICATES TRACE AMOUNT.




$$
