000
CDUS44 KBMX 290726
CLIMGM


CLIMATE REPORT
NATIONAL WEATHER SERVICE BIRMINGHAM, AL
125 AM CST THU JAN 29 2015


...................................

...THE MONTGOMERY CLIMATE SUMMARY FOR JANUARY 28 2015...

CLIMATE NORMAL PERIOD 1981 TO 2010
CLIMATE RECORD PERIOD 1872 TO 2015


WEATHER ITEM   OBSERVED TIME   RECORD YEAR NORMAL DEPARTURE LAST
                VALUE   (LST)  VALUE       VALUE  FROM      YEAR
                                                  NORMAL
..................................................................
TEMPERATURE (F)
 YESTERDAY
  MAXIMUM         59    351 PM  78    1975  58      1       35
                                      1957
  MINIMUM         32    617 AM  13    1986  36     -4       22
  AVERAGE         46                        47     -1       29

PRECIPITATION (IN)
  YESTERDAY        0.00          2.96 1912   0.17  -0.17     0.16
  MONTH TO DATE    2.82                      4.13  -1.31     2.52
  SINCE DEC 1      7.71                      8.99  -1.28    11.48
  SINCE JAN 1      2.82                      4.13  -1.31     2.52

SNOWFALL (IN)
  YESTERDAY        0.0                       0.0    0.0      0.5
  MONTH TO DATE    0.0                       0.0    0.0      0.5
  SINCE DEC 1      0.0                       0.1   -0.1      0.5
  SINCE JUL 1      0.0                       0.1   -0.1      0.5
  SNOW DEPTH       0

DEGREE DAYS
 HEATING
  YESTERDAY       19                        18      1       36
  MONTH TO DATE  512                       524    -12      673
  SINCE DEC 1    897                      1041   -144     1099
  SINCE JUL 1   1360                      1412    -52     1467
..................................................................


WIND (MPH)
  HIGHEST WIND SPEED    10   HIGHEST WIND DIRECTION    NE (40)
  HIGHEST GUST SPEED    14   HIGHEST GUST DIRECTION    NE (40)
  AVERAGE WIND SPEED     3.8


SKY COVER
  AVERAGE SKY COVER 0.0


WEATHER CONDITIONS
 THE FOLLOWING WEATHER WAS RECORDED YESTERDAY.
  NO SIGNIFICANT WEATHER WAS OBSERVED.


RELATIVE HUMIDITY (PERCENT)
 HIGHEST    82           700 AM
 LOWEST     30           400 PM
 AVERAGE    56

..........................................................


THE MONTGOMERY CLIMATE NORMALS FOR TODAY
                         NORMAL    RECORD    YEAR
 MAXIMUM TEMPERATURE (F)   58        81      1975
                                             1957
 MINIMUM TEMPERATURE (F)   36         8      1966


SUNRISE AND SUNSET
JANUARY 29 2015.......SUNRISE   642 AM CST   SUNSET   516 PM CST
JANUARY 30 2015.......SUNRISE   641 AM CST   SUNSET   517 PM CST


-  INDICATES NEGATIVE NUMBERS.
R  INDICATES RECORD WAS SET OR TIED.
MM INDICATES DATA IS MISSING.
T  INDICATES TRACE AMOUNT.




$$
