000
CDUS41 KPBZ 262140
CLIMGW


CLIMATE REPORT
NATIONAL WEATHER SERVICE PITTSBURGH PA
540 PM EDT THU MAR 26 2015


...................................

...THE MORGANTOWN WV CLIMATE SUMMARY FOR MARCH 26 2015...
VALID TODAY AS OF 0500 PM LOCAL TIME.

CLIMATE NORMAL PERIOD 1981 TO 2010
CLIMATE RECORD PERIOD 1948 TO 2015


WEATHER ITEM   OBSERVED TIME   RECORD YEAR NORMAL DEPARTURE LAST
                VALUE   (LST)  VALUE       VALUE  FROM      YEAR
                                                  NORMAL
..................................................................
TEMPERATURE (F)
 TODAY
  MAXIMUM         71   1133 AM  81    1967  56     15       30
  MINIMUM         45    359 PM  14    1955  35     10       18
  AVERAGE         58                        46     12       24

PRECIPITATION (IN)
  TODAY            0.18         MM      MM   0.12   0.06     0.02
  MONTH TO DATE    6.12                      3.02   3.10     1.43
  SINCE JUN 1     36.64                     33.07   3.57    35.03
  SINCE JAN 1     10.41                      8.43   1.98     6.60

DEGREE DAYS
 HEATING
  TODAY            7                        20    -13       41
  MONTH TO DATE  621                       619      2      767
  SINCE MAR 1    621                       619      2      767
  SINCE JUL 1   4745                      4508    237     4893

 COOLING
  TODAY            0                         0      0        0
  MONTH TO DATE    0                         0      0        0
  SINCE MAR 1      0                         0      0        0
  SINCE JAN 1      0                         0      0        0
..................................................................


WIND (MPH)
  RESULTANT WIND SPEED   2   RESULTANT WIND DIRECTION   W (250)
  HIGHEST WIND SPEED    20   HIGHEST WIND DIRECTION    SW (220)
  HIGHEST GUST SPEED    31   HIGHEST GUST DIRECTION    SW (210)
  AVERAGE WIND SPEED     5.0


SKY COVER
  POSSIBLE SUNSHINE  MM
  AVERAGE SKY COVER 0.8


WEATHER CONDITIONS
 THE FOLLOWING WEATHER WAS RECORDED TODAY.
  RAIN
  LIGHT RAIN
  FOG


RELATIVE HUMIDITY (PERCENT)
 HIGHEST    83           400 PM
 LOWEST     40          1200 PM
 AVERAGE    62

..........................................................


THE MORGANTOWN WV CLIMATE NORMALS FOR TOMORROW
                         NORMAL    RECORD    YEAR
 MAXIMUM TEMPERATURE (F)   56        85      1950
 MINIMUM TEMPERATURE (F)   36        15      2001


SUNRISE AND SUNSET
MARCH 26 2015.........SUNRISE   714 AM EDT   SUNSET   737 PM EDT
MARCH 27 2015.........SUNRISE   712 AM EDT   SUNSET   738 PM EDT


-  INDICATES NEGATIVE NUMBERS.
R  INDICATES RECORD WAS SET OR TIED.
MM INDICATES DATA IS MISSING.
T  INDICATES TRACE AMOUNT.




$$
