000
CDUS41 KPBZ 111337
CLIMGW


CLIMATE REPORT
NATIONAL WEATHER SERVICE PITTSBURGH PA
837 AM EST MON DEC 11 2017


...................................

...THE MORGANTOWN WV CLIMATE SUMMARY FOR DECEMBER 11 2017...
VALID AS OF 0800 AM LOCAL TIME.

CLIMATE NORMAL PERIOD 1981 TO 2010
CLIMATE RECORD PERIOD 1872 TO 2017


WEATHER ITEM   OBSERVED TIME   RECORD YEAR NORMAL DEPARTURE LAST
                VALUE   (LST)  VALUE       VALUE  FROM      YEAR
                                                  NORMAL
..................................................................
TEMPERATURE (F)
 TODAY
  MAXIMUM         34    641 AM  68    1979
  MINIMUM         33    659 AM  -4    1917  28      5       22

PRECIPITATION (IN)
  TODAY            0.00          2.00 1931   0.10  -0.10     0.14
  MONTH TO DATE    0.53                      1.12  -0.59     0.79
  SINCE JUN 1     25.32                     22.85   2.47    26.15
  SINCE JAN 1     48.41                     40.04   8.37    42.19

DEGREE DAYS
 HEATING
  TODAY           31

 COOLING
  TODAY            0
..................................................................





WEATHER CONDITIONS
 THE FOLLOWING WEATHER WAS RECORDED TODAY.
  NO SIGNIFICANT WEATHER WAS OBSERVED.


RELATIVE HUMIDITY (PERCENT)
 HIGHEST    56           600 AM

..........................................................


THE MORGANTOWN WV CLIMATE NORMALS FOR TOMORROW
                         NORMAL    RECORD    YEAR
 MAXIMUM TEMPERATURE (F)   43        71      2015
                                             1965
 MINIMUM TEMPERATURE (F)   28         0      1937


SUNRISE AND SUNSET
DECEMBER 11 2017......SUNRISE   730 AM EST   SUNSET   456 PM EST
DECEMBER 12 2017......SUNRISE   731 AM EST   SUNSET   456 PM EST


-  INDICATES NEGATIVE NUMBERS.
R  INDICATES RECORD WAS SET OR TIED.
MM INDICATES DATA IS MISSING.
T  INDICATES TRACE AMOUNT.




$$
