000
CDUS41 KPBZ 312140
CLIMGW


CLIMATE REPORT
NATIONAL WEATHER SERVICE PITTSBURGH PA
540 PM EDT FRI OCT 31 2014


...................................

...THE MORGANTOWN WV CLIMATE SUMMARY FOR OCTOBER 31 2014...
VALID TODAY AS OF 0500 PM LOCAL TIME.

CLIMATE NORMAL PERIOD 1981 TO 2010
CLIMATE RECORD PERIOD 1948 TO 2014


WEATHER ITEM   OBSERVED TIME   RECORD YEAR NORMAL DEPARTURE LAST
                VALUE   (LST)  VALUE       VALUE  FROM      YEAR
                                                  NORMAL
..................................................................
TEMPERATURE (F)
 TODAY
  MAXIMUM         51    226 PM  78    1971  60     -9       70
  MINIMUM         45    545 AM  21    1975  40      5       58
  AVERAGE         48                        50     -2       64

PRECIPITATION (IN)
  TODAY            T            MM      MM   0.09  -0.09     0.09
  MONTH TO DATE    3.95                      2.78   1.17     1.79
  SINCE JUN 1     21.26                     18.27   2.99    20.34
  SINCE JAN 1     36.75                     35.46   1.29    32.98

DEGREE DAYS
 HEATING
  TODAY           17                        15      2        1
  MONTH TO DATE  272                       345    -73      312
  SINCE SEP 1    330                       431   -101      391
  SINCE JUL 1    336                       442   -106      400

 COOLING
  TODAY            0                         0      0        0
  MONTH TO DATE   18                        12      6       36
  SINCE SEP 1    148                       104     44      120
  SINCE JAN 1    981                       813    168      906
..................................................................


WIND (MPH)
  RESULTANT WIND SPEED   0   RESULTANT WIND DIRECTION   E (110)
  HIGHEST WIND SPEED     7   HIGHEST WIND DIRECTION    NW (330)
  HIGHEST GUST SPEED    10   HIGHEST GUST DIRECTION    NW (320)
  AVERAGE WIND SPEED     1.0


SKY COVER
  POSSIBLE SUNSHINE  MM
  AVERAGE SKY COVER 1.0


WEATHER CONDITIONS
 THE FOLLOWING WEATHER WAS RECORDED TODAY.
  LIGHT RAIN


RELATIVE HUMIDITY (PERCENT)
 HIGHEST    76           300 AM
 LOWEST     50          1100 AM
 AVERAGE    63

..........................................................


THE MORGANTOWN WV CLIMATE NORMALS FOR TOMORROW
                         NORMAL    RECORD    YEAR
 MAXIMUM TEMPERATURE (F)   60        80      1950
 MINIMUM TEMPERATURE (F)   40        27      1954


SUNRISE AND SUNSET
OCTOBER 31 2014.......SUNRISE   747 AM EDT   SUNSET   619 PM EDT
NOVEMBER  1 2014......SUNRISE   748 AM EDT   SUNSET   618 PM EDT


-  INDICATES NEGATIVE NUMBERS.
R  INDICATES RECORD WAS SET OR TIED.
MM INDICATES DATA IS MISSING.
T  INDICATES TRACE AMOUNT.




$$
