000
CDUS41 KPBZ 211223
CLIMGW


CLIMATE REPORT
NATIONAL WEATHER SERVICE PITTSBURGH PA
823 AM EDT SUN SEP 21 2014


...................................

...THE MORGANTOWN WV CLIMATE SUMMARY FOR SEPTEMBER 21 2014...
VALID AS OF 0800 AM LOCAL TIME.

CLIMATE NORMAL PERIOD 1981 TO 2010
CLIMATE RECORD PERIOD 1948 TO 2014


WEATHER ITEM   OBSERVED TIME   RECORD YEAR NORMAL DEPARTURE LAST
                VALUE   (LST)  VALUE       VALUE  FROM      YEAR
                                                  NORMAL
..................................................................
TEMPERATURE (F)
 TODAY
  MINIMUM         64    238 AM  31    1956  53     11       56

PRECIPITATION (IN)
  TODAY            0.00         MM      MM   0.12  -0.12     1.25
  MONTH TO DATE    1.44                      2.24  -0.80     1.99
  SINCE JUN 1     16.42                     14.52   1.90    18.54
  SINCE JAN 1     31.91                     31.71   0.20    31.18

DEGREE DAYS
 HEATING
  TODAY            0

 COOLING
  TODAY            2
..................................................................





WEATHER CONDITIONS
 THE FOLLOWING WEATHER WAS RECORDED TODAY.
  NO SIGNIFICANT WEATHER WAS OBSERVED.


RELATIVE HUMIDITY (PERCENT)
 HIGHEST    78           100 AM

..........................................................


THE MORGANTOWN WV CLIMATE NORMALS FOR TOMORROW
                         NORMAL    RECORD    YEAR
 MAXIMUM TEMPERATURE (F)   73        91      1965
 MINIMUM TEMPERATURE (F)   52        36      1999


SUNRISE AND SUNSET
SEPTEMBER 21 2014.....SUNRISE   706 AM EDT   SUNSET   718 PM EDT
SEPTEMBER 22 2014.....SUNRISE   707 AM EDT   SUNSET   717 PM EDT


-  INDICATES NEGATIVE NUMBERS.
R  INDICATES RECORD WAS SET OR TIED.
MM INDICATES DATA IS MISSING.
T  INDICATES TRACE AMOUNT.




$$
