000
CDUS41 KPBZ 240823
CLIMGW


CLIMATE REPORT
NATIONAL WEATHER SERVICE PITTSBURGH PA
323 AM EST SAT FEB 24 2018


...................................

...THE MORGANTOWN WV CLIMATE SUMMARY FOR FEBRUARY 23 2018...

CLIMATE NORMAL PERIOD 1981 TO 2010
CLIMATE RECORD PERIOD 1872 TO 2018


WEATHER ITEM   OBSERVED TIME   RECORD YEAR NORMAL DEPARTURE LAST
                VALUE   (LST)  VALUE       VALUE  FROM      YEAR
                                                  NORMAL
..................................................................
TEMPERATURE (F)
 YESTERDAY
  MAXIMUM         70R   319 PM  69    2017  45     25       69
  MINIMUM         45    318 AM   2    1963  27     18       53
  AVERAGE         58                        36     22       61

PRECIPITATION (IN)
  YESTERDAY        0.07          1.10 1975   0.10  -0.03     0.00
  MONTH TO DATE    5.00                      2.11   2.89     1.75
  SINCE JUN 1     34.11                     29.56   4.55    35.21
  SINCE JAN 1      7.78                      4.92   2.86     5.80

DEGREE DAYS
 HEATING
  YESTERDAY        7                        29    -22        4
  MONTH TO DATE  543                       720   -177      519
  SINCE DEC 1   2646                      2699    -53     2238
  SINCE JUL 1   3541                      3747   -206     2924

 COOLING
  YESTERDAY        0                         0      0        0
  MONTH TO DATE    5                         0      5        0
  SINCE DEC 1      5                         0      5        0
  SINCE JAN 1      5                         0      5        0
..................................................................


WIND (MPH)
  HIGHEST WIND SPEED    16   HIGHEST WIND DIRECTION    SW (240)
  HIGHEST GUST SPEED    26   HIGHEST GUST DIRECTION    SW (230)
  AVERAGE WIND SPEED     5.8


SKY COVER
  POSSIBLE SUNSHINE  MM
  AVERAGE SKY COVER 0.9


WEATHER CONDITIONS
 THE FOLLOWING WEATHER WAS RECORDED YESTERDAY.
  LIGHT RAIN
  FOG


RELATIVE HUMIDITY (PERCENT)
 HIGHEST    93           600 AM
 LOWEST     63           400 PM
 AVERAGE    78

..........................................................


THE MORGANTOWN WV CLIMATE NORMALS FOR TODAY
                         NORMAL    RECORD    YEAR
 MAXIMUM TEMPERATURE (F)   45        78      2017
 MINIMUM TEMPERATURE (F)   27        -3      2015


SUNRISE AND SUNSET
FEBRUARY 24 2018......SUNRISE   700 AM EST   SUNSET   606 PM EST
FEBRUARY 25 2018......SUNRISE   658 AM EST   SUNSET   607 PM EST


-  INDICATES NEGATIVE NUMBERS.
R  INDICATES RECORD WAS SET OR TIED.
MM INDICATES DATA IS MISSING.
T  INDICATES TRACE AMOUNT.




$$
