000
CDUS41 KPBZ 290703
CLIMGW


CLIMATE REPORT
NATIONAL WEATHER SERVICE PITTSBURGH PA
302 AM EDT FRI AUG 29 2014


...................................

...THE MORGANTOWN WV CLIMATE SUMMARY FOR AUGUST 28 2014...

CLIMATE NORMAL PERIOD 1981 TO 2010
CLIMATE RECORD PERIOD 1948 TO 2014


WEATHER ITEM   OBSERVED TIME   RECORD YEAR NORMAL DEPARTURE LAST
                VALUE   (LST)  VALUE       VALUE  FROM      YEAR
                                                  NORMAL
..................................................................
TEMPERATURE (F)
 YESTERDAY
  MAXIMUM         78    411 PM  95    1953  81     -3       80
  MINIMUM         59   1159 PM  45    1986  60     -1       70
  AVERAGE         69                        71     -2       75

PRECIPITATION (IN)
  YESTERDAY        0.00         MM      MM   0.11  -0.11     0.49
  MONTH TO DATE    4.87                      3.22   1.65     5.13
  SINCE JUN 1     14.83                     11.95   2.88    16.55
  SINCE JAN 1     30.32                     29.14   1.18    29.19

DEGREE DAYS
 HEATING
  YESTERDAY        0                         0      0        0
  MONTH TO DATE    3                         0      3        8
  SINCE JUN 1      8                        34    -26       20
  SINCE JUL 1      6                         3      3        9

 COOLING
  YESTERDAY        4                         6     -2       10
  MONTH TO DATE  217                       208      9      159
  SINCE JUN 1    695                       625     70      607
  SINCE JAN 1    804                       692    112      753
..................................................................


WIND (MPH)
  HIGHEST WIND SPEED    10   HIGHEST WIND DIRECTION     N (360)
  HIGHEST GUST SPEED    15   HIGHEST GUST DIRECTION     N (360)
  AVERAGE WIND SPEED     4.7


SKY COVER
  POSSIBLE SUNSHINE  MM
  AVERAGE SKY COVER 0.5


WEATHER CONDITIONS
 THE FOLLOWING WEATHER WAS RECORDED YESTERDAY.
  NO SIGNIFICANT WEATHER WAS OBSERVED.


RELATIVE HUMIDITY (PERCENT)
 HIGHEST    90          1100 PM
 LOWEST     39           400 PM
 AVERAGE    65

..........................................................


THE MORGANTOWN WV CLIMATE NORMALS FOR TODAY
                         NORMAL    RECORD    YEAR
 MAXIMUM TEMPERATURE (F)   81        96      1991
 MINIMUM TEMPERATURE (F)   60        38      1982


SUNRISE AND SUNSET
AUGUST 29 2014........SUNRISE   645 AM EDT   SUNSET   755 PM EDT
AUGUST 30 2014........SUNRISE   646 AM EDT   SUNSET   754 PM EDT


-  INDICATES NEGATIVE NUMBERS.
R  INDICATES RECORD WAS SET OR TIED.
MM INDICATES DATA IS MISSING.
T  INDICATES TRACE AMOUNT.




$$
