019
CDUS43 KFSD 232227
CLIMHE


CLIMATE REPORT
NATIONAL WEATHER SERVICE SIOUX FALLS SD
526 PM CDT WED AUG 23 2017


...................................

...THE MITCHELL SD CLIMATE SUMMARY FOR AUGUST 23 2017...
VALID TODAY AS OF 0500 PM LOCAL TIME.

CLIMATE NORMAL PERIOD 1981 TO 2010
CLIMATE RECORD PERIOD 1893 TO 2017


WEATHER ITEM   OBSERVED TIME   RECORD YEAR NORMAL DEPARTURE LAST
                VALUE   (LST)  VALUE       VALUE  FROM      YEAR
                                                  NORMAL
..................................................................
TEMPERATURE (F)
 TODAY
  MAXIMUM         82    337 PM 105    1936  83     -1       83
  MINIMUM         52    619 AM  41    1927  60     -8       65
  AVERAGE         67                        71     -4       74

PRECIPITATION (IN)
  TODAY            0.00          3.41 1957   0.07  -0.07     0.00
  MONTH TO DATE    1.57                      1.82  -0.25     3.31
  SINCE JUN 1      5.34                      9.06  -3.72     6.89
  SINCE JAN 1     12.36                     15.79  -3.43    19.41

SNOWFALL (IN)
  TODAY            0.0           0.0    MM  MM     MM        0.0
  MONTH TO DATE    0.0                      MM     MM        0.0
  SINCE JUN 1      0.0                      MM     MM        0.0
  SINCE JUL 1      0.0                      MM     MM        0.0
  SNOW DEPTH       0

DEGREE DAYS
 HEATING
  TODAY            0                         0      0        0
  MONTH TO DATE    2                         0      2        0
  SINCE JUN 1     14                        40    -26        7
  SINCE JUL 1      2                         5     -3        3

 COOLING
  TODAY            2                         6     -4        9
  MONTH TO DATE   82                       183   -101      216
  SINCE JUN 1    694                       661     33      831
  SINCE JAN 1    726                       701     25      875
..................................................................


WIND (MPH)
  HIGHEST WIND SPEED    18   HIGHEST WIND DIRECTION     S (170)
  HIGHEST GUST SPEED    24   HIGHEST GUST DIRECTION    SE (150)
  AVERAGE WIND SPEED     7.3


SKY COVER
  POSSIBLE SUNSHINE  MM
  AVERAGE SKY COVER 0.2


WEATHER CONDITIONS
 THE FOLLOWING WEATHER WAS RECORDED TODAY.
  NO SIGNIFICANT WEATHER WAS OBSERVED.


RELATIVE HUMIDITY (PERCENT)
 HIGHEST    96           600 AM
 LOWEST     45           100 PM
 AVERAGE    71

..........................................................


THE MITCHELL SD CLIMATE NORMALS FOR TOMORROW
                         NORMAL    RECORD    YEAR
 MAXIMUM TEMPERATURE (F)   82       110      1936
 MINIMUM TEMPERATURE (F)   59        40      1896


SUNRISE AND SUNSET
AUGUST 23 2017........SUNRISE   646 AM CDT   SUNSET   823 PM CDT
AUGUST 24 2017........SUNRISE   647 AM CDT   SUNSET   821 PM CDT


-  INDICATES NEGATIVE NUMBERS.
R  INDICATES RECORD WAS SET OR TIED.
MM INDICATES DATA IS MISSING.
T  INDICATES TRACE AMOUNT.




$$
