000
CDUS43 KFSD 310638
CLIMHE


CLIMATE REPORT
NATIONAL WEATHER SERVICE SIOUX FALLS SD
137 AM CDT SUN AUG 31 2014


...................................

...THE MITCHELL SD CLIMATE SUMMARY FOR AUGUST 30 2014...

CLIMATE NORMAL PERIOD 1981 TO 2010
CLIMATE RECORD PERIOD 1893 TO 2014


WEATHER ITEM   OBSERVED TIME   RECORD YEAR NORMAL DEPARTURE LAST
                VALUE   (LST)  VALUE       VALUE  FROM      YEAR
                                                  NORMAL
..................................................................
TEMPERATURE (F)
 YESTERDAY
  MAXIMUM         72    600 PM 103    1898  81     -9       90
  MINIMUM         59    607 AM  40    1946  57      2       69
                                      1935
                                      1915
  AVERAGE         66                        69     -3       80

PRECIPITATION (IN)
  YESTERDAY        0.00          2.31 2010   0.07  -0.07     0.00
  MONTH TO DATE    4.82                      2.31   2.51     2.54
  SINCE JUN 1     10.37                      9.55   0.82     8.54
  SINCE JAN 1     15.10                     16.28  -1.18    18.49

SNOWFALL (IN)
  YESTERDAY        0.0           0.0    MM  MM     MM        0.0
  MONTH TO DATE    0.0                      MM     MM        0.0
  SINCE JUN 1      0.0                      MM     MM        0.0
  SINCE JUL 1      0.0                      MM     MM        0.0
  SNOW DEPTH       0

DEGREE DAYS
 HEATING
  YESTERDAY        0                         1     -1        0
  MONTH TO DATE    3                         5     -2        3
  SINCE JUN 1     38                        45     -7       73
  SINCE JUL 1     12                        10      2       23

 COOLING
  YESTERDAY        1                         5     -4       15
  MONTH TO DATE  187                       223    -36      254
  SINCE JUN 1    561                       701   -140      709
  SINCE JAN 1    639                       741   -102      766
..................................................................


WIND (MPH)
  HIGHEST WIND SPEED    15   HIGHEST WIND DIRECTION    SE (140)
  HIGHEST GUST SPEED    20   HIGHEST GUST DIRECTION    SE (140)
  AVERAGE WIND SPEED     8.0


SKY COVER
  POSSIBLE SUNSHINE  MM
  AVERAGE SKY COVER 0.5


WEATHER CONDITIONS
 THE FOLLOWING WEATHER WAS RECORDED YESTERDAY.
  NO SIGNIFICANT WEATHER WAS OBSERVED.


RELATIVE HUMIDITY (PERCENT)
 HIGHEST   100           200 AM
 LOWEST     68           300 PM
 AVERAGE    84

..........................................................


THE MITCHELL SD CLIMATE NORMALS FOR TODAY
                         NORMAL    RECORD    YEAR
 MAXIMUM TEMPERATURE (F)   81        99      1948
                                             1922
                                             1898
 MINIMUM TEMPERATURE (F)   57        40      1974


SUNRISE AND SUNSET
AUGUST 31 2014........SUNRISE   655 AM CDT   SUNSET   809 PM CDT
SEPTEMBER  1 2014.....SUNRISE   656 AM CDT   SUNSET   808 PM CDT


-  INDICATES NEGATIVE NUMBERS.
R  INDICATES RECORD WAS SET OR TIED.
MM INDICATES DATA IS MISSING.
T  INDICATES TRACE AMOUNT.




$$
