000
CDUS43 KFSD 280643
CLIMHE


CLIMATE REPORT
NATIONAL WEATHER SERVICE SIOUX FALLS SD
142 AM CDT WED JUN 28 2017


...................................

...THE MITCHELL SD CLIMATE SUMMARY FOR JUNE 27 2017...

CLIMATE NORMAL PERIOD 1981 TO 2010
CLIMATE RECORD PERIOD 1893 TO 2017


WEATHER ITEM   OBSERVED TIME   RECORD YEAR NORMAL DEPARTURE LAST
                VALUE   (LST)  VALUE       VALUE  FROM      YEAR
                                                  NORMAL
..................................................................
TEMPERATURE (F)
 YESTERDAY
  MAXIMUM         85    515 PM 108    1931  85      0       83
  MINIMUM         49    519 AM  41    1898  62    -13       61
  AVERAGE         67                        73     -6       72

PRECIPITATION (IN)
  YESTERDAY        0.00          2.67 1953   0.09  -0.09     0.00
  MONTH TO DATE    0.75                      3.84  -3.09     2.04
  SINCE JUN 1      0.75                      3.84  -3.09     2.04
  SINCE JAN 1      7.77                     10.57  -2.80    14.56

SNOWFALL (IN)
  YESTERDAY        0.0           0.0    MM  MM     MM        0.0
  MONTH TO DATE    0.0                      MM     MM        0.0
  SINCE JUN 1      0.0                      MM     MM        0.0
  SINCE JUL 1     30.6                      MM     MM       46.3
  SNOW DEPTH       0

DEGREE DAYS
 HEATING
  YESTERDAY        0                         0      0        0
  MONTH TO DATE   12                        33    -21        4
  SINCE JUN 1     12                        33    -21        4
  SINCE JUL 1   6295                      7243   -948     6149

 COOLING
  YESTERDAY        2                         9     -7        7
  MONTH TO DATE  200                       142     58      263
  SINCE JUN 1    200                       142     58      263
  SINCE JAN 1    232                       182     50      307
..................................................................


WIND (MPH)
  HIGHEST WIND SPEED    32   HIGHEST WIND DIRECTION     S (160)
  HIGHEST GUST SPEED    42   HIGHEST GUST DIRECTION    SE (150)
  AVERAGE WIND SPEED    16.7


SKY COVER
  POSSIBLE SUNSHINE  MM
  AVERAGE SKY COVER 0.1


WEATHER CONDITIONS
 THE FOLLOWING WEATHER WAS RECORDED YESTERDAY.
  NO SIGNIFICANT WEATHER WAS OBSERVED.


RELATIVE HUMIDITY (PERCENT)
 HIGHEST    77           600 AM
 LOWEST     32          1200 PM
 AVERAGE    55

..........................................................


THE MITCHELL SD CLIMATE NORMALS FOR TODAY
                         NORMAL    RECORD    YEAR
 MAXIMUM TEMPERATURE (F)   85       110      1931
 MINIMUM TEMPERATURE (F)   62        44      1898
                                             1896


SUNRISE AND SUNSET
JUNE 28 2017..........SUNRISE   553 AM CDT   SUNSET   918 PM CDT
JUNE 29 2017..........SUNRISE   553 AM CDT   SUNSET   918 PM CDT


-  INDICATES NEGATIVE NUMBERS.
R  INDICATES RECORD WAS SET OR TIED.
MM INDICATES DATA IS MISSING.
T  INDICATES TRACE AMOUNT.




$$
