000
CDUS43 KFSD 220641
CLIMHE


CLIMATE REPORT
NATIONAL WEATHER SERVICE SIOUX FALLS SD
140 AM CDT MON SEP 22 2014


...................................

...THE MITCHELL SD CLIMATE SUMMARY FOR SEPTEMBER 21 2014...

CLIMATE NORMAL PERIOD 1981 TO 2010
CLIMATE RECORD PERIOD 1893 TO 2014


WEATHER ITEM   OBSERVED TIME   RECORD YEAR NORMAL DEPARTURE LAST
                VALUE   (LST)  VALUE       VALUE  FROM      YEAR
                                                  NORMAL
..................................................................
TEMPERATURE (F)
 YESTERDAY
  MAXIMUM         73    341 PM  97    1937  74     -1       79
                                      1936
                                      1922
  MINIMUM         46    636 AM  25    1918  47     -1       37
  AVERAGE         60                        60      0       58

PRECIPITATION (IN)
  YESTERDAY        0.00          4.35 1950   0.08  -0.08     0.00
  MONTH TO DATE    0.88                      1.65  -0.77     1.18
  SINCE SEP 1      0.88                      1.65  -0.77     1.18
  SINCE JAN 1     15.98                     18.00  -2.02    19.67

SNOWFALL (IN)
  YESTERDAY        0.0           0.0    MM  MM     MM        0.0
  MONTH TO DATE    0.0                      MM     MM        0.0
  SINCE SEP 1      0.0                      MM     MM        0.0
  SINCE JUL 1      0.0                      MM     MM        0.0
  SNOW DEPTH       0

DEGREE DAYS
 HEATING
  YESTERDAY        5                         6     -1        7
  MONTH TO DATE  109                        71     38       29
  SINCE SEP 1    109                        71     38       29
  SINCE JUL 1    121                        88     33       52

 COOLING
  YESTERDAY        0                         1     -1        0
  MONTH TO DATE   40                        64    -24      130
  SINCE SEP 1     40                        64    -24      130
  SINCE JAN 1    686                       809   -123      911
..................................................................


WIND (MPH)
  HIGHEST WIND SPEED    17   HIGHEST WIND DIRECTION    NW (330)
  HIGHEST GUST SPEED    23   HIGHEST GUST DIRECTION    NW (330)
  AVERAGE WIND SPEED     7.9


SKY COVER
  POSSIBLE SUNSHINE  MM
  AVERAGE SKY COVER 0.0


WEATHER CONDITIONS
 THE FOLLOWING WEATHER WAS RECORDED YESTERDAY.
  NO SIGNIFICANT WEATHER WAS OBSERVED.


RELATIVE HUMIDITY (PERCENT)
 HIGHEST    86           700 AM
 LOWEST     35           200 PM
 AVERAGE    61

..........................................................


THE MITCHELL SD CLIMATE NORMALS FOR TODAY
                         NORMAL    RECORD    YEAR
 MAXIMUM TEMPERATURE (F)   73        98      1936
 MINIMUM TEMPERATURE (F)   47        28      1913


SUNRISE AND SUNSET
SEPTEMBER 22 2014.....SUNRISE   719 AM CDT   SUNSET   729 PM CDT
SEPTEMBER 23 2014.....SUNRISE   720 AM CDT   SUNSET   728 PM CDT


-  INDICATES NEGATIVE NUMBERS.
R  INDICATES RECORD WAS SET OR TIED.
MM INDICATES DATA IS MISSING.
T  INDICATES TRACE AMOUNT.




$$
