000
CDUS43 KFSD 020645
CLIMHE


CLIMATE REPORT
NATIONAL WEATHER SERVICE SIOUX FALLS SD
1243 AM CST MON MAR 2 2015


...................................

...THE MITCHELL SD CLIMATE SUMMARY FOR MARCH 1 2015...

CLIMATE NORMAL PERIOD 1981 TO 2010
CLIMATE RECORD PERIOD 1893 TO 2015


WEATHER ITEM   OBSERVED TIME   RECORD YEAR NORMAL DEPARTURE LAST
                VALUE   (LST)  VALUE       VALUE  FROM      YEAR
                                                  NORMAL
..................................................................
TEMPERATURE (F)
 YESTERDAY
  MAXIMUM         37    220 PM  75    1992  38     -1        8
  MINIMUM          8    328 AM -20    1962  19    -11      -10
  AVERAGE         23                        28     -5       -1

PRECIPITATION (IN)
  YESTERDAY        0.00          0.40 1958   0.02  -0.02     0.18
  MONTH TO DATE    0.00                      0.02  -0.02     0.18
  SINCE MAR 1      0.00                      0.02  -0.02     0.18
  SINCE JAN 1      0.77                      0.58   0.19     0.68

SNOWFALL (IN)
  YESTERDAY        0.0           5.0  1989  MM     MM        2.5
  MONTH TO DATE    0.0                      MM     MM        2.5
  SINCE MAR 1      0.0                      MM     MM        2.5
  SINCE JUL 1     21.9                      MM     MM       24.7
  SNOW DEPTH       0

DEGREE DAYS
 HEATING
  YESTERDAY       42                        37      5       66
  MONTH TO DATE   42                        37      5       66
  SINCE MAR 1     42                        37      5       66
  SINCE JUL 1   5532                      5559    -27     6016

 COOLING
  YESTERDAY        0                         0      0        0
  MONTH TO DATE    0                         0      0        0
  SINCE MAR 1      0                         0      0        0
  SINCE JAN 1      0                         0      0        0
..................................................................


WIND (MPH)
  HIGHEST WIND SPEED    26   HIGHEST WIND DIRECTION    NW (310)
  HIGHEST GUST SPEED    34   HIGHEST GUST DIRECTION     W (290)
  AVERAGE WIND SPEED    10.9


SKY COVER
  POSSIBLE SUNSHINE  MM
  AVERAGE SKY COVER 0.3


WEATHER CONDITIONS
 THE FOLLOWING WEATHER WAS RECORDED YESTERDAY.
  NO SIGNIFICANT WEATHER WAS OBSERVED.


RELATIVE HUMIDITY (PERCENT)
 HIGHEST    88          1200 AM
 LOWEST     32           200 PM
 AVERAGE    60

..........................................................


THE MITCHELL SD CLIMATE NORMALS FOR TODAY
                         NORMAL    RECORD    YEAR
 MAXIMUM TEMPERATURE (F)   39        76      1974
 MINIMUM TEMPERATURE (F)   19       -18      1913


SUNRISE AND SUNSET
MARCH  2 2015.........SUNRISE   707 AM CST   SUNSET   622 PM CST
MARCH  3 2015.........SUNRISE   706 AM CST   SUNSET   623 PM CST


-  INDICATES NEGATIVE NUMBERS.
R  INDICATES RECORD WAS SET OR TIED.
MM INDICATES DATA IS MISSING.
T  INDICATES TRACE AMOUNT.




$$
