000
CDUS43 KFSD 180621
CLIMHE


CLIMATE REPORT
NATIONAL WEATHER SERVICE SIOUX FALLS SD
1220 AM CST WED JAN 18 2017


...................................

...THE MITCHELL SD CLIMATE SUMMARY FOR JANUARY 17 2017...

CLIMATE NORMAL PERIOD 1981 TO 2010
CLIMATE RECORD PERIOD 1893 TO 2017


WEATHER ITEM   OBSERVED TIME   RECORD YEAR NORMAL DEPARTURE LAST
                VALUE   (LST)  VALUE       VALUE  FROM      YEAR
                                                  NORMAL
..................................................................
TEMPERATURE (F)
 YESTERDAY
  MAXIMUM         38    428 PM  59    1923  28     10        1
  MINIMUM          8    550 AM -28    1930   9     -1      -17
  AVERAGE         23                        19      4       -8

PRECIPITATION (IN)
  YESTERDAY        0.00          0.70 1897   0.01  -0.01     0.00
  MONTH TO DATE    0.13                      0.12   0.01     0.20
  SINCE DEC 1      1.24                      0.57   0.67     1.23
  SINCE JAN 1      0.13                      0.12   0.01     0.20

SNOWFALL (IN)
  YESTERDAY        0.0           7.0  1995  MM     MM        0.0
  MONTH TO DATE    2.0                      MM     MM        2.2
  SINCE DEC 1     10.1                      MM     MM       17.0
  SINCE JUL 1     15.6                      MM     MM       30.2
  SNOW DEPTH       1

DEGREE DAYS
 HEATING
  YESTERDAY       42                        46     -4       73
  MONTH TO DATE  892                       793     99      864
  SINCE DEC 1   2280                      2160    120     2051
  SINCE JUL 1   3374                      3728   -354     3234

 COOLING
  YESTERDAY        0                         0      0        0
  MONTH TO DATE    0                         0      0        0
  SINCE DEC 1      0                         0      0        0
  SINCE JAN 1      0                         0      0        0
..................................................................


WIND (MPH)
  HIGHEST WIND SPEED    14   HIGHEST WIND DIRECTION     S (170)
  HIGHEST GUST SPEED    18   HIGHEST GUST DIRECTION     S (170)
  AVERAGE WIND SPEED     6.7


SKY COVER
  POSSIBLE SUNSHINE  MM
  AVERAGE SKY COVER 0.0


WEATHER CONDITIONS
 THE FOLLOWING WEATHER WAS RECORDED YESTERDAY.
  NO SIGNIFICANT WEATHER WAS OBSERVED.


RELATIVE HUMIDITY (PERCENT)
 HIGHEST   100           800 PM
 LOWEST     64           300 PM
 AVERAGE    82

..........................................................


THE MITCHELL SD CLIMATE NORMALS FOR TODAY
                         NORMAL    RECORD    YEAR
 MAXIMUM TEMPERATURE (F)   28        54      1944
 MINIMUM TEMPERATURE (F)    9       -25      1940


SUNRISE AND SUNSET
JANUARY 18 2017.......SUNRISE   801 AM CST   SUNSET   525 PM CST
JANUARY 19 2017.......SUNRISE   800 AM CST   SUNSET   526 PM CST


-  INDICATES NEGATIVE NUMBERS.
R  INDICATES RECORD WAS SET OR TIED.
MM INDICATES DATA IS MISSING.
T  INDICATES TRACE AMOUNT.




$$
