519
CDUS43 KTOP 080641
CLIMHK


CLIMATE REPORT
NATIONAL WEATHER SERVICE TOPEKA KS
1238 AM CST THU DEC 8 2016


...................................

...THE MANHATTAN KS CLIMATE SUMMARY FOR DECEMBER 7 2016...

CLIMATE NORMAL PERIOD 1981 TO 2010
CLIMATE RECORD PERIOD 9999 TO 9999


WEATHER ITEM   OBSERVED NORMAL DEPARTURE LAST
                VALUE   VALUE  FROM      YEAR
                               NORMAL
...............................................
TEMPERATURE (F)
 YESTERDAY
  MAXIMUM         32     44    -12       59
  MINIMUM         18     22     -4       23
  AVERAGE         25     33     -8       41

PRECIPITATION (IN)
  YESTERDAY        T      0.04  -0.04     0.00
  MONTH TO DATE    0.65   0.30   0.35      T
  SINCE DEC 1      0.65   0.30   0.35      T
  SINCE JAN 1     34.17  31.83   2.34    34.78

DEGREE DAYS
 HEATING
  YESTERDAY       40     32      8       24
  MONTH TO DATE  218    217      1      175
  SINCE DEC 1    218    217      1      175
  SINCE JUL 1    828   1292   -464      914

 COOLING
  YESTERDAY        0      0      0        0
  MONTH TO DATE    0      0      0        0
  SINCE DEC 1      0      0      0        0
  SINCE JAN 1   1749   1362    387     1617
...............................................


WIND (MPH)
  HIGHEST WIND SPEED    14   HIGHEST WIND DIRECTION     N (20)
  HIGHEST GUST SPEED    17   HIGHEST GUST DIRECTION    NE (30)
  AVERAGE WIND SPEED     5.5


SKY COVER
  AVERAGE SKY COVER 0.6


WEATHER CONDITIONS
 THE FOLLOWING WEATHER WAS RECORDED YESTERDAY.
  LIGHT SNOW
  HAZE


RELATIVE HUMIDITY (PERCENT)
 HIGHEST    81
 LOWEST     49
 AVERAGE    65

..........................................................


THE MANHATTAN KS CLIMATE NORMALS FOR TODAY
                         NORMAL
 MAXIMUM TEMPERATURE (F)   44
 MINIMUM TEMPERATURE (F)   21


SUNRISE AND SUNSET
DECEMBER  8 2016......SUNRISE   734 AM CST   SUNSET   504 PM CST
DECEMBER  9 2016......SUNRISE   735 AM CST   SUNSET   504 PM CST


-  INDICATES NEGATIVE NUMBERS.
R  INDICATES RECORD WAS SET OR TIED.
MM INDICATES DATA IS MISSING.
T  INDICATES TRACE AMOUNT.

$$
