000
CDUS43 KTOP 312131
CLIMHK


CLIMATE REPORT
NATIONAL WEATHER SERVICE TOPEKA KS
431 PM CDT TUE MAY 31 2016


...................................

...THE MANHATTAN KS CLIMATE SUMMARY FOR MAY 31 2016...
VALID TODAY AS OF 0400 PM LOCAL TIME.

CLIMATE NORMAL PERIOD 1981 TO 2010
CLIMATE RECORD PERIOD 9999 TO 9999


WEATHER ITEM   OBSERVED NORMAL DEPARTURE LAST
                VALUE   VALUE  FROM      YEAR
                               NORMAL
...............................................
TEMPERATURE (F)
 TODAY
  MAXIMUM         80     81     -1       72
  MINIMUM         64     57      7       51
  AVERAGE         72     69      3       62

PRECIPITATION (IN)
  TODAY            0.00   0.18  -0.18     0.00
  MONTH TO DATE    5.88   4.48   1.40     9.98
  SINCE MAR 1     14.30   9.48   4.82    12.76
  SINCE JAN 1     15.28  11.20   4.08    14.22

DEGREE DAYS
 HEATING
  TODAY            0      1     -1        3
  MONTH TO DATE  114    124    -10      110
  SINCE MAR 1    818   1144   -326      935
  SINCE JUL 1   4115   5304  -1189     5129

 COOLING
  TODAY            7      5      2        0
  MONTH TO DATE   83     83      0       73
  SINCE MAR 1    111    100     11       81
  SINCE JAN 1    111    100     11       81
...............................................


WIND (MPH)
  HIGHEST WIND SPEED    12   HIGHEST WIND DIRECTION    NE (40)
  HIGHEST GUST SPEED    16   HIGHEST GUST DIRECTION    NE (30)
  AVERAGE WIND SPEED     4.5



WEATHER CONDITIONS
 THE FOLLOWING WEATHER WAS RECORDED TODAY.
  NO SIGNIFICANT WEATHER WAS OBSERVED.


RELATIVE HUMIDITY (PERCENT)
 HIGHEST    87
 LOWEST     52
 AVERAGE    70

..........................................................


THE MANHATTAN KS CLIMATE NORMALS FOR TOMORROW
                         NORMAL
 MAXIMUM TEMPERATURE (F)   81
 MINIMUM TEMPERATURE (F)   57


SUNRISE AND SUNSET
MAY 31 2016...........SUNRISE   603 AM CDT   SUNSET   847 PM CDT
JUNE  1 2016..........SUNRISE   602 AM CDT   SUNSET   847 PM CDT


-  INDICATES NEGATIVE NUMBERS.
R  INDICATES RECORD WAS SET OR TIED.
MM INDICATES DATA IS MISSING.
T  INDICATES TRACE AMOUNT.




$$
