000
CDUS43 KTOP 180633
CLIMHK


CLIMATE REPORT
NATIONAL WEATHER SERVICE TOPEKA KS
1232 AM CST THU DEC 18 2014


...................................

...THE MANHATTAN KS CLIMATE SUMMARY FOR DECEMBER 17 2014...

CLIMATE NORMAL PERIOD 1981 TO 2010
CLIMATE RECORD PERIOD 9999 TO 9999


WEATHER ITEM   OBSERVED NORMAL DEPARTURE LAST
                VALUE   VALUE  FROM      YEAR
                               NORMAL
...............................................
TEMPERATURE (F)
 YESTERDAY
  MAXIMUM         29     41    -12       52
  MINIMUM         24     19      5       20
  AVERAGE         27     30     -3       36

PRECIPITATION (IN)
  YESTERDAY        0.16   0.03   0.13     0.00
  MONTH TO DATE    1.98   0.61   1.37     0.02
  SINCE DEC 1      1.98   0.61   1.37     0.02
  SINCE JAN 1     22.71  32.14  -9.43    28.62

DEGREE DAYS
 HEATING
  YESTERDAY       38     35      3       29
  MONTH TO DATE  461    557    -96      632
  SINCE DEC 1    461    557    -96      632
  SINCE JUL 1   1598   1632    -34     1719

 COOLING
  YESTERDAY        0      0      0        0
  MONTH TO DATE    0      0      0        0
  SINCE DEC 1      0      0      0        0
  SINCE JAN 1   1581   1362    219     1513
...............................................


WIND (MPH)
  HIGHEST WIND SPEED    13   HIGHEST WIND DIRECTION     E (80)
  HIGHEST GUST SPEED    14   HIGHEST GUST DIRECTION     E (80)
  AVERAGE WIND SPEED     6.9


SKY COVER
  AVERAGE SKY COVER 1.0


WEATHER CONDITIONS
 THE FOLLOWING WEATHER WAS RECORDED YESTERDAY.
  HEAVY SNOW
  SNOW
  LIGHT SNOW
  FOG
  FOG W/VISIBILITY <= 1/4 MILE


RELATIVE HUMIDITY (PERCENT)
 HIGHEST   100
 LOWEST     68
 AVERAGE    84

..........................................................


THE MANHATTAN KS CLIMATE NORMALS FOR TODAY
                         NORMAL
 MAXIMUM TEMPERATURE (F)   41
 MINIMUM TEMPERATURE (F)   19


SUNRISE AND SUNSET
DECEMBER 18 2014......SUNRISE   741 AM CST   SUNSET   506 PM CST
DECEMBER 19 2014......SUNRISE   741 AM CST   SUNSET   506 PM CST


-  INDICATES NEGATIVE NUMBERS.
R  INDICATES RECORD WAS SET OR TIED.
MM INDICATES DATA IS MISSING.
T  INDICATES TRACE AMOUNT.




$$
