000
CDUS43 KTOP 252134
CLIMHK


CLIMATE REPORT
NATIONAL WEATHER SERVICE TOPEKA KS
434 PM CDT FRI JUL 25 2014


...................................

...THE MANHATTAN KS CLIMATE SUMMARY FOR JULY 25 2014...
VALID TODAY AS OF 0400 PM LOCAL TIME.

CLIMATE NORMAL PERIOD 1981 TO 2010
CLIMATE RECORD PERIOD 9999 TO 9999


WEATHER ITEM   OBSERVED NORMAL DEPARTURE LAST
                VALUE   VALUE  FROM      YEAR
                               NORMAL
...............................................
TEMPERATURE (F)
 TODAY
  MAXIMUM        107     92     15       78
  MINIMUM         77     67     10       66
  AVERAGE         92     80     12       72

PRECIPITATION (IN)
  TODAY            0.00   0.12  -0.12     0.27
  MONTH TO DATE    0.45   3.28  -2.83     1.60
  SINCE JUN 1      7.27   8.37  -1.10     4.78
  SINCE JAN 1     13.12  19.57  -6.45    14.39

DEGREE DAYS
 HEATING
  TODAY            0      0      0        0
  MONTH TO DATE    1      0      1        0
  SINCE JUN 1      1     11    -10        9
  SINCE JUL 1      1      0      1        0

 COOLING
  TODAY           27     15     12        7
  MONTH TO DATE  318    351    -33      361
  SINCE JUN 1    623    621      2      679
  SINCE JAN 1    826    721    105      815
...............................................


WIND (MPH)
  HIGHEST WIND SPEED    25   HIGHEST WIND DIRECTION    SW (220)
  HIGHEST GUST SPEED    34   HIGHEST GUST DIRECTION    SW (210)
  AVERAGE WIND SPEED    16.8



WEATHER CONDITIONS
 THE FOLLOWING WEATHER WAS RECORDED TODAY.
  NO SIGNIFICANT WEATHER WAS OBSERVED.


RELATIVE HUMIDITY (PERCENT)
 HIGHEST    76
 LOWEST     29
 AVERAGE    53

..........................................................


THE MANHATTAN KS CLIMATE NORMALS FOR TOMORROW
                         NORMAL
 MAXIMUM TEMPERATURE (F)   92
 MINIMUM TEMPERATURE (F)   67


SUNRISE AND SUNSET
JULY 25 2014..........SUNRISE   621 AM CDT   SUNSET   845 PM CDT
JULY 26 2014..........SUNRISE   622 AM CDT   SUNSET   844 PM CDT


-  INDICATES NEGATIVE NUMBERS.
R  INDICATES RECORD WAS SET OR TIED.
MM INDICATES DATA IS MISSING.
T  INDICATES TRACE AMOUNT.




$$
