000
CDUS43 KTOP 230635
CLIMHK


CLIMATE REPORT
NATIONAL WEATHER SERVICE TOPEKA KS
134 AM CDT THU OCT 23 2014


...................................

...THE MANHATTAN KS CLIMATE SUMMARY FOR OCTOBER 22 2014...

CLIMATE NORMAL PERIOD 1981 TO 2010
CLIMATE RECORD PERIOD 9999 TO 9999


WEATHER ITEM   OBSERVED NORMAL DEPARTURE LAST
                VALUE   VALUE  FROM      YEAR
                               NORMAL
...............................................
TEMPERATURE (F)
 YESTERDAY
  MAXIMUM         80     66     14       64
  MINIMUM         56     40     16       38
  AVERAGE         68     53     15       51

PRECIPITATION (IN)
  YESTERDAY        0.08   0.06   0.02     0.00
  MONTH TO DATE    2.21   1.67   0.54     2.63
  SINCE SEP 1      3.48   4.84  -1.36     5.73
  SINCE JAN 1     20.38  29.38  -9.00    26.95

DEGREE DAYS
 HEATING
  YESTERDAY        0     12    -12       14
  MONTH TO DATE  176    200    -24      187
  SINCE SEP 1    232    267    -35      204
  SINCE JUL 1    233    270    -37      207

 COOLING
  YESTERDAY        3      0      3        0
  MONTH TO DATE   14     21     -7       33
  SINCE SEP 1    189    175     14      285
  SINCE JAN 1   1567   1358    209     1513
...............................................


WIND (MPH)
  HIGHEST WIND SPEED    25   HIGHEST WIND DIRECTION     S (180)
  HIGHEST GUST SPEED    31   HIGHEST GUST DIRECTION     S (180)
  AVERAGE WIND SPEED     7.4


SKY COVER
  AVERAGE SKY COVER 0.3


WEATHER CONDITIONS
 THE FOLLOWING WEATHER WAS RECORDED YESTERDAY.
  RAIN
  LIGHT RAIN
  FOG


RELATIVE HUMIDITY (PERCENT)
 HIGHEST    83
 LOWEST     39
 AVERAGE    61

..........................................................


THE MANHATTAN KS CLIMATE NORMALS FOR TODAY
                         NORMAL
 MAXIMUM TEMPERATURE (F)   65
 MINIMUM TEMPERATURE (F)   40


SUNRISE AND SUNSET
OCTOBER 23 2014.......SUNRISE   745 AM CDT   SUNSET   637 PM CDT
OCTOBER 24 2014.......SUNRISE   746 AM CDT   SUNSET   635 PM CDT


-  INDICATES NEGATIVE NUMBERS.
R  INDICATES RECORD WAS SET OR TIED.
MM INDICATES DATA IS MISSING.
T  INDICATES TRACE AMOUNT.




$$
