619
CDUS43 KTOP 180633
CLIMHK


CLIMATE REPORT
NATIONAL WEATHER SERVICE TOPEKA KS
1233 AM CST SUN FEB 18 2018


...................................

...THE MANHATTAN KS CLIMATE SUMMARY FOR FEBRUARY 17 2018...

CLIMATE NORMAL PERIOD 1981 TO 2010
CLIMATE RECORD PERIOD 9999 TO 9999


WEATHER ITEM   OBSERVED NORMAL DEPARTURE LAST
                VALUE   VALUE  FROM      YEAR
                               NORMAL
...............................................
TEMPERATURE (F)
 YESTERDAY
  MAXIMUM         58     46     12       77
  MINIMUM         22     21      1       43
  AVERAGE         40     33      7       60

PRECIPITATION (IN)
  YESTERDAY        0.00   0.04  -0.04     0.00
  MONTH TO DATE    T      0.61  -0.61     0.02
  SINCE DEC 1      0.61   2.28  -1.67     2.34
  SINCE JAN 1      0.50   1.26  -0.76     1.40

DEGREE DAYS
 HEATING
  YESTERDAY       25     32     -7        5
  MONTH TO DATE  595    568     27      418
  SINCE DEC 1   2616   2759   -143     2477
  SINCE JUL 1   3498   3834   -336     3087

 COOLING
  YESTERDAY        0      0      0        0
  MONTH TO DATE    0      0      0        0
  SINCE DEC 1      0      0      0        0
  SINCE JAN 1      0      0      0        0
...............................................


WIND (MPH)
  HIGHEST WIND SPEED    15   HIGHEST WIND DIRECTION    NW (330)
  HIGHEST GUST SPEED    23   HIGHEST GUST DIRECTION    NW (320)
  AVERAGE WIND SPEED     4.6


SKY COVER
  AVERAGE SKY COVER 0.2


WEATHER CONDITIONS
 THE FOLLOWING WEATHER WAS RECORDED YESTERDAY.
  NO SIGNIFICANT WEATHER WAS OBSERVED.


RELATIVE HUMIDITY (PERCENT)
 HIGHEST    69
 LOWEST     17
 AVERAGE    43

..........................................................


THE MANHATTAN KS CLIMATE NORMALS FOR TODAY
                         NORMAL
 MAXIMUM TEMPERATURE (F)   46
 MINIMUM TEMPERATURE (F)   21


SUNRISE AND SUNSET
FEBRUARY 18 2018......SUNRISE   714 AM CST   SUNSET   607 PM CST
FEBRUARY 19 2018......SUNRISE   713 AM CST   SUNSET   608 PM CST


-  INDICATES NEGATIVE NUMBERS.
R  INDICATES RECORD WAS SET OR TIED.
MM INDICATES DATA IS MISSING.
T  INDICATES TRACE AMOUNT.




$$
