000
CDUS43 KTOP 230635
CLIMHK


CLIMATE REPORT
NATIONAL WEATHER SERVICE TOPEKA KS
134 AM CDT WED AUG 23 2017


...................................

...THE MANHATTAN KS CLIMATE SUMMARY FOR AUGUST 22 2017...

CLIMATE NORMAL PERIOD 1981 TO 2010
CLIMATE RECORD PERIOD 9999 TO 9999


WEATHER ITEM   OBSERVED NORMAL DEPARTURE LAST
                VALUE   VALUE  FROM      YEAR
                               NORMAL
...............................................
TEMPERATURE (F)
 YESTERDAY
  MAXIMUM         83     89     -6       85
  MINIMUM         57     64     -7       60
  AVERAGE         70     76     -6       73

PRECIPITATION (IN)
  YESTERDAY        0.09   0.17  -0.08     0.00
  MONTH TO DATE    5.20   2.84   2.36     4.03
  SINCE JUN 1      9.09  11.90  -2.81     8.99
  SINCE JAN 1     22.95  23.10  -0.15    24.27

DEGREE DAYS
 HEATING
  YESTERDAY        0      0      0        0
  MONTH TO DATE    0      0      0        0
  SINCE JUN 1      2     12    -10        0
  SINCE JUL 1      0      1     -1        0

 COOLING
  YESTERDAY        5     11     -6        8
  MONTH TO DATE  205    286    -81      288
  SINCE JUN 1   1073    992     81     1245
  SINCE JAN 1   1207   1092    115     1355
...............................................


WIND (MPH)
  HIGHEST WIND SPEED    20   HIGHEST WIND DIRECTION     E (80)
  HIGHEST GUST SPEED    26   HIGHEST GUST DIRECTION     E (70)
  AVERAGE WIND SPEED     8.2


SKY COVER
  AVERAGE SKY COVER 0.3


WEATHER CONDITIONS
 THE FOLLOWING WEATHER WAS RECORDED YESTERDAY.
  THUNDERSTORM
  LIGHT RAIN
  FOG


RELATIVE HUMIDITY (PERCENT)
 HIGHEST   100
 LOWEST     37
 AVERAGE    69

..........................................................


THE MANHATTAN KS CLIMATE NORMALS FOR TODAY
                         NORMAL
 MAXIMUM TEMPERATURE (F)   88
 MINIMUM TEMPERATURE (F)   64


SUNRISE AND SUNSET
AUGUST 23 2017........SUNRISE   647 AM CDT   SUNSET   810 PM CDT
AUGUST 24 2017........SUNRISE   648 AM CDT   SUNSET   809 PM CDT


-  INDICATES NEGATIVE NUMBERS.
R  INDICATES RECORD WAS SET OR TIED.
MM INDICATES DATA IS MISSING.
T  INDICATES TRACE AMOUNT.

$$
