000
CDUS43 KTOP 280640
CLIMHK


CLIMATE REPORT
NATIONAL WEATHER SERVICE TOPEKA KS
139 AM CDT MON JUL 28 2014


...................................

...THE MANHATTAN KS CLIMATE SUMMARY FOR JULY 27 2014...

CLIMATE NORMAL PERIOD 1981 TO 2010
CLIMATE RECORD PERIOD 9999 TO 9999


WEATHER ITEM   OBSERVED NORMAL DEPARTURE LAST
                VALUE   VALUE  FROM      YEAR
                               NORMAL
...............................................
TEMPERATURE (F)
 YESTERDAY
  MAXIMUM         93     92      1       70
  MINIMUM         68     67      1       56
  AVERAGE         81     79      2       63

PRECIPITATION (IN)
  YESTERDAY        0.00   0.12  -0.12     0.21
  MONTH TO DATE    0.45   3.51  -3.06     1.86
  SINCE JUN 1      7.27   8.60  -1.33     5.04
  SINCE JAN 1     13.12  19.80  -6.68    14.65

DEGREE DAYS
 HEATING
  YESTERDAY        0      0      0        2
  MONTH TO DATE    1      0      1        2
  SINCE JUN 1      1     11    -10       11
  SINCE JUL 1      1      0      1        2

 COOLING
  YESTERDAY       16     14      2        0
  MONTH TO DATE  359    379    -20      371
  SINCE JUN 1    664    649     15      689
  SINCE JAN 1    867    749    118      825
...............................................


WIND (MPH)
  HIGHEST WIND SPEED    16   HIGHEST WIND DIRECTION    NE (30)
  HIGHEST GUST SPEED    22   HIGHEST GUST DIRECTION     N (20)
  AVERAGE WIND SPEED     7.0


SKY COVER
  AVERAGE SKY COVER 0.1


WEATHER CONDITIONS
 THE FOLLOWING WEATHER WAS RECORDED YESTERDAY.
  FOG
  HAZE


RELATIVE HUMIDITY (PERCENT)
 HIGHEST    94
 LOWEST     23
 AVERAGE    59

..........................................................


THE MANHATTAN KS CLIMATE NORMALS FOR TODAY
                         NORMAL
 MAXIMUM TEMPERATURE (F)   92
 MINIMUM TEMPERATURE (F)   67


SUNRISE AND SUNSET
JULY 28 2014..........SUNRISE   624 AM CDT   SUNSET   842 PM CDT
JULY 29 2014..........SUNRISE   624 AM CDT   SUNSET   841 PM CDT


-  INDICATES NEGATIVE NUMBERS.
R  INDICATES RECORD WAS SET OR TIED.
MM INDICATES DATA IS MISSING.
T  INDICATES TRACE AMOUNT.




$$
