000
CDUS46 KMFR 230835
CLIMHS


CLIMATE REPORT
NATIONAL WEATHER SERVICE MEDFORD, OR
135 AM PDT SAT SEP 23 2017


...................................

...THE MT SHASTA CITY CA CLIMATE SUMMARY FOR SEPTEMBER 22 2017...

CLIMATE NORMAL PERIOD 1981 TO 2010
CLIMATE RECORD PERIOD 1908 TO 2017


WEATHER ITEM   OBSERVED TIME   RECORD YEAR NORMAL DEPARTURE LAST
                VALUE   (LST)  VALUE       VALUE  FROM      YEAR
                                                  NORMAL
..................................................................
TEMPERATURE (F)
 YESTERDAY
  MAXIMUM         63    106 PM  93    1949  76    -13       58
  MINIMUM         31R   628 AM  31    1927  42    -11       43
  AVERAGE         47                        59    -12       51

PRECIPITATION (IN)
  YESTERDAY        0.00          0.85 1983   0.02  -0.02     0.08
  MONTH TO DATE    0.28                      0.45  -0.17     0.08
  SINCE OCT 1     60.15                     42.99  17.16    42.39
  SINCE JAN 1     38.99                     27.78  11.21    32.90

SNOWFALL (IN)
  YESTERDAY       MM                         0.0   MM       MM
  MONTH TO DATE   MM                         0.0   MM       MM
  SINCE JUL 1     MM                         0.0   MM       MM
  SNOW DEPTH      MM

DEGREE DAYS
 HEATING
  YESTERDAY       18                         7     11       14
  MONTH TO DATE   91                       101    -10       71
  SINCE SEP 1     91                       101    -10       71
  SINCE JUL 1     91                       176    -85       86

 COOLING
  YESTERDAY        0                         1     -1        0
  MONTH TO DATE  100                        23     77       21
  SINCE SEP 1    100                        23     77       21
  SINCE JAN 1    700                       283    417      499
..................................................................


WIND (MPH)
  HIGHEST WIND SPEED     8   HIGHEST WIND DIRECTION     E (90)
  HIGHEST GUST SPEED    14   HIGHEST GUST DIRECTION    NW (300)
  AVERAGE WIND SPEED     1.8


SKY COVER
  POSSIBLE SUNSHINE  MM
  AVERAGE SKY COVER 0.3


WEATHER CONDITIONS
 THE FOLLOWING WEATHER WAS RECORDED YESTERDAY.
  NO SIGNIFICANT WEATHER WAS OBSERVED.


RELATIVE HUMIDITY (PERCENT)
 HIGHEST    92           600 AM
 LOWEST     32          1200 PM

..........................................................


THE MT SHASTA CITY CA CLIMATE NORMALS FOR TODAY
                         NORMAL    RECORD    YEAR
 MAXIMUM TEMPERATURE (F)   76        96      2009
                                             2009
 MINIMUM TEMPERATURE (F)   42        29      2000


SUNRISE AND SUNSET
SEPTEMBER 23 2017.....SUNRISE   658 AM PDT   SUNSET   704 PM PDT
SEPTEMBER 24 2017.....SUNRISE   659 AM PDT   SUNSET   702 PM PDT


-  INDICATES NEGATIVE NUMBERS.
R  INDICATES RECORD WAS SET OR TIED.
MM INDICATES DATA IS MISSING.
T  INDICATES TRACE AMOUNT.




$$
