000
CDUS46 KMFR 060837
CLIMHS


CLIMATE REPORT
NATIONAL WEATHER SERVICE MEDFORD, OR
137 AM PDT FRI MAY 6 2016


...................................

...THE MT SHASTA CITY CA CLIMATE SUMMARY FOR MAY 5 2016...

CLIMATE NORMAL PERIOD 1981 TO 2010
CLIMATE RECORD PERIOD 1908 TO 2016


WEATHER ITEM   OBSERVED TIME   RECORD YEAR NORMAL DEPARTURE LAST
                VALUE   (LST)  VALUE       VALUE  FROM      YEAR
                                                  NORMAL
..................................................................
TEMPERATURE (F)
 YESTERDAY
  MAXIMUM         64   1233 PM  88    1992  66     -2       69
  MINIMUM         45    450 AM  27    1978  37      8       42
  AVERAGE         55                        52      3       56

PRECIPITATION (IN)
  YESTERDAY        0.02          1.06 1979   0.07  -0.05     0.00
  MONTH TO DATE    0.19                      0.36  -0.17     0.00
  SINCE OCT 1     38.82                     38.75   0.07    32.91
  SINCE JAN 1     29.33                     23.54   5.79    13.39

SNOWFALL (IN)
  YESTERDAY       MM                         0.0   MM       MM
  MONTH TO DATE   MM                         0.1   MM       MM
  SINCE JUL 1     MM                        91.6   MM       MM
  SNOW DEPTH      MM

DEGREE DAYS
 HEATING
  YESTERDAY       10                        13     -3        9
  MONTH TO DATE   47                        69    -22       27
  SINCE MAR 1   1037                      1309   -272      981
  SINCE JUL 1   4552                      5284   -732     3947

 COOLING
  YESTERDAY        0                         0      0        0
  MONTH TO DATE    0                         0      0        0
  SINCE MAR 1      0                         0      0        0
  SINCE JAN 1      0                         0      0        0
..................................................................


WIND (MPH)
  HIGHEST WIND SPEED     9   HIGHEST WIND DIRECTION    NW (330)
  HIGHEST GUST SPEED    21   HIGHEST GUST DIRECTION     W (270)
  AVERAGE WIND SPEED     2.6


SKY COVER
  POSSIBLE SUNSHINE  MM
  AVERAGE SKY COVER 0.4


WEATHER CONDITIONS
 THE FOLLOWING WEATHER WAS RECORDED YESTERDAY.
  LIGHT RAIN


RELATIVE HUMIDITY (PERCENT)
 HIGHEST    93           300 AM
 LOWEST     60          1000 AM

..........................................................


THE MT SHASTA CITY CA CLIMATE NORMALS FOR TODAY
                         NORMAL    RECORD    YEAR
 MAXIMUM TEMPERATURE (F)   66        88      1987
 MINIMUM TEMPERATURE (F)   37        24      1933
                                             1984


SUNRISE AND SUNSET
MAY  6 2016...........SUNRISE   600 AM PDT   SUNSET   813 PM PDT
MAY  7 2016...........SUNRISE   559 AM PDT   SUNSET   814 PM PDT


-  INDICATES NEGATIVE NUMBERS.
R  INDICATES RECORD WAS SET OR TIED.
MM INDICATES DATA IS MISSING.
T  INDICATES TRACE AMOUNT.




$$
