000
CDUS46 KMFR 200851
CLIMHS


CLIMATE REPORT
NATIONAL WEATHER SERVICE MEDFORD, OR
1251 AM PST SAT JAN 20 2018


...................................

...THE MT SHASTA CITY CA CLIMATE SUMMARY FOR JANUARY 19 2018...

CLIMATE NORMAL PERIOD 1981 TO 2010
CLIMATE RECORD PERIOD 1908 TO 2018


WEATHER ITEM   OBSERVED TIME   RECORD YEAR NORMAL DEPARTURE LAST
                VALUE   (LST)  VALUE       VALUE  FROM      YEAR
                                                  NORMAL
..................................................................
TEMPERATURE (F)
 YESTERDAY
  MAXIMUM         41    230 PM  66    1920  46     -5       37
  MINIMUM         27   1147 PM  -5    1922  27      0       32
  AVERAGE         34                        36     -2       35

PRECIPITATION (IN)
  YESTERDAY        0.00          3.16 2010   0.21  -0.21     0.42
  MONTH TO DATE    2.81                      4.48  -1.67     7.53
  SINCE OCT 1      8.64                     19.69 -11.05    28.69
  SINCE JAN 1      2.81                      4.48  -1.67     7.53

SNOWFALL (IN)
  YESTERDAY       MM                         0.6   MM       MM
  MONTH TO DATE   MM                        13.7   MM       MM
  SINCE JUL 1     MM                        46.4   MM       MM
  SNOW DEPTH      MM

DEGREE DAYS
 HEATING
  YESTERDAY       31                        29      2       30
  MONTH TO DATE  422                       561   -139      617
  SINCE DEC 1   1276                      1486   -210     1599
  SINCE JUL 1   2527                      2883   -356     2784

 COOLING
  YESTERDAY        0                         0      0        0
  MONTH TO DATE    0                         0      0        0
  SINCE DEC 1      0                         0      0        0
  SINCE JAN 1      0                         0      0        0
..................................................................


WIND (MPH)
  HIGHEST WIND SPEED     5   HIGHEST WIND DIRECTION     E (90)
  HIGHEST GUST SPEED     9   HIGHEST GUST DIRECTION    SE (140)
  AVERAGE WIND SPEED     0.4


SKY COVER
  POSSIBLE SUNSHINE  MM
  AVERAGE SKY COVER 0.6


WEATHER CONDITIONS
 THE FOLLOWING WEATHER WAS RECORDED YESTERDAY.
  FOG


RELATIVE HUMIDITY (PERCENT)
 HIGHEST   100          1200 AM
 LOWEST     64           200 PM

..........................................................


THE MT SHASTA CITY CA CLIMATE NORMALS FOR TODAY
                         NORMAL    RECORD    YEAR
 MAXIMUM TEMPERATURE (F)   46        65      1961
 MINIMUM TEMPERATURE (F)   27        -2      1937


SUNRISE AND SUNSET
JANUARY 20 2018.......SUNRISE   730 AM PST   SUNSET   511 PM PST
JANUARY 21 2018.......SUNRISE   729 AM PST   SUNSET   512 PM PST


-  INDICATES NEGATIVE NUMBERS.
R  INDICATES RECORD WAS SET OR TIED.
MM INDICATES DATA IS MISSING.
T  INDICATES TRACE AMOUNT.




$$
