000
CDUS46 KMFR 300836
CLIMHS


CLIMATE REPORT
NATIONAL WEATHER SERVICE MEDFORD, OR
1236 AM PST FRI JAN 30 2015


...................................

...THE MT SHASTA CITY CA CLIMATE SUMMARY FOR JANUARY 29 2015...

CLIMATE NORMAL PERIOD 1981 TO 2010
CLIMATE RECORD PERIOD 1908 TO 2015


WEATHER ITEM   OBSERVED TIME   RECORD YEAR NORMAL DEPARTURE LAST
                VALUE   (LST)  VALUE       VALUE  FROM      YEAR
                                                  NORMAL
..................................................................
TEMPERATURE (F)
 YESTERDAY
  MAXIMUM         58    235 PM  65    1931  46     12       50
  MINIMUM         32    754 AM   0    1979  27      5       37
  AVERAGE         45                        37      8       44

PRECIPITATION (IN)
  YESTERDAY        0.00          1.60 1921   0.21  -0.21     0.06
  MONTH TO DATE    0.48                      6.64  -6.16     0.21
  SINCE OCT 1     20.00                     21.85  -1.85     1.32
  SINCE JAN 1      0.48                      6.64  -6.16     0.21

SNOWFALL (IN)
  YESTERDAY       MM                         0.6   MM       MM
  MONTH TO DATE   MM                        19.4   MM        0.0
  SINCE JUL 1     MM                        52.1   MM        0.0
  SNOW DEPTH      MM

DEGREE DAYS
 HEATING
  YESTERDAY       20                        28     -8       21
  MONTH TO DATE  643                       848   -205      711
  SINCE DEC 1   1376                      1773   -397     1649
  SINCE JUL 1   2386                      3170   -784     2886

 COOLING
  YESTERDAY        0                         0      0        0
  MONTH TO DATE    0                         0      0        0
  SINCE DEC 1      0                         0      0        0
  SINCE JAN 1      0                         0      0        0
..................................................................


WIND (MPH)
  HIGHEST WIND SPEED    10   HIGHEST WIND DIRECTION    NW (300)
  HIGHEST GUST SPEED    16   HIGHEST GUST DIRECTION    NW (300)
  AVERAGE WIND SPEED     2.8


SKY COVER
  POSSIBLE SUNSHINE  MM
  AVERAGE SKY COVER 0.0


WEATHER CONDITIONS
 THE FOLLOWING WEATHER WAS RECORDED YESTERDAY.
  FOG
  HAZE


RELATIVE HUMIDITY (PERCENT)
 HIGHEST    89           300 AM
 LOWEST     43           200 PM

..........................................................


THE MT SHASTA CITY CA CLIMATE NORMALS FOR TODAY
                         NORMAL    RECORD    YEAR
 MAXIMUM TEMPERATURE (F)   47        63      1940
 MINIMUM TEMPERATURE (F)   27         1      1916


SUNRISE AND SUNSET
JANUARY 30 2015.......SUNRISE   723 AM PST   SUNSET   523 PM PST
JANUARY 31 2015.......SUNRISE   722 AM PST   SUNSET   524 PM PST


-  INDICATES NEGATIVE NUMBERS.
R  INDICATES RECORD WAS SET OR TIED.
MM INDICATES DATA IS MISSING.
T  INDICATES TRACE AMOUNT.




$$
