000
CDUS46 KMFR 290035
CLIMHS


CLIMATE REPORT
NATIONAL WEATHER SERVICE MEDFORD, OR
535 PM PDT MON JUL 28 2014


...................................

...THE MT SHASTA CITY CA CLIMATE SUMMARY FOR JULY 28 2014...
VALID TODAY AS OF 0500 PM LOCAL TIME.

CLIMATE NORMAL PERIOD 1981 TO 2010
CLIMATE RECORD PERIOD 1908 TO 2014


WEATHER ITEM   OBSERVED TIME   RECORD YEAR NORMAL DEPARTURE LAST
                VALUE   (LST)  VALUE       VALUE  FROM      YEAR
                                                  NORMAL
..................................................................
TEMPERATURE (F)
 TODAY
  MAXIMUM         98R  1245 PM  98    2009  88     10       88
                                      1968
  MINIMUM         53    521 AM  38    1965  50      3       52
  AVERAGE         76                        69      7       70

PRECIPITATION (IN)
  TODAY            0.00          0.43 1947   0.01  -0.01     0.00
  MONTH TO DATE    0.24                      0.36  -0.12     0.10
  SINCE SEP 1     14.89                     42.84 -27.95    27.88
  SINCE JAN 1     12.07                     26.96 -14.89     7.18

SNOWFALL (IN)
  TODAY           MM                         0.0   MM       MM
  MONTH TO DATE   MM                         0.0   MM       MM
  SINCE JUL 1     MM                         0.0   MM       MM
  SNOW DEPTH      MM

DEGREE DAYS
 HEATING
  TODAY            0                         1     -1        0
  MONTH TO DATE    1                        34    -33        0
  SINCE JUN 1     57                       176   -119       87
  SINCE JUL 1      1                        34    -33        0

 COOLING
  TODAY           11                         5      6        5
  MONTH TO DATE  257                       112    145      215
  SINCE JUN 1    315                       149    166      314
  SINCE JAN 1    324                       157    167      323
..................................................................


WIND (MPH)
  HIGHEST WIND SPEED     5   HIGHEST WIND DIRECTION    SW (210)
  HIGHEST GUST SPEED    11   HIGHEST GUST DIRECTION    SW (240)
  AVERAGE WIND SPEED     0.2


SKY COVER
  POSSIBLE SUNSHINE  MM
  AVERAGE SKY COVER 0.0


WEATHER CONDITIONS
 THE FOLLOWING WEATHER WAS RECORDED TODAY.
  NO SIGNIFICANT WEATHER WAS OBSERVED.


RELATIVE HUMIDITY (PERCENT)
 HIGHEST    64           500 AM
 LOWEST     13           100 PM

..........................................................


THE MT SHASTA CITY CA CLIMATE NORMALS FOR TOMORROW
                         NORMAL    RECORD    YEAR
 MAXIMUM TEMPERATURE (F)   88        99      2009
 MINIMUM TEMPERATURE (F)   50        36      1919


SUNRISE AND SUNSET
JULY 28 2014..........SUNRISE   601 AM PDT   SUNSET   830 PM PDT
JULY 29 2014..........SUNRISE   602 AM PDT   SUNSET   829 PM PDT


-  INDICATES NEGATIVE NUMBERS.
R  INDICATES RECORD WAS SET OR TIED.
MM INDICATES DATA IS MISSING.
T  INDICATES TRACE AMOUNT.




$$
