000
CDUS46 KMFR 200036
CLIMHS


CLIMATE REPORT
NATIONAL WEATHER SERVICE MEDFORD, OR
535 PM PDT SAT APR 19 2014


...................................

...THE MT SHASTA CITY CA CLIMATE SUMMARY FOR APRIL 19 2014...
VALID TODAY AS OF 0500 PM LOCAL TIME.

CLIMATE NORMAL PERIOD 1981 TO 2010
CLIMATE RECORD PERIOD 1908 TO 2014


WEATHER ITEM   OBSERVED TIME   RECORD YEAR NORMAL DEPARTURE LAST
                VALUE   (LST)  VALUE       VALUE  FROM      YEAR
                                                  NORMAL
..................................................................
TEMPERATURE (F)
 TODAY
  MAXIMUM         71    154 PM  83    1950  62      9       67
  MINIMUM         32    548 AM  17    1927  34     -2       43
  AVERAGE         52                        48      4       55

PRECIPITATION (IN)
  TODAY            0.00          2.00 1988   0.10  -0.10     0.00
  MONTH TO DATE    0.56                      1.99  -1.43     0.77
  SINCE SEP 1     13.79                     38.12 -24.33    26.21
  SINCE JAN 1     10.97                     22.24 -11.27     5.51

SNOWFALL (IN)
  TODAY           MM                         0.2   MM       MM
  MONTH TO DATE   MM                         4.5   MM       MM
  SINCE JUL 1      0.0                      90.6  -90.6     MM
  SNOW DEPTH      MM

DEGREE DAYS
 HEATING
  TODAY           13                        17     -4       10
  MONTH TO DATE  248                       361   -113      328
  SINCE MAR 1    852                      1065   -213      943
  SINCE JUL 1   4468                      5040   -572     4661

 COOLING
  TODAY            0                         0      0        0
  MONTH TO DATE    0                         0      0        0
  SINCE MAR 1      0                         0      0        0
  SINCE JAN 1      0                         0      0        0
..................................................................


WIND (MPH)
  HIGHEST WIND SPEED    10   HIGHEST WIND DIRECTION     N (340)
  HIGHEST GUST SPEED    21   HIGHEST GUST DIRECTION     N (340)
  AVERAGE WIND SPEED     2.5


SKY COVER
  POSSIBLE SUNSHINE  MM
  AVERAGE SKY COVER 0.0


WEATHER CONDITIONS
 THE FOLLOWING WEATHER WAS RECORDED TODAY.
  NO SIGNIFICANT WEATHER WAS OBSERVED.


RELATIVE HUMIDITY (PERCENT)
 HIGHEST    75           500 AM
 LOWEST     19           800 AM

..........................................................


THE MT SHASTA CITY CA CLIMATE NORMALS FOR TOMORROW
                         NORMAL    RECORD    YEAR
 MAXIMUM TEMPERATURE (F)   62        84      2009
 MINIMUM TEMPERATURE (F)   34        15      2008


SUNRISE AND SUNSET
APRIL 19 2014.........SUNRISE   623 AM PDT   SUNSET   754 PM PDT
APRIL 20 2014.........SUNRISE   622 AM PDT   SUNSET   755 PM PDT


-  INDICATES NEGATIVE NUMBERS.
R  INDICATES RECORD WAS SET OR TIED.
MM INDICATES DATA IS MISSING.
T  INDICATES TRACE AMOUNT.




$$
