000
CDUS42 KMFL 230822
CLIMIA


CLIMATE REPORT
NATIONAL WEATHER SERVICE MIAMI, FL
422 AM EDT TUE MAY 23 2017


...................................

...THE MIAMI CLIMATE SUMMARY FOR MAY 22 2017...

CLIMATE NORMAL PERIOD 1981 TO 2010
CLIMATE RECORD PERIOD 1895 TO 2017


WEATHER ITEM   OBSERVED TIME   RECORD YEAR NORMAL DEPARTURE LAST
                VALUE   (LST)  VALUE       VALUE  FROM      YEAR
                                                  NORMAL
..................................................................
TEMPERATURE (F)
 YESTERDAY
  MAXIMUM         88    243 PM  95    1990  88      0       92
  MINIMUM         77    431 AM  63    1948  74      3       76
                                      1937
  AVERAGE         83                        81      2       84

PRECIPITATION (IN)
  YESTERDAY        0.00          9.70 2012   0.20  -0.20     0.00
  MONTH TO DATE    2.03                      3.19  -1.16     6.29
  SINCE NOV 1     16.09                     18.51  -2.42    35.78
  SINCE JAN 1     12.82                     13.20  -0.38    18.41

SNOWFALL (IN)
  YESTERDAY        0.0
  MONTH TO DATE    0.0
  SINCE MAR 1      0.0
  SINCE JUL 1      0.0
  SNOW DEPTH       0

DEGREE DAYS
 HEATING
  YESTERDAY        0                         0      0        0
  MONTH TO DATE    0                         0      0        0
  SINCE MAR 1      3                        12     -9        0
  SINCE JUL 1     17                       128   -111       67

 COOLING
  YESTERDAY       18                        16      2       19
  MONTH TO DATE  357                       316     41      330
  SINCE MAR 1   1024                       887    137     1061
  SINCE JAN 1   1518                      1209    309     1318
..................................................................


WIND (MPH)
  HIGHEST WIND SPEED    18   HIGHEST WIND DIRECTION     E (110)
  HIGHEST GUST SPEED    24   HIGHEST GUST DIRECTION    SE (140)
  AVERAGE WIND SPEED     8.6


SKY COVER
  POSSIBLE SUNSHINE  MM
  AVERAGE SKY COVER 0.4


WEATHER CONDITIONS
 THE FOLLOWING WEATHER WAS RECORDED YESTERDAY.
  NO SIGNIFICANT WEATHER WAS OBSERVED.


RELATIVE HUMIDITY (PERCENT)
 HIGHEST    79
 LOWEST     53
 AVERAGE    66

..........................................................


THE MIAMI CLIMATE NORMALS FOR TODAY
                         NORMAL    RECORD    YEAR
 MAXIMUM TEMPERATURE (F)   88        94      1951
                                             1940
 MINIMUM TEMPERATURE (F)   74        60      1940


SUNRISE AND SUNSET
MAY 23 2017...........SUNRISE   632 AM EDT   SUNSET   804 PM EDT
MAY 24 2017...........SUNRISE   632 AM EDT   SUNSET   805 PM EDT


-  INDICATES NEGATIVE NUMBERS.
R  INDICATES RECORD WAS SET OR TIED.
MM INDICATES DATA IS MISSING.
T  INDICATES TRACE AMOUNT.




$$
