000
CDUS42 KMFL 112117
CLIMIA


CLIMATE REPORT
NATIONAL WEATHER SERVICE MIAMI, FL
417 PM EST THU FEB 11 2016


...................................

...THE MIAMI CLIMATE SUMMARY FOR FEBRUARY 11 2016...
VALID TODAY AS OF 0400 PM LOCAL TIME.

CLIMATE NORMAL PERIOD 1981 TO 2010
CLIMATE RECORD PERIOD 1895 TO 2016


WEATHER ITEM   OBSERVED TIME   RECORD YEAR NORMAL DEPARTURE LAST
                VALUE   (LST)  VALUE       VALUE  FROM      YEAR
                                                  NORMAL
..................................................................
TEMPERATURE (F)
 TODAY
  MAXIMUM         71    343 PM  87    1942  78     -7       73
  MINIMUM         50    723 AM  40    1947  62    -12       54
  AVERAGE         61                        70     -9       64

PRECIPITATION (IN)
  TODAY            0.00          0.82 1981   0.08  -0.08     0.00
  MONTH TO DATE    1.44                      0.86   0.58     0.67
  SINCE NOV 1     26.38                      7.79  18.59     5.60
  SINCE JAN 1      9.01                      2.48   6.53     1.62

SNOWFALL (IN)
  TODAY            0.0
  MONTH TO DATE    0.0
  SINCE DEC 1      0.0
  SINCE JUL 1      0.0
  SNOW DEPTH       0

DEGREE DAYS
 HEATING
  TODAY            4                         1      3        1
  MONTH TO DATE   22                        11     11        1
  SINCE DEC 1     62                        98    -36       31
  SINCE JUL 1     62                       101    -39       42

 COOLING
  TODAY            0                         6     -6        0
  MONTH TO DATE   51                        60     -9       47
  SINCE DEC 1    560                       414    146      469
  SINCE JAN 1    172                       211    -39      249
..................................................................


WIND (MPH)
  HIGHEST WIND SPEED    13   HIGHEST WIND DIRECTION    NE (50)
  HIGHEST GUST SPEED    18   HIGHEST GUST DIRECTION    NW (320)
  AVERAGE WIND SPEED     6.3


SKY COVER
  AVERAGE SKY COVER 0.5


WEATHER CONDITIONS
 THE FOLLOWING WEATHER WAS RECORDED TODAY.
  NO SIGNIFICANT WEATHER WAS OBSERVED.


RELATIVE HUMIDITY (PERCENT)
 HIGHEST    71
 LOWEST     26
 AVERAGE    49

..........................................................


THE MIAMI CLIMATE NORMALS FOR TOMORROW
                         NORMAL    RECORD    YEAR
 MAXIMUM TEMPERATURE (F)   78        86      1995
                                             1994
 MINIMUM TEMPERATURE (F)   62        37      1902


SUNRISE AND SUNSET
FEBRUARY 11 2016......SUNRISE   659 AM EST   SUNSET   612 PM EST
FEBRUARY 12 2016......SUNRISE   659 AM EST   SUNSET   612 PM EST


-  INDICATES NEGATIVE NUMBERS.
R  INDICATES RECORD WAS SET OR TIED.
MM INDICATES DATA IS MISSING.
T  INDICATES TRACE AMOUNT.




$$
