000
CDUS42 KMFL 180922
CLIMIA


CLIMATE REPORT
NATIONAL WEATHER SERVICE MIAMI, FL
422 AM EST WED JAN 18 2017


...................................

...THE MIAMI CLIMATE SUMMARY FOR JANUARY 17 2017...

CLIMATE NORMAL PERIOD 1981 TO 2010
CLIMATE RECORD PERIOD 1895 TO 2017


WEATHER ITEM   OBSERVED TIME   RECORD YEAR NORMAL DEPARTURE LAST
                VALUE   (LST)  VALUE       VALUE  FROM      YEAR
                                                  NORMAL
..................................................................
TEMPERATURE (F)
 YESTERDAY
  MAXIMUM         82   1225 PM  85    1989  76      6       79
  MINIMUM         69   1131 PM  39    1965  60      9       60
  AVERAGE         76                        68      8       70

PRECIPITATION (IN)
  YESTERDAY        0.00          1.06 2011   0.05  -0.05     0.15
                                      1970
  MONTH TO DATE    1.54                      0.85   0.69     3.94
  SINCE NOV 1      4.81                      6.16  -1.35    21.31
  SINCE JAN 1      1.54                      0.85   0.69     3.94

SNOWFALL (IN)
  YESTERDAY        0.0
  MONTH TO DATE    0.0
  SINCE DEC 1      0.0
  SINCE JUL 1      0.0
  SNOW DEPTH       0

DEGREE DAYS
 HEATING
  YESTERDAY        0                         2     -2        0
  MONTH TO DATE    6                        34    -28        3
  SINCE DEC 1      6                        68    -62        3
  SINCE JUL 1      6                        71    -65        3

 COOLING
  YESTERDAY       11                         5      6        5
  MONTH TO DATE  160                        85     75       91
  SINCE DEC 1    531                       288    243      479
  SINCE JAN 1    160                        85     75       91
..................................................................


WIND (MPH)
  HIGHEST WIND SPEED    18   HIGHEST WIND DIRECTION     E (100)
  HIGHEST GUST SPEED    21   HIGHEST GUST DIRECTION    SE (150)
  AVERAGE WIND SPEED     8.1


SKY COVER
  POSSIBLE SUNSHINE  55 PERCENT
  AVERAGE SKY COVER 0.5


WEATHER CONDITIONS
 THE FOLLOWING WEATHER WAS RECORDED YESTERDAY.
  NO SIGNIFICANT WEATHER WAS OBSERVED.


RELATIVE HUMIDITY (PERCENT)
 HIGHEST    78
 LOWEST     51
 AVERAGE    65

..........................................................


THE MIAMI CLIMATE NORMALS FOR TODAY
                         NORMAL    RECORD    YEAR
 MAXIMUM TEMPERATURE (F)   76        84      2008
                                             1987
 MINIMUM TEMPERATURE (F)   60        35      1965


SUNRISE AND SUNSET
JANUARY 18 2017.......SUNRISE   709 AM EST   SUNSET   554 PM EST
JANUARY 19 2017.......SUNRISE   709 AM EST   SUNSET   555 PM EST


-  INDICATES NEGATIVE NUMBERS.
R  INDICATES RECORD WAS SET OR TIED.
MM INDICATES DATA IS MISSING.
T  INDICATES TRACE AMOUNT.




$$
