000
CDUS42 KMFL 190821
CLIMIA


CLIMATE REPORT
NATIONAL WEATHER SERVICE MIAMI, FL
421 AM EDT SAT APR 19 2014


...................................

...THE MIAMI CLIMATE SUMMARY FOR APRIL 18 2014...

CLIMATE NORMAL PERIOD 1981 TO 2010
CLIMATE RECORD PERIOD 1839 TO 2014


WEATHER ITEM   OBSERVED TIME   RECORD YEAR NORMAL DEPARTURE LAST
                VALUE   (LST)  VALUE       VALUE  FROM      YEAR
                                                  NORMAL
..................................................................
TEMPERATURE (F)
 YESTERDAY
  MAXIMUM         84    209 PM  90    2006  83      1       87
  MINIMUM         74    205 AM  50    1983  69      5       76
  AVERAGE         79                        76      3

PRECIPITATION (IN)
  YESTERDAY        0.08          2.65 1897   0.10  -0.02     0.00
  MONTH TO DATE    0.47                      1.87  -1.40     2.26
  SINCE OCT 1     23.42                     20.38   3.04    12.89
  SINCE JAN 1      6.15                      8.74  -2.59     5.46

SNOWFALL (IN)
  YESTERDAY        0.0
  MONTH TO DATE    0.0
  SINCE MAR 1      0.0
  SINCE JUL 1      0.0
  SNOW DEPTH       0

DEGREE DAYS
 HEATING
  YESTERDAY        0                         0      0
  MONTH TO DATE    0                         0      0
  SINCE MAR 1      0                        11    -11
  SINCE JUL 1     61                       127    -66

 COOLING
  YESTERDAY       14                        11      3
  MONTH TO DATE  216                       181     35
  SINCE MAR 1    493                       428     65
  SINCE JAN 1    914                       750    164
..................................................................


WIND (MPH)
  HIGHEST WIND SPEED    23   HIGHEST WIND DIRECTION     S (160)
  HIGHEST GUST SPEED    30   HIGHEST GUST DIRECTION     S (170)
  AVERAGE WIND SPEED    10.9


SKY COVER
  POSSIBLE SUNSHINE  70 PERCENT
  AVERAGE SKY COVER 0.7


WEATHER CONDITIONS
 THE FOLLOWING WEATHER WAS RECORDED YESTERDAY.
  LIGHT RAIN
  FOG


RELATIVE HUMIDITY (PERCENT)
 HIGHEST    87
 LOWEST     65
 AVERAGE    76

..........................................................


THE MIAMI CLIMATE NORMALS FOR TODAY
                         NORMAL    RECORD    YEAR
 MAXIMUM TEMPERATURE (F)   84        92      1969
 MINIMUM TEMPERATURE (F)   69        53      1921


SUNRISE AND SUNSET
APRIL 19 2014.........SUNRISE   654 AM EDT   SUNSET   746 PM EDT
APRIL 20 2014.........SUNRISE   654 AM EDT   SUNSET   747 PM EDT


-  INDICATES NEGATIVE NUMBERS.
R  INDICATES RECORD WAS SET OR TIED.
MM INDICATES DATA IS MISSING.
T  INDICATES TRACE AMOUNT.




$$
