000
CDUS42 KMFL 072050
CLIMIA


CLIMATE REPORT
NATIONAL WEATHER SERVICE MIAMI, FL
449 PM EDT TUE JUL 7 2015


...................................

...THE MIAMI CLIMATE SUMMARY FOR JULY 7 2015...
VALID TODAY AS OF 0400 PM LOCAL TIME.

CLIMATE NORMAL PERIOD 1981 TO 2010
CLIMATE RECORD PERIOD 1895 TO 2015


WEATHER ITEM   OBSERVED TIME   RECORD YEAR NORMAL DEPARTURE LAST
                VALUE   (LST)  VALUE       VALUE  FROM      YEAR
                                                  NORMAL
..................................................................
TEMPERATURE (F)
 TODAY
  MAXIMUM         91    150 PM  95    2009  91      0       88
                                      2004
                                      1963
  MINIMUM         82    243 PM  70    1937  77      5       79
                                      1916
  AVERAGE         87                        84      3       84

PRECIPITATION (IN)
  TODAY            0.00          2.17 1976   0.23  -0.23     0.20
  MONTH TO DATE    0.86                      1.78  -0.92     1.68
  SINCE JUN 1      4.46                     11.45  -6.99    21.30
  SINCE JAN 1     15.96                     26.80 -10.84    31.45

SNOWFALL (IN)
  TODAY            0.0
  MONTH TO DATE    0.0
  SINCE JUN 1      0.0
  SINCE JUL 1      0.0
  SNOW DEPTH       0

DEGREE DAYS
 HEATING
  TODAY            0                         0      0        0
  MONTH TO DATE    0                         0      0        0
  SINCE JUN 1      0                         0      0        0
  SINCE JUL 1      0                         0      0        0

 COOLING
  TODAY           22                        19      3       19
  MONTH TO DATE  141                       132      9      132
  SINCE JUN 1    706                       664     42      634
  SINCE JAN 1   2383                      2020    363     2208
..................................................................


WIND (MPH)
  HIGHEST WIND SPEED    18   HIGHEST WIND DIRECTION    NW (300)
  HIGHEST GUST SPEED    26   HIGHEST GUST DIRECTION     W (290)
  AVERAGE WIND SPEED     9.4


SKY COVER
  AVERAGE SKY COVER 0.7


WEATHER CONDITIONS
 THE FOLLOWING WEATHER WAS RECORDED TODAY.
  THUNDERSTORM


RELATIVE HUMIDITY (PERCENT)
 HIGHEST    79
 LOWEST     50
 AVERAGE    65

..........................................................


THE MIAMI CLIMATE NORMALS FOR TOMORROW
                         NORMAL    RECORD    YEAR
 MAXIMUM TEMPERATURE (F)   91        94      2009
                                             1963
 MINIMUM TEMPERATURE (F)   77        70      1930
                                             1928
                                             1910


SUNRISE AND SUNSET
JULY  7 2015..........SUNRISE   635 AM EDT   SUNSET   816 PM EDT
JULY  8 2015..........SUNRISE   636 AM EDT   SUNSET   816 PM EDT


-  INDICATES NEGATIVE NUMBERS.
R  INDICATES RECORD WAS SET OR TIED.
MM INDICATES DATA IS MISSING.
T  INDICATES TRACE AMOUNT.




$$
