000
CDUS42 KMFL 270924
CLIMIA


CLIMATE REPORT
NATIONAL WEATHER SERVICE MIAMI, FL
423 AM EST TUE JAN 27 2015


...................................

...THE MIAMI CLIMATE SUMMARY FOR JANUARY 26 2015...

CLIMATE NORMAL PERIOD 1981 TO 2010
CLIMATE RECORD PERIOD 1895 TO 2015


WEATHER ITEM   OBSERVED TIME   RECORD YEAR NORMAL DEPARTURE LAST
                VALUE   (LST)  VALUE       VALUE  FROM      YEAR
                                                  NORMAL
..................................................................
TEMPERATURE (F)
 YESTERDAY
  MAXIMUM         77    237 PM  85    1898  77      0       78
  MINIMUM         53    515 AM  29    1905  60     -7       56
  AVERAGE         65                        68     -3       67

PRECIPITATION (IN)
  YESTERDAY        0.03          0.43 1966   0.05  -0.02     0.00
  MONTH TO DATE    0.95                      1.34  -0.39     1.02
  SINCE NOV 1      4.93                      6.65  -1.72    11.42
  SINCE JAN 1      0.95                      1.34  -0.39     1.02

SNOWFALL (IN)
  YESTERDAY        0.0
  MONTH TO DATE    0.0
  SINCE DEC 1      0.0
  SINCE JUL 1      0.0
  SNOW DEPTH       0

DEGREE DAYS
 HEATING
  YESTERDAY        0                         1     -1
  MONTH TO DATE    5                        51    -46
  SINCE DEC 1     23                        85    -62
  SINCE JUL 1     34                        88    -54

 COOLING
  YESTERDAY        0                         5     -5
  MONTH TO DATE  196                       130     66
  SINCE DEC 1    416                       333     83
  SINCE JAN 1    196                       130     66
..................................................................


WIND (MPH)
  HIGHEST WIND SPEED    23   HIGHEST WIND DIRECTION     W (260)
  HIGHEST GUST SPEED    36   HIGHEST GUST DIRECTION     W (270)
  AVERAGE WIND SPEED     9.1


SKY COVER
  POSSIBLE SUNSHINE  MM
  AVERAGE SKY COVER 0.3


WEATHER CONDITIONS
 THE FOLLOWING WEATHER WAS RECORDED YESTERDAY.
  RAIN
  LIGHT RAIN
  FOG


RELATIVE HUMIDITY (PERCENT)
 HIGHEST    89
 LOWEST     38
 AVERAGE    64

..........................................................


THE MIAMI CLIMATE NORMALS FOR TODAY
                         NORMAL    RECORD    YEAR
 MAXIMUM TEMPERATURE (F)   77        88      1984
 MINIMUM TEMPERATURE (F)   60        28      1940


SUNRISE AND SUNSET
JANUARY 27 2015.......SUNRISE   707 AM EST   SUNSET   601 PM EST
JANUARY 28 2015.......SUNRISE   707 AM EST   SUNSET   602 PM EST


-  INDICATES NEGATIVE NUMBERS.
R  INDICATES RECORD WAS SET OR TIED.
MM INDICATES DATA IS MISSING.
T  INDICATES TRACE AMOUNT.




$$
