000
CDUS42 KMFL 120922
CLIMIA


CLIMATE REPORT
NATIONAL WEATHER SERVICE MIAMI, FL
421 AM EST TUE DEC 12 2017


...................................

...THE MIAMI CLIMATE SUMMARY FOR DECEMBER 11 2017...

CLIMATE NORMAL PERIOD 1981 TO 2010
CLIMATE RECORD PERIOD 1895 TO 2017


WEATHER ITEM   OBSERVED TIME   RECORD YEAR NORMAL DEPARTURE LAST
                VALUE   (LST)  VALUE       VALUE  FROM      YEAR
                                                  NORMAL
..................................................................
TEMPERATURE (F)
 YESTERDAY
  MAXIMUM         69    240 PM  85    2012  78     -9       78
                                      1997
                                      1986
  MINIMUM         52    729 AM  32    1934  64    -12       68
  AVERAGE         61                        71    -10       73

PRECIPITATION (IN)
  YESTERDAY        0.00          5.01 1929   0.06  -0.06     0.22
  MONTH TO DATE    0.56                      0.76  -0.20     2.13
  SINCE NOV 1      4.97                      4.03   0.94     3.07
  SINCE JAN 1     83.02                     60.62  22.40    65.73

SNOWFALL (IN)
  YESTERDAY        0.0
  MONTH TO DATE    0.0
  SINCE DEC 1      0.0
  SINCE JUL 1      0.0
  SNOW DEPTH       0

DEGREE DAYS
 HEATING
  YESTERDAY        4                         1      3        0
  MONTH TO DATE   12                         7      5        0
  SINCE DEC 1     12                         7      5        0
  SINCE JUL 1     12                        10      2        0

 COOLING
  YESTERDAY        0                         7     -7        8
  MONTH TO DATE   99                        82     17      127
  SINCE DEC 1     99                        82     17      127
  SINCE JAN 1   5150                      4454    696     4710
..................................................................


WIND (MPH)
  HIGHEST WIND SPEED    13   HIGHEST WIND DIRECTION     N (350)
  HIGHEST GUST SPEED    21   HIGHEST GUST DIRECTION     N (350)
  AVERAGE WIND SPEED     6.3


SKY COVER
  POSSIBLE SUNSHINE  MM
  AVERAGE SKY COVER 0.1


WEATHER CONDITIONS
 THE FOLLOWING WEATHER WAS RECORDED YESTERDAY.
  NO SIGNIFICANT WEATHER WAS OBSERVED.


RELATIVE HUMIDITY (PERCENT)
 HIGHEST    68
 LOWEST     22
 AVERAGE    45

..........................................................


THE MIAMI CLIMATE NORMALS FOR TODAY
                         NORMAL    RECORD    YEAR
 MAXIMUM TEMPERATURE (F)   78        87      1986
 MINIMUM TEMPERATURE (F)   64        30      1934


SUNRISE AND SUNSET
DECEMBER 12 2017......SUNRISE   658 AM EST   SUNSET   532 PM EST
DECEMBER 13 2017......SUNRISE   659 AM EST   SUNSET   532 PM EST


-  INDICATES NEGATIVE NUMBERS.
R  INDICATES RECORD WAS SET OR TIED.
MM INDICATES DATA IS MISSING.
T  INDICATES TRACE AMOUNT.




$$
