000
CDUS42 KMFL 010821
CLIMIA


CLIMATE REPORT
NATIONAL WEATHER SERVICE MIAMI, FL
421 AM EDT MON SEP 1 2014


...................................

...THE MIAMI CLIMATE SUMMARY FOR AUGUST 31 2014...

CLIMATE NORMAL PERIOD 1981 TO 2010
CLIMATE RECORD PERIOD 1839 TO 2014


WEATHER ITEM   OBSERVED TIME   RECORD YEAR NORMAL DEPARTURE LAST
                VALUE   (LST)  VALUE       VALUE  FROM      YEAR
                                                  NORMAL
..................................................................
TEMPERATURE (F)
 YESTERDAY
  MAXIMUM         92   1133 AM  95    1998  90      2       90
  MINIMUM         81   1122 PM  70    1942  77      4       74
  AVERAGE         87                        84      3       82

PRECIPITATION (IN)
  YESTERDAY        T             2.72 1973   0.32  -0.32     0.41
  MONTH TO DATE    9.07                      8.88   0.19     4.43
  SINCE JUN 1     38.98                     25.05  13.93    23.31
  SINCE JAN 1     49.13                     40.40   8.73    42.68

SNOWFALL (IN)
  YESTERDAY        0.0
  MONTH TO DATE    0.0
  SINCE JUN 1      0.0
  SINCE JUL 1      0.0
  SNOW DEPTH       0

DEGREE DAYS
 HEATING
  YESTERDAY        0                         0      0
  MONTH TO DATE    0                         0      0
  SINCE JUN 1      0                         0      0
  SINCE JUL 1      0                         0      0

 COOLING
  YESTERDAY       22                        19      3
  MONTH TO DATE  626                       595     31
  SINCE JUN 1   1721                      1719      2
  SINCE JAN 1   3295                      3075    220
..................................................................


WIND (MPH)
  HIGHEST WIND SPEED    22   HIGHEST WIND DIRECTION     E (100)
  HIGHEST GUST SPEED    27   HIGHEST GUST DIRECTION     E (90)
  AVERAGE WIND SPEED     9.5


SKY COVER
  POSSIBLE SUNSHINE  41 PERCENT
  AVERAGE SKY COVER 0.6


WEATHER CONDITIONS
 THE FOLLOWING WEATHER WAS RECORDED YESTERDAY.
  NO SIGNIFICANT WEATHER WAS OBSERVED.


RELATIVE HUMIDITY (PERCENT)
 HIGHEST    79
 LOWEST     59
 AVERAGE    69

..........................................................


THE MIAMI CLIMATE NORMALS FOR TODAY
                         NORMAL    RECORD    YEAR
 MAXIMUM TEMPERATURE (F)   90        95      2006
 MINIMUM TEMPERATURE (F)   77        69      1919


SUNRISE AND SUNSET
SEPTEMBER  1 2014.....SUNRISE   701 AM EDT   SUNSET   740 PM EDT
SEPTEMBER  2 2014.....SUNRISE   702 AM EDT   SUNSET   739 PM EDT


-  INDICATES NEGATIVE NUMBERS.
R  INDICATES RECORD WAS SET OR TIED.
MM INDICATES DATA IS MISSING.
T  INDICATES TRACE AMOUNT.




$$
