000
CDUS42 KMFL 011245
CLIMIA


CLIMATE REPORT
NATIONAL WEATHER SERVICE MIAMI, FL
845 AM EDT WED OCT 1 2014


...................................

...THE MIAMI CLIMATE SUMMARY FOR SEPTEMBER 30 2014...

CLIMATE NORMAL PERIOD 1981 TO 2010
CLIMATE RECORD PERIOD 1839 TO 2014


WEATHER ITEM   OBSERVED TIME   RECORD YEAR NORMAL DEPARTURE LAST
                VALUE   (LST)  VALUE       VALUE  FROM      YEAR
                                                  NORMAL
..................................................................
TEMPERATURE (F)
 YESTERDAY
  MAXIMUM         90   1142 AM  93    2011  88      2       89
                                      1995
                                      1980
  MINIMUM         77    612 AM  65    1938  76      1       75
  AVERAGE         84                        82      2       82

PRECIPITATION (IN)
  YESTERDAY        T             2.62 1991   0.32  -0.32     0.00
  MONTH TO DATE    7.25                      9.86  -2.61    10.47
  SINCE JUN 1     46.23                     34.91  11.32    33.78
  SINCE JAN 1     56.38                     50.26   6.12    53.15

SNOWFALL (IN)
  YESTERDAY        0.0
  MONTH TO DATE    0.0
  SINCE SEP 1      0.0
  SINCE JUL 1      0.0
  SNOW DEPTH       0

DEGREE DAYS
 HEATING
  YESTERDAY        0                         0      0
  MONTH TO DATE    0                         0      0
  SINCE SEP 1      0                         0      0
  SINCE JUL 1      0                         0      0

 COOLING
  YESTERDAY       19                        17      2
  MONTH TO DATE  534                       537     -3
  SINCE SEP 1    534                       537     -3
  SINCE JAN 1   3829                      3612    217
..................................................................


WIND (MPH)
  HIGHEST WIND SPEED    18   HIGHEST WIND DIRECTION     W (280)
  HIGHEST GUST SPEED    26   HIGHEST GUST DIRECTION     W (280)
  AVERAGE WIND SPEED     6.1


SKY COVER
  POSSIBLE SUNSHINE  MM
  AVERAGE SKY COVER 0.8


WEATHER CONDITIONS
 THE FOLLOWING WEATHER WAS RECORDED YESTERDAY.
  THUNDERSTORM


RELATIVE HUMIDITY (PERCENT)
 HIGHEST    94
 LOWEST     59
 AVERAGE    77

..........................................................


THE MIAMI CLIMATE NORMALS FOR TODAY
                         NORMAL    RECORD    YEAR
 MAXIMUM TEMPERATURE (F)   88        95      1980
 MINIMUM TEMPERATURE (F)   76        59      1920


SUNRISE AND SUNSET
OCTOBER  1 2014.......SUNRISE   713 AM EDT   SUNSET   708 PM EDT
OCTOBER  2 2014.......SUNRISE   714 AM EDT   SUNSET   707 PM EDT


-  INDICATES NEGATIVE NUMBERS.
R  INDICATES RECORD WAS SET OR TIED.
MM INDICATES DATA IS MISSING.
T  INDICATES TRACE AMOUNT.




$$
