000
CDUS43 KIND 260535
CLIMIE


CLIMATE REPORT
NATIONAL WEATHER SERVICE INDIANAPOLIS IN
135 AM EDT WED APR 26 2017


...................................

...THE MUNCIE IN CLIMATE SUMMARY FOR APRIL 25 2017...

CLIMATE NORMAL PERIOD 1981 TO 2010
CLIMATE RECORD PERIOD 9999 TO 9999


WEATHER ITEM   OBSERVED TIME   NORMAL DEPARTURE LAST
                VALUE   (LST)  VALUE  FROM      YEAR
                                      NORMAL
......................................................
TEMPERATURE (F)
 YESTERDAY
  MAXIMUM         77    548 PM  65     12       82
  MINIMUM         55    641 AM  45     10       59
  AVERAGE         66            55     11       71

PRECIPITATION (IN)
  YESTERDAY        0.00          0.12  -0.12     0.00
  MONTH TO DATE    1.98          3.06  -1.08     1.96
  SINCE MAR 1      6.82          6.01   0.81     7.03
  SINCE JAN 1     12.53         10.55   1.98    10.14

DEGREE DAYS
 HEATING
  YESTERDAY        0            11    -11        0
  MONTH TO DATE  204           373   -169      338
  SINCE MAR 1    890          1160   -270      842
  SINCE JUL 1   4178          5543  -1365     4433

 COOLING
  YESTERDAY        1             1      0        6
  MONTH TO DATE   23             8     15        8
  SINCE MAR 1     25             9     16        8
  SINCE JAN 1     25             9     16        8
......................................................


WIND (MPH)
  HIGHEST WIND SPEED    13   HIGHEST WIND DIRECTION    SE (140)
  HIGHEST GUST SPEED    20   HIGHEST GUST DIRECTION    SE (150)
  AVERAGE WIND SPEED     7.7


SKY COVER
  AVERAGE SKY COVER 0.2


WEATHER CONDITIONS
 THE FOLLOWING WEATHER WAS RECORDED YESTERDAY.
  HAZE


RELATIVE HUMIDITY (PERCENT)
 HIGHEST    77           500 AM
 LOWEST     43           500 PM
 AVERAGE    60

..........................................................


THE MUNCIE IN CLIMATE NORMALS FOR TODAY
                         NORMAL
 MAXIMUM TEMPERATURE (F)   66
 MINIMUM TEMPERATURE (F)   45


SUNRISE AND SUNSET
APRIL 26 2017.........SUNRISE   647 AM EDT   SUNSET   832 PM EDT
APRIL 27 2017.........SUNRISE   646 AM EDT   SUNSET   833 PM EDT


-  INDICATES NEGATIVE NUMBERS.
R  INDICATES RECORD WAS SET OR TIED.
MM INDICATES DATA IS MISSING.
T  INDICATES TRACE AMOUNT.




$$
