000
CDUS43 KIND 300533
CLIMIE


CLIMATE REPORT
NATIONAL WEATHER SERVICE INDIANAPOLIS IN
131 AM EDT TUE SEP 30 2014


...................................

...THE MUNCIE IN CLIMATE SUMMARY FOR SEPTEMBER 29 2014...

CLIMATE NORMAL PERIOD 1981 TO 2010
CLIMATE RECORD PERIOD 9999 TO 9999


WEATHER ITEM   OBSERVED TIME   NORMAL DEPARTURE LAST
                VALUE   (LST)  VALUE  FROM      YEAR
                                      NORMAL
......................................................
TEMPERATURE (F)
 YESTERDAY
  MAXIMUM         82    349 PM  71     11       65
  MINIMUM         50    621 AM  48      2       57
  AVERAGE         66            60      6       61

PRECIPITATION (IN)
  YESTERDAY        0.00          0.09  -0.09     0.90
  MONTH TO DATE    3.57          2.87   0.70     3.79
  SINCE SEP 1      3.57          2.87   0.70     3.79
  SINCE JAN 1     31.99         30.78   1.21    28.67

DEGREE DAYS
 HEATING
  YESTERDAY        0             7     -7        4
  MONTH TO DATE  103            85     18       83
  SINCE SEP 1    103            85     18       83
  SINCE JUL 1    129            95     34      109

 COOLING
  YESTERDAY        1             2     -1        0
  MONTH TO DATE   67           105    -38      123
  SINCE SEP 1     67           105    -38      123
  SINCE JAN 1    822           939   -117      938
......................................................


WIND (MPH)
  HIGHEST WIND SPEED    12   HIGHEST WIND DIRECTION     N (340)
  HIGHEST GUST SPEED    22   HIGHEST GUST DIRECTION    NW (330)
  AVERAGE WIND SPEED     1.9


SKY COVER
  AVERAGE SKY COVER 0.0


WEATHER CONDITIONS
 THE FOLLOWING WEATHER WAS RECORDED YESTERDAY.
  FOG


RELATIVE HUMIDITY (PERCENT)
 HIGHEST    96           600 AM
 LOWEST     30           300 PM
 AVERAGE    63

..........................................................


THE MUNCIE IN CLIMATE NORMALS FOR TODAY
                         NORMAL
 MAXIMUM TEMPERATURE (F)   71
 MINIMUM TEMPERATURE (F)   48


SUNRISE AND SUNSET
SEPTEMBER 30 2014.....SUNRISE   737 AM EDT   SUNSET   725 PM EDT
OCTOBER  1 2014.......SUNRISE   738 AM EDT   SUNSET   724 PM EDT


-  INDICATES NEGATIVE NUMBERS.
R  INDICATES RECORD WAS SET OR TIED.
MM INDICATES DATA IS MISSING.
T  INDICATES TRACE AMOUNT.




$$
