000
CDUS43 KIND 230608
CLIMIE


CLIMATE REPORT
NATIONAL WEATHER SERVICE INDIANAPOLIS IN
158 AM EDT FRI JUN 23 2017


...................................

...THE MUNCIE IN CLIMATE SUMMARY FOR JUNE 22 2017...

CLIMATE NORMAL PERIOD 1981 TO 2010
CLIMATE RECORD PERIOD 9999 TO 9999


WEATHER ITEM   OBSERVED TIME   NORMAL DEPARTURE LAST
                VALUE   (LST)  VALUE  FROM      YEAR
                                      NORMAL
......................................................
TEMPERATURE (F)
 YESTERDAY
  MAXIMUM         86    157 PM  83      3       78
  MINIMUM         74   1159 PM  63     11       64
  AVERAGE         80            73      7       71

PRECIPITATION (IN)
  YESTERDAY        0.00          0.15  -0.15     0.06
  MONTH TO DATE    3.24          3.43  -0.19     3.34
  SINCE JUN 1      3.24          3.43  -0.19     3.34
  SINCE JAN 1     22.81         19.00   3.81    17.41

DEGREE DAYS
 HEATING
  YESTERDAY        0             0      0        0
  MONTH TO DATE    1            21    -20        3
  SINCE JUN 1      1            21    -20        3
  SINCE JUL 1   4362          5780  -1418     4640

 COOLING
  YESTERDAY       15             9      6        6
  MONTH TO DATE  206           141     65      199
  SINCE JUN 1    206           141     65      199
  SINCE JAN 1    322           224     98      306
......................................................


WIND (MPH)
  HIGHEST WIND SPEED    21   HIGHEST WIND DIRECTION     S (200)
  HIGHEST GUST SPEED    30   HIGHEST GUST DIRECTION     S (190)
  AVERAGE WIND SPEED    11.3


SKY COVER
  AVERAGE SKY COVER 0.4


WEATHER CONDITIONS
 THE FOLLOWING WEATHER WAS RECORDED YESTERDAY.
  NO SIGNIFICANT WEATHER WAS OBSERVED.


RELATIVE HUMIDITY (PERCENT)
 HIGHEST    82           200 AM
 LOWEST     55           400 PM
 AVERAGE    69

..........................................................


THE MUNCIE IN CLIMATE NORMALS FOR TODAY
                         NORMAL
 MAXIMUM TEMPERATURE (F)   84
 MINIMUM TEMPERATURE (F)   64


SUNRISE AND SUNSET
JUNE 23 2017..........SUNRISE   613 AM EDT   SUNSET   915 PM EDT
JUNE 24 2017..........SUNRISE   613 AM EDT   SUNSET   915 PM EDT


-  INDICATES NEGATIVE NUMBERS.
R  INDICATES RECORD WAS SET OR TIED.
MM INDICATES DATA IS MISSING.
T  INDICATES TRACE AMOUNT.




$$
