000
CDUS43 KIND 280532
CLIMIE


CLIMATE REPORT
NATIONAL WEATHER SERVICE INDIANAPOLIS IN
131 AM EDT SAT MAR 28 2015


...................................

...THE MUNCIE IN CLIMATE SUMMARY FOR MARCH 27 2015...

CLIMATE NORMAL PERIOD 1981 TO 2010
CLIMATE RECORD PERIOD 9999 TO 9999


WEATHER ITEM   OBSERVED TIME   NORMAL DEPARTURE LAST
                VALUE   (LST)  VALUE  FROM      YEAR
                                      NORMAL
......................................................
TEMPERATURE (F)
 YESTERDAY
  MAXIMUM         34   1247 AM  54    -20       54
  MINIMUM         21   1159 PM  34    -13       33
  AVERAGE         28            44    -16       44

PRECIPITATION (IN)
  YESTERDAY        T             0.11  -0.11     0.08
  MONTH TO DATE    2.94          2.52   0.42     1.16
  SINCE MAR 1      2.94          2.52   0.42     1.16
  SINCE JAN 1      5.88          7.06  -1.18     4.12

DEGREE DAYS
 HEATING
  YESTERDAY       37            21     16       21
  MONTH TO DATE  762           706     56      858
  SINCE MAR 1    762           706     56      858
  SINCE JUL 1   5627          5089    538     5768

 COOLING
  YESTERDAY        0             0      0        0
  MONTH TO DATE    0             0      0        0
  SINCE MAR 1      0             0      0        0
  SINCE JAN 1      0             0      0        0
......................................................


WIND (MPH)
  HIGHEST WIND SPEED    21   HIGHEST WIND DIRECTION    NW (330)
  HIGHEST GUST SPEED    26   HIGHEST GUST DIRECTION    NW (320)
  AVERAGE WIND SPEED    13.2


SKY COVER
  AVERAGE SKY COVER 0.8


WEATHER CONDITIONS
 THE FOLLOWING WEATHER WAS RECORDED YESTERDAY.
  LIGHT SNOW


RELATIVE HUMIDITY (PERCENT)
 HIGHEST    78           300 AM
 LOWEST     50           600 PM
 AVERAGE    64

..........................................................


THE MUNCIE IN CLIMATE NORMALS FOR TODAY
                         NORMAL
 MAXIMUM TEMPERATURE (F)   54
 MINIMUM TEMPERATURE (F)   35


SUNRISE AND SUNSET
MARCH 28 2015.........SUNRISE   732 AM EDT   SUNSET   802 PM EDT
MARCH 29 2015.........SUNRISE   731 AM EDT   SUNSET   803 PM EDT


-  INDICATES NEGATIVE NUMBERS.
R  INDICATES RECORD WAS SET OR TIED.
MM INDICATES DATA IS MISSING.
T  INDICATES TRACE AMOUNT.




$$
