566
CDUS43 KIND 160536
CLIMIE


CLIMATE REPORT
NATIONAL WEATHER SERVICE INDIANAPOLIS IN
1234 AM EST TUE JAN 16 2018


...................................

...THE MUNCIE IN CLIMATE SUMMARY FOR JANUARY 15 2018...

CLIMATE NORMAL PERIOD 1981 TO 2010
CLIMATE RECORD PERIOD 9999 TO 9999


WEATHER ITEM   OBSERVED TIME   NORMAL DEPARTURE LAST
                VALUE   (LST)  VALUE  FROM      YEAR
                                      NORMAL
......................................................
TEMPERATURE (F)
 YESTERDAY
  MAXIMUM         26    559 PM  34     -8       35
  MINIMUM          8   1102 PM  19    -11       25
  AVERAGE         17            26     -9       30

PRECIPITATION (IN)
  YESTERDAY        0.02          0.06  -0.04     0.00
  MONTH TO DATE    0.80          1.10  -0.30     2.73
  SINCE DEC 1      1.77          3.98  -2.21     3.92
  SINCE JAN 1      0.80          1.10  -0.30     2.73

DEGREE DAYS
 HEATING
  YESTERDAY       48            39      9       35
  MONTH TO DATE  683           576    107      534
  SINCE DEC 1   1769          1639    130     1592
  SINCE JUL 1   2681          2774    -93     2294

 COOLING
  YESTERDAY        0             0      0        0
  MONTH TO DATE    0             0      0        0
  SINCE DEC 1      0             0      0        0
  SINCE JAN 1      0             0      0        0
......................................................


WIND (MPH)
  HIGHEST WIND SPEED    22   HIGHEST WIND DIRECTION     W (280)
  HIGHEST GUST SPEED    26   HIGHEST GUST DIRECTION     W (290)
  AVERAGE WIND SPEED    11.1


SKY COVER
  AVERAGE SKY COVER 0.9


WEATHER CONDITIONS
 THE FOLLOWING WEATHER WAS RECORDED YESTERDAY.
  LIGHT SNOW
  FOG
  HAZE


RELATIVE HUMIDITY (PERCENT)
 HIGHEST    81           300 PM
 LOWEST     73           700 AM
 AVERAGE    77

..........................................................


THE MUNCIE IN CLIMATE NORMALS FOR TODAY
                         NORMAL
 MAXIMUM TEMPERATURE (F)   34
 MINIMUM TEMPERATURE (F)   19


SUNRISE AND SUNSET
JANUARY 16 2018.......SUNRISE   802 AM EST   SUNSET   541 PM EST
JANUARY 17 2018.......SUNRISE   801 AM EST   SUNSET   542 PM EST


-  INDICATES NEGATIVE NUMBERS.
R  INDICATES RECORD WAS SET OR TIED.
MM INDICATES DATA IS MISSING.
T  INDICATES TRACE AMOUNT.




$$
