000
CDUS43 KIND 270530
CLIMIE


CLIMATE REPORT
NATIONAL WEATHER SERVICE INDIANAPOLIS IN
1230 AM EST SAT DEC 27 2014


...................................

...THE MUNCIE IN CLIMATE SUMMARY FOR DECEMBER 26 2014...

CLIMATE NORMAL PERIOD 1981 TO 2010
CLIMATE RECORD PERIOD 9999 TO 9999


WEATHER ITEM   OBSERVED TIME   NORMAL DEPARTURE LAST
                VALUE   (LST)  VALUE  FROM      YEAR
                                      NORMAL
......................................................
TEMPERATURE (F)
 YESTERDAY
  MAXIMUM         50    258 PM  35     15       34
  MINIMUM         34    356 AM  21     13       22
  AVERAGE         42            28     14       28

PRECIPITATION (IN)
  YESTERDAY        0.00          0.09  -0.09     0.00
  MONTH TO DATE    1.64          2.45  -0.81     4.66
  SINCE DEC 1      1.64          2.45  -0.81     4.66
  SINCE JAN 1     38.93         39.69  -0.76    39.08

DEGREE DAYS
 HEATING
  YESTERDAY       23            37    -14       37
  MONTH TO DATE  772           877   -105      926
  SINCE DEC 1    772           877   -105      926
  SINCE JUL 1   2125          2012    113     2177

 COOLING
  YESTERDAY        0             0      0        0
  MONTH TO DATE    0             0      0        0
  SINCE DEC 1      0             0      0        0
  SINCE JAN 1    831           956   -125      973
......................................................


WIND (MPH)
  HIGHEST WIND SPEED    20   HIGHEST WIND DIRECTION    SW (210)
  HIGHEST GUST SPEED    26   HIGHEST GUST DIRECTION    SW (210)
  AVERAGE WIND SPEED    10.9


SKY COVER
  AVERAGE SKY COVER 0.1


WEATHER CONDITIONS
 THE FOLLOWING WEATHER WAS RECORDED YESTERDAY.
  NO SIGNIFICANT WEATHER WAS OBSERVED.


RELATIVE HUMIDITY (PERCENT)
 HIGHEST    89           400 AM
 LOWEST     66           200 PM
 AVERAGE    78

..........................................................


THE MUNCIE IN CLIMATE NORMALS FOR TODAY
                         NORMAL
 MAXIMUM TEMPERATURE (F)   35
 MINIMUM TEMPERATURE (F)   21


SUNRISE AND SUNSET
DECEMBER 27 2014......SUNRISE   803 AM EST   SUNSET   522 PM EST
DECEMBER 28 2014......SUNRISE   803 AM EST   SUNSET   523 PM EST


-  INDICATES NEGATIVE NUMBERS.
R  INDICATES RECORD WAS SET OR TIED.
MM INDICATES DATA IS MISSING.
T  INDICATES TRACE AMOUNT.




$$
