000
CDUS43 KGRR 032141
CLIMKG


CLIMATE REPORT
NATIONAL WEATHER SERVICE GRAND RAPIDS, MI
539 PM EDT MON AUG 3 2015


...................................

...THE MUSKEGON MI CLIMATE SUMMARY FOR AUGUST 3 2015...
VALID TODAY AS OF 0500 PM LOCAL TIME.

CLIMATE NORMAL PERIOD 1981 TO 2010
CLIMATE RECORD PERIOD 1896 TO 2015


WEATHER ITEM   OBSERVED TIME   RECORD YEAR NORMAL DEPARTURE LAST
                VALUE   (LST)  VALUE       VALUE  FROM      YEAR
                                                  NORMAL
..................................................................
TEMPERATURE (F)
 TODAY
  MAXIMUM         77    359 PM  99    1964  80     -3       81
  MINIMUM         61    530 AM  46    1965  62     -1       51
  AVERAGE         69                        71     -2       66

PRECIPITATION (IN)
  TODAY            T             2.14 1915   0.11  -0.11     0.00
  MONTH TO DATE    0.43                      0.31   0.12     0.00
  SINCE JUN 1      8.78                      5.23   3.55    10.75
  SINCE JAN 1     21.21                     17.50   3.71    24.05

SNOWFALL (IN)
  TODAY            0.0          MM      MM   0.0    0.0      0.0
  MONTH TO DATE    0.0                       0.0    0.0      0.0
  SINCE JUN 1      0.0                       0.0    0.0      0.0
  SINCE JUL 1      0.0                       0.0    0.0      0.0
  SNOW DEPTH       0

DEGREE DAYS
 HEATING
  TODAY            0                         0      0        0
  MONTH TO DATE    0                         0      0        0
  SINCE JUN 1     48                        77    -29       62
  SINCE JUL 1     15                        11      4       31

 COOLING
  TODAY            4                         6     -2        1
  MONTH TO DATE   24                        18      6        8
  SINCE JUN 1    264                       325    -61      217
  SINCE JAN 1    303                       354    -51      234
..................................................................


WIND (MPH)
  RESULTANT WIND SPEED   6   RESULTANT WIND DIRECTION   W (280)
  HIGHEST WIND SPEED    17   HIGHEST WIND DIRECTION     W (280)
  HIGHEST GUST SPEED    22   HIGHEST GUST DIRECTION     W (280)
  AVERAGE WIND SPEED     6.4


SKY COVER
  AVERAGE SKY COVER 0.3


WEATHER CONDITIONS
 THE FOLLOWING WEATHER WAS RECORDED TODAY.
  LIGHT RAIN
  FOG


RELATIVE HUMIDITY (PERCENT)
 HIGHEST    97           400 AM
 LOWEST     40           400 PM
 AVERAGE    69

..........................................................


THE MUSKEGON MI CLIMATE NORMALS FOR TOMORROW
                         NORMAL    RECORD    YEAR
 MAXIMUM TEMPERATURE (F)   80        92      1988
 MINIMUM TEMPERATURE (F)   62        41      1907


SUNRISE AND SUNSET
AUGUST  3 2015........SUNRISE   637 AM EDT   SUNSET   904 PM EDT
AUGUST  4 2015........SUNRISE   638 AM EDT   SUNSET   903 PM EDT


-  INDICATES NEGATIVE NUMBERS.
R  INDICATES RECORD WAS SET OR TIED.
MM INDICATES DATA IS MISSING.
T  INDICATES TRACE AMOUNT.




$$

63
