000
CDUS43 KGRR 310525
CLIMKG


CLIMATE REPORT
NATIONAL WEATHER SERVICE GRAND RAPIDS, MI
122 AM EDT TUE MAY 31 2016


...................................

...THE MUSKEGON MI CLIMATE SUMMARY FOR MAY 30 2016...

CLIMATE NORMAL PERIOD 1981 TO 2010
CLIMATE RECORD PERIOD 1896 TO 2016


WEATHER ITEM   OBSERVED TIME   RECORD YEAR NORMAL DEPARTURE LAST
                VALUE   (LST)  VALUE       VALUE  FROM      YEAR
                                                  NORMAL
..................................................................
TEMPERATURE (F)
 YESTERDAY
  MAXIMUM         79    323 PM  86    2013  71      8       65
                                      2011
                                      2010
  MINIMUM         56    557 AM  33    1945  51      5       47
  AVERAGE         68                        61      7       56

PRECIPITATION (IN)
  YESTERDAY        0.00          2.06 1989   0.10  -0.10     0.18
  MONTH TO DATE    2.38                      3.15  -0.77     3.29
  SINCE MAR 1      9.72                      8.31   1.41     9.14
  SINCE JAN 1     13.93                     12.17   1.76    12.43

SNOWFALL (IN)
  YESTERDAY        0.0           0.0    MM   0.0    0.0      0.0
  MONTH TO DATE    0.0                       0.0    0.0      0.0
  SINCE MAR 1      7.3                      11.3   -4.0      4.0
  SINCE JUL 1     61.8                      93.7  -31.9     92.1
  SNOW DEPTH       0

DEGREE DAYS
 HEATING
  YESTERDAY        0                         5     -5        9
  MONTH TO DATE  255                       272    -17      202
  SINCE MAR 1   1599                      1758   -159     1744
  SINCE JUL 1   5619                      6490   -871     6869

 COOLING
  YESTERDAY        3                         1      2        0
  MONTH TO DATE   41                        22     19       39
  SINCE MAR 1     41                        26     15       39
  SINCE JAN 1     41                        26     15       39
..................................................................


WIND (MPH)
  RESULTANT WIND SPEED   4   RESULTANT WIND DIRECTION   W (250)
  HIGHEST WIND SPEED    13   HIGHEST WIND DIRECTION    SW (240)
  HIGHEST GUST SPEED    17   HIGHEST GUST DIRECTION    SW (230)
  AVERAGE WIND SPEED     4.2


SKY COVER
  AVERAGE SKY COVER 0.2


WEATHER CONDITIONS
 THE FOLLOWING WEATHER WAS RECORDED YESTERDAY.
  NO SIGNIFICANT WEATHER WAS OBSERVED.


RELATIVE HUMIDITY (PERCENT)
 HIGHEST    86           500 AM
 LOWEST     45           400 PM
 AVERAGE    66

..........................................................


THE MUSKEGON MI CLIMATE NORMALS FOR TODAY
                         NORMAL    RECORD    YEAR
 MAXIMUM TEMPERATURE (F)   71        87      1988
                                             1969
 MINIMUM TEMPERATURE (F)   52        35      1910


SUNRISE AND SUNSET
MAY 31 2016...........SUNRISE   608 AM EDT   SUNSET   918 PM EDT
JUNE  1 2016..........SUNRISE   608 AM EDT   SUNSET   918 PM EDT


-  INDICATES NEGATIVE NUMBERS.
R  INDICATES RECORD WAS SET OR TIED.
MM INDICATES DATA IS MISSING.
T  INDICATES TRACE AMOUNT.




$$
