000
CDUS43 KGRR 230519
CLIMKG


CLIMATE REPORT
NATIONAL WEATHER SERVICE GRAND RAPIDS, MI
1218 AM EST THU FEB 23 2017


...................................

...THE MUSKEGON MI CLIMATE SUMMARY FOR FEBRUARY 22 2017...

CLIMATE NORMAL PERIOD 1981 TO 2010
CLIMATE RECORD PERIOD 1896 TO 2017


WEATHER ITEM   OBSERVED TIME   RECORD YEAR NORMAL DEPARTURE LAST
                VALUE   (LST)  VALUE       VALUE  FROM      YEAR
                                                  NORMAL
..................................................................
TEMPERATURE (F)
 YESTERDAY
  MAXIMUM         61R   959 PM  55    1930  35     26       39
  MINIMUM         47    815 AM -16    1936  22     25       27
  AVERAGE         54                        28     26       33

PRECIPITATION (IN)
  YESTERDAY        T             2.12 1922   0.08  -0.08      T
  MONTH TO DATE    0.29                      1.39  -1.10     1.51
  SINCE DEC 1      5.54                      5.97  -0.43     8.87
  SINCE JAN 1      3.32                      3.42  -0.10     3.97

SNOWFALL (IN)
  YESTERDAY        0.0           4.8  2013   0.6   -0.6       T
  MONTH TO DATE    0.3                      16.0  -15.7      5.0
  SINCE DEC 1     38.1                      72.9  -34.8     47.1
  SINCE JUL 1     39.1                      79.1  -40.0     51.0
  SNOW DEPTH       0

DEGREE DAYS
 HEATING
  YESTERDAY       11                        37    -26       32
  MONTH TO DATE  667                       847   -180      806
  SINCE DEC 1   2805                      3152   -347     2746
  SINCE JUL 1   3710                      4519   -809     3813

 COOLING
  YESTERDAY        0                         0      0        0
  MONTH TO DATE    0                         0      0        0
  SINCE DEC 1      0                         0      0        0
  SINCE JAN 1      0                         0      0        0
..................................................................


WIND (MPH)
  RESULTANT WIND SPEED  12   RESULTANT WIND DIRECTION   S (190)
  HIGHEST WIND SPEED    28   HIGHEST WIND DIRECTION     S (200)
  HIGHEST GUST SPEED    39   HIGHEST GUST DIRECTION     S (180)
  AVERAGE WIND SPEED    13.9


SKY COVER
  AVERAGE SKY COVER 0.8


WEATHER CONDITIONS
 THE FOLLOWING WEATHER WAS RECORDED YESTERDAY.
  LIGHT RAIN
  FOG
  FOG W/VISIBILITY <= 1/4 MILE


RELATIVE HUMIDITY (PERCENT)
 HIGHEST   100          1200 AM
 LOWEST     78           800 PM
 AVERAGE    89

..........................................................


THE MUSKEGON MI CLIMATE NORMALS FOR TODAY
                         NORMAL    RECORD    YEAR
 MAXIMUM TEMPERATURE (F)   35        60      2000
 MINIMUM TEMPERATURE (F)   22        -9      1934


SUNRISE AND SUNSET
FEBRUARY 23 2017......SUNRISE   730 AM EST   SUNSET   627 PM EST
FEBRUARY 24 2017......SUNRISE   729 AM EST   SUNSET   628 PM EST


-  INDICATES NEGATIVE NUMBERS.
R  INDICATES RECORD WAS SET OR TIED.
MM INDICATES DATA IS MISSING.
T  INDICATES TRACE AMOUNT.




$$
