000
CDUS44 KMEG 230635
CLIMKL


CLIMATE REPORT
NATIONAL WEATHER SERVICE MEMPHIS TN
135 AM CDT WED APR 23 2014


...................................

...THE JACKSON CLIMATE SUMMARY FOR APRIL 22 2014...

CLIMATE NORMAL PERIOD 1981 TO 2010
CLIMATE RECORD PERIOD 1948 TO 2014


WEATHER ITEM   OBSERVED TIME   RECORD YEAR NORMAL DEPARTURE LAST
                VALUE   (LST)  VALUE       VALUE  FROM      YEAR
                                                  NORMAL
..................................................................
TEMPERATURE (F)
 YESTERDAY
  MAXIMUM         77    339 PM  89    1980  74      3       77
  MINIMUM         53   1016 PM  32    1993  50      3       43
  AVERAGE         65                        62      3       60

PRECIPITATION (IN)
  YESTERDAY        0.03          3.02 1974   0.17  -0.14     0.00
  MONTH TO DATE    2.60                      3.49  -0.89     5.98
  SINCE MAR 1      8.44                      8.24   0.20     9.83
  SINCE JAN 1     16.60                     16.48   0.12    21.77

SNOWFALL (IN)
  YESTERDAY        0.0          MM      MM   0.0    0.0      0.0
  MONTH TO DATE    T                         0.1   -0.1      0.0
  SINCE MAR 1      0.8                       0.5    0.3       T
  SINCE JUL 1      1.3                       4.7   -3.4      1.4
  SNOW DEPTH       0

DEGREE DAYS
 HEATING
  YESTERDAY        0                         5     -5        5
  MONTH TO DATE  165                       165      0      184
  SINCE MAR 1    759                       609    150      818
  SINCE JUL 1   4055                      3493    562     3521

 COOLING
  YESTERDAY        0                         2     -2        0
  MONTH TO DATE   31                        30      1       52
  SINCE MAR 1     31                        40     -9       52
  SINCE JAN 1     31                        41    -10       56
..................................................................


WIND (MPH)
  HIGHEST WIND SPEED    17   HIGHEST WIND DIRECTION     N (340)
  HIGHEST GUST SPEED    22   HIGHEST GUST DIRECTION     N (350)
  AVERAGE WIND SPEED     6.8


SKY COVER
  POSSIBLE SUNSHINE  MM
  AVERAGE SKY COVER 0.6


WEATHER CONDITIONS
 THE FOLLOWING WEATHER WAS RECORDED YESTERDAY.
  LIGHT RAIN
  FOG


RELATIVE HUMIDITY (PERCENT)
 HIGHEST    93          1200 AM
 LOWEST     35           500 PM
 AVERAGE    64

..........................................................


THE JACKSON CLIMATE NORMALS FOR TODAY
                         NORMAL    RECORD    YEAR
 MAXIMUM TEMPERATURE (F)   74        90      1988
 MINIMUM TEMPERATURE (F)   50        32      1986


SUNRISE AND SUNSET
APRIL 23 2014.........SUNRISE   613 AM CDT   SUNSET   735 PM CDT
APRIL 24 2014.........SUNRISE   612 AM CDT   SUNSET   736 PM CDT


-  INDICATES NEGATIVE NUMBERS.
R  INDICATES RECORD WAS SET OR TIED.
MM INDICATES DATA IS MISSING.
T  INDICATES TRACE AMOUNT.




$$
