000
CDUS44 KMEG 300635
CLIMKL


CLIMATE REPORT
NATIONAL WEATHER SERVICE MEMPHIS TN
134 AM CDT TUE AUG 30 2016


...................................

...THE JACKSON CLIMATE SUMMARY FOR AUGUST 29 2016...

CLIMATE NORMAL PERIOD 1981 TO 2010
CLIMATE RECORD PERIOD 1948 TO 2016


WEATHER ITEM   OBSERVED TIME   RECORD YEAR NORMAL DEPARTURE LAST
                VALUE   (LST)  VALUE       VALUE  FROM      YEAR
                                                  NORMAL
..................................................................
TEMPERATURE (F)
 YESTERDAY
  MAXIMUM         94    113 PM 103    2000  89      5       91
  MINIMUM         72    521 AM  48    1986  65      7       66
  AVERAGE         83                        77      6       79

PRECIPITATION (IN)
  YESTERDAY        0.00          2.00 2005   0.08  -0.08     0.00
  MONTH TO DATE    3.79                      2.84   0.95     3.72
  SINCE JUN 1      8.63                     12.17  -3.54     8.78
  SINCE JAN 1     33.87                     35.71  -1.84    30.56

SNOWFALL (IN)
  YESTERDAY        0.0          MM      MM   0.0    0.0      0.0
  MONTH TO DATE    0.0                       0.0    0.0      0.0
  SINCE JUN 1      0.0                       0.0    0.0      0.0
  SINCE JUL 1      0.0                       0.0    0.0      0.0
  SNOW DEPTH       0

DEGREE DAYS
 HEATING
  YESTERDAY        0                         0      0        0
  MONTH TO DATE    0                         0      0        0
  SINCE JUN 1      0                         2     -2        0
  SINCE JUL 1      0                         0      0        0

 COOLING
  YESTERDAY       18                        12      6       14
  MONTH TO DATE  456                       393     63      347
  SINCE JUN 1   1410                      1181    229     1308
  SINCE JAN 1   1594                      1396    198     1539
..................................................................


WIND (MPH)
  HIGHEST WIND SPEED     9   HIGHEST WIND DIRECTION    NE (50)
  HIGHEST GUST SPEED    13   HIGHEST GUST DIRECTION    NE (30)
  AVERAGE WIND SPEED     3.1


SKY COVER
  POSSIBLE SUNSHINE  MM
  AVERAGE SKY COVER 0.1


WEATHER CONDITIONS
 THE FOLLOWING WEATHER WAS RECORDED YESTERDAY.
  FOG


RELATIVE HUMIDITY (PERCENT)
 HIGHEST   100           200 AM
 LOWEST     56           200 PM
 AVERAGE    78

..........................................................


THE JACKSON CLIMATE NORMALS FOR TODAY
                         NORMAL    RECORD    YEAR
 MAXIMUM TEMPERATURE (F)   89       102      2000
                                             1951
 MINIMUM TEMPERATURE (F)   65        50      1988


SUNRISE AND SUNSET
AUGUST 30 2016........SUNRISE   627 AM CDT   SUNSET   725 PM CDT
AUGUST 31 2016........SUNRISE   627 AM CDT   SUNSET   724 PM CDT


-  INDICATES NEGATIVE NUMBERS.
R  INDICATES RECORD WAS SET OR TIED.
MM INDICATES DATA IS MISSING.
T  INDICATES TRACE AMOUNT.


$$
