000
CDUS44 KMEG 051406
CLIMKL


CLIMATE REPORT...CORRECTED
NATIONAL WEATHER SERVICE MEMPHIS TN
800 AM CST THU MAR 5 2015


...................................

...THE JACKSON CLIMATE SUMMARY FOR MARCH 4 2015...

CLIMATE NORMAL PERIOD 1981 TO 2010
CLIMATE RECORD PERIOD 1948 TO 2015


WEATHER ITEM   OBSERVED TIME   RECORD YEAR NORMAL DEPARTURE LAST
                VALUE   (LST)  VALUE       VALUE  FROM      YEAR
                                                  NORMAL
..................................................................
TEMPERATURE (F)
 YESTERDAY
  MAXIMUM         63    146 AM  80    1976  59      4       31
  MINIMUM         23   1159 PM  13    2002  36    -13       14
  AVERAGE         43                        47     -4       23

PRECIPITATION (IN)
  YESTERDAY        3.43R         3.43 2015   0.15   3.28     0.00
  MONTH TO DATE    4.07                      0.57   3.50     3.14
  SINCE MAR 1      4.07                      0.57   3.50     3.14
  SINCE JAN 1      9.96                      8.81   1.15    11.30

SNOWFALL (IN)
  YESTERDAY        0.5           1.0  1965   0.0    0.5      0.0
  MONTH TO DATE    0.5                       0.0    0.5      0.8
  SINCE MAR 1      0.5                       0.0    0.5      0.8
  SINCE JUL 1      2.0                       4.2   -2.2      1.3
  SNOW DEPTH       1

DEGREE DAYS
 HEATING
  YESTERDAY       22                        18      4       42
  MONTH TO DATE   81                        73      8      114
  SINCE MAR 1     81                        73      8      114
  SINCE JUL 1   3254                      2957    297     3410

 COOLING
  YESTERDAY        0                         0      0        0
  MONTH TO DATE    0                         0      0        0
  SINCE MAR 1      0                         0      0        0
  SINCE JAN 1      0                         1     -1        0
..................................................................


WIND (MPH)
  HIGHEST WIND SPEED    26   HIGHEST WIND DIRECTION     N (20)
  HIGHEST GUST SPEED    34   HIGHEST GUST DIRECTION     N (20)
  AVERAGE WIND SPEED    14.4


SKY COVER
  POSSIBLE SUNSHINE  MM
  AVERAGE SKY COVER 1.0


WEATHER CONDITIONS
 THE FOLLOWING WEATHER WAS RECORDED YESTERDAY.
  RAIN
  LIGHT RAIN
  FREEZING RAIN
  LT FREEZING RAIN
  LIGHT SNOW
  FOG


RELATIVE HUMIDITY (PERCENT)
 HIGHEST   100           500 AM
 LOWEST     82           600 PM
 AVERAGE    91

..........................................................


THE JACKSON CLIMATE NORMALS FOR TODAY
                         NORMAL    RECORD    YEAR
 MAXIMUM TEMPERATURE (F)   59        77      1956
 MINIMUM TEMPERATURE (F)   37        10      1960


SUNRISE AND SUNSET
MARCH  5 2015.........SUNRISE   621 AM CST   SUNSET   554 PM CST
MARCH  6 2015.........SUNRISE   619 AM CST   SUNSET   555 PM CST


-  INDICATES NEGATIVE NUMBERS.
R  INDICATES RECORD WAS SET OR TIED.
MM INDICATES DATA IS MISSING.
T  INDICATES TRACE AMOUNT.




$$
