000
CDUS44 KMEG 240632
CLIMKL


CLIMATE REPORT
NATIONAL WEATHER SERVICE MEMPHIS TN
132 AM CDT SAT JUN 24 2017


...................................

...THE JACKSON CLIMATE SUMMARY FOR JUNE 23 2017...

CLIMATE NORMAL PERIOD 1981 TO 2010
CLIMATE RECORD PERIOD 1948 TO 2017


WEATHER ITEM   OBSERVED TIME   RECORD YEAR NORMAL DEPARTURE LAST
                VALUE   (LST)  VALUE       VALUE  FROM      YEAR
                                                  NORMAL
..................................................................
TEMPERATURE (F)
 YESTERDAY
  MAXIMUM         85    436 PM 101    1988  89     -4       94
  MINIMUM         73   1159 PM  54    1972  67      6       76
  AVERAGE         79                        78      1       85

PRECIPITATION (IN)
  YESTERDAY        0.65          1.19 1987   0.16   0.49     0.00
  MONTH TO DATE    1.69                      3.85  -2.16     2.09
  SINCE JUN 1      1.69                      3.85  -2.16     2.09
  SINCE JAN 1     24.34                     27.39  -3.05    27.33

DEGREE DAYS
 HEATING
  YESTERDAY        0                         0      0        0
  MONTH TO DATE    0                         0      0        0
  SINCE JUN 1      0                         0      0        0
  SINCE JUL 1   2520                      3572  -1052     2879

 COOLING
  YESTERDAY       14                        13      1       20
  MONTH TO DATE  272                       245     27      315
  SINCE JUN 1    272                       245     27      315
  SINCE JAN 1    540                       460     80      499
..................................................................


WIND (MPH)
  HIGHEST WIND SPEED    29   HIGHEST WIND DIRECTION     S (200)
  HIGHEST GUST SPEED    36   HIGHEST GUST DIRECTION     S (200)
  AVERAGE WIND SPEED    10.7


SKY COVER
  POSSIBLE SUNSHINE  MM
  AVERAGE SKY COVER 0.6


WEATHER CONDITIONS
 THE FOLLOWING WEATHER WAS RECORDED YESTERDAY.
  HEAVY RAIN
  RAIN
  LIGHT RAIN
  FOG


RELATIVE HUMIDITY (PERCENT)
 HIGHEST    94          1200 AM
 LOWEST     82           700 PM
 AVERAGE    88

..........................................................


THE JACKSON CLIMATE NORMALS FOR TODAY
                         NORMAL    RECORD    YEAR
 MAXIMUM TEMPERATURE (F)   89       100      1988
                                             1952
 MINIMUM TEMPERATURE (F)   67        54      1961


SUNRISE AND SUNSET
JUNE 24 2017..........SUNRISE   541 AM CDT   SUNSET   815 PM CDT
JUNE 25 2017..........SUNRISE   542 AM CDT   SUNSET   815 PM CDT


-  INDICATES NEGATIVE NUMBERS.
R  INDICATES RECORD WAS SET OR TIED.
MM INDICATES DATA IS MISSING.
T  INDICATES TRACE AMOUNT.




$$
