000
CDUS44 KMEG 260638
CLIMKL


CLIMATE REPORT
NATIONAL WEATHER SERVICE MEMPHIS TN
137 AM CDT WED APR 26 2017


...................................

...THE JACKSON CLIMATE SUMMARY FOR APRIL 25 2017...

CLIMATE NORMAL PERIOD 1981 TO 2010
CLIMATE RECORD PERIOD 1948 TO 2017


WEATHER ITEM   OBSERVED TIME   RECORD YEAR NORMAL DEPARTURE LAST
                VALUE   (LST)  VALUE       VALUE  FROM      YEAR
                                                  NORMAL
..................................................................
TEMPERATURE (F)
 YESTERDAY
  MAXIMUM         80    455 PM  87    2009  75      5       82
                                      1986
                                      1954
  MINIMUM         49    534 AM  32    2013  51     -2       62
  AVERAGE         65                        63      2       72

PRECIPITATION (IN)
  YESTERDAY        0.00          1.61 1970   0.17  -0.17     0.00
  MONTH TO DATE    4.57                      4.01   0.56     1.49
  SINCE MAR 1     12.24                      8.76   3.48    14.14
  SINCE JAN 1     17.07                     17.00   0.07    19.76

DEGREE DAYS
 HEATING
  YESTERDAY        0                         4     -4        0
  MONTH TO DATE   73                       179   -106      130
  SINCE MAR 1    432                       623   -191      443
  SINCE JUL 1   2472                      3507  -1035     2811

 COOLING
  YESTERDAY        0                         2     -2        7
  MONTH TO DATE   62                        36     26       15
  SINCE MAR 1     75                        46     29       21
  SINCE JAN 1     77                        47     30       21
..................................................................


WIND (MPH)
  HIGHEST WIND SPEED    15   HIGHEST WIND DIRECTION     S (160)
  HIGHEST GUST SPEED    20   HIGHEST GUST DIRECTION     S (190)
  AVERAGE WIND SPEED     6.0


SKY COVER
  POSSIBLE SUNSHINE  MM
  AVERAGE SKY COVER 0.0


WEATHER CONDITIONS
 THE FOLLOWING WEATHER WAS RECORDED YESTERDAY.
  FOG


RELATIVE HUMIDITY (PERCENT)
 HIGHEST   100           100 AM
 LOWEST     36           400 PM
 AVERAGE    68

..........................................................


THE JACKSON CLIMATE NORMALS FOR TODAY
                         NORMAL    RECORD    YEAR
 MAXIMUM TEMPERATURE (F)   75        90      1989
 MINIMUM TEMPERATURE (F)   51        38      1983
                                             1972


SUNRISE AND SUNSET
APRIL 26 2017.........SUNRISE   609 AM CDT   SUNSET   738 PM CDT
APRIL 27 2017.........SUNRISE   608 AM CDT   SUNSET   739 PM CDT


-  INDICATES NEGATIVE NUMBERS.
R  INDICATES RECORD WAS SET OR TIED.
MM INDICATES DATA IS MISSING.
T  INDICATES TRACE AMOUNT.




$$
