000
CDUS44 KMEG 150636
CLIMKL


CLIMATE REPORT
NATIONAL WEATHER SERVICE MEMPHIS TN
136 AM CDT MON SEP 15 2014


...................................

...THE JACKSON CLIMATE SUMMARY FOR SEPTEMBER 14 2014...

CLIMATE NORMAL PERIOD 1981 TO 2010
CLIMATE RECORD PERIOD 1948 TO 2014


WEATHER ITEM   OBSERVED TIME   RECORD YEAR NORMAL DEPARTURE LAST
                VALUE   (LST)  VALUE       VALUE  FROM      YEAR
                                                  NORMAL
..................................................................
TEMPERATURE (F)
 YESTERDAY
  MAXIMUM         77    355 PM  98    1980  85     -8       76
  MINIMUM         53    556 AM  42    1964  60     -7       48
  AVERAGE         65                        72     -7       62

PRECIPITATION (IN)
  YESTERDAY        0.00          1.58 2002   0.11  -0.11     0.00
  MONTH TO DATE    4.70                      1.40   3.30     0.24
  SINCE SEP 1      4.70                      1.40   3.30     0.24
  SINCE JAN 1     48.36                     37.27  11.09    45.33

SNOWFALL (IN)
  YESTERDAY        0.0          MM      MM   0.0    0.0      0.0
  MONTH TO DATE    0.0                       0.0    0.0      0.0
  SINCE SEP 1      0.0                       0.0    0.0      0.0
  SINCE JUL 1      0.0                       0.0    0.0      0.0
  SNOW DEPTH       0

DEGREE DAYS
 HEATING
  YESTERDAY        0                         0      0        3
  MONTH TO DATE    5                         0      5        3
  SINCE SEP 1      5                         0      5        3
  SINCE JUL 1      5                         0      5        3

 COOLING
  YESTERDAY        0                         8     -8        0
  MONTH TO DATE  140                       134      6      154
  SINCE SEP 1    140                       134      6      154
  SINCE JAN 1   1457                      1557   -100     1438
..................................................................


WIND (MPH)
  HIGHEST WIND SPEED    10   HIGHEST WIND DIRECTION    NE (30)
  HIGHEST GUST SPEED    15   HIGHEST GUST DIRECTION     N (10)
  AVERAGE WIND SPEED     3.3


SKY COVER
  POSSIBLE SUNSHINE  MM
  AVERAGE SKY COVER 0.0


WEATHER CONDITIONS
 THE FOLLOWING WEATHER WAS RECORDED YESTERDAY.
  NO SIGNIFICANT WEATHER WAS OBSERVED.


RELATIVE HUMIDITY (PERCENT)
 HIGHEST    93          1200 AM
 LOWEST     50           100 PM
 AVERAGE    72

..........................................................


THE JACKSON CLIMATE NORMALS FOR TODAY
                         NORMAL    RECORD    YEAR
 MAXIMUM TEMPERATURE (F)   84        98      1954
 MINIMUM TEMPERATURE (F)   59        47      2013


SUNRISE AND SUNSET
SEPTEMBER 15 2014.....SUNRISE   638 AM CDT   SUNSET   703 PM CDT
SEPTEMBER 16 2014.....SUNRISE   639 AM CDT   SUNSET   701 PM CDT


-  INDICATES NEGATIVE NUMBERS.
R  INDICATES RECORD WAS SET OR TIED.
MM INDICATES DATA IS MISSING.
T  INDICATES TRACE AMOUNT.




$$
