000
CDUS44 KMEG 270733
CLIMKL


CLIMATE REPORT
NATIONAL WEATHER SERVICE MEMPHIS TN
133 AM CST TUE JAN 27 2015


...................................

...THE JACKSON CLIMATE SUMMARY FOR JANUARY 26 2015...

CLIMATE NORMAL PERIOD 1981 TO 2010
CLIMATE RECORD PERIOD 1948 TO 2015


WEATHER ITEM   OBSERVED TIME   RECORD YEAR NORMAL DEPARTURE LAST
                VALUE   (LST)  VALUE       VALUE  FROM      YEAR
                                                  NORMAL
..................................................................
TEMPERATURE (F)
 YESTERDAY
  MAXIMUM         44    358 PM  75    1952  49     -5       64
  MINIMUM         27   1144 PM   7    1978  28     -1       20
  AVERAGE         36                        38     -2       42

PRECIPITATION (IN)
  YESTERDAY        0.00          1.67 1949   0.14  -0.14     0.00
  MONTH TO DATE    0.74                      3.36  -2.62     3.01
  SINCE DEC 1      3.82                      8.71  -4.89     7.81
  SINCE JAN 1      0.74                      3.36  -2.62     3.01

SNOWFALL (IN)
  YESTERDAY        0.0           0.6  1963   0.1   -0.1      0.0
  MONTH TO DATE    T                         1.9   -1.9       T
  SINCE DEC 1      T                         2.1   -2.1       T
  SINCE JUL 1      0.1                       2.2   -2.1       T
  SNOW DEPTH       0

DEGREE DAYS
 HEATING
  YESTERDAY       29                        27      2       23
  MONTH TO DATE  722                       702     20      807
  SINCE DEC 1   1377                      1453    -76     1574
  SINCE JUL 1   2169                      2120     49     2364

 COOLING
  YESTERDAY        0                         0      0        0
  MONTH TO DATE    0                         0      0        0
  SINCE DEC 1      0                         1     -1        8
  SINCE JAN 1      0                         0      0        0
..................................................................


WIND (MPH)
  HIGHEST WIND SPEED    25   HIGHEST WIND DIRECTION     N (340)
  HIGHEST GUST SPEED    32   HIGHEST GUST DIRECTION    NW (320)
  AVERAGE WIND SPEED     9.6


SKY COVER
  POSSIBLE SUNSHINE  MM
  AVERAGE SKY COVER 0.7


WEATHER CONDITIONS
 THE FOLLOWING WEATHER WAS RECORDED YESTERDAY.
  NO SIGNIFICANT WEATHER WAS OBSERVED.


RELATIVE HUMIDITY (PERCENT)
 HIGHEST    92           900 PM
 LOWEST     57           100 PM
 AVERAGE    75

..........................................................


THE JACKSON CLIMATE NORMALS FOR TODAY
                         NORMAL    RECORD    YEAR
 MAXIMUM TEMPERATURE (F)   49        72      1975
 MINIMUM TEMPERATURE (F)   28         1      1963


SUNRISE AND SUNSET
JANUARY 27 2015.......SUNRISE   659 AM CST   SUNSET   518 PM CST
JANUARY 28 2015.......SUNRISE   659 AM CST   SUNSET   519 PM CST


-  INDICATES NEGATIVE NUMBERS.
R  INDICATES RECORD WAS SET OR TIED.
MM INDICATES DATA IS MISSING.
T  INDICATES TRACE AMOUNT.




$$
