000
CDUS44 KMEG 012158
CLIMKL


CLIMATE REPORT
NATIONAL WEATHER SERVICE MEMPHIS TN
458 PM CDT MON JUN 1 2015


...................................

...THE JACKSON CLIMATE SUMMARY FOR JUNE 1 2015...
VALID TODAY AS OF 0400 PM LOCAL TIME.

CLIMATE NORMAL PERIOD 1981 TO 2010
CLIMATE RECORD PERIOD 1948 TO 2015


WEATHER ITEM   OBSERVED TIME   RECORD YEAR NORMAL DEPARTURE LAST
                VALUE   (LST)  VALUE       VALUE  FROM      YEAR
                                                  NORMAL
..................................................................
TEMPERATURE (F)
 TODAY
  MAXIMUM         73    339 PM  96    1951  84    -11       87
  MINIMUM         62    750 AM  44    1966  62      0       68
  AVERAGE         68                        73     -5       78

PRECIPITATION (IN)
  TODAY            0.01          2.15 2005   0.18  -0.17     0.16
  MONTH TO DATE    0.01                      0.18  -0.17     0.16
  SINCE JUN 1      0.01                      0.18  -0.17     0.16
  SINCE JAN 1     21.79                     23.72  -1.93    22.17

SNOWFALL (IN)
  TODAY            0.0

DEGREE DAYS
 HEATING
  TODAY            0                         0      0        0
  MONTH TO DATE    0                         0      0        0
  SINCE JUN 1      0                         0      0        0
  SINCE JUL 1   3837                      3572    265     4147

 COOLING
  TODAY            3                         8     -5       13
  MONTH TO DATE    3                         8     -5       13
  SINCE JUN 1      3                         8     -5       13
  SINCE JAN 1    234                       223     11      263
..................................................................


WIND (MPH)
  HIGHEST WIND SPEED    13   HIGHEST WIND DIRECTION     N (350)
  HIGHEST GUST SPEED    15   HIGHEST GUST DIRECTION     N (350)
  AVERAGE WIND SPEED     7.4


SKY COVER
  POSSIBLE SUNSHINE  MM
  AVERAGE SKY COVER 0.9


WEATHER CONDITIONS
 THE FOLLOWING WEATHER WAS RECORDED TODAY.
  LIGHT RAIN
  FOG


RELATIVE HUMIDITY (PERCENT)
 HIGHEST    93           100 AM
 LOWEST     68           300 PM
 AVERAGE    81

..........................................................


THE JACKSON CLIMATE NORMALS FOR TOMORROW
                         NORMAL    RECORD    YEAR
 MAXIMUM TEMPERATURE (F)   84        95      1998
 MINIMUM TEMPERATURE (F)   62        47      1956


SUNRISE AND SUNSET
JUNE  1 2015..........SUNRISE   541 AM CDT   SUNSET   806 PM CDT
JUNE  2 2015..........SUNRISE   541 AM CDT   SUNSET   806 PM CDT


-  INDICATES NEGATIVE NUMBERS.
R  INDICATES RECORD WAS SET OR TIED.
MM INDICATES DATA IS MISSING.
T  INDICATES TRACE AMOUNT.




$$
