000
CDUS44 KMEG 040641
CLIMKL


CLIMATE REPORT
NATIONAL WEATHER SERVICE MEMPHIS TN
140 AM CDT SAT JUL 4 2015


...................................

...THE JACKSON CLIMATE SUMMARY FOR JULY 3 2015...

CLIMATE NORMAL PERIOD 1981 TO 2010
CLIMATE RECORD PERIOD 1948 TO 2015


WEATHER ITEM   OBSERVED TIME   RECORD YEAR NORMAL DEPARTURE LAST
                VALUE   (LST)  VALUE       VALUE  FROM      YEAR
                                                  NORMAL
..................................................................
TEMPERATURE (F)
 YESTERDAY
  MAXIMUM         79   1035 AM 100    1954  90    -11       80
  MINIMUM         70    527 AM  58    2013  68      2       61
  AVERAGE         75                        79     -4       71

PRECIPITATION (IN)
  YESTERDAY        0.34          2.31 1995   0.15   0.19     0.00
  MONTH TO DATE    0.53                      0.45   0.08     0.30
  SINCE JUN 1      3.29                      5.29  -2.00    12.87
  SINCE JAN 1     25.07                     28.83  -3.76    34.88

SNOWFALL (IN)
  YESTERDAY        0.0          MM      MM   0.0    0.0      0.0
  MONTH TO DATE    0.0                       0.0    0.0      0.0
  SINCE JUN 1      0.0                       0.0    0.0      0.0
  SINCE JUL 1      0.0                       0.0    0.0      0.0
  SNOW DEPTH       0

DEGREE DAYS
 HEATING
  YESTERDAY        0                         0      0        0
  MONTH TO DATE    0                         0      0        0
  SINCE JUN 1      0                         2     -2        0
  SINCE JUL 1      0                         0      0        0

 COOLING
  YESTERDAY       10                        14     -4        6
  MONTH TO DATE   39                        42     -3       33
  SINCE JUN 1    460                       381     79      396
  SINCE JAN 1    691                       596     95      646
..................................................................


WIND (MPH)
  HIGHEST WIND SPEED    22   HIGHEST WIND DIRECTION    SW (230)
  HIGHEST GUST SPEED    27   HIGHEST GUST DIRECTION    SW (230)
  AVERAGE WIND SPEED     7.7


SKY COVER
  POSSIBLE SUNSHINE  MM
  AVERAGE SKY COVER 0.7


WEATHER CONDITIONS
 THE FOLLOWING WEATHER WAS RECORDED YESTERDAY.
  THUNDERSTORM
  RAIN
  LIGHT RAIN
  FOG


RELATIVE HUMIDITY (PERCENT)
 HIGHEST    93           100 PM
 LOWEST     74          1100 AM
 AVERAGE    84

..........................................................


THE JACKSON CLIMATE NORMALS FOR TODAY
                         NORMAL    RECORD    YEAR
 MAXIMUM TEMPERATURE (F)   90       101      2012
 MINIMUM TEMPERATURE (F)   68        54      1968


SUNRISE AND SUNSET
JULY  4 2015..........SUNRISE   545 AM CDT   SUNSET   815 PM CDT
JULY  5 2015..........SUNRISE   545 AM CDT   SUNSET   815 PM CDT


-  INDICATES NEGATIVE NUMBERS.
R  INDICATES RECORD WAS SET OR TIED.
MM INDICATES DATA IS MISSING.
T  INDICATES TRACE AMOUNT.




$$
