488
CDUS44 KMEG 090737
CLIMKL


CLIMATE REPORT
NATIONAL WEATHER SERVICE MEMPHIS TN
137 AM CST TUE FEB 9 2016


...................................

...THE JACKSON CLIMATE SUMMARY FOR FEBRUARY 8 2016...

CLIMATE NORMAL PERIOD 1981 TO 2010
CLIMATE RECORD PERIOD 1948 TO 2016


WEATHER ITEM   OBSERVED TIME   RECORD YEAR NORMAL DEPARTURE LAST
                VALUE   (LST)  VALUE       VALUE  FROM      YEAR
                                                  NORMAL
..................................................................
TEMPERATURE (F)
 YESTERDAY
  MAXIMUM         46    204 AM  77    1950  51     -5       61
  MINIMUM         32   1159 PM   6    1971  30      2       49
  AVERAGE         39                        41     -2       55

PRECIPITATION (IN)
  YESTERDAY        T             2.12 1982   0.15  -0.15     0.00
  MONTH TO DATE    1.42                      1.21   0.21     0.72
  SINCE DEC 1      8.61                     10.63  -2.02     4.54
  SINCE JAN 1      3.46                      5.28  -1.82     1.46

SNOWFALL (IN)
  YESTERDAY        T             3.0  2010   0.1   -0.1      0.0
  MONTH TO DATE    T                         0.6   -0.6      0.0
  SINCE DEC 1      1.5                       3.1   -1.6       T
  SINCE JUL 1      1.5                       3.2   -1.7      0.1
  SNOW DEPTH       0

DEGREE DAYS
 HEATING
  YESTERDAY       26                        24      2       10
  MONTH TO DATE  168                       201    -33      201
  SINCE DEC 1   1458                      1783   -325     1693
  SINCE JUL 1   1933                      2450   -517     2485

 COOLING
  YESTERDAY        0                         0      0        0
  MONTH TO DATE    0                         0      0        0
  SINCE DEC 1      9                         1      8        0
  SINCE JAN 1      0                         0      0        0
..................................................................


WIND (MPH)
  HIGHEST WIND SPEED    26   HIGHEST WIND DIRECTION    NW (320)
  HIGHEST GUST SPEED    33   HIGHEST GUST DIRECTION    NW (320)
  AVERAGE WIND SPEED    14.6


SKY COVER
  POSSIBLE SUNSHINE  MM
  AVERAGE SKY COVER 0.7


WEATHER CONDITIONS
 THE FOLLOWING WEATHER WAS RECORDED YESTERDAY.
  LIGHT SNOW


RELATIVE HUMIDITY (PERCENT)
 HIGHEST    59           600 PM
 LOWEST     41          1200 PM
 AVERAGE    50

..........................................................


THE JACKSON CLIMATE NORMALS FOR TODAY
                         NORMAL    RECORD    YEAR
 MAXIMUM TEMPERATURE (F)   51        77      1957
 MINIMUM TEMPERATURE (F)   30         1      1979


SUNRISE AND SUNSET
FEBRUARY  9 2016......SUNRISE   649 AM CST   SUNSET   531 PM CST
FEBRUARY 10 2016......SUNRISE   648 AM CST   SUNSET   532 PM CST


-  INDICATES NEGATIVE NUMBERS.
R  INDICATES RECORD WAS SET OR TIED.
MM INDICATES DATA IS MISSING.
T  INDICATES TRACE AMOUNT.




$$
