000
CDUS42 KMLB 300628
CLIMLB


CLIMATE REPORT
NATIONAL WEATHER SERVICE MELBOURNE FL
228 AM EDT THU JUL 30 2015


...................................

...THE MELBOURNE CLIMATE SUMMARY FOR JULY 29 2015...

CLIMATE NORMAL PERIOD 1981 TO 2010
CLIMATE RECORD PERIOD 1939 TO 2015


WEATHER ITEM   OBSERVED TIME   RECORD YEAR NORMAL DEPARTURE LAST
                VALUE   (LST)  VALUE       VALUE  FROM      YEAR
                                                  NORMAL
..................................................................
TEMPERATURE (F)
 YESTERDAY
  MAXIMUM         91    345 PM  98    1999  91      0       92
  MINIMUM         76    630 AM  68    1975  73      3       76
                                      1969
                                      1965
  AVERAGE         84                        82      2       84

PRECIPITATION (IN)
  YESTERDAY        0.01          1.50 1943   0.21  -0.20     0.10
  MONTH TO DATE   10.30                      5.54   4.76    11.20
  SINCE JUN 1     16.55                     12.25   4.30    17.26
  SINCE JAN 1     29.40                     25.75   3.65    33.48

SNOWFALL (IN)
  YESTERDAY        0.0
  MONTH TO DATE    0.0
  SINCE JUL 1      0.0

DEGREE DAYS
 HEATING
  YESTERDAY        0                         0      0        0
  MONTH TO DATE    0                         0      0        0
  SINCE JUN 1      0                         0      0        0
  SINCE JUL 1      0                         0      0        0

 COOLING
  YESTERDAY       19                        17      2       19
  MONTH TO DATE  485                       482      3      510
  SINCE JUN 1    975                       944     31      971
  SINCE JAN 1   2087                      1670    417     1864
..................................................................


WIND (MPH)
  HIGHEST WIND SPEED    16   HIGHEST WIND DIRECTION     W (280)
  HIGHEST GUST SPEED    20   HIGHEST GUST DIRECTION     W (270)
  AVERAGE WIND SPEED     7.0


SKY COVER
  AVERAGE SKY COVER 0.4


WEATHER CONDITIONS
 THE FOLLOWING WEATHER WAS RECORDED YESTERDAY.
  LIGHT RAIN
  FOG


RELATIVE HUMIDITY (PERCENT)
 HIGHEST    94          1200 AM
 LOWEST     59           100 PM
 AVERAGE    77

..........................................................


THE MELBOURNE CLIMATE NORMALS FOR TODAY
                         NORMAL    RECORD    YEAR
 MAXIMUM TEMPERATURE (F)   91       100      2010
 MINIMUM TEMPERATURE (F)   73        68      1974


SUNRISE AND SUNSET
JULY 30 2015..........SUNRISE   644 AM EDT   SUNSET   814 PM EDT
JULY 31 2015..........SUNRISE   644 AM EDT   SUNSET   813 PM EDT


-  INDICATES NEGATIVE NUMBERS.
R  INDICATES RECORD WAS SET OR TIED.
MM INDICATES DATA IS MISSING.
T  INDICATES TRACE AMOUNT.




$$
