000
CDUS42 KMLB 190635
CLIMLB


CLIMATE REPORT
NATIONAL WEATHER SERVICE MELBOURNE
235 AM EDT SAT APR 19 2014


...................................

...THE MELBOURNE CLIMATE SUMMARY FOR APRIL 18 2014...

CLIMATE NORMAL PERIOD 1981 TO 2010
CLIMATE RECORD PERIOD 1939 TO 2014


WEATHER ITEM   OBSERVED TIME   RECORD YEAR NORMAL DEPARTURE LAST
                VALUE   (LST)  VALUE       VALUE  FROM      YEAR
                                                  NORMAL
..................................................................
TEMPERATURE (F)
 YESTERDAY
  MAXIMUM         81    112 PM  90    1969  81      0       84
                                      1967
  MINIMUM         69   1026 PM  45    1983  60      9       69
  AVERAGE         75                        71      4       77

PRECIPITATION (IN)
  YESTERDAY        1.23R         0.96 1943   0.07   1.16     0.00
  MONTH TO DATE    2.84                      1.35   1.49     4.58
  SINCE MAR 1      4.86                      4.63   0.23     5.16
  SINCE JAN 1     11.92                      9.43   2.49     7.82

SNOWFALL (IN)
  YESTERDAY        0.0
  MONTH TO DATE    0.0
  SINCE JUL 1      0.0

DEGREE DAYS
 HEATING
  YESTERDAY        0                         0      0        0
  MONTH TO DATE    3                        15    -12        0
  SINCE MAR 1     52                        86    -34      179
  SINCE JUL 1    358                       575   -217      463

 COOLING
  YESTERDAY       10                         6      4       12
  MONTH TO DATE  128                        91     37      167
  SINCE MAR 1    239                       190     49      219
  SINCE JAN 1    407                       288    119      425
..................................................................


WIND (MPH)
  HIGHEST WIND SPEED    22   HIGHEST WIND DIRECTION    SE (140)
  HIGHEST GUST SPEED    29   HIGHEST GUST DIRECTION    SE (140)
  AVERAGE WIND SPEED    11.6


SKY COVER
  AVERAGE SKY COVER 0.8


WEATHER CONDITIONS
 THE FOLLOWING WEATHER WAS RECORDED YESTERDAY.
  THUNDERSTORM
  HEAVY RAIN
  RAIN
  LIGHT RAIN
  FOG
  HAZE


RELATIVE HUMIDITY (PERCENT)
 HIGHEST    97          1100 PM
 LOWEST     69           100 PM
 AVERAGE    83

..........................................................


THE MELBOURNE CLIMATE NORMALS FOR TODAY
                         NORMAL    RECORD    YEAR
 MAXIMUM TEMPERATURE (F)   81        90      1975
                                             1944
 MINIMUM TEMPERATURE (F)   61        41      1997


SUNRISE AND SUNSET
APRIL 19 2014.........SUNRISE   654 AM EDT   SUNSET   750 PM EDT
APRIL 20 2014.........SUNRISE   653 AM EDT   SUNSET   751 PM EDT


-  INDICATES NEGATIVE NUMBERS.
R  INDICATES RECORD WAS SET OR TIED.
MM INDICATES DATA IS MISSING.
T  INDICATES TRACE AMOUNT.




$$
