000
CDUS42 KMLB 300635
CLIMLB


CLIMATE REPORT
NATIONAL WEATHER SERVICE MELBOURNE FL
235 AM EDT THU OCT 30 2014


...................................

...THE MELBOURNE CLIMATE SUMMARY FOR OCTOBER 29 2014...

CLIMATE NORMAL PERIOD 1981 TO 2010
CLIMATE RECORD PERIOD 1939 TO 2014


WEATHER ITEM   OBSERVED TIME   RECORD YEAR NORMAL DEPARTURE LAST
                VALUE   (LST)  VALUE       VALUE  FROM      YEAR
                                                  NORMAL
..................................................................
TEMPERATURE (F)
 YESTERDAY
  MAXIMUM         85    109 PM  89    2002  82      3       85
  MINIMUM         62    536 AM  44    2008  64     -2       64
  AVERAGE         74                        73      1       75

PRECIPITATION (IN)
  YESTERDAY        0.00          4.00 1986   0.12  -0.12     0.00
  MONTH TO DATE    1.78                      4.84  -3.06     0.26
  SINCE SEP 1     14.31                     12.48   1.83     4.80
  SINCE JAN 1     52.14                     46.33   5.81    35.99

SNOWFALL (IN)
  YESTERDAY        0.0
  MONTH TO DATE    0.0
  SINCE JUL 1      0.0

DEGREE DAYS
 HEATING
  YESTERDAY        0                         0      0        0
  MONTH TO DATE    0                         0      0        0
  SINCE SEP 1      0                         0      0        0
  SINCE JUL 1      0                         0      0        0

 COOLING
  YESTERDAY        9                         8      1       10
  MONTH TO DATE  340                       328     12      354
  SINCE SEP 1    819                       794     25      851
  SINCE JAN 1   3306                      3020    286     3300
..................................................................


WIND (MPH)
  HIGHEST WIND SPEED    13   HIGHEST WIND DIRECTION     E (90)
  HIGHEST GUST SPEED    14   HIGHEST GUST DIRECTION     E (100)
  AVERAGE WIND SPEED     3.5


SKY COVER
  AVERAGE SKY COVER 0.0


WEATHER CONDITIONS
 THE FOLLOWING WEATHER WAS RECORDED YESTERDAY.
  FOG


RELATIVE HUMIDITY (PERCENT)
 HIGHEST    93           300 AM
 LOWEST     78          1000 PM
 AVERAGE    86

..........................................................


THE MELBOURNE CLIMATE NORMALS FOR TODAY
                         NORMAL    RECORD    YEAR
 MAXIMUM TEMPERATURE (F)   81        93      1980
 MINIMUM TEMPERATURE (F)   64        42      1937


SUNRISE AND SUNSET
OCTOBER 30 2014.......SUNRISE   733 AM EDT   SUNSET   640 PM EDT
OCTOBER 31 2014.......SUNRISE   733 AM EDT   SUNSET   639 PM EDT


-  INDICATES NEGATIVE NUMBERS.
R  INDICATES RECORD WAS SET OR TIED.
MM INDICATES DATA IS MISSING.
T  INDICATES TRACE AMOUNT.




$$
