000
CDUS42 KMLB 250651
CLIMLB


CLIMATE REPORT
NATIONAL WEATHER SERVICE MELBOURNE FL
240 AM EDT SAT MAR 25 2017


...................................

...THE MELBOURNE CLIMATE SUMMARY FOR MARCH 24 2017...

CLIMATE NORMAL PERIOD 1981 TO 2010
CLIMATE RECORD PERIOD 1939 TO 2017


WEATHER ITEM   OBSERVED TIME   RECORD YEAR NORMAL DEPARTURE LAST
                VALUE   (LST)  VALUE       VALUE  FROM      YEAR
                                                  NORMAL
..................................................................
TEMPERATURE (F)
 YESTERDAY
  MAXIMUM         79    207 PM  91    2013  78      1       79
  MINIMUM         68    608 AM  34    1968  56     12       60
  AVERAGE         74                        67      7       70

PRECIPITATION (IN)
  YESTERDAY        0.00          1.28 1993   0.11  -0.11     0.90
  MONTH TO DATE    0.41                      2.57  -2.16     1.92
  SINCE MAR 1      0.41                      2.57  -2.16     1.92
  SINCE JAN 1      5.30                      7.37  -2.07    11.78

SNOWFALL (IN)
  YESTERDAY        0.0
  MONTH TO DATE    0.0
  SINCE JUL 1      0.0

DEGREE DAYS
 HEATING
  YESTERDAY        0                         2     -2        0
  MONTH TO DATE   39                        62    -23       17
  SINCE MAR 1     39                        62    -23       17
  SINCE JUL 1    217                       551   -334      338

 COOLING
  YESTERDAY        9                         3      6        5
  MONTH TO DATE  123                        71     52      158
  SINCE MAR 1    123                        71     52      158
  SINCE JAN 1    301                       169    132      248
..................................................................


WIND (MPH)
  HIGHEST WIND SPEED    22   HIGHEST WIND DIRECTION     E (90)
  HIGHEST GUST SPEED    29   HIGHEST GUST DIRECTION     E (90)
  AVERAGE WIND SPEED    15.9


SKY COVER
  AVERAGE SKY COVER 0.7


WEATHER CONDITIONS
 THE FOLLOWING WEATHER WAS RECORDED YESTERDAY.
  NO SIGNIFICANT WEATHER WAS OBSERVED.


RELATIVE HUMIDITY (PERCENT)
 HIGHEST    66           100 AM
 LOWEST     42          1100 AM
 AVERAGE    54

..........................................................


THE MELBOURNE CLIMATE NORMALS FOR TODAY
                         NORMAL    RECORD    YEAR
 MAXIMUM TEMPERATURE (F)   78        92      1975
                                             1974
 MINIMUM TEMPERATURE (F)   56        35      1968


SUNRISE AND SUNSET
MARCH 25 2017.........SUNRISE   720 AM EDT   SUNSET   737 PM EDT
MARCH 26 2017.........SUNRISE   719 AM EDT   SUNSET   737 PM EDT


-  INDICATES NEGATIVE NUMBERS.
R  INDICATES RECORD WAS SET OR TIED.
MM INDICATES DATA IS MISSING.
T  INDICATES TRACE AMOUNT.




$$
