000
CDUS42 KMLB 230647
CLIMLB


CLIMATE REPORT
NATIONAL WEATHER SERVICE MELBOURNE FL
137 AM EST THU NOV 23 2017


...................................

...THE MELBOURNE CLIMATE SUMMARY FOR NOVEMBER 22 2017...

CLIMATE NORMAL PERIOD 1981 TO 2010
CLIMATE RECORD PERIOD 1939 TO 2017


WEATHER ITEM   OBSERVED TIME   RECORD YEAR NORMAL DEPARTURE LAST
                VALUE   (LST)  VALUE       VALUE  FROM      YEAR
                                                  NORMAL
..................................................................
TEMPERATURE (F)
 YESTERDAY
  MAXIMUM         80    239 PM  88    1948  77      3       75
  MINIMUM         63    238 AM  36    1937  58      5       45
  AVERAGE         72                        68      4       60

PRECIPITATION (IN)
  YESTERDAY        T             3.49 1984   0.07  -0.07     0.00
  MONTH TO DATE    1.29                      2.21  -0.92     0.12
  SINCE SEP 1     35.67                     14.91  20.76    20.61
  SINCE JAN 1     63.36                     48.76  14.60    59.17

SNOWFALL (IN)
  YESTERDAY        0.0
  MONTH TO DATE    0.0
  SINCE JUL 1      0.0

DEGREE DAYS
 HEATING
  YESTERDAY        0                         2     -2        5
  MONTH TO DATE    0                        22    -22       19
  SINCE SEP 1     13                        26    -13       19
  SINCE JUL 1     13                        26    -13       19

 COOLING
  YESTERDAY        7                         4      3        0
  MONTH TO DATE  202                       126     76      122
  SINCE SEP 1   1150                       937    213     1031
  SINCE JAN 1   4038                      3163    875     3679
..................................................................


WIND (MPH)
  HIGHEST WIND SPEED    14   HIGHEST WIND DIRECTION     N (20)
  HIGHEST GUST SPEED    18   HIGHEST GUST DIRECTION     N (10)
  AVERAGE WIND SPEED     6.9


SKY COVER
  AVERAGE SKY COVER 0.2


WEATHER CONDITIONS
 THE FOLLOWING WEATHER WAS RECORDED YESTERDAY.
  LIGHT RAIN
  FOG


RELATIVE HUMIDITY (PERCENT)
 HIGHEST   100           300 AM
 LOWEST     67          1200 PM
 AVERAGE    84

..........................................................


THE MELBOURNE CLIMATE NORMALS FOR TODAY
                         NORMAL    RECORD    YEAR
 MAXIMUM TEMPERATURE (F)   77        86      2014
                                             1992
                                             1948
 MINIMUM TEMPERATURE (F)   58        39      1981
                                             1976


SUNRISE AND SUNSET
NOVEMBER 23 2017......SUNRISE   651 AM EST   SUNSET   527 PM EST
NOVEMBER 24 2017......SUNRISE   652 AM EST   SUNSET   527 PM EST


-  INDICATES NEGATIVE NUMBERS.
R  INDICATES RECORD WAS SET OR TIED.
MM INDICATES DATA IS MISSING.
T  INDICATES TRACE AMOUNT.




$$
