000
CDUS42 KMLB 260642
CLIMLB


CLIMATE REPORT
NATIONAL WEATHER SERVICE MELBOURNE FL
241 AM EDT SAT JUL 26 2014


...................................

...THE MELBOURNE CLIMATE SUMMARY FOR JULY 25 2014...

CLIMATE NORMAL PERIOD 1981 TO 2010
CLIMATE RECORD PERIOD 1939 TO 2014


WEATHER ITEM   OBSERVED TIME   RECORD YEAR NORMAL DEPARTURE LAST
                VALUE   (LST)  VALUE       VALUE  FROM      YEAR
                                                  NORMAL
..................................................................
TEMPERATURE (F)
 YESTERDAY
  MAXIMUM         92   1220 PM  97    1999  91      1       84
                                      1983
  MINIMUM         76    528 AM  68    2000  73      3       73
                                      1963
                                      1938
  AVERAGE         84                        82      2       79

PRECIPITATION (IN)
  YESTERDAY        0.11          1.41 2000   0.20  -0.09     0.32
  MONTH TO DATE    9.11                      4.71   4.40     6.21
  SINCE JUN 1     15.17                     11.42   3.75    12.95
  SINCE JAN 1     31.39                     24.92   6.47    28.28

SNOWFALL (IN)
  YESTERDAY        0.0
  MONTH TO DATE    0.0
  SINCE JUL 1      0.0

DEGREE DAYS
 HEATING
  YESTERDAY        0                         0      0        0
  MONTH TO DATE    0                         0      0        0
  SINCE JUN 1      0                         0      0        0
  SINCE JUL 1      0                         0      0        0

 COOLING
  YESTERDAY       19                        17      2       14
  MONTH TO DATE  432                       414     18      429
  SINCE JUN 1    893                       876     17      927
  SINCE JAN 1   1786                      1602    184     1788
..................................................................


WIND (MPH)
  HIGHEST WIND SPEED    16   HIGHEST WIND DIRECTION     E (110)
  HIGHEST GUST SPEED    20   HIGHEST GUST DIRECTION    SE (120)
  AVERAGE WIND SPEED     6.2


SKY COVER
  AVERAGE SKY COVER 0.2


WEATHER CONDITIONS
 THE FOLLOWING WEATHER WAS RECORDED YESTERDAY.
  THUNDERSTORM
  LIGHT RAIN
  FOG


RELATIVE HUMIDITY (PERCENT)
 HIGHEST   100           500 AM
 LOWEST     56          1200 PM
 AVERAGE    78

..........................................................


THE MELBOURNE CLIMATE NORMALS FOR TODAY
                         NORMAL    RECORD    YEAR
 MAXIMUM TEMPERATURE (F)   91        98      1983
 MINIMUM TEMPERATURE (F)   73        69      2000
                                             1974


SUNRISE AND SUNSET
JULY 26 2014..........SUNRISE   642 AM EDT   SUNSET   816 PM EDT
JULY 27 2014..........SUNRISE   642 AM EDT   SUNSET   816 PM EDT


-  INDICATES NEGATIVE NUMBERS.
R  INDICATES RECORD WAS SET OR TIED.
MM INDICATES DATA IS MISSING.
T  INDICATES TRACE AMOUNT.




$$
