000
CDUS42 KMLB 280626
CLIMLB


CLIMATE REPORT
NATIONAL WEATHER SERVICE MELBOURNE FL
126 AM EST WED JAN 28 2015


...................................

...THE MELBOURNE CLIMATE SUMMARY FOR JANUARY 27 2015...

CLIMATE NORMAL PERIOD 1981 TO 2010
CLIMATE RECORD PERIOD 1939 TO 2015


WEATHER ITEM   OBSERVED TIME   RECORD YEAR NORMAL DEPARTURE LAST
                VALUE   (LST)  VALUE       VALUE  FROM      YEAR
                                                  NORMAL
..................................................................
TEMPERATURE (F)
 YESTERDAY
  MAXIMUM         68    435 PM  83    1976  72     -4       80
                                      1974
                                      1962
  MINIMUM         41    649 AM  32    2000  50     -9       59
                                      1938
  AVERAGE         55                        61     -6       70

PRECIPITATION (IN)
  YESTERDAY        0.00          0.59 1993   0.08  -0.08     0.00
  MONTH TO DATE    2.48                      1.95   0.53     1.17
  SINCE DEC 1      4.10                      4.52  -0.42     3.32
  SINCE JAN 1      2.48                      1.95   0.53     1.17

SNOWFALL (IN)
  YESTERDAY        0.0
  MONTH TO DATE    0.0
  SINCE JUL 1      0.0

DEGREE DAYS
 HEATING
  YESTERDAY       10                         6      4        0
  MONTH TO DATE   86                       162    -76      188
  SINCE DEC 1    168                       299   -131      213
  SINCE JUL 1    233                       341   -108      227

 COOLING
  YESTERDAY        0                         1     -1        5
  MONTH TO DATE   67                        30     37       53
  SINCE DEC 1    198                       106     92      204
  SINCE JAN 1     67                        30     37       53
..................................................................


WIND (MPH)
  HIGHEST WIND SPEED    25   HIGHEST WIND DIRECTION     W (270)
  HIGHEST GUST SPEED    32   HIGHEST GUST DIRECTION     W (270)
  AVERAGE WIND SPEED    11.9


SKY COVER
  AVERAGE SKY COVER 0.0


WEATHER CONDITIONS
 THE FOLLOWING WEATHER WAS RECORDED YESTERDAY.
  NO SIGNIFICANT WEATHER WAS OBSERVED.


RELATIVE HUMIDITY (PERCENT)
 HIGHEST    86          1200 AM
 LOWEST     34           100 PM
 AVERAGE    60

..........................................................


THE MELBOURNE CLIMATE NORMALS FOR TODAY
                         NORMAL    RECORD    YEAR
 MAXIMUM TEMPERATURE (F)   72        85      1974
 MINIMUM TEMPERATURE (F)   50        26      1986


SUNRISE AND SUNSET
JANUARY 28 2015.......SUNRISE   712 AM EST   SUNSET   559 PM EST
JANUARY 29 2015.......SUNRISE   711 AM EST   SUNSET   600 PM EST


-  INDICATES NEGATIVE NUMBERS.
R  INDICATES RECORD WAS SET OR TIED.
MM INDICATES DATA IS MISSING.
T  INDICATES TRACE AMOUNT.




$$
