000
CDUS42 KMLB 270644
CLIMLB


CLIMATE REPORT
NATIONAL WEATHER SERVICE MELBOURNE FL
233 AM EDT WED JUL 27 2016


...................................

...THE MELBOURNE CLIMATE SUMMARY FOR JULY 26 2016...

CLIMATE NORMAL PERIOD 1981 TO 2010
CLIMATE RECORD PERIOD 1939 TO 2016


WEATHER ITEM   OBSERVED TIME   RECORD YEAR NORMAL DEPARTURE LAST
                VALUE   (LST)  VALUE       VALUE  FROM      YEAR
                                                  NORMAL
..................................................................
TEMPERATURE (F)
 YESTERDAY
  MAXIMUM         92    247 PM  98    1983  91      1       87
  MINIMUM         74    451 AM  69    1974  73      1       73
  AVERAGE         83                        82      1       80

PRECIPITATION (IN)
  YESTERDAY        0.00          3.08 1960   0.21  -0.21     0.34
  MONTH TO DATE    1.09                      4.92  -3.83     9.87
  SINCE JUN 1     10.00                     11.63  -1.63    16.12
  SINCE JAN 1     31.97                     25.13   6.84    28.97

SNOWFALL (IN)
  YESTERDAY        0.0
  MONTH TO DATE    0.0
  SINCE JUL 1      0.0

DEGREE DAYS
 HEATING
  YESTERDAY        0                         0      0        0
  MONTH TO DATE    0                         0      0        0
  SINCE JUN 1      0                         0      0        0
  SINCE JUL 1      0                         0      0        0

 COOLING
  YESTERDAY       18                        17      1       15
  MONTH TO DATE  512                       431     81      429
  SINCE JUN 1   1022                       893    129      919
  SINCE JAN 1   1955                      1619    336     2031
..................................................................


WIND (MPH)
  HIGHEST WIND SPEED    17   HIGHEST WIND DIRECTION     E (110)
  HIGHEST GUST SPEED    23   HIGHEST GUST DIRECTION    SE (130)
  AVERAGE WIND SPEED     7.2


SKY COVER
  AVERAGE SKY COVER 0.1


WEATHER CONDITIONS
 THE FOLLOWING WEATHER WAS RECORDED YESTERDAY.
  NO SIGNIFICANT WEATHER WAS OBSERVED.


RELATIVE HUMIDITY (PERCENT)
 HIGHEST    87           100 AM
 LOWEST     52          1100 AM
 AVERAGE    70

..........................................................


THE MELBOURNE CLIMATE NORMALS FOR TODAY
                         NORMAL    RECORD    YEAR
 MAXIMUM TEMPERATURE (F)   91        99      1982
 MINIMUM TEMPERATURE (F)   73        67      1983


SUNRISE AND SUNSET
JULY 27 2016..........SUNRISE   643 AM EDT   SUNSET   815 PM EDT
JULY 28 2016..........SUNRISE   643 AM EDT   SUNSET   815 PM EDT


-  INDICATES NEGATIVE NUMBERS.
R  INDICATES RECORD WAS SET OR TIED.
MM INDICATES DATA IS MISSING.
T  INDICATES TRACE AMOUNT.




$$
