000
CDUS42 KMLB 300746
CLIMLB


CLIMATE REPORT
NATIONAL WEATHER SERVICE MELBOURNE FL
345 AM EDT TUE MAY 30 2017


...................................

...THE MELBOURNE CLIMATE SUMMARY FOR MAY 29 2017...

CLIMATE NORMAL PERIOD 1981 TO 2010
CLIMATE RECORD PERIOD 1939 TO 2017


WEATHER ITEM   OBSERVED TIME   RECORD YEAR NORMAL DEPARTURE LAST
                VALUE   (LST)  VALUE       VALUE  FROM      YEAR
                                                  NORMAL
..................................................................
TEMPERATURE (F)
 YESTERDAY
  MAXIMUM         91    152 PM  96    2000  88      3       87
  MINIMUM         72    256 AM  58    1976  70      2       71
  AVERAGE         82                        79      3       79

PRECIPITATION (IN)
  YESTERDAY        0.00          2.00 1961   0.16  -0.16     0.45
                                      1960
  MONTH TO DATE    2.29                      2.97  -0.68     7.69
  SINCE MAR 1      2.93                      8.38  -5.45    12.11
  SINCE JAN 1      7.82                     13.18  -5.36    21.97

SNOWFALL (IN)
  YESTERDAY        0.0
  MONTH TO DATE    0.0
  SINCE JUL 1      0.0

DEGREE DAYS
 HEATING
  YESTERDAY        0                         0      0        0
  MONTH TO DATE    0                         0      0        0
  SINCE MAR 1     42                        87    -45       20
  SINCE JUL 1    220                       576   -356      341

 COOLING
  YESTERDAY       17                        14      3       14
  MONTH TO DATE  405                       324     81      344
  SINCE MAR 1    929                       601    328      814
  SINCE JAN 1   1107                       699    408      904
..................................................................


WIND (MPH)
  HIGHEST WIND SPEED    15   HIGHEST WIND DIRECTION    SE (120)
  HIGHEST GUST SPEED    19   HIGHEST GUST DIRECTION     E (110)
  AVERAGE WIND SPEED     9.4


SKY COVER
  AVERAGE SKY COVER 0.1


WEATHER CONDITIONS
 THE FOLLOWING WEATHER WAS RECORDED YESTERDAY.
  FOG


RELATIVE HUMIDITY (PERCENT)
 HIGHEST    94           600 AM
 LOWEST     52          1100 AM
 AVERAGE    73

..........................................................


THE MELBOURNE CLIMATE NORMALS FOR TODAY
                         NORMAL    RECORD    YEAR
 MAXIMUM TEMPERATURE (F)   88        95      1969
 MINIMUM TEMPERATURE (F)   70        58      1941


SUNRISE AND SUNSET
MAY 30 2017...........SUNRISE   627 AM EDT   SUNSET   814 PM EDT
MAY 31 2017...........SUNRISE   626 AM EDT   SUNSET   814 PM EDT


-  INDICATES NEGATIVE NUMBERS.
R  INDICATES RECORD WAS SET OR TIED.
MM INDICATES DATA IS MISSING.
T  INDICATES TRACE AMOUNT.




$$
