000
CDUS42 KMLB 280631
CLIMLB


CLIMATE REPORT
NATIONAL WEATHER SERVICE MELBOURNE FL
130 AM EST SAT FEB 28 2015


...................................

...THE MELBOURNE CLIMATE SUMMARY FOR FEBRUARY 27 2015...

CLIMATE NORMAL PERIOD 1981 TO 2010
CLIMATE RECORD PERIOD 1939 TO 2015


WEATHER ITEM   OBSERVED TIME   RECORD YEAR NORMAL DEPARTURE LAST
                VALUE   (LST)  VALUE       VALUE  FROM      YEAR
                                                  NORMAL
..................................................................
TEMPERATURE (F)
 YESTERDAY
  MAXIMUM         64   1159 PM  87    1977  75    -11       65
  MINIMUM         55    404 PM  30    1967  53      2       55
  AVERAGE         60                        64     -4       60

PRECIPITATION (IN)
  YESTERDAY        0.29          3.40 2005   0.10   0.19     0.03
  MONTH TO DATE    3.43                      2.43   1.00     1.28
  SINCE DEC 1      7.53                      7.27   0.26     9.21
  SINCE JAN 1      5.91                      4.70   1.21     7.06

SNOWFALL (IN)
  YESTERDAY        0.0
  MONTH TO DATE    0.0
  SINCE JUL 1      0.0

DEGREE DAYS
 HEATING
  YESTERDAY        5                         3      2        5
  MONTH TO DATE  142                       117     25       56
  SINCE DEC 1    345                       444    -99      288
  SINCE JUL 1    410                       486    -76      302

 COOLING
  YESTERDAY        0                         2     -2        0
  MONTH TO DATE   29                        54    -25      111
  SINCE DEC 1    227                       174     53      319
  SINCE JAN 1     96                        98     -2      168
..................................................................


WIND (MPH)
  HIGHEST WIND SPEED    22   HIGHEST WIND DIRECTION     N (350)
  HIGHEST GUST SPEED    26   HIGHEST GUST DIRECTION     N (350)
  AVERAGE WIND SPEED    13.8


SKY COVER
  AVERAGE SKY COVER 1.0


WEATHER CONDITIONS
 THE FOLLOWING WEATHER WAS RECORDED YESTERDAY.
  THUNDERSTORM
  LIGHT RAIN
  FOG
  HAZE


RELATIVE HUMIDITY (PERCENT)
 HIGHEST    93           300 PM
 LOWEST     80           100 AM
 AVERAGE    87

..........................................................


THE MELBOURNE CLIMATE NORMALS FOR TODAY
                         NORMAL    RECORD    YEAR
 MAXIMUM TEMPERATURE (F)   75        88      1961
 MINIMUM TEMPERATURE (F)   53        32      1965


SUNRISE AND SUNSET
FEBRUARY 28 2015......SUNRISE   648 AM EST   SUNSET   622 PM EST
MARCH  1 2015.........SUNRISE   647 AM EST   SUNSET   623 PM EST


-  INDICATES NEGATIVE NUMBERS.
R  INDICATES RECORD WAS SET OR TIED.
MM INDICATES DATA IS MISSING.
T  INDICATES TRACE AMOUNT.




$$
