000
CDUS42 KMLB 210633
CLIMLB


CLIMATE REPORT
NATIONAL WEATHER SERVICE MELBOURNE FL
232 AM EDT FRI JUL 21 2017


...................................

...THE MELBOURNE CLIMATE SUMMARY FOR JULY 20 2017...

CLIMATE NORMAL PERIOD 1981 TO 2010
CLIMATE RECORD PERIOD 1939 TO 2017


WEATHER ITEM   OBSERVED TIME   RECORD YEAR NORMAL DEPARTURE LAST
                VALUE   (LST)  VALUE       VALUE  FROM      YEAR
                                                  NORMAL
..................................................................
TEMPERATURE (F)
 YESTERDAY
  MAXIMUM         89   1044 AM  99    1942  91     -2       91
  MINIMUM         74    121 PM  68    1968  73      1       82
  AVERAGE         82                        82      0       87

PRECIPITATION (IN)
  YESTERDAY        0.46          2.10 1995   0.19   0.27     0.00
  MONTH TO DATE    4.53                      3.73   0.80     1.09
  SINCE JUN 1     10.98                     10.44   0.54    10.00
  SINCE JAN 1     19.32                     23.94  -4.62    31.97

SNOWFALL (IN)
  YESTERDAY        0.0
  MONTH TO DATE    0.0
  SINCE JUL 1      0.0

DEGREE DAYS
 HEATING
  YESTERDAY        0                         0      0        0
  MONTH TO DATE    0                         0      0        0
  SINCE JUN 1      0                         0      0        0
  SINCE JUL 1      0                         0      0        0

 COOLING
  YESTERDAY       17                        17      0       22
  MONTH TO DATE  388                       329     59      402
  SINCE JUN 1    907                       791    116      912
  SINCE JAN 1   2054                      1517    537     1845
..................................................................


WIND (MPH)
  HIGHEST WIND SPEED    20   HIGHEST WIND DIRECTION     S (190)
  HIGHEST GUST SPEED    24   HIGHEST GUST DIRECTION     S (190)
  AVERAGE WIND SPEED     4.5


SKY COVER
  AVERAGE SKY COVER 0.4


WEATHER CONDITIONS
 THE FOLLOWING WEATHER WAS RECORDED YESTERDAY.
  THUNDERSTORM
  HEAVY RAIN
  LIGHT RAIN
  FOG
  HAZE


RELATIVE HUMIDITY (PERCENT)
 HIGHEST   100           100 AM
 LOWEST     68          1100 AM
 AVERAGE    84

..........................................................


THE MELBOURNE CLIMATE NORMALS FOR TODAY
                         NORMAL    RECORD    YEAR
 MAXIMUM TEMPERATURE (F)   91        99      1942
 MINIMUM TEMPERATURE (F)   73        69      1994
                                             1982
                                             1966


SUNRISE AND SUNSET
JULY 21 2017..........SUNRISE   639 AM EDT   SUNSET   819 PM EDT
JULY 22 2017..........SUNRISE   640 AM EDT   SUNSET   818 PM EDT


-  INDICATES NEGATIVE NUMBERS.
R  INDICATES RECORD WAS SET OR TIED.
MM INDICATES DATA IS MISSING.
T  INDICATES TRACE AMOUNT.




$$
