000
CDUS42 KMLB 022026
CLIMLB


CLIMATE REPORT
NATIONAL WEATHER SERVICE MELBOURNE FL
425 PM EDT TUE JUN 2 2015


...................................

...THE MELBOURNE CLIMATE SUMMARY FOR JUNE 2 2015...
VALID TODAY AS OF 0400 PM LOCAL TIME.

CLIMATE NORMAL PERIOD 1981 TO 2010
CLIMATE RECORD PERIOD 1939 TO 2015


WEATHER ITEM   OBSERVED TIME   RECORD YEAR NORMAL DEPARTURE LAST
                VALUE   (LST)  VALUE       VALUE  FROM      YEAR
                                                  NORMAL
..................................................................
TEMPERATURE (F)
 TODAY
  MAXIMUM         82    931 AM  99    1998  88     -6       84
  MINIMUM         69   1212 PM  55    1984  71     -2       77
  AVERAGE         76                        79     -3       81

PRECIPITATION (IN)
  TODAY            0.49          5.28 2007   0.20   0.29      T
  MONTH TO DATE    0.49                      0.39   0.10     0.43
  SINCE JUN 1      0.49                      0.39   0.10     0.43
  SINCE JAN 1     13.34                     13.89  -0.55    16.65

SNOWFALL (IN)
  TODAY            0.0
  MONTH TO DATE    0.0
  SINCE JUL 1      0.0

DEGREE DAYS
 HEATING
  TODAY            0                         0      0        0
  MONTH TO DATE    0                         0      0        0
  SINCE JUN 1      0                         0      0        0
  SINCE JUL 1    424                       577   -153      358

 COOLING
  TODAY           11                        14     -3       16
  MONTH TO DATE   24                        28     -4       29
  SINCE JUN 1     24                        28     -4       29
  SINCE JAN 1   1136                       754    382      922
..................................................................


WIND (MPH)
  HIGHEST WIND SPEED    17   HIGHEST WIND DIRECTION    NW (310)
  HIGHEST GUST SPEED    20   HIGHEST GUST DIRECTION    NW (310)
  AVERAGE WIND SPEED     2.8


SKY COVER
  AVERAGE SKY COVER 0.3


WEATHER CONDITIONS
 THE FOLLOWING WEATHER WAS RECORDED TODAY.
  THUNDERSTORM
  HEAVY RAIN
  RAIN
  LIGHT RAIN
  FOG


RELATIVE HUMIDITY (PERCENT)
 HIGHEST   100           100 AM
 LOWEST     74           900 AM
 AVERAGE    87

..........................................................


THE MELBOURNE CLIMATE NORMALS FOR TOMORROW
                         NORMAL    RECORD    YEAR
 MAXIMUM TEMPERATURE (F)   88        98      1998
 MINIMUM TEMPERATURE (F)   71        60      1965


SUNRISE AND SUNSET
JUNE  2 2015..........SUNRISE   626 AM EDT   SUNSET   815 PM EDT
JUNE  3 2015..........SUNRISE   626 AM EDT   SUNSET   816 PM EDT


-  INDICATES NEGATIVE NUMBERS.
R  INDICATES RECORD WAS SET OR TIED.
MM INDICATES DATA IS MISSING.
T  INDICATES TRACE AMOUNT.




$$
