000
CDUS43 KDVN 220946
CLIMLI


CLIMATE REPORT
NATIONAL WEATHER SERVICE QUAD CITIES IA IL
443 AM CDT SAT JUL 22 2017


...................................

...THE MOLINE IL CLIMATE SUMMARY FOR JULY 21 2017...

CLIMATE NORMAL PERIOD 1981 TO 2010
CLIMATE RECORD PERIOD 1872 TO 2017


WEATHER ITEM   OBSERVED TIME   RECORD YEAR NORMAL DEPARTURE LAST
                VALUE   (LST)  VALUE       VALUE  FROM      YEAR
                                                  NORMAL
..................................................................
TEMPERATURE (F)
 YESTERDAY
  MAXIMUM         93    404 PM 105    1901  86      7       94
  MINIMUM         72    630 PM  50    1944  65      7       71
  AVERAGE         83                        75      8       83

PRECIPITATION (IN)
  YESTERDAY        0.90          3.45 1948   0.13   0.77     0.94
  MONTH TO DATE    3.58                      3.06   0.52     7.28
  SINCE JUN 1      7.73                      7.55   0.18    11.08
  SINCE JAN 1     22.08                     21.41   0.67    21.08

SNOWFALL (IN)
  YESTERDAY        0.0          MM      MM   0.0    0.0      0.0
  MONTH TO DATE    0.0                       0.0    0.0      0.0
  SINCE JUN 1      0.0                       0.0    0.0      0.0
  SINCE JUL 1      0.0                       0.0    0.0      0.0
  SNOW DEPTH       0

DEGREE DAYS
 HEATING
  YESTERDAY        0                         0      0        0
  MONTH TO DATE    0                         0      0        1
  SINCE JUN 1      9                        19    -10        2
  SINCE JUL 1      0                         0      0        1

 COOLING
  YESTERDAY       18                        10      8       18
  MONTH TO DATE  244                       226     18      209
  SINCE JUN 1    510                       440     70      511
  SINCE JAN 1    571                       516     55      613
..................................................................


WIND (MPH)
  HIGHEST WIND SPEED    59   HIGHEST WIND DIRECTION     W (270)
  HIGHEST GUST SPEED    71   HIGHEST GUST DIRECTION     W (270)
  AVERAGE WIND SPEED     7.4


SKY COVER
  POSSIBLE SUNSHINE  MM
  AVERAGE SKY COVER 0.0


WEATHER CONDITIONS
 THE FOLLOWING WEATHER WAS RECORDED YESTERDAY.
  THUNDERSTORM
  HEAVY RAIN
  RAIN
  LIGHT RAIN
  FOG


RELATIVE HUMIDITY (PERCENT)
 HIGHEST    88           900 PM
 LOWEST     60           400 PM
 AVERAGE    74

..........................................................


THE MOLINE IL CLIMATE NORMALS FOR TODAY
                         NORMAL    RECORD    YEAR
 MAXIMUM TEMPERATURE (F)   86       104      1934
 MINIMUM TEMPERATURE (F)   65        46      1947


SUNRISE AND SUNSET
JULY 22 2017..........SUNRISE   548 AM CDT   SUNSET   829 PM CDT
JULY 23 2017..........SUNRISE   549 AM CDT   SUNSET   828 PM CDT


-  INDICATES NEGATIVE NUMBERS.
R  INDICATES RECORD WAS SET OR TIED.
MM INDICATES DATA IS MISSING.
T  INDICATES TRACE AMOUNT.




$$
