000
CDUS43 KDVN 281009
CLIMLI


CLIMATE REPORT
NATIONAL WEATHER SERVICE QUAD CITIES IA IL
408 AM CST SAT FEB 28 2015


...................................

...THE MOLINE IL CLIMATE SUMMARY FOR FEBRUARY 27 2015...

CLIMATE NORMAL PERIOD 1981 TO 2010
CLIMATE RECORD PERIOD 1872 TO 2015


WEATHER ITEM   OBSERVED TIME   RECORD YEAR NORMAL DEPARTURE LAST
                VALUE   (LST)  VALUE       VALUE  FROM      YEAR
                                                  NORMAL
..................................................................
TEMPERATURE (F)
 YESTERDAY
  MAXIMUM         14    259 PM  71    1976  40    -26       18
  MINIMUM        -15R  1159 PM -12    1934  23    -38        0
  AVERAGE          0                        32    -32        9

PRECIPITATION (IN)
  YESTERDAY        0.00          1.78 1948   0.07  -0.07     0.00
  MONTH TO DATE    1.38                      1.52  -0.14     2.85
  SINCE DEC 1      3.65                      5.19  -1.54     5.24
  SINCE JAN 1      2.93                      3.01  -0.08     4.02

SNOWFALL (IN)
  YESTERDAY        0.0          MM      MM   0.2   -0.2      0.0
  MONTH TO DATE   19.2                       6.6   12.6     22.3
  SINCE DEC 1     34.3                      25.3    9.0     53.8
  SINCE JUL 1     38.9                      26.5   12.4     54.8
  SNOW DEPTH       5

DEGREE DAYS
 HEATING
  YESTERDAY       65                        33     32       56
  MONTH TO DATE 1343                      1031    312     1356
  SINCE DEC 1   3689                      3534    155     4277
  SINCE JUL 1   5194                      4765    429     5623

 COOLING
  YESTERDAY        0                         0      0        0
  MONTH TO DATE    0                         0      0        0
  SINCE DEC 1      0                         0      0        0
  SINCE JAN 1      0                         0      0        0
..................................................................


WIND (MPH)
  HIGHEST WIND SPEED    10   HIGHEST WIND DIRECTION    NW (300)
  HIGHEST GUST SPEED    13   HIGHEST GUST DIRECTION    NW (300)
  AVERAGE WIND SPEED     4.0


SKY COVER
  POSSIBLE SUNSHINE  MM
  AVERAGE SKY COVER 0.0


WEATHER CONDITIONS
 THE FOLLOWING WEATHER WAS RECORDED YESTERDAY.
  NO SIGNIFICANT WEATHER WAS OBSERVED.


RELATIVE HUMIDITY (PERCENT)
 HIGHEST    83           800 AM
 LOWEST     46           200 PM
 AVERAGE    65

..........................................................


THE MOLINE IL CLIMATE NORMALS FOR TODAY
                         NORMAL    RECORD    YEAR
 MAXIMUM TEMPERATURE (F)   41        66      1932
 MINIMUM TEMPERATURE (F)   23        -9      1962


SUNRISE AND SUNSET
FEBRUARY 28 2015......SUNRISE   638 AM CST   SUNSET   551 PM CST
MARCH  1 2015.........SUNRISE   637 AM CST   SUNSET   552 PM CST


-  INDICATES NEGATIVE NUMBERS.
R  INDICATES RECORD WAS SET OR TIED.
MM INDICATES DATA IS MISSING.
T  INDICATES TRACE AMOUNT.




$$
