000
CDUS43 KDVN 010901
CLIMLI


CLIMATE REPORT
NATIONAL WEATHER SERVICE QUAD CITIES IA IL
400 AM CDT SAT OCT 1 2016


...................................

...THE MOLINE IL CLIMATE SUMMARY FOR SEPTEMBER 30 2016...

CLIMATE NORMAL PERIOD 1981 TO 2010
CLIMATE RECORD PERIOD 1872 TO 2016


WEATHER ITEM   OBSERVED TIME   RECORD YEAR NORMAL DEPARTURE LAST
                VALUE   (LST)  VALUE       VALUE  FROM      YEAR
                                                  NORMAL
..................................................................
TEMPERATURE (F)
 YESTERDAY
  MAXIMUM         67    212 PM  92    1952  71     -4       68
  MINIMUM         59    739 AM  28    1899  48     11       47
  AVERAGE         63                        59      4       58

PRECIPITATION (IN)
  YESTERDAY        0.01          3.44 1919   0.09  -0.08     0.00
  MONTH TO DATE    1.22                      3.09  -1.87     3.01
  SINCE SEP 1      1.22                      3.09  -1.87     3.01
  SINCE JAN 1     30.64                     30.25   0.39    31.48

SNOWFALL (IN)
  YESTERDAY        0.0          MM      MM   0.0    0.0      0.0
  MONTH TO DATE    0.0                       0.0    0.0      0.0
  SINCE SEP 1      0.0                       0.0    0.0      0.0
  SINCE JUL 1      0.0                       0.0    0.0       T
  SNOW DEPTH       0

DEGREE DAYS
 HEATING
  YESTERDAY        2                         7     -5        7
  MONTH TO DATE   17                        96    -79       38
  SINCE SEP 1     17                        96    -79       38
  SINCE JUL 1     18                       104    -86       45

 COOLING
  YESTERDAY        0                         1     -1        0
  MONTH TO DATE  189                       106     83      214
  SINCE SEP 1    189                       106     83      214
  SINCE JAN 1   1262                       989    273     1002
..................................................................


WIND (MPH)
  HIGHEST WIND SPEED    15   HIGHEST WIND DIRECTION    NE (30)
  HIGHEST GUST SPEED    19   HIGHEST GUST DIRECTION     N (20)
  AVERAGE WIND SPEED     8.1


SKY COVER
  POSSIBLE SUNSHINE  MM
  AVERAGE SKY COVER 1.0


WEATHER CONDITIONS
 THE FOLLOWING WEATHER WAS RECORDED YESTERDAY.
  LIGHT RAIN
  FOG
  HAZE


RELATIVE HUMIDITY (PERCENT)
 HIGHEST    90           700 PM
 LOWEST     67          1200 AM
 AVERAGE    79

..........................................................


THE MOLINE IL CLIMATE NORMALS FOR TODAY
                         NORMAL    RECORD    YEAR
 MAXIMUM TEMPERATURE (F)   70        89      2006
                                             1897
 MINIMUM TEMPERATURE (F)   47        30      2003
                                             1974
                                             1886


SUNRISE AND SUNSET
OCTOBER  1 2016.......SUNRISE   659 AM CDT   SUNSET   643 PM CDT
OCTOBER  2 2016.......SUNRISE   700 AM CDT   SUNSET   641 PM CDT


-  INDICATES NEGATIVE NUMBERS.
R  INDICATES RECORD WAS SET OR TIED.
MM INDICATES DATA IS MISSING.
T  INDICATES TRACE AMOUNT.




$$
