016
CDUS43 KDVN 231019
CLIMLI


CLIMATE REPORT
NATIONAL WEATHER SERVICE QUAD CITIES IA IL
418 AM CST MON JAN 23 2017


...................................

...THE MOLINE IL CLIMATE SUMMARY FOR JANUARY 22 2017...

CLIMATE NORMAL PERIOD 1981 TO 2010
CLIMATE RECORD PERIOD 1872 TO 2017


WEATHER ITEM   OBSERVED TIME   RECORD YEAR NORMAL DEPARTURE LAST
                VALUE   (LST)  VALUE       VALUE  FROM      YEAR
                                                  NORMAL
..................................................................
TEMPERATURE (F)
 YESTERDAY
  MAXIMUM         43    458 PM  58    2002  31     12       28
                                      1964
  MINIMUM         29    534 AM -23    1883  14     15       18
  AVERAGE         36                        22     14       23

PRECIPITATION (IN)
  YESTERDAY        0.00          1.39 1965   0.05  -0.05     0.00
  MONTH TO DATE    1.40                      1.08   0.32     0.29
  SINCE DEC 1      3.02                      3.26  -0.24     4.49
  SINCE JAN 1      1.40                      1.08   0.32     0.29

SNOWFALL (IN)
  YESTERDAY        0.0          MM      MM   0.3   -0.3      0.0
  MONTH TO DATE    T                         6.7   -6.7      1.5
  SINCE DEC 1     13.8                      16.0   -2.2      5.0
  SINCE JUL 1     13.8                      17.2   -3.4     14.9
  SNOW DEPTH       0

DEGREE DAYS
 HEATING
  YESTERDAY       29                        43    -14       42
  MONTH TO DATE  826                       935   -109      955
  SINCE DEC 1   2002                      2125   -123     1765
  SINCE JUL 1   2783                      3356   -573     2728

 COOLING
  YESTERDAY        0                         0      0        0
  MONTH TO DATE    0                         0      0        0
  SINCE DEC 1      0                         0      0        0
  SINCE JAN 1      0                         0      0        0
..................................................................


WIND (MPH)
  HIGHEST WIND SPEED    13   HIGHEST WIND DIRECTION    NW (330)
  HIGHEST GUST SPEED    16   HIGHEST GUST DIRECTION    NW (330)
  AVERAGE WIND SPEED     4.0


SKY COVER
  POSSIBLE SUNSHINE  MM
  AVERAGE SKY COVER 0.8


WEATHER CONDITIONS
 THE FOLLOWING WEATHER WAS RECORDED YESTERDAY.
  FOG
  FOG W/VISIBILITY <= 1/4 MILE
  HAZE


RELATIVE HUMIDITY (PERCENT)
 HIGHEST    96           900 AM
 LOWEST     70           200 PM
 AVERAGE    83

..........................................................


THE MOLINE IL CLIMATE NORMALS FOR TODAY
                         NORMAL    RECORD    YEAR
 MAXIMUM TEMPERATURE (F)   31        66      1909
 MINIMUM TEMPERATURE (F)   14       -21      1936


SUNRISE AND SUNSET
JANUARY 23 2017.......SUNRISE   721 AM CST   SUNSET   507 PM CST
JANUARY 24 2017.......SUNRISE   720 AM CST   SUNSET   509 PM CST


-  INDICATES NEGATIVE NUMBERS.
R  INDICATES RECORD WAS SET OR TIED.
MM INDICATES DATA IS MISSING.
T  INDICATES TRACE AMOUNT.




$$
