000
CDUS43 KDVN 091017
CLIMLI


CLIMATE REPORT
NATIONAL WEATHER SERVICE QUAD CITIES IA IL
416 AM CST FRI DEC 9 2016


...................................

...THE MOLINE IL CLIMATE SUMMARY FOR DECEMBER 8 2016...

CLIMATE NORMAL PERIOD 1981 TO 2010
CLIMATE RECORD PERIOD 1872 TO 2016


WEATHER ITEM   OBSERVED TIME   RECORD YEAR NORMAL DEPARTURE LAST
                VALUE   (LST)  VALUE       VALUE  FROM      YEAR
                                                  NORMAL
..................................................................
TEMPERATURE (F)
 YESTERDAY
  MAXIMUM         23   1159 PM  67    1991  37    -14       50
  MINIMUM         16    828 AM -11    1876  21     -5       33
  AVERAGE         20                        29     -9       42

PRECIPITATION (IN)
  YESTERDAY        T             0.80 2009   0.08  -0.08     0.00
  MONTH TO DATE    0.61                      0.66  -0.05      T
  SINCE DEC 1      0.61                      0.66  -0.05      T
  SINCE JAN 1     35.45                     36.44  -0.99    40.34

SNOWFALL (IN)
  YESTERDAY        T            MM      MM   0.3   -0.3      0.0
  MONTH TO DATE    7.8                       1.9    5.9      0.6
  SINCE DEC 1      7.8                       1.9    5.9      0.6
  SINCE JUL 1      7.8                       3.1    4.7     10.5
  SNOW DEPTH       0

DEGREE DAYS
 HEATING
  YESTERDAY       45                        36      9       23
  MONTH TO DATE  261                       278    -17      229
  SINCE DEC 1    261                       278    -17      229
  SINCE JUL 1   1042                      1509   -467     1192

 COOLING
  YESTERDAY        0                         0      0        0
  MONTH TO DATE    0                         0      0        0
  SINCE DEC 1      0                         0      0        0
  SINCE JAN 1   1314                      1004    310     1017
..................................................................


WIND (MPH)
  HIGHEST WIND SPEED    25   HIGHEST WIND DIRECTION     W (290)
  HIGHEST GUST SPEED    34   HIGHEST GUST DIRECTION     W (270)
  AVERAGE WIND SPEED    17.0


SKY COVER
  POSSIBLE SUNSHINE  MM
  AVERAGE SKY COVER 0.9


WEATHER CONDITIONS
 THE FOLLOWING WEATHER WAS RECORDED YESTERDAY.
  LIGHT SNOW


RELATIVE HUMIDITY (PERCENT)
 HIGHEST    68           300 PM
 LOWEST     59          1100 PM
 AVERAGE    64

..........................................................


THE MOLINE IL CLIMATE NORMALS FOR TODAY
                         NORMAL    RECORD    YEAR
 MAXIMUM TEMPERATURE (F)   36        64      1918
 MINIMUM TEMPERATURE (F)   20       -17      1876


SUNRISE AND SUNSET
DECEMBER  9 2016......SUNRISE   717 AM CST   SUNSET   432 PM CST
DECEMBER 10 2016......SUNRISE   718 AM CST   SUNSET   432 PM CST


-  INDICATES NEGATIVE NUMBERS.
R  INDICATES RECORD WAS SET OR TIED.
MM INDICATES DATA IS MISSING.
T  INDICATES TRACE AMOUNT.




$$
