000
CDUS43 KDVN 131309
CLIMLI


CLIMATE REPORT
NATIONAL WEATHER SERVICE QUAD CITIES IA IL
708 AM CST SAT FEB 13 2016


...................................

...THE MOLINE IL CLIMATE SUMMARY FOR FEBRUARY 12 2016...

CLIMATE NORMAL PERIOD 1981 TO 2010
CLIMATE RECORD PERIOD 1872 TO 2016


WEATHER ITEM   OBSERVED TIME   RECORD YEAR NORMAL DEPARTURE LAST
                VALUE   (LST)  VALUE       VALUE  FROM      YEAR
                                                  NORMAL
..................................................................
TEMPERATURE (F)
 YESTERDAY
  MAXIMUM         26    105 PM  67    1938  35     -9       15
                                      1882
  MINIMUM          8   1159 PM -19    1899  17     -9        7
  AVERAGE         17                        26     -9       11

PRECIPITATION (IN)
  YESTERDAY        T             1.12 1881   0.06  -0.06      T
  MONTH TO DATE    0.65                      0.57   0.08     1.09
  SINCE DEC 1      5.29                      4.24   1.05     3.36
  SINCE JAN 1      1.09                      2.06  -0.97     2.64

SNOWFALL (IN)
  YESTERDAY        T            MM      MM   0.2   -0.2      0.1
  MONTH TO DATE    1.7                       3.3   -1.6     14.6
  SINCE DEC 1      6.7                      22.0  -15.3     29.7
  SINCE JUL 1     16.6                      23.2   -6.6     34.3
  SNOW DEPTH       0

DEGREE DAYS
 HEATING
  YESTERDAY       48                        39      9       54
  MONTH TO DATE  465                       487    -22      556
  SINCE DEC 1   2533                      2990   -457     2902
  SINCE JUL 1   3496                      4221   -725     4407

 COOLING
  YESTERDAY        0                         0      0        0
  MONTH TO DATE    0                         0      0        0
  SINCE DEC 1      0                         0      0        0
  SINCE JAN 1      0                         0      0        0
..................................................................


WIND (MPH)
  HIGHEST WIND SPEED    31   HIGHEST WIND DIRECTION    NW (300)
  HIGHEST GUST SPEED    39   HIGHEST GUST DIRECTION    NW (300)
  AVERAGE WIND SPEED    15.6


SKY COVER
  POSSIBLE SUNSHINE  MM
  AVERAGE SKY COVER 0.5


WEATHER CONDITIONS
 THE FOLLOWING WEATHER WAS RECORDED YESTERDAY.
  LIGHT SNOW
  HAZE


RELATIVE HUMIDITY (PERCENT)
 HIGHEST    77           300 AM
 LOWEST     39           300 PM
 AVERAGE    58

..........................................................


THE MOLINE IL CLIMATE NORMALS FOR TODAY
                         NORMAL    RECORD    YEAR
 MAXIMUM TEMPERATURE (F)   35        64      1938
 MINIMUM TEMPERATURE (F)   18       -25      1905


SUNRISE AND SUNSET
FEBRUARY 13 2016......SUNRISE   700 AM CST   SUNSET   533 PM CST
FEBRUARY 14 2016......SUNRISE   659 AM CST   SUNSET   534 PM CST


-  INDICATES NEGATIVE NUMBERS.
R  INDICATES RECORD WAS SET OR TIED.
MM INDICATES DATA IS MISSING.
T  INDICATES TRACE AMOUNT.




$$
