000
CDUS43 KDVN 100909
CLIMLI


CLIMATE REPORT
NATIONAL WEATHER SERVICE QUAD CITIES IA IL
408 AM CDT THU JUL 10 2014


...................................

...THE MOLINE IL CLIMATE SUMMARY FOR JULY 9 2014...

CLIMATE NORMAL PERIOD 1981 TO 2010
CLIMATE RECORD PERIOD 1872 TO 2014


WEATHER ITEM   OBSERVED TIME   RECORD YEAR NORMAL DEPARTURE LAST
                VALUE   (LST)  VALUE       VALUE  FROM      YEAR
                                                  NORMAL
..................................................................
TEMPERATURE (F)
 YESTERDAY
  MAXIMUM         80    421 PM 102    1936  86     -6       87
  MINIMUM         59    425 AM  49    1891  65     -6       74
  AVERAGE         70                        76     -6       81

PRECIPITATION (IN)
  YESTERDAY        0.00          3.11 1879   0.14  -0.14     0.18
  MONTH TO DATE    0.26                      1.36  -1.10     0.73
  SINCE JUN 1     11.17                      5.85   5.32     6.87
  SINCE JAN 1     22.73                     19.71   3.02    30.02

SNOWFALL (IN)
  YESTERDAY        0.0          MM      MM   0.0    0.0      0.0
  MONTH TO DATE    0.0                       0.0    0.0      0.0
  SINCE JUN 1      0.0                       0.0    0.0      0.0
  SINCE JUL 1      0.0                       0.0    0.0      0.0
  SNOW DEPTH       0

DEGREE DAYS
 HEATING
  YESTERDAY        0                         0      0        0
  MONTH TO DATE    1                         0      1        0
  SINCE JUN 1      5                        19    -14       27
  SINCE JUL 1      1                         0      1        0

 COOLING
  YESTERDAY        5                        11     -6       16
  MONTH TO DATE   48                        95    -47       78
  SINCE JUN 1    277                       309    -32      281
  SINCE JAN 1    382                       385     -3      371
..................................................................


WIND (MPH)
  HIGHEST WIND SPEED    15   HIGHEST WIND DIRECTION    NW (320)
  HIGHEST GUST SPEED    22   HIGHEST GUST DIRECTION    NW (300)
  AVERAGE WIND SPEED     5.5


SKY COVER
  POSSIBLE SUNSHINE  MM
  AVERAGE SKY COVER 0.2


WEATHER CONDITIONS
 THE FOLLOWING WEATHER WAS RECORDED YESTERDAY.
  NO SIGNIFICANT WEATHER WAS OBSERVED.


RELATIVE HUMIDITY (PERCENT)
 HIGHEST    90           500 AM
 LOWEST     41          1100 AM
 AVERAGE    66

..........................................................


THE MOLINE IL CLIMATE NORMALS FOR TODAY
                         NORMAL    RECORD    YEAR
 MAXIMUM TEMPERATURE (F)   86       105      1936
 MINIMUM TEMPERATURE (F)   65        50      1996


SUNRISE AND SUNSET
JULY 10 2014..........SUNRISE   538 AM CDT   SUNSET   837 PM CDT
JULY 11 2014..........SUNRISE   538 AM CDT   SUNSET   836 PM CDT


-  INDICATES NEGATIVE NUMBERS.
R  INDICATES RECORD WAS SET OR TIED.
MM INDICATES DATA IS MISSING.
T  INDICATES TRACE AMOUNT.




$$
