000
CDUS43 KDVN 251010
CLIMLI


CLIMATE REPORT
NATIONAL WEATHER SERVICE QUAD CITIES IA IL
408 AM CST THU DEC 25 2014


...................................

...THE MOLINE IL CLIMATE SUMMARY FOR DECEMBER 24 2014...

CLIMATE NORMAL PERIOD 1981 TO 2010
CLIMATE RECORD PERIOD 1872 TO 2014


WEATHER ITEM   OBSERVED TIME   RECORD YEAR NORMAL DEPARTURE LAST
                VALUE   (LST)  VALUE       VALUE  FROM      YEAR
                                                  NORMAL
..................................................................
TEMPERATURE (F)
 YESTERDAY
  MAXIMUM         38    145 AM  65    1889  32      6       19
  MINIMUM         35   1159 PM -19    1983  17     18      -13
  AVERAGE         37                        24     13        3

PRECIPITATION (IN)
  YESTERDAY        0.00          1.90 1965   0.06  -0.06     0.00
  MONTH TO DATE    0.69                      1.78  -1.09     1.15
  SINCE DEC 1      0.69                      1.78  -1.09     1.15
  SINCE JAN 1     39.26                     37.56   1.70    39.17

SNOWFALL (IN)
  YESTERDAY        0.0          MM      MM   0.3   -0.3      0.0
  MONTH TO DATE    0.0                       6.9   -6.9     12.1
  SINCE DEC 1      0.0                       6.9   -6.9     12.1
  SINCE JUL 1      4.6                       8.1   -3.5     13.1
  SNOW DEPTH       0

DEGREE DAYS
 HEATING
  YESTERDAY       28                        41    -13       62
  MONTH TO DATE  780                       901   -121     1057
  SINCE DEC 1    780                       901   -121     1057
  SINCE JUL 1   2285                      2132    153     2403

 COOLING
  YESTERDAY        0                         0      0        0
  MONTH TO DATE    0                         0      0        0
  SINCE DEC 1      0                         0      0        0
  SINCE JAN 1    839                      1004   -165      998
..................................................................


WIND (MPH)
  HIGHEST WIND SPEED    18   HIGHEST WIND DIRECTION     W (280)
  HIGHEST GUST SPEED    24   HIGHEST GUST DIRECTION    NW (300)
  AVERAGE WIND SPEED    10.1


SKY COVER
  POSSIBLE SUNSHINE  MM
  AVERAGE SKY COVER 1.0


WEATHER CONDITIONS
 THE FOLLOWING WEATHER WAS RECORDED YESTERDAY.
  FOG


RELATIVE HUMIDITY (PERCENT)
 HIGHEST    92          1200 AM
 LOWEST     75          1000 PM
 AVERAGE    84

..........................................................


THE MOLINE IL CLIMATE NORMALS FOR TODAY
                         NORMAL    RECORD    YEAR
 MAXIMUM TEMPERATURE (F)   32        59      1936
 MINIMUM TEMPERATURE (F)   16       -18      2000


SUNRISE AND SUNSET
DECEMBER 25 2014......SUNRISE   727 AM CST   SUNSET   438 PM CST
DECEMBER 26 2014......SUNRISE   727 AM CST   SUNSET   438 PM CST


-  INDICATES NEGATIVE NUMBERS.
R  INDICATES RECORD WAS SET OR TIED.
MM INDICATES DATA IS MISSING.
T  INDICATES TRACE AMOUNT.




$$
