000
CDUS43 KDVN 220920
CLIMLI


CLIMATE REPORT
NATIONAL WEATHER SERVICE QUAD CITIES IA IL
419 AM CDT WED OCT 22 2014


...................................

...THE MOLINE IL CLIMATE SUMMARY FOR OCTOBER 21 2014...

CLIMATE NORMAL PERIOD 1981 TO 2010
CLIMATE RECORD PERIOD 1872 TO 2014


WEATHER ITEM   OBSERVED TIME   RECORD YEAR NORMAL DEPARTURE LAST
                VALUE   (LST)  VALUE       VALUE  FROM      YEAR
                                                  NORMAL
..................................................................
TEMPERATURE (F)
 YESTERDAY
  MAXIMUM         59    315 PM  86    1947  62     -3       50
  MINIMUM         36    624 AM  20    1952  41     -5       28
  AVERAGE         48                        52     -4       39

PRECIPITATION (IN)
  YESTERDAY        0.00          1.66 1943   0.10  -0.10     0.00
  MONTH TO DATE    2.80                      1.99   0.81     0.94
  SINCE SEP 1      8.43                      5.08   3.35     1.90
  SINCE JAN 1     37.00                     32.24   4.76    34.51

SNOWFALL (IN)
  YESTERDAY        0.0          MM      MM   0.0    0.0      0.0
  MONTH TO DATE    T                         0.0    0.0      0.0
  SINCE SEP 1      T                         0.0    0.0      0.0
  SINCE JUL 1      T                         0.0    0.0      0.0
  SNOW DEPTH       0

DEGREE DAYS
 HEATING
  YESTERDAY       17                        14      3       26
  MONTH TO DATE  258                       222     36      199
  SINCE SEP 1    377                       318     59      266
  SINCE JUL 1    382                       326     56      277

 COOLING
  YESTERDAY        0                         0      0        0
  MONTH TO DATE    0                        11    -11       27
  SINCE SEP 1     70                       117    -47      184
  SINCE JAN 1    836                      1000   -164      998
..................................................................


WIND (MPH)
  HIGHEST WIND SPEED    16   HIGHEST WIND DIRECTION     E (80)
  HIGHEST GUST SPEED    19   HIGHEST GUST DIRECTION     E (70)
  AVERAGE WIND SPEED     5.2


SKY COVER
  POSSIBLE SUNSHINE  MM
  AVERAGE SKY COVER 0.0


WEATHER CONDITIONS
 THE FOLLOWING WEATHER WAS RECORDED YESTERDAY.
  FOG


RELATIVE HUMIDITY (PERCENT)
 HIGHEST   100           700 AM
 LOWEST     44           200 PM
 AVERAGE    72

..........................................................


THE MOLINE IL CLIMATE NORMALS FOR TODAY
                         NORMAL    RECORD    YEAR
 MAXIMUM TEMPERATURE (F)   62        84      1963
                                             1947
                                             1927
 MINIMUM TEMPERATURE (F)   41        21      1976


SUNRISE AND SUNSET
OCTOBER 22 2014.......SUNRISE   722 AM CDT   SUNSET   610 PM CDT
OCTOBER 23 2014.......SUNRISE   723 AM CDT   SUNSET   609 PM CDT


-  INDICATES NEGATIVE NUMBERS.
R  INDICATES RECORD WAS SET OR TIED.
MM INDICATES DATA IS MISSING.
T  INDICATES TRACE AMOUNT.




$$
