000
CDUS43 KDVN 300923
CLIMLI


CLIMATE REPORT
NATIONAL WEATHER SERVICE QUAD CITIES IA IL
422 AM CDT SAT APR 30 2016


...................................

...THE MOLINE IL CLIMATE SUMMARY FOR APRIL 29 2016...

CLIMATE NORMAL PERIOD 1981 TO 2010
CLIMATE RECORD PERIOD 1872 TO 2016


WEATHER ITEM   OBSERVED TIME   RECORD YEAR NORMAL DEPARTURE LAST
                VALUE   (LST)  VALUE       VALUE  FROM      YEAR
                                                  NORMAL
..................................................................
TEMPERATURE (F)
 YESTERDAY
  MAXIMUM         53    229 PM  91    1970  67    -14       74
                                      1952
  MINIMUM         45    645 AM  27    1977  45      0       38
  AVERAGE         49                        56     -7       56

PRECIPITATION (IN)
  YESTERDAY        0.00          2.11 1872   0.13  -0.13     0.00
  MONTH TO DATE    1.78                      3.45  -1.67     1.48
  SINCE MAR 1      4.69                      6.31  -1.62     2.37
  SINCE JAN 1      6.02                      9.40  -3.38     5.30

SNOWFALL (IN)
  YESTERDAY        0.0          MM      MM   0.0    0.0      0.0
  MONTH TO DATE    T                         0.9   -0.9      0.0
  SINCE MAR 1      2.9                       4.9   -2.0      0.1
  SINCE JUL 1     24.1                      31.6   -7.5     39.1
  SNOW DEPTH       0

DEGREE DAYS
 HEATING
  YESTERDAY       16                         9      7        9
  MONTH TO DATE  401                       412    -11      357
  SINCE MAR 1   1000                      1216   -216     1200
  SINCE JUL 1   4989                      6014  -1025     6458

 COOLING
  YESTERDAY        0                         1     -1        0
  MONTH TO DATE    8                        13     -5        0
  SINCE MAR 1     11                        14     -3        0
  SINCE JAN 1     11                        14     -3        0
..................................................................


WIND (MPH)
  HIGHEST WIND SPEED    17   HIGHEST WIND DIRECTION     E (80)
  HIGHEST GUST SPEED    20   HIGHEST GUST DIRECTION     E (90)
  AVERAGE WIND SPEED     8.7


SKY COVER
  POSSIBLE SUNSHINE  MM
  AVERAGE SKY COVER 1.0


WEATHER CONDITIONS
 THE FOLLOWING WEATHER WAS RECORDED YESTERDAY.
  FOG
  HAZE


RELATIVE HUMIDITY (PERCENT)
 HIGHEST    93           200 AM
 LOWEST     63           100 PM
 AVERAGE    78

..........................................................


THE MOLINE IL CLIMATE NORMALS FOR TODAY
                         NORMAL    RECORD    YEAR
 MAXIMUM TEMPERATURE (F)   68        89      2007
                                             1942
                                             1926
 MINIMUM TEMPERATURE (F)   46        31      1971
                                             1956
                                             1908


SUNRISE AND SUNSET
APRIL 30 2016.........SUNRISE   600 AM CDT   SUNSET   759 PM CDT
MAY  1 2016...........SUNRISE   558 AM CDT   SUNSET   800 PM CDT


-  INDICATES NEGATIVE NUMBERS.
R  INDICATES RECORD WAS SET OR TIED.
MM INDICATES DATA IS MISSING.
T  INDICATES TRACE AMOUNT.




$$
