000
CDUS45 KBYZ 242223
CLIMLS


CLIMATE REPORT
NATIONAL WEATHER SERVICE BILLINGS MT
423 PM MDT WED MAY 24 2017


...................................

...THE MILES CITY MT CLIMATE SUMMARY FOR MAY 24 2017...
VALID TODAY AS OF 0400 PM LOCAL TIME.

CLIMATE NORMAL PERIOD 1981 TO 2010
CLIMATE RECORD PERIOD 1937 TO 2017


WEATHER ITEM   OBSERVED TIME   RECORD YEAR NORMAL DEPARTURE LAST
                VALUE   (LST)  VALUE       VALUE  FROM      YEAR
                                                  NORMAL
..................................................................
TEMPERATURE (F)
 TODAY
  MAXIMUM         85   1227 PM  95    1985  71     14       71
  MINIMUM         52    546 AM  32    2002  46      6       47
  AVERAGE         69                        58     11       59

PRECIPITATION (IN)
  TODAY            0.01          2.17 2010   0.08  -0.07     0.08
  MONTH TO DATE    0.42                      1.60  -1.18     1.27
  SINCE OCT 1      3.52                      5.72  -2.20     7.96
  SINCE JAN 1      2.43                      4.12  -1.69     6.70

DEGREE DAYS
 HEATING
  TODAY            0                         7     -7        6
  MONTH TO DATE  197                       257    -60      196
  SINCE MAR 1   1496                      1769   -273     1358
  SINCE JUL 1   7048                      7503   -455     6051

 COOLING
  TODAY            4                         1      3        0
  MONTH TO DATE   20                        11      9       22
  SINCE MAR 1     20                        12      8       24
  SINCE JAN 1     20                        12      8       24
..................................................................


WIND (MPH)
  HIGHEST WIND SPEED    48   HIGHEST WIND DIRECTION    NW (330)
  HIGHEST GUST SPEED    58   HIGHEST GUST DIRECTION    NW (300)
  AVERAGE WIND SPEED    17.2


SKY COVER
  POSSIBLE SUNSHINE  MM
  AVERAGE SKY COVER 0.1


WEATHER CONDITIONS
 THE FOLLOWING WEATHER WAS RECORDED TODAY.
  THUNDERSTORM
  LIGHT RAIN
  HAZE


RELATIVE HUMIDITY (PERCENT)
 HIGHEST    54           100 AM
 LOWEST     26          1200 PM
 AVERAGE    40

..........................................................


THE MILES CITY MT CLIMATE NORMALS FOR TOMORROW
                         NORMAL    RECORD    YEAR
 MAXIMUM TEMPERATURE (F)   71        90      1969
 MINIMUM TEMPERATURE (F)   46        32      2012
                                             2004


SUNRISE AND SUNSET
MAY 24 2017...........SUNRISE   520 AM MDT   SUNSET   841 PM MDT
MAY 25 2017...........SUNRISE   519 AM MDT   SUNSET   842 PM MDT


-  INDICATES NEGATIVE NUMBERS.
R  INDICATES RECORD WAS SET OR TIED.
MM INDICATES DATA IS MISSING.
T  INDICATES TRACE AMOUNT.




$$
