000
CDUS45 KBYZ 110724
CLIMLS


CLIMATE REPORT
NATIONAL WEATHER SERVICE BILLINGS MT
1224 AM MST MON DEC 11 2017


...................................

...THE MILES CITY MT CLIMATE SUMMARY FOR DECEMBER 10 2017...

CLIMATE NORMAL PERIOD 1981 TO 2010
CLIMATE RECORD PERIOD 1937 TO 2017


WEATHER ITEM   OBSERVED TIME   RECORD YEAR NORMAL DEPARTURE LAST
                VALUE   (LST)  VALUE       VALUE  FROM      YEAR
                                                  NORMAL
..................................................................
TEMPERATURE (F)
 YESTERDAY
  MAXIMUM         58    205 PM  61    1956  32     26       13
  MINIMUM         29    812 AM -21    2000  11     18        4
  AVERAGE         44                        21     23        9

PRECIPITATION (IN)
  YESTERDAY        0.00          0.08 1995   0.01  -0.01     0.01
  MONTH TO DATE    T                         0.08  -0.08     0.01
  SINCE OCT 1      0.97                      1.39  -0.42     0.98
  SINCE JAN 1      6.11                     12.23  -6.12    14.44

DEGREE DAYS
 HEATING
  YESTERDAY       21                        44    -23       56
  MONTH TO DATE  299                       425   -126      496
  SINCE DEC 1    299                       425   -126      496
  SINCE JUL 1   2042                      2224   -182     1811

 COOLING
  YESTERDAY        0                         0      0        0
  MONTH TO DATE    0                         0      0        0
  SINCE DEC 1      0                         0      0        0
  SINCE JAN 1    985                       730    255      873
..................................................................


WIND (MPH)
  HIGHEST WIND SPEED    26   HIGHEST WIND DIRECTION    NW (320)
  HIGHEST GUST SPEED    35   HIGHEST GUST DIRECTION    NW (320)
  AVERAGE WIND SPEED    11.9


SKY COVER
  POSSIBLE SUNSHINE  MM
  AVERAGE SKY COVER 0.0


WEATHER CONDITIONS
 THE FOLLOWING WEATHER WAS RECORDED YESTERDAY.
  NO SIGNIFICANT WEATHER WAS OBSERVED.


RELATIVE HUMIDITY (PERCENT)
 HIGHEST    53           700 AM
 LOWEST     17           100 PM
 AVERAGE    35

..........................................................


THE MILES CITY MT CLIMATE NORMALS FOR TODAY
                         NORMAL    RECORD    YEAR
 MAXIMUM TEMPERATURE (F)   31        61      2004
 MINIMUM TEMPERATURE (F)   10       -20      2000


SUNRISE AND SUNSET
DECEMBER 11 2017......SUNRISE   737 AM MST   SUNSET   417 PM MST
DECEMBER 12 2017......SUNRISE   738 AM MST   SUNSET   417 PM MST


-  INDICATES NEGATIVE NUMBERS.
R  INDICATES RECORD WAS SET OR TIED.
MM INDICATES DATA IS MISSING.
T  INDICATES TRACE AMOUNT.




$$
