000
CDUS45 KBYZ 280937
CLIMLS


CLIMATE REPORT
NATIONAL WEATHER SERVICE BILLINGS MT
336 AM MDT SAT MAY 28 2016


...................................

...THE MILES CITY MT CLIMATE SUMMARY FOR MAY 27 2016...

CLIMATE NORMAL PERIOD 1981 TO 2010
CLIMATE RECORD PERIOD 1937 TO 2016


WEATHER ITEM   OBSERVED TIME   RECORD YEAR NORMAL DEPARTURE LAST
                VALUE   (LST)  VALUE       VALUE  FROM      YEAR
                                                  NORMAL
..................................................................
TEMPERATURE (F)
 YESTERDAY
  MAXIMUM         69    447 PM  96    1969  72     -3       69
  MINIMUM         49   1226 AM  30    1965  47      2       54
  AVERAGE         59                        59      0       62

PRECIPITATION (IN)
  YESTERDAY        0.01          0.80 1987   0.08  -0.07     0.38
  MONTH TO DATE    1.56                      1.84  -0.28     0.99
  SINCE OCT 1      8.25                      5.96   2.29     2.90
  SINCE JAN 1      6.99                      4.36   2.63     1.89

DEGREE DAYS
 HEATING
  YESTERDAY        6                         7     -1        3
  MONTH TO DATE  215                       278    -63      308
  SINCE MAR 1   1377                      1790   -413     1495
  SINCE JUL 1   6070                      7524  -1454     6965

 COOLING
  YESTERDAY        0                         1     -1        0
  MONTH TO DATE   22                        14      8        1
  SINCE MAR 1     24                        15      9        1
  SINCE JAN 1     24                        15      9        1
..................................................................


WIND (MPH)
  HIGHEST WIND SPEED    14   HIGHEST WIND DIRECTION    NE (30)
  HIGHEST GUST SPEED    16   HIGHEST GUST DIRECTION    NE (40)
  AVERAGE WIND SPEED     5.1


SKY COVER
  POSSIBLE SUNSHINE  MM
  AVERAGE SKY COVER 0.7


WEATHER CONDITIONS
 THE FOLLOWING WEATHER WAS RECORDED YESTERDAY.
  LIGHT RAIN


RELATIVE HUMIDITY (PERCENT)
 HIGHEST    89           300 AM
 LOWEST     45           200 PM
 AVERAGE    67

..........................................................


THE MILES CITY MT CLIMATE NORMALS FOR TODAY
                         NORMAL    RECORD    YEAR
 MAXIMUM TEMPERATURE (F)   72        95      1937
 MINIMUM TEMPERATURE (F)   47        24      1947


SUNRISE AND SUNSET
MAY 28 2016...........SUNRISE   517 AM MDT   SUNSET   845 PM MDT
MAY 29 2016...........SUNRISE   516 AM MDT   SUNSET   846 PM MDT


-  INDICATES NEGATIVE NUMBERS.
R  INDICATES RECORD WAS SET OR TIED.
MM INDICATES DATA IS MISSING.
T  INDICATES TRACE AMOUNT.





&&

THIS IS AN AUTOMATED...UNATTENDED WEATHER STATION AND MAY
UNDERESTIMATE WINTER PRECIPITATION.

$$
