873
CDUS45 KBYZ 222326 CCA
CLIMLS


CLIMATE REPORT...CORRECTED
NATIONAL WEATHER SERVICE BILLINGS MT
426 PM MST THU FEB 22 2018


...................................

...THE MILES CITY MT CLIMATE SUMMARY FOR FEBRUARY 22 2018...
VALID TODAY AS OF 0400 PM LOCAL TIME.

CLIMATE NORMAL PERIOD 1981 TO 2010
CLIMATE RECORD PERIOD 1937 TO 2018


WEATHER ITEM   OBSERVED TIME   RECORD YEAR NORMAL DEPARTURE LAST
                VALUE   (LST)  VALUE       VALUE  FROM      YEAR
                                                  NORMAL
..................................................................
TEMPERATURE (F)
 TODAY
  MAXIMUM          2    359 PM  68    2002  38    -36       38
  MINIMUM        -22R   706 AM -18    1993  15    -37       29
  AVERAGE        -10                        26    -36       34

PRECIPITATION (IN)
  TODAY            0.00          1.10 1942   0.01  -0.01     0.11
  MONTH TO DATE    0.54                      0.17   0.37     0.39
  SINCE OCT 1      1.97                      2.09  -0.12     1.55
  SINCE JAN 1      0.78                      0.49   0.29     0.46

DEGREE DAYS
 HEATING
  TODAY           75                        39     36       31
  MONTH TO DATE 1340                       913    427      811
  SINCE DEC 1   4209                      3710    499     4020
  SINCE JUL 1   5952                      5509    443     5335

 COOLING
  TODAY            0                         0      0        0
  MONTH TO DATE    0                         0      0        0
  SINCE DEC 1      0                         0      0        0
  SINCE JAN 1      0                         0      0        0
..................................................................


WIND (MPH)
  HIGHEST WIND SPEED     8   HIGHEST WIND DIRECTION     W (290)
  HIGHEST GUST SPEED     9   HIGHEST GUST DIRECTION     W (290)
  AVERAGE WIND SPEED     3.4


SKY COVER
  POSSIBLE SUNSHINE  MM
  AVERAGE SKY COVER 0.0


WEATHER CONDITIONS
 THE FOLLOWING WEATHER WAS RECORDED TODAY.
  NO SIGNIFICANT WEATHER WAS OBSERVED.


RELATIVE HUMIDITY (PERCENT)
 HIGHEST   100           900 AM
 LOWEST     77           500 AM
 AVERAGE    89

..........................................................


THE MILES CITY MT CLIMATE NORMALS FOR TOMORROW
                         NORMAL    RECORD    YEAR
 MAXIMUM TEMPERATURE (F)   38        64      1954
 MINIMUM TEMPERATURE (F)   15       -18      1993


SUNRISE AND SUNSET
FEBRUARY 22 2018......SUNRISE   655 AM MST   SUNSET   540 PM MST
FEBRUARY 23 2018......SUNRISE   653 AM MST   SUNSET   541 PM MST


-  INDICATES NEGATIVE NUMBERS.
R  INDICATES RECORD WAS SET OR TIED.
MM INDICATES DATA IS MISSING.
T  INDICATES TRACE AMOUNT.


$$
