000
CDUS45 KBYZ 222248
CLIMLS


CLIMATE REPORT
NATIONAL WEATHER SERVICE BILLINGS MT
436 PM MDT TUE JUL 22 2014


...................................

...THE MILES CITY MT CLIMATE SUMMARY FOR JULY 22 2014...
VALID TODAY AS OF 0400 PM LOCAL TIME.

CLIMATE NORMAL PERIOD 1981 TO 2010
CLIMATE RECORD PERIOD 1937 TO 2014


WEATHER ITEM   OBSERVED TIME   RECORD YEAR NORMAL DEPARTURE LAST
                VALUE   (LST)  VALUE       VALUE  FROM      YEAR
                                                  NORMAL
..................................................................
TEMPERATURE (F)
 TODAY
  MAXIMUM         94    219 PM 107    2007  90      4       92
  MINIMUM         64    413 AM  52    1978  61      3       59
                                      1887
                                      1891
  AVERAGE         79                        75      4       76

PRECIPITATION (IN)
  TODAY            0.00          0.81 2001   0.05  -0.05     0.01
  MONTH TO DATE    0.09                      1.21  -1.12     0.52
  SINCE OCT 1     11.45                     10.02   1.43    13.08
  SINCE JAN 1      9.77                      8.42   1.35    11.55

SNOWFALL (IN)
  TODAY           MM
  MONTH TO DATE   MM
  SINCE JUN 1     MM
  SINCE JUL 1     MM
  SNOW DEPTH      MM

DEGREE DAYS
 HEATING
  TODAY            0                         0      0        0
  MONTH TO DATE    1                        10     -9        0
  SINCE JUN 1     95                        99     -4       59
  SINCE JUL 1      1                        10     -9        0

 COOLING
  TODAY           14                        10      4       11
  MONTH TO DATE  198                       193      5      264
  SINCE JUN 1    235                       300    -65      357
  SINCE JAN 1    269                       320    -51      370
..................................................................


WIND (MPH)
  HIGHEST WIND SPEED    38   HIGHEST WIND DIRECTION     N (340)
  HIGHEST GUST SPEED    46   HIGHEST GUST DIRECTION     N (340)
  AVERAGE WIND SPEED     7.0


SKY COVER
  POSSIBLE SUNSHINE  MM
  AVERAGE SKY COVER 0.1


WEATHER CONDITIONS
 THE FOLLOWING WEATHER WAS RECORDED TODAY.
  THUNDERSTORM


RELATIVE HUMIDITY (PERCENT)
 HIGHEST    78           300 AM
 LOWEST     26           200 PM
 AVERAGE    52

..........................................................


THE MILES CITY MT CLIMATE NORMALS FOR TOMORROW
                         NORMAL    RECORD    YEAR
 MAXIMUM TEMPERATURE (F)   90       110      2007
 MINIMUM TEMPERATURE (F)   61        49      1950


SUNRISE AND SUNSET
JULY 22 2014..........SUNRISE   533 AM MDT   SUNSET   846 PM MDT
JULY 23 2014..........SUNRISE   534 AM MDT   SUNSET   845 PM MDT


-  INDICATES NEGATIVE NUMBERS.
R  INDICATES RECORD WAS SET OR TIED.
MM INDICATES DATA IS MISSING.
T  INDICATES TRACE AMOUNT.





&&

THIS IS AN AUTOMATED...UNATTENDED WEATHER STATION AND MAY
UNDERESTIMATE WINTER PRECIPITATION.

$$
