000
CDUS45 KBYZ 281033
CLIMLS


CLIMATE REPORT
NATIONAL WEATHER SERVICE BILLINGS MT
332 AM MST SUN DEC 28 2014


...................................

...THE MILES CITY MT CLIMATE SUMMARY FOR DECEMBER 27 2014...

CLIMATE NORMAL PERIOD 1981 TO 2010
CLIMATE RECORD PERIOD 1937 TO 2014


WEATHER ITEM   OBSERVED TIME   RECORD YEAR NORMAL DEPARTURE LAST
                VALUE   (LST)  VALUE       VALUE  FROM      YEAR
                                                  NORMAL
..................................................................
TEMPERATURE (F)
 YESTERDAY
  MAXIMUM         29    316 PM  55    1956  29      0       44
  MINIMUM         11    630 AM -17    1965   8      3       30
  AVERAGE         20                        18      2       37

PRECIPITATION (IN)
  YESTERDAY        0.00          0.34        0.01  -0.01     0.00
  MONTH TO DATE    0.14                      0.24  -0.10     0.59
  SINCE OCT 1      0.97                      1.55  -0.58     1.66
  SINCE JAN 1     13.25                     12.39   0.86    17.09

DEGREE DAYS
 HEATING
  YESTERDAY       45                        46     -1       28
  MONTH TO DATE  959                      1198   -239     1423
  SINCE DEC 1    959                      1198   -239     1423
  SINCE JUL 1   2789                      2997   -208     3130

 COOLING
  YESTERDAY        0                         0      0        0
  MONTH TO DATE    0                         0      0        0
  SINCE DEC 1      0                         0      0        0
  SINCE JAN 1    648                       730    -82      877
..................................................................


WIND (MPH)
  HIGHEST WIND SPEED    14   HIGHEST WIND DIRECTION    SW (240)
  HIGHEST GUST SPEED    16   HIGHEST GUST DIRECTION     W (270)
  AVERAGE WIND SPEED     7.3


SKY COVER
  POSSIBLE SUNSHINE  MM
  AVERAGE SKY COVER 0.6


WEATHER CONDITIONS
 THE FOLLOWING WEATHER WAS RECORDED YESTERDAY.
  NO SIGNIFICANT WEATHER WAS OBSERVED.


RELATIVE HUMIDITY (PERCENT)
 HIGHEST    92           600 AM
 LOWEST     74          1200 AM
 AVERAGE    83

..........................................................


THE MILES CITY MT CLIMATE NORMALS FOR TODAY
                         NORMAL    RECORD    YEAR
 MAXIMUM TEMPERATURE (F)   29        60      2011
 MINIMUM TEMPERATURE (F)    8       -20      1990


SUNRISE AND SUNSET
DECEMBER 28 2014......SUNRISE   747 AM MST   SUNSET   424 PM MST
DECEMBER 29 2014......SUNRISE   747 AM MST   SUNSET   425 PM MST


-  INDICATES NEGATIVE NUMBERS.
R  INDICATES RECORD WAS SET OR TIED.
MM INDICATES DATA IS MISSING.
T  INDICATES TRACE AMOUNT.





&&

THIS IS AN AUTOMATED...UNATTENDED WEATHER STATION AND MAY
UNDERESTIMATE WINTER PRECIPITATION.

$$
