000
CDUS45 KBYZ 232326
CLIMLS


CLIMATE REPORT
NATIONAL WEATHER SERVICE BILLINGS MT
425 PM MST MON JAN 23 2017


...................................

...THE MILES CITY MT CLIMATE SUMMARY FOR JANUARY 23 2017...
VALID TODAY AS OF 0400 PM LOCAL TIME.

CLIMATE NORMAL PERIOD 1981 TO 2010
CLIMATE RECORD PERIOD 1937 TO 2017


WEATHER ITEM   OBSERVED TIME   RECORD YEAR NORMAL DEPARTURE LAST
                VALUE   (LST)  VALUE       VALUE  FROM      YEAR
                                                  NORMAL
..................................................................
TEMPERATURE (F)
 TODAY
  MAXIMUM         23    359 PM  59    2005  31     -8       46
  MINIMUM         21   1041 AM -32    1982   9     12       26
  AVERAGE         22                        20      2       36

PRECIPITATION (IN)
  TODAY            0.00          0.41 1964   0.01  -0.01     0.00
  MONTH TO DATE    0.04                      0.25  -0.21     0.15
  SINCE OCT 1      1.13                      1.85  -0.72     1.41
  SINCE JAN 1      0.04                      0.25  -0.21     0.15

DEGREE DAYS
 HEATING
  TODAY           43                        45     -2       29
  MONTH TO DATE 1326                      1054    272     1047
  SINCE DEC 1   2905                      2439    466     2237
  SINCE JUL 1   4220                      4238    -18     3665

 COOLING
  TODAY            0                         0      0        0
  MONTH TO DATE    0                         0      0        0
  SINCE DEC 1      0                         0      0        0
  SINCE JAN 1      0                         0      0        0
..................................................................


WIND (MPH)
  HIGHEST WIND SPEED    12   HIGHEST WIND DIRECTION    NE (50)
  HIGHEST GUST SPEED    14   HIGHEST GUST DIRECTION    NE (50)
  AVERAGE WIND SPEED     6.8


SKY COVER
  POSSIBLE SUNSHINE  MM
  AVERAGE SKY COVER 1.0


WEATHER CONDITIONS
 THE FOLLOWING WEATHER WAS RECORDED TODAY.
  FOG
  FOG W/VISIBILITY <= 1/4 MILE


RELATIVE HUMIDITY (PERCENT)
 HIGHEST    92           600 AM
 LOWEST     84           500 AM
 AVERAGE    88

..........................................................


THE MILES CITY MT CLIMATE NORMALS FOR TOMORROW
                         NORMAL    RECORD    YEAR
 MAXIMUM TEMPERATURE (F)   31        60      2005
 MINIMUM TEMPERATURE (F)   10       -32      1969


SUNRISE AND SUNSET
JANUARY 23 2017.......SUNRISE   736 AM MST   SUNSET   455 PM MST
JANUARY 24 2017.......SUNRISE   735 AM MST   SUNSET   457 PM MST


-  INDICATES NEGATIVE NUMBERS.
R  INDICATES RECORD WAS SET OR TIED.
MM INDICATES DATA IS MISSING.
T  INDICATES TRACE AMOUNT.





&&

THIS IS AN AUTOMATED...UNATTENDED WEATHER STATION AND MAY
UNDERESTIMATE WINTER PRECIPITATION.

$$
