000
CDUS45 KBYZ 040933
CLIMLS


CLIMATE REPORT
NATIONAL WEATHER SERVICE BILLINGS MT
331 AM MDT WED MAY 4 2016


...................................

...THE MILES CITY MT CLIMATE SUMMARY FOR MAY 3 2016...

CLIMATE NORMAL PERIOD 1981 TO 2010
CLIMATE RECORD PERIOD 1937 TO 2016


WEATHER ITEM   OBSERVED TIME   RECORD YEAR NORMAL DEPARTURE LAST
                VALUE   (LST)  VALUE       VALUE  FROM      YEAR
                                                  NORMAL
..................................................................
TEMPERATURE (F)
 YESTERDAY
  MAXIMUM         79    516 PM  89    1986  65     14       64
  MINIMUM         46    503 AM  15    1954  39      7       44
  AVERAGE         63                        52     11       54

PRECIPITATION (IN)
  YESTERDAY        0.00          2.17 1955   0.06  -0.06     0.00
  MONTH TO DATE    0.00                      0.18  -0.18      T
  SINCE OCT 1      6.69                      4.30   2.39     1.91
  SINCE JAN 1      5.43                      2.70   2.73     0.90

DEGREE DAYS
 HEATING
  YESTERDAY        2                        13    -11       11
  MONTH TO DATE   27                        41    -14       23
  SINCE MAR 1   1189                      1553   -364     1210
  SINCE JUL 1   5882                      7287  -1405     6680

 COOLING
  YESTERDAY        0                         0      0        0
  MONTH TO DATE    0                         0      0        0
  SINCE MAR 1      2                         1      1        0
  SINCE JAN 1      2                         1      1        0
..................................................................


WIND (MPH)
  HIGHEST WIND SPEED    15   HIGHEST WIND DIRECTION     W (250)
  HIGHEST GUST SPEED    18   HIGHEST GUST DIRECTION    NW (320)
  AVERAGE WIND SPEED     6.7


SKY COVER
  POSSIBLE SUNSHINE  MM
  AVERAGE SKY COVER 0.0


WEATHER CONDITIONS
 THE FOLLOWING WEATHER WAS RECORDED YESTERDAY.
  NO SIGNIFICANT WEATHER WAS OBSERVED.


RELATIVE HUMIDITY (PERCENT)
 HIGHEST    80           600 AM
 LOWEST     19           200 PM
 AVERAGE    50

..........................................................


THE MILES CITY MT CLIMATE NORMALS FOR TODAY
                         NORMAL    RECORD    YEAR
 MAXIMUM TEMPERATURE (F)   65        88      1966
 MINIMUM TEMPERATURE (F)   39        24      1967
                                             1892


SUNRISE AND SUNSET
MAY  4 2016...........SUNRISE   544 AM MDT   SUNSET   817 PM MDT
MAY  5 2016...........SUNRISE   543 AM MDT   SUNSET   819 PM MDT


-  INDICATES NEGATIVE NUMBERS.
R  INDICATES RECORD WAS SET OR TIED.
MM INDICATES DATA IS MISSING.
T  INDICATES TRACE AMOUNT.





&&

THIS IS AN AUTOMATED...UNATTENDED WEATHER STATION AND MAY
UNDERESTIMATE WINTER PRECIPITATION.

$$
