000
CDUS45 KBYZ 250938
CLIMLS


CLIMATE REPORT
NATIONAL WEATHER SERVICE BILLINGS MT
337 AM MDT SAT OCT 25 2014


...................................

...THE MILES CITY MT CLIMATE SUMMARY FOR OCTOBER 24 2014...

CLIMATE NORMAL PERIOD 1981 TO 2010
CLIMATE RECORD PERIOD 1937 TO 2014


WEATHER ITEM   OBSERVED TIME   RECORD YEAR NORMAL DEPARTURE LAST
                VALUE   (LST)  VALUE       VALUE  FROM      YEAR
                                                  NORMAL
..................................................................
TEMPERATURE (F)
 YESTERDAY
  MAXIMUM         61   1257 PM  83    2007  56      5       54
  MINIMUM         39    654 AM  10    1942  31      8       31
  AVERAGE         50                        43      7       43

PRECIPITATION (IN)
  YESTERDAY        0.00          0.33 1956   0.03  -0.03     0.00
  MONTH TO DATE    0.39                      0.77  -0.38     0.79
  SINCE OCT 1      0.39                      0.77  -0.38     0.79
  SINCE JAN 1     12.67                     11.61   1.06    16.22

SNOWFALL (IN)
  YESTERDAY       MM
  MONTH TO DATE   MM
  SINCE SEP 1     MM
  SINCE JUL 1     MM
  SNOW DEPTH      MM

DEGREE DAYS
 HEATING
  YESTERDAY       15                        22     -7       22
  MONTH TO DATE  288                       410   -122      435
  SINCE SEP 1    480                       612   -132      538
  SINCE JUL 1    514                       646   -132      538

 COOLING
  YESTERDAY        0                         0      0        0
  MONTH TO DATE    0                         0      0        0
  SINCE SEP 1     53                        56     -3      142
  SINCE JAN 1    648                       728    -80      877
..................................................................


WIND (MPH)
  HIGHEST WIND SPEED    17   HIGHEST WIND DIRECTION    NW (320)
  HIGHEST GUST SPEED    21   HIGHEST GUST DIRECTION     N (340)
  AVERAGE WIND SPEED     6.3


SKY COVER
  POSSIBLE SUNSHINE  MM
  AVERAGE SKY COVER 0.6


WEATHER CONDITIONS
 THE FOLLOWING WEATHER WAS RECORDED YESTERDAY.
  NO SIGNIFICANT WEATHER WAS OBSERVED.


RELATIVE HUMIDITY (PERCENT)
 HIGHEST    76           700 AM
 LOWEST     32          1200 PM
 AVERAGE    54

..........................................................


THE MILES CITY MT CLIMATE NORMALS FOR TODAY
                         NORMAL    RECORD    YEAR
 MAXIMUM TEMPERATURE (F)   55        78      1955
 MINIMUM TEMPERATURE (F)   31         9      1942


SUNRISE AND SUNSET
OCTOBER 25 2014.......SUNRISE   735 AM MDT   SUNSET   559 PM MDT
OCTOBER 26 2014.......SUNRISE   736 AM MDT   SUNSET   558 PM MDT


-  INDICATES NEGATIVE NUMBERS.
R  INDICATES RECORD WAS SET OR TIED.
MM INDICATES DATA IS MISSING.
T  INDICATES TRACE AMOUNT.





&&

THIS IS AN AUTOMATED...UNATTENDED WEATHER STATION AND MAY
UNDERESTIMATE WINTER PRECIPITATION.

$$
